{"id":219360,"date":"2026-04-21T00:56:10","date_gmt":"2026-04-21T06:56:10","guid":{"rendered":"https:\/\/compuviper.mx\/tienda\/producto\/3nstar-sc310bt-lector-de-codigo-de-barras-negro-laser-usb-bluetooth-1d-300-escaneos-por-segundo-unidireccional-alcance-30-mm\/"},"modified":"2026-04-21T00:56:10","modified_gmt":"2026-04-21T06:56:10","slug":"3nstar-sc310bt-lector-de-codigo-de-barras-negro-laser-usb-bluetooth-1d-300-escaneos-por-segundo-unidireccional-alcance-30-mm","status":"publish","type":"product","link":"https:\/\/compuviper.mx\/tienda\/producto\/3nstar-sc310bt-lector-de-codigo-de-barras-negro-laser-usb-bluetooth-1d-300-escaneos-por-segundo-unidireccional-alcance-30-mm\/","title":{"rendered":"3nstar Sc310bt Lector De Codigo De Barras  , Negro, Laser, Usb, Bluetooth, 1d, 300 Escaneos Por Segundo, Unidireccional, Alcance 30 Mm"},"content":{"rendered":"<table class=\"descripcion\">\n<tr>\n<td>F\u00edsicas<\/td>\n<\/tr>\n<tr>\n<td>Dimensiones: 170mm (h) x 71mm (w) x 98mm (d)<\/td>\n<\/tr>\n<tr>\n<td>Peso: 180g (solo escaner)<\/td>\n<\/tr>\n<tr>\n<td>Construcci\u00f3n: abs + pc<\/td>\n<\/tr>\n<tr>\n<td>Color: gris oscuro<\/td>\n<\/tr>\n<tr>\n<td>Cable: 1 metro, cable para carga<\/td>\n<\/tr>\n<tr>\n<td>Caracter\u00edsticas<\/td>\n<\/tr>\n<tr>\n<td>Velocidad de lectura: 300 lecturas por segundo<\/td>\n<\/tr>\n<tr>\n<td>Profundidad de campo: 0-280mm(0.33mm pcs0.9)<\/td>\n<\/tr>\n<tr>\n<td>Dise\u00f1o anti-impacto: soporta 1.5 m (5 ft.) de ca\u00edda<\/td>\n<\/tr>\n<tr>\n<td>Vida \u00fatil del gatillo: 50 millones de lecturas<\/td>\n<\/tr>\n<tr>\n<td>Interface: receptor usb<\/td>\n<\/tr>\n<tr>\n<td>Compatibilidad: windows xp, windows 7, windows 8, windows 10<\/td>\n<\/tr>\n<tr>\n<td>Desempe\u00f1o<\/td>\n<\/tr>\n<tr>\n<td>Fuente de luz: laser diodo visible 650nm<\/td>\n<\/tr>\n<tr>\n<td>Patr\u00f3n de escaneo: l\u00ednea sola<\/td>\n<\/tr>\n<tr>\n<td>Precisi\u00f3n de escaneo: 3mil (pcs 0.9)<\/td>\n<\/tr>\n<tr>\n<td>Indicador visual: led<\/td>\n<\/tr>\n<tr>\n<td>Ancho de escaneo: 30mm@scan ventana, 220mm@200mm<\/td>\n<\/tr>\n<tr>\n<td>Capacidad de lectura: code 39 standard; code39 full ascii; code 128; upc-a; upc-e;<\/td>\n<\/tr>\n<tr>\n<td>Ean-13; ean-8; ean\/upc +2\/+5; issn; isbn; code 93; industrial 25;<\/td>\n<\/tr>\n<tr>\n<td>Standard 25; matrix 25; interleave 25; china post; code 11;<\/td>\n<\/tr>\n<tr>\n<td>Codebar; uk \/ plessey; msi \/ plessey; code 32; gs1-rss 14;<\/td>\n<\/tr>\n<tr>\n<td>Gs1-limited; gs1-expended<\/td>\n<\/tr>\n<tr>\n<td>Inclinaci\u00f3n: 30<\/td>\n<\/tr>\n<tr>\n<td>Angulo de elevaci\u00f3n: 65<\/td>\n<\/tr>\n<tr>\n<td>\u00e1ngulo de paso: 55<\/td>\n<\/tr>\n<tr>\n<td>Contraste de impresi\u00f3n: 20% upc\/ean 100%<\/td>\n<\/tr>\n<tr>\n<td>Indicador de patr\u00f3n: timbre, indicador<\/td>\n<\/tr>\n<tr>\n<td>Modo de escaneo: manual<\/td>\n<\/tr>\n<tr>\n<td>Comunicaci\u00f3n inal\u00e1mbrica y memoria<\/td>\n<\/tr>\n<tr>\n<td>Frecuencia de funcionamiento: 2.4 ghz<\/td>\n<\/tr>\n<tr>\n<td>Maxima distancia de la base: hasta 100m en modo radio y 10 metros en modo bluetooth<\/td>\n<\/tr>\n<tr>\n<td>Memoria: puede almacenar hasta 100,000 codigos ean-13<\/td>\n<\/tr>\n<tr>\n<td>Modo de asociaci\u00f3n: 1 receptor soporta hasta 99 escaners<\/td>\n<\/tr>\n<tr>\n<td>Bater\u00eda<\/td>\n<\/tr>\n<tr>\n<td>Capacidad: 2000 mah<\/td>\n<\/tr>\n<tr>\n<td>Duraci\u00f3n en satndby:  180 dias<\/td>\n<\/tr>\n<tr>\n<td>Duracion de carga: 4 horas<\/td>\n<\/tr>\n<tr>\n<td>El\u00e9ctricas<\/td>\n<\/tr>\n<tr>\n<td>Votaje: 750 mah\/dc 5v<\/td>\n<\/tr>\n<tr>\n<td>Consumo operativo: 110ma<\/td>\n<\/tr>\n<tr>\n<td>Corriente estatica: 35ma<\/td>\n<\/tr>\n<tr>\n<td>Tipo de laser: clase 1<\/td>\n<\/tr>\n<tr>\n<td>Emc: cumple con ce  and  fcc doc<\/td>\n<\/tr>\n<tr>\n<td>Condiciones hambientales<\/td>\n<\/tr>\n<tr>\n<td>Temperatura de operaci\u00f3n: 0\u00b0 to 45\u00b0c<\/td>\n<\/tr>\n<tr>\n<td>Temperatura de almacenamiento: -20\u00b0c to 60\u00b0c<\/td>\n<\/tr>\n<tr>\n<td>Humedad: 5% &#8211; 95% rh (sin condensaci\u00f3n)<\/td>\n<\/tr>\n<tr>\n<td>Emp\u00e1que<\/td>\n<\/tr>\n<tr>\n<td>Contenido de la caja: lector, receptor, cable y manual de usuario<\/td>\n<\/tr>\n<tr>\n<td>Dimensiones de la caja: 240mm x 100mm x 80mm<\/td>\n<\/tr>\n<tr>\n<td>Peso bruto: 0.35 kg<\/td>\n<\/tr>\n<tr>\n<td>Garantia: 1 anio<\/td>\n<\/tr>\n<\/table>\n","protected":false},"excerpt":{"rendered":"<p>El esc\u00e1ner laser 1d de c\u00f3digos de barras inal\u00e1mbrico sc310bt est\u00e1 dise\u00f1ado para liberar a los trabajadores de los cables, permitiendo a los cajeros escanear f\u00e1cilmente los art\u00edculos dentro y fuera del mostrador. Un mayor alcance; un mejor manejo de la energ\u00eda para conservar la bater\u00eda durante m\u00e1s de un turno y una asociaci\u00f3n sencilla con el receptor, hacen del sc310bt la mejor soluci\u00f3n de escaneo inal\u00e1mbrico al mejor costo.<\/p>\n","protected":false},"featured_media":219361,"comment_status":"open","ping_status":"open","template":"","meta":[],"product_cat":[1721,1723],"product_tag":[1570],"acf":[],"yoast_head":"<!-- This site is optimized with the Yoast SEO plugin v21.7 - https:\/\/yoast.com\/wordpress\/plugins\/seo\/ -->\n<title>[ 3nstar ] &#129351; Sc310bt Lector De Codigo De Barras , Negro, Laser, Usb, Bluetooth, 1d, 300 Escaneos Por Segundo, Unidireccional, Alcance 30 Mm<\/title>\n<meta name=\"description\" content=\"Compra Sc310bt Lector De Codigo De Barras , Negro, Laser, Usb, Bluetooth, 1d, 300 Escaneos Por Segundo, Unidireccional, Alcance 30 Mm + Env\u00edo a domicilio + Pago seguro + Garant\u00eda\" \/>\n<meta name=\"robots\" content=\"index, follow, max-snippet:-1, max-image-preview:large, max-video-preview:-1\" \/>\n<link rel=\"canonical\" href=\"https:\/\/compuviper.mx\/tienda\/producto\/3nstar-sc310bt-lector-de-codigo-de-barras-negro-laser-usb-bluetooth-1d-300-escaneos-por-segundo-unidireccional-alcance-30-mm\/\" \/>\n<meta property=\"og:locale\" content=\"es_MX\" \/>\n<meta property=\"og:type\" content=\"article\" \/>\n<meta property=\"og:title\" content=\"[ 3nstar ] &#129351; Sc310bt Lector De Codigo De Barras , Negro, Laser, Usb, Bluetooth, 1d, 300 Escaneos Por Segundo, Unidireccional, Alcance 30 Mm\" \/>\n<meta property=\"og:description\" content=\"Compra Sc310bt Lector De Codigo De Barras , Negro, Laser, Usb, Bluetooth, 1d, 300 Escaneos Por Segundo, Unidireccional, Alcance 30 Mm + Env\u00edo a domicilio + Pago seguro + Garant\u00eda\" \/>\n<meta property=\"og:url\" content=\"https:\/\/compuviper.mx\/tienda\/producto\/3nstar-sc310bt-lector-de-codigo-de-barras-negro-laser-usb-bluetooth-1d-300-escaneos-por-segundo-unidireccional-alcance-30-mm\/\" \/>\n<meta property=\"og:site_name\" content=\"Compuviper\" \/>\n<meta property=\"article:publisher\" content=\"https:\/\/www.facebook.com\/compuviper\" \/>\n<meta property=\"og:image\" content=\"https:\/\/compuviper.mx\/tienda\/wp-content\/uploads\/2023\/12\/Lector-de-codigo-de-barras-3nstar-sc310bt-negro-laser-usb-bluetooth-1d-300-escaneos-por-segundo-unidireccional-alcance-30-mm.jpg\" \/>\n\t<meta property=\"og:image:width\" content=\"200\" \/>\n\t<meta property=\"og:image:height\" content=\"200\" \/>\n\t<meta property=\"og:image:type\" content=\"image\/jpeg\" \/>\n<meta name=\"twitter:card\" content=\"summary_large_image\" \/>\n<meta name=\"twitter:label1\" content=\"Precio\" \/>\n\t<meta name=\"twitter:data1\" content=\"&#36;1,034 con IVA\" \/>\n\t<meta name=\"twitter:label2\" content=\"Availability\" \/>\n\t<meta name=\"twitter:data2\" content=\"In stock\" \/>\n<script type=\"application\/ld+json\" class=\"yoast-schema-graph\">{\"@context\":\"https:\/\/schema.org\",\"@graph\":[{\"@type\":\"WebPage\",\"@id\":\"https:\/\/compuviper.mx\/tienda\/producto\/3nstar-sc310bt-lector-de-codigo-de-barras-negro-laser-usb-bluetooth-1d-300-escaneos-por-segundo-unidireccional-alcance-30-mm\/\",\"url\":\"https:\/\/compuviper.mx\/tienda\/producto\/3nstar-sc310bt-lector-de-codigo-de-barras-negro-laser-usb-bluetooth-1d-300-escaneos-por-segundo-unidireccional-alcance-30-mm\/\",\"name\":\"[ 3nstar ] &#129351; Sc310bt Lector De Codigo De Barras , Negro, Laser, Usb, Bluetooth, 1d, 300 Escaneos Por Segundo, Unidireccional, Alcance 30 Mm\",\"isPartOf\":{\"@id\":\"https:\/\/compuviper.mx\/tienda\/#website\"},\"datePublished\":\"2026-04-21T06:56:10+00:00\",\"dateModified\":\"2026-04-21T06:56:10+00:00\",\"description\":\"Compra Sc310bt Lector De Codigo De Barras , Negro, Laser, Usb, Bluetooth, 1d, 300 Escaneos Por Segundo, Unidireccional, Alcance 30 Mm + Env\u00edo a domicilio + Pago seguro + Garant\u00eda\",\"breadcrumb\":{\"@id\":\"https:\/\/compuviper.mx\/tienda\/producto\/3nstar-sc310bt-lector-de-codigo-de-barras-negro-laser-usb-bluetooth-1d-300-escaneos-por-segundo-unidireccional-alcance-30-mm\/#breadcrumb\"},\"inLanguage\":\"es-MX\",\"potentialAction\":[{\"@type\":\"ReadAction\",\"target\":[\"https:\/\/compuviper.mx\/tienda\/producto\/3nstar-sc310bt-lector-de-codigo-de-barras-negro-laser-usb-bluetooth-1d-300-escaneos-por-segundo-unidireccional-alcance-30-mm\/\"]}]},{\"@type\":\"BreadcrumbList\",\"@id\":\"https:\/\/compuviper.mx\/tienda\/producto\/3nstar-sc310bt-lector-de-codigo-de-barras-negro-laser-usb-bluetooth-1d-300-escaneos-por-segundo-unidireccional-alcance-30-mm\/#breadcrumb\",\"itemListElement\":[{\"@type\":\"ListItem\",\"position\":1,\"name\":\"Inicio\",\"item\":\"https:\/\/compuviper.mx\/tienda\/\"},{\"@type\":\"ListItem\",\"position\":2,\"name\":\"Productos\",\"item\":\"https:\/\/compuviper.mx\/tienda\/productos\/\"},{\"@type\":\"ListItem\",\"position\":3,\"name\":\"Lector De Codigos\",\"item\":\"https:\/\/compuviper.mx\/tienda\/categoria-producto\/lector-de-codigos\/\"},{\"@type\":\"ListItem\",\"position\":4,\"name\":\"Laser\",\"item\":\"https:\/\/compuviper.mx\/tienda\/categoria-producto\/lector-de-codigos\/laser\/\"},{\"@type\":\"ListItem\",\"position\":5,\"name\":\"3nstar Sc310bt Lector De Codigo De Barras , Negro, Laser, Usb, Bluetooth, 1d, 300 Escaneos Por Segundo, Unidireccional, Alcance 30 Mm\"}]},{\"@type\":\"WebSite\",\"@id\":\"https:\/\/compuviper.mx\/tienda\/#website\",\"url\":\"https:\/\/compuviper.mx\/tienda\/\",\"name\":\"Compuviper\",\"description\":\"Proveedor de Computadoras, Laptops, Servidores, Monitores, Puntos de Venta, Teclados,   Impresoras, T\u00f3ner, C\u00e1maras de Seguridad y m\u00e1s en tu tienda en l\u00ednea\",\"publisher\":{\"@id\":\"https:\/\/compuviper.mx\/tienda\/#organization\"},\"potentialAction\":[{\"@type\":\"SearchAction\",\"target\":{\"@type\":\"EntryPoint\",\"urlTemplate\":\"https:\/\/compuviper.mx\/tienda\/?s={search_term_string}\"},\"query-input\":\"required name=search_term_string\"}],\"inLanguage\":\"es-MX\"},{\"@type\":\"Organization\",\"@id\":\"https:\/\/compuviper.mx\/tienda\/#organization\",\"name\":\"Compuviper\",\"url\":\"https:\/\/compuviper.mx\/tienda\/\",\"logo\":{\"@type\":\"ImageObject\",\"inLanguage\":\"es-MX\",\"@id\":\"https:\/\/compuviper.mx\/tienda\/#\/schema\/logo\/image\/\",\"url\":\"https:\/\/compuviper.mx\/tienda\/wp-content\/uploads\/2021\/08\/Logo-Compuviper-10.png\",\"contentUrl\":\"https:\/\/compuviper.mx\/tienda\/wp-content\/uploads\/2021\/08\/Logo-Compuviper-10.png\",\"width\":1000,\"height\":500,\"caption\":\"Compuviper\"},\"image\":{\"@id\":\"https:\/\/compuviper.mx\/tienda\/#\/schema\/logo\/image\/\"},\"sameAs\":[\"https:\/\/www.facebook.com\/compuviper\",\"https:\/\/www.youtube.com\/channel\/UCf73dERp9Y3cfOq7q8BhLjA?view_as=subscriber\"]}]}<\/script>\n<meta property=\"product:brand\" content=\"3NSTAR\" \/>\n<meta property=\"product:price:amount\" content=\"1034\" \/>\n<meta property=\"product:price:currency\" content=\"MXN\" \/>\n<meta property=\"og:availability\" content=\"instock\" \/>\n<meta property=\"product:availability\" content=\"instock\" \/>\n<meta property=\"product:retailer_item_id\" content=\"SC310BT\" \/>\n<meta property=\"product:condition\" content=\"new\" \/>\n<!-- \/ Yoast SEO plugin. -->","yoast_head_json":{"title":"[ 3nstar ] &#129351; Sc310bt Lector De Codigo De Barras , Negro, Laser, Usb, Bluetooth, 1d, 300 Escaneos Por Segundo, Unidireccional, Alcance 30 Mm","description":"Compra Sc310bt Lector De Codigo De Barras , Negro, Laser, Usb, Bluetooth, 1d, 300 Escaneos Por Segundo, Unidireccional, Alcance 30 Mm + Env\u00edo a domicilio + Pago seguro + Garant\u00eda","robots":{"index":"index","follow":"follow","max-snippet":"max-snippet:-1","max-image-preview":"max-image-preview:large","max-video-preview":"max-video-preview:-1"},"canonical":"https:\/\/compuviper.mx\/tienda\/producto\/3nstar-sc310bt-lector-de-codigo-de-barras-negro-laser-usb-bluetooth-1d-300-escaneos-por-segundo-unidireccional-alcance-30-mm\/","og_locale":"es_MX","og_type":"article","og_title":"[ 3nstar ] &#129351; Sc310bt Lector De Codigo De Barras , Negro, Laser, Usb, Bluetooth, 1d, 300 Escaneos Por Segundo, Unidireccional, Alcance 30 Mm","og_description":"Compra Sc310bt Lector De Codigo De Barras , Negro, Laser, Usb, Bluetooth, 1d, 300 Escaneos Por Segundo, Unidireccional, Alcance 30 Mm + Env\u00edo a domicilio + Pago seguro + Garant\u00eda","og_url":"https:\/\/compuviper.mx\/tienda\/producto\/3nstar-sc310bt-lector-de-codigo-de-barras-negro-laser-usb-bluetooth-1d-300-escaneos-por-segundo-unidireccional-alcance-30-mm\/","og_site_name":"Compuviper","article_publisher":"https:\/\/www.facebook.com\/compuviper","og_image":[{"width":200,"height":200,"url":"https:\/\/compuviper.mx\/tienda\/wp-content\/uploads\/2023\/12\/Lector-de-codigo-de-barras-3nstar-sc310bt-negro-laser-usb-bluetooth-1d-300-escaneos-por-segundo-unidireccional-alcance-30-mm.jpg","type":"image\/jpeg"}],"twitter_card":"summary_large_image","twitter_misc":{"Precio":"&#36;1,034 con IVA","Availability":"In stock"},"schema":{"@context":"https:\/\/schema.org","@graph":[{"@type":"WebPage","@id":"https:\/\/compuviper.mx\/tienda\/producto\/3nstar-sc310bt-lector-de-codigo-de-barras-negro-laser-usb-bluetooth-1d-300-escaneos-por-segundo-unidireccional-alcance-30-mm\/","url":"https:\/\/compuviper.mx\/tienda\/producto\/3nstar-sc310bt-lector-de-codigo-de-barras-negro-laser-usb-bluetooth-1d-300-escaneos-por-segundo-unidireccional-alcance-30-mm\/","name":"[ 3nstar ] &#129351; Sc310bt Lector De Codigo De Barras , Negro, Laser, Usb, Bluetooth, 1d, 300 Escaneos Por Segundo, Unidireccional, Alcance 30 Mm","isPartOf":{"@id":"https:\/\/compuviper.mx\/tienda\/#website"},"datePublished":"2026-04-21T06:56:10+00:00","dateModified":"2026-04-21T06:56:10+00:00","description":"Compra Sc310bt Lector De Codigo De Barras , Negro, Laser, Usb, Bluetooth, 1d, 300 Escaneos Por Segundo, Unidireccional, Alcance 30 Mm + Env\u00edo a domicilio + Pago seguro + Garant\u00eda","breadcrumb":{"@id":"https:\/\/compuviper.mx\/tienda\/producto\/3nstar-sc310bt-lector-de-codigo-de-barras-negro-laser-usb-bluetooth-1d-300-escaneos-por-segundo-unidireccional-alcance-30-mm\/#breadcrumb"},"inLanguage":"es-MX","potentialAction":[{"@type":"ReadAction","target":["https:\/\/compuviper.mx\/tienda\/producto\/3nstar-sc310bt-lector-de-codigo-de-barras-negro-laser-usb-bluetooth-1d-300-escaneos-por-segundo-unidireccional-alcance-30-mm\/"]}]},{"@type":"BreadcrumbList","@id":"https:\/\/compuviper.mx\/tienda\/producto\/3nstar-sc310bt-lector-de-codigo-de-barras-negro-laser-usb-bluetooth-1d-300-escaneos-por-segundo-unidireccional-alcance-30-mm\/#breadcrumb","itemListElement":[{"@type":"ListItem","position":1,"name":"Inicio","item":"https:\/\/compuviper.mx\/tienda\/"},{"@type":"ListItem","position":2,"name":"Productos","item":"https:\/\/compuviper.mx\/tienda\/productos\/"},{"@type":"ListItem","position":3,"name":"Lector De Codigos","item":"https:\/\/compuviper.mx\/tienda\/categoria-producto\/lector-de-codigos\/"},{"@type":"ListItem","position":4,"name":"Laser","item":"https:\/\/compuviper.mx\/tienda\/categoria-producto\/lector-de-codigos\/laser\/"},{"@type":"ListItem","position":5,"name":"3nstar Sc310bt Lector De Codigo De Barras , Negro, Laser, Usb, Bluetooth, 1d, 300 Escaneos Por Segundo, Unidireccional, Alcance 30 Mm"}]},{"@type":"WebSite","@id":"https:\/\/compuviper.mx\/tienda\/#website","url":"https:\/\/compuviper.mx\/tienda\/","name":"Compuviper","description":"Proveedor de Computadoras, Laptops, Servidores, Monitores, Puntos de Venta, Teclados,   Impresoras, T\u00f3ner, C\u00e1maras de Seguridad y m\u00e1s en tu tienda en l\u00ednea","publisher":{"@id":"https:\/\/compuviper.mx\/tienda\/#organization"},"potentialAction":[{"@type":"SearchAction","target":{"@type":"EntryPoint","urlTemplate":"https:\/\/compuviper.mx\/tienda\/?s={search_term_string}"},"query-input":"required name=search_term_string"}],"inLanguage":"es-MX"},{"@type":"Organization","@id":"https:\/\/compuviper.mx\/tienda\/#organization","name":"Compuviper","url":"https:\/\/compuviper.mx\/tienda\/","logo":{"@type":"ImageObject","inLanguage":"es-MX","@id":"https:\/\/compuviper.mx\/tienda\/#\/schema\/logo\/image\/","url":"https:\/\/compuviper.mx\/tienda\/wp-content\/uploads\/2021\/08\/Logo-Compuviper-10.png","contentUrl":"https:\/\/compuviper.mx\/tienda\/wp-content\/uploads\/2021\/08\/Logo-Compuviper-10.png","width":1000,"height":500,"caption":"Compuviper"},"image":{"@id":"https:\/\/compuviper.mx\/tienda\/#\/schema\/logo\/image\/"},"sameAs":["https:\/\/www.facebook.com\/compuviper","https:\/\/www.youtube.com\/channel\/UCf73dERp9Y3cfOq7q8BhLjA?view_as=subscriber"]}]},"product_brand":"3NSTAR","product_price_amount":"1034","product_price_currency":"MXN","og_availability":"instock","product_availability":"instock","product_retailer_item_id":"SC310BT","product_condition":"new"},"_links":{"self":[{"href":"https:\/\/compuviper.mx\/tienda\/wp-json\/wp\/v2\/product\/219360"}],"collection":[{"href":"https:\/\/compuviper.mx\/tienda\/wp-json\/wp\/v2\/product"}],"about":[{"href":"https:\/\/compuviper.mx\/tienda\/wp-json\/wp\/v2\/types\/product"}],"replies":[{"embeddable":true,"href":"https:\/\/compuviper.mx\/tienda\/wp-json\/wp\/v2\/comments?post=219360"}],"wp:featuredmedia":[{"embeddable":true,"href":"https:\/\/compuviper.mx\/tienda\/wp-json\/wp\/v2\/media\/219361"}],"wp:attachment":[{"href":"https:\/\/compuviper.mx\/tienda\/wp-json\/wp\/v2\/media?parent=219360"}],"wp:term":[{"taxonomy":"product_cat","embeddable":true,"href":"https:\/\/compuviper.mx\/tienda\/wp-json\/wp\/v2\/product_cat?post=219360"},{"taxonomy":"product_tag","embeddable":true,"href":"https:\/\/compuviper.mx\/tienda\/wp-json\/wp\/v2\/product_tag?post=219360"}],"curies":[{"name":"wp","href":"https:\/\/api.w.org\/{rel}","templated":true}]}}