{"id":219125,"date":"2026-04-11T00:44:55","date_gmt":"2026-04-11T06:44:55","guid":{"rendered":"https:\/\/compuviper.mx\/tienda\/producto\/manhattan-178464-teclado-y-mouse-ptico-usb-cableado-combo\/"},"modified":"2026-04-11T00:44:55","modified_gmt":"2026-04-11T06:44:55","slug":"manhattan-178464-teclado-y-mouse-ptico-usb-cableado-combo","status":"publish","type":"product","link":"https:\/\/compuviper.mx\/tienda\/producto\/manhattan-178464-teclado-y-mouse-ptico-usb-cableado-combo\/","title":{"rendered":"Manhattan 178464 Teclado Y Mouse,,, ?ptico Usb Cableado, Combo"},"content":{"rendered":"<table class=\"descripcion\">\n<tr>\n<td>Est\u00e1ndares y certificaciones<\/td>\n<\/tr>\n<tr>\n<td>Usb 1.1<\/td>\n<\/tr>\n<tr>\n<td>General<\/td>\n<\/tr>\n<tr>\n<td>Teclado con cable<\/td>\n<\/tr>\n<tr>\n<td>Rat\u00f3n \u00f3ptico con cable, tres botones (izquierdo, derecho, rueda de desplazamiento), 1000 dpi<\/td>\n<\/tr>\n<tr>\n<td>Compatible con windows xp\/7\/8\/10<\/td>\n<\/tr>\n<tr>\n<td>Especificaciones el\u00e9ctricas (en funcionamiento)<\/td>\n<\/tr>\n<tr>\n<td>Voltaje<\/td>\n<\/tr>\n<tr>\n<td>Teclado y rat\u00f3n: dc +5 v, error \u00b1 0,25 v<\/td>\n<\/tr>\n<tr>\n<td>Corriente<\/td>\n<\/tr>\n<tr>\n<td>Dc +5 v,   300 ma dise\u00f1o<\/td>\n<\/tr>\n<tr>\n<td>Fuerza del teclado: 50 &#8211; 350 g\/cm2<\/td>\n<\/tr>\n<tr>\n<td>Vida \u00fatil del interruptor<\/td>\n<\/tr>\n<tr>\n<td>Teclado: 10.000.000 pulsaciones de teclas, rat\u00f3n: 1.000.000 de veces<\/td>\n<\/tr>\n<tr>\n<td>Fuerza del interruptor del rat\u00f3n: 60 \u00b1 15 g<\/td>\n<\/tr>\n<tr>\n<td>Teclado: 44 x 13 x 2,2 cm (20 x 8 x 1,2 pulg.); juego: 925 g (33 oz.)<\/td>\n<\/tr>\n<tr>\n<td>Rat\u00f3n \u00f3ptico: 10 x 6 x 3,5 cm (4,7 x 2,4 x 1,5 pulg.)<\/td>\n<\/tr>\n<tr>\n<td>Receptor usb: 1,9 x 1,4 x 0,6 cm (0,7 x 0,6 x 0,2 pulg.)<\/td>\n<\/tr>\n<tr>\n<td>Indicadores led: actividad<\/td>\n<\/tr>\n<tr>\n<td>Ambiente:<\/td>\n<\/tr>\n<tr>\n<td>Temperatura de trabajo: 5 &#8211; 50\u00b0c; humedad: 10 &#8211; 85%.<\/td>\n<\/tr>\n<tr>\n<td>Temperatura de almacenamiento: -20 &#8211; 60\u00b0c; humedad:   90%<\/td>\n<\/tr>\n<tr>\n<td>Contenido del paquete<\/td>\n<\/tr>\n<tr>\n<td>Juego de teclado y mouse \u00f3ptico con cable<\/td>\n<\/tr>\n<tr>\n<td>Gu\u00eda de instrucciones r\u00e1pidas<\/td>\n<\/tr>\n<\/table>\n","protected":false},"excerpt":{"rendered":"<p>Un teclado y rat\u00f3n dise\u00f1ados para mejorar su productividad. El juego de teclado y mouse \u00f3ptico manhattan combina una excelente relaci\u00f3n calidad-precio con comodidad y durabilidad. El teclado con cable ofrece una estructura de teclas robusta, teclas de gran capacidad de respuesta, un panel de comandos de f\u00e1cil acceso y un teclado num\u00e9rico de tama\u00f1o completo que proporciona la familiaridad inmediata del teclado moderno. Cuando se utiliza en conjunto con el rat\u00f3n \u00f3ptico con cable, y sus botones est\u00e1ndar para los clics izquierdo y derecho, as\u00ed como su rueda de f\u00e1cil desplazamiento; la accesibilidad de estos dos productos te sumergen en una experiencia inform\u00e1tica de inmediato. Este reforzador de la productividad est\u00e1 dise\u00f1ado de forma inteligente para funcionar a la perfecci\u00f3n con su configuraci\u00f3n inform\u00e1tica actual, por lo que su comodidad y disfrute est\u00e1n asegurados. Ya sea navegando por extensas hojas de c\u00e1lculo, ingresando datos num\u00e9ricos o escribiendo informes, el juego de teclado y mouse \u00f3ptico manhattan es el reemplazo o complemento perfecto para cualquier configuraci\u00f3n de computadora.<\/p>\n","protected":false},"featured_media":219126,"comment_status":"open","ping_status":"open","template":"","meta":[],"product_cat":[1712,1711],"product_tag":[1487],"acf":[],"yoast_head":"<!-- This site is optimized with the Yoast SEO plugin v21.7 - https:\/\/yoast.com\/wordpress\/plugins\/seo\/ -->\n<title>[ Manhattan ] &#129351; 178464 Teclado Y Mouse,,, \u00f3ptico Usb Cableado, Combo<\/title>\n<meta name=\"description\" content=\"Compra 178464 Teclado Y Mouse,,, \u00f3ptico Usb Cableado, Combo + Env\u00edo a domicilio + Pago seguro + Garant\u00eda\" \/>\n<meta name=\"robots\" content=\"index, follow, max-snippet:-1, max-image-preview:large, max-video-preview:-1\" \/>\n<link rel=\"canonical\" href=\"https:\/\/compuviper.mx\/tienda\/producto\/manhattan-178464-teclado-y-mouse-ptico-usb-cableado-combo\/\" \/>\n<meta property=\"og:locale\" content=\"es_MX\" \/>\n<meta property=\"og:type\" content=\"article\" \/>\n<meta property=\"og:title\" content=\"[ Manhattan ] &#129351; 178464 Teclado Y Mouse,,, \u00f3ptico Usb Cableado, Combo\" \/>\n<meta property=\"og:description\" content=\"Compra 178464 Teclado Y Mouse,,, \u00f3ptico Usb Cableado, Combo + Env\u00edo a domicilio + Pago seguro + Garant\u00eda\" \/>\n<meta property=\"og:url\" content=\"https:\/\/compuviper.mx\/tienda\/producto\/manhattan-178464-teclado-y-mouse-ptico-usb-cableado-combo\/\" \/>\n<meta property=\"og:site_name\" content=\"Compuviper\" \/>\n<meta property=\"article:publisher\" content=\"https:\/\/www.facebook.com\/compuviper\" \/>\n<meta property=\"og:image\" content=\"https:\/\/compuviper.mx\/tienda\/wp-content\/uploads\/2023\/12\/Teclado-y-mousemanhattan178464-optico-usb-cableado-combo.jpg\" \/>\n\t<meta property=\"og:image:width\" content=\"200\" \/>\n\t<meta property=\"og:image:height\" content=\"200\" \/>\n\t<meta property=\"og:image:type\" content=\"image\/jpeg\" \/>\n<meta name=\"twitter:card\" content=\"summary_large_image\" \/>\n<meta name=\"twitter:label1\" content=\"Precio\" \/>\n\t<meta name=\"twitter:data1\" content=\"&#36;144 con IVA\" \/>\n\t<meta name=\"twitter:label2\" content=\"Availability\" \/>\n\t<meta name=\"twitter:data2\" content=\"In stock\" \/>\n<script type=\"application\/ld+json\" class=\"yoast-schema-graph\">{\"@context\":\"https:\/\/schema.org\",\"@graph\":[{\"@type\":\"WebPage\",\"@id\":\"https:\/\/compuviper.mx\/tienda\/producto\/manhattan-178464-teclado-y-mouse-ptico-usb-cableado-combo\/\",\"url\":\"https:\/\/compuviper.mx\/tienda\/producto\/manhattan-178464-teclado-y-mouse-ptico-usb-cableado-combo\/\",\"name\":\"[ Manhattan ] &#129351; 178464 Teclado Y Mouse,,, \u00f3ptico Usb Cableado, Combo\",\"isPartOf\":{\"@id\":\"https:\/\/compuviper.mx\/tienda\/#website\"},\"datePublished\":\"2026-04-11T06:44:55+00:00\",\"dateModified\":\"2026-04-11T06:44:55+00:00\",\"description\":\"Compra 178464 Teclado Y Mouse,,, \u00f3ptico Usb Cableado, Combo + Env\u00edo a domicilio + Pago seguro + Garant\u00eda\",\"breadcrumb\":{\"@id\":\"https:\/\/compuviper.mx\/tienda\/producto\/manhattan-178464-teclado-y-mouse-ptico-usb-cableado-combo\/#breadcrumb\"},\"inLanguage\":\"es-MX\",\"potentialAction\":[{\"@type\":\"ReadAction\",\"target\":[\"https:\/\/compuviper.mx\/tienda\/producto\/manhattan-178464-teclado-y-mouse-ptico-usb-cableado-combo\/\"]}]},{\"@type\":\"BreadcrumbList\",\"@id\":\"https:\/\/compuviper.mx\/tienda\/producto\/manhattan-178464-teclado-y-mouse-ptico-usb-cableado-combo\/#breadcrumb\",\"itemListElement\":[{\"@type\":\"ListItem\",\"position\":1,\"name\":\"Inicio\",\"item\":\"https:\/\/compuviper.mx\/tienda\/\"},{\"@type\":\"ListItem\",\"position\":2,\"name\":\"Productos\",\"item\":\"https:\/\/compuviper.mx\/tienda\/productos\/\"},{\"@type\":\"ListItem\",\"position\":3,\"name\":\"Teclado Y Mouse\",\"item\":\"https:\/\/compuviper.mx\/tienda\/categoria-producto\/teclado-y-mouse\/\"},{\"@type\":\"ListItem\",\"position\":4,\"name\":\"Sin Categor\u00eda\",\"item\":\"https:\/\/compuviper.mx\/tienda\/categoria-producto\/teclado-y-mouse\/sin-categoria-teclado-y-mouse\/\"},{\"@type\":\"ListItem\",\"position\":5,\"name\":\"Manhattan 178464 Teclado Y Mouse,,, ?ptico Usb Cableado, Combo\"}]},{\"@type\":\"WebSite\",\"@id\":\"https:\/\/compuviper.mx\/tienda\/#website\",\"url\":\"https:\/\/compuviper.mx\/tienda\/\",\"name\":\"Compuviper\",\"description\":\"Proveedor de Computadoras, Laptops, Servidores, Monitores, Puntos de Venta, Teclados,   Impresoras, T\u00f3ner, C\u00e1maras de Seguridad y m\u00e1s en tu tienda en l\u00ednea\",\"publisher\":{\"@id\":\"https:\/\/compuviper.mx\/tienda\/#organization\"},\"potentialAction\":[{\"@type\":\"SearchAction\",\"target\":{\"@type\":\"EntryPoint\",\"urlTemplate\":\"https:\/\/compuviper.mx\/tienda\/?s={search_term_string}\"},\"query-input\":\"required name=search_term_string\"}],\"inLanguage\":\"es-MX\"},{\"@type\":\"Organization\",\"@id\":\"https:\/\/compuviper.mx\/tienda\/#organization\",\"name\":\"Compuviper\",\"url\":\"https:\/\/compuviper.mx\/tienda\/\",\"logo\":{\"@type\":\"ImageObject\",\"inLanguage\":\"es-MX\",\"@id\":\"https:\/\/compuviper.mx\/tienda\/#\/schema\/logo\/image\/\",\"url\":\"https:\/\/compuviper.mx\/tienda\/wp-content\/uploads\/2021\/08\/Logo-Compuviper-10.png\",\"contentUrl\":\"https:\/\/compuviper.mx\/tienda\/wp-content\/uploads\/2021\/08\/Logo-Compuviper-10.png\",\"width\":1000,\"height\":500,\"caption\":\"Compuviper\"},\"image\":{\"@id\":\"https:\/\/compuviper.mx\/tienda\/#\/schema\/logo\/image\/\"},\"sameAs\":[\"https:\/\/www.facebook.com\/compuviper\",\"https:\/\/www.youtube.com\/channel\/UCf73dERp9Y3cfOq7q8BhLjA?view_as=subscriber\"]}]}<\/script>\n<meta property=\"product:brand\" content=\"MANHATTAN\" \/>\n<meta property=\"product:price:amount\" content=\"144\" \/>\n<meta property=\"product:price:currency\" content=\"MXN\" \/>\n<meta property=\"og:availability\" content=\"instock\" \/>\n<meta property=\"product:availability\" content=\"instock\" \/>\n<meta property=\"product:retailer_item_id\" content=\"178464\" \/>\n<meta property=\"product:condition\" content=\"new\" \/>\n<!-- \/ Yoast SEO plugin. -->","yoast_head_json":{"title":"[ Manhattan ] &#129351; 178464 Teclado Y Mouse,,, \u00f3ptico Usb Cableado, Combo","description":"Compra 178464 Teclado Y Mouse,,, \u00f3ptico Usb Cableado, Combo + Env\u00edo a domicilio + Pago seguro + Garant\u00eda","robots":{"index":"index","follow":"follow","max-snippet":"max-snippet:-1","max-image-preview":"max-image-preview:large","max-video-preview":"max-video-preview:-1"},"canonical":"https:\/\/compuviper.mx\/tienda\/producto\/manhattan-178464-teclado-y-mouse-ptico-usb-cableado-combo\/","og_locale":"es_MX","og_type":"article","og_title":"[ Manhattan ] &#129351; 178464 Teclado Y Mouse,,, \u00f3ptico Usb Cableado, Combo","og_description":"Compra 178464 Teclado Y Mouse,,, \u00f3ptico Usb Cableado, Combo + Env\u00edo a domicilio + Pago seguro + Garant\u00eda","og_url":"https:\/\/compuviper.mx\/tienda\/producto\/manhattan-178464-teclado-y-mouse-ptico-usb-cableado-combo\/","og_site_name":"Compuviper","article_publisher":"https:\/\/www.facebook.com\/compuviper","og_image":[{"width":200,"height":200,"url":"https:\/\/compuviper.mx\/tienda\/wp-content\/uploads\/2023\/12\/Teclado-y-mousemanhattan178464-optico-usb-cableado-combo.jpg","type":"image\/jpeg"}],"twitter_card":"summary_large_image","twitter_misc":{"Precio":"&#36;144 con IVA","Availability":"In stock"},"schema":{"@context":"https:\/\/schema.org","@graph":[{"@type":"WebPage","@id":"https:\/\/compuviper.mx\/tienda\/producto\/manhattan-178464-teclado-y-mouse-ptico-usb-cableado-combo\/","url":"https:\/\/compuviper.mx\/tienda\/producto\/manhattan-178464-teclado-y-mouse-ptico-usb-cableado-combo\/","name":"[ Manhattan ] &#129351; 178464 Teclado Y Mouse,,, \u00f3ptico Usb Cableado, Combo","isPartOf":{"@id":"https:\/\/compuviper.mx\/tienda\/#website"},"datePublished":"2026-04-11T06:44:55+00:00","dateModified":"2026-04-11T06:44:55+00:00","description":"Compra 178464 Teclado Y Mouse,,, \u00f3ptico Usb Cableado, Combo + Env\u00edo a domicilio + Pago seguro + Garant\u00eda","breadcrumb":{"@id":"https:\/\/compuviper.mx\/tienda\/producto\/manhattan-178464-teclado-y-mouse-ptico-usb-cableado-combo\/#breadcrumb"},"inLanguage":"es-MX","potentialAction":[{"@type":"ReadAction","target":["https:\/\/compuviper.mx\/tienda\/producto\/manhattan-178464-teclado-y-mouse-ptico-usb-cableado-combo\/"]}]},{"@type":"BreadcrumbList","@id":"https:\/\/compuviper.mx\/tienda\/producto\/manhattan-178464-teclado-y-mouse-ptico-usb-cableado-combo\/#breadcrumb","itemListElement":[{"@type":"ListItem","position":1,"name":"Inicio","item":"https:\/\/compuviper.mx\/tienda\/"},{"@type":"ListItem","position":2,"name":"Productos","item":"https:\/\/compuviper.mx\/tienda\/productos\/"},{"@type":"ListItem","position":3,"name":"Teclado Y Mouse","item":"https:\/\/compuviper.mx\/tienda\/categoria-producto\/teclado-y-mouse\/"},{"@type":"ListItem","position":4,"name":"Sin Categor\u00eda","item":"https:\/\/compuviper.mx\/tienda\/categoria-producto\/teclado-y-mouse\/sin-categoria-teclado-y-mouse\/"},{"@type":"ListItem","position":5,"name":"Manhattan 178464 Teclado Y Mouse,,, ?ptico Usb Cableado, Combo"}]},{"@type":"WebSite","@id":"https:\/\/compuviper.mx\/tienda\/#website","url":"https:\/\/compuviper.mx\/tienda\/","name":"Compuviper","description":"Proveedor de Computadoras, Laptops, Servidores, Monitores, Puntos de Venta, Teclados,   Impresoras, T\u00f3ner, C\u00e1maras de Seguridad y m\u00e1s en tu tienda en l\u00ednea","publisher":{"@id":"https:\/\/compuviper.mx\/tienda\/#organization"},"potentialAction":[{"@type":"SearchAction","target":{"@type":"EntryPoint","urlTemplate":"https:\/\/compuviper.mx\/tienda\/?s={search_term_string}"},"query-input":"required name=search_term_string"}],"inLanguage":"es-MX"},{"@type":"Organization","@id":"https:\/\/compuviper.mx\/tienda\/#organization","name":"Compuviper","url":"https:\/\/compuviper.mx\/tienda\/","logo":{"@type":"ImageObject","inLanguage":"es-MX","@id":"https:\/\/compuviper.mx\/tienda\/#\/schema\/logo\/image\/","url":"https:\/\/compuviper.mx\/tienda\/wp-content\/uploads\/2021\/08\/Logo-Compuviper-10.png","contentUrl":"https:\/\/compuviper.mx\/tienda\/wp-content\/uploads\/2021\/08\/Logo-Compuviper-10.png","width":1000,"height":500,"caption":"Compuviper"},"image":{"@id":"https:\/\/compuviper.mx\/tienda\/#\/schema\/logo\/image\/"},"sameAs":["https:\/\/www.facebook.com\/compuviper","https:\/\/www.youtube.com\/channel\/UCf73dERp9Y3cfOq7q8BhLjA?view_as=subscriber"]}]},"product_brand":"MANHATTAN","product_price_amount":"144","product_price_currency":"MXN","og_availability":"instock","product_availability":"instock","product_retailer_item_id":"178464","product_condition":"new"},"_links":{"self":[{"href":"https:\/\/compuviper.mx\/tienda\/wp-json\/wp\/v2\/product\/219125"}],"collection":[{"href":"https:\/\/compuviper.mx\/tienda\/wp-json\/wp\/v2\/product"}],"about":[{"href":"https:\/\/compuviper.mx\/tienda\/wp-json\/wp\/v2\/types\/product"}],"replies":[{"embeddable":true,"href":"https:\/\/compuviper.mx\/tienda\/wp-json\/wp\/v2\/comments?post=219125"}],"wp:featuredmedia":[{"embeddable":true,"href":"https:\/\/compuviper.mx\/tienda\/wp-json\/wp\/v2\/media\/219126"}],"wp:attachment":[{"href":"https:\/\/compuviper.mx\/tienda\/wp-json\/wp\/v2\/media?parent=219125"}],"wp:term":[{"taxonomy":"product_cat","embeddable":true,"href":"https:\/\/compuviper.mx\/tienda\/wp-json\/wp\/v2\/product_cat?post=219125"},{"taxonomy":"product_tag","embeddable":true,"href":"https:\/\/compuviper.mx\/tienda\/wp-json\/wp\/v2\/product_tag?post=219125"}],"curies":[{"name":"wp","href":"https:\/\/api.w.org\/{rel}","templated":true}]}}