{"id":219079,"date":"2026-04-18T00:47:19","date_gmt":"2026-04-18T06:47:19","guid":{"rendered":"https:\/\/compuviper.mx\/tienda\/producto\/logitech-920-007901-teclado-mouse-mk235-gris-inalambircos-usb-para-pc-alcance-hasta-10-mts\/"},"modified":"2026-04-18T00:47:19","modified_gmt":"2026-04-18T06:47:19","slug":"logitech-920-007901-teclado-y-mouse-mk235-inalambrico-receptor-usb-espaol-gris","status":"publish","type":"product","link":"https:\/\/compuviper.mx\/tienda\/producto\/logitech-920-007901-teclado-y-mouse-mk235-inalambrico-receptor-usb-espaol-gris\/","title":{"rendered":"Logitech 920-007901 Teclado Y Mouse  Mk235 Inalambrico Receptor Usb (espa?ol) Gris"},"content":{"rendered":"<table class=\"descripcion\">\n<tr>\n<td>Teclado con distribuci\u00f3n habitual<\/td>\n<\/tr>\n<tr>\n<td>Sin necesidad de aprender cosas nuevas. disfrutar\u00e1s de la comodidad y la sencillez de una distribuci\u00f3n tradicional de teclado de tama\u00f1o normal desde el primer d\u00eda.<\/td>\n<\/tr>\n<tr>\n<td>Larga duraci\u00f3n de las bater\u00edas<\/td>\n<\/tr>\n<tr>\n<td>Escribe hasta tres a\u00f1os entre cambios de bater\u00edas y usa el mouse hasta un a\u00f1o antes de tener que cambiar la bater\u00eda.<\/td>\n<\/tr>\n<tr>\n<td>La predicci\u00f3n de tres a\u00f1os de duraci\u00f3n de las bater\u00edas se basa en aproximadamente dos millones de pulsaciones por a\u00f1o en un entrono empresarial. como con todas las bater\u00edas, tu experiencia puede variar dependiendo del uso y del equipo.<\/td>\n<\/tr>\n<tr>\n<td>Fabricado para durar<\/td>\n<\/tr>\n<tr>\n<td>Construcci\u00f3n duradera con patas inclinables robustas y dise\u00f1o resistente a salpicaduras. tratamiento antidesgaste en cada tecla para que las letras no desaparezcan nunca de las teclas.<\/td>\n<\/tr>\n<tr>\n<td>Tecnolog\u00eda inal\u00e1mbrica fiable<\/td>\n<\/tr>\n<tr>\n<td>Basta con que conectes el min\u00fasculo receptor usb para empezar a disfrutar de una conexi\u00f3n estable sin retrasos. tu teclado y mouse inal\u00e1mbricos seguir\u00e1n conectados hasta a 10 metros (33 ft) de distancia.<\/td>\n<\/tr>\n<tr>\n<td>Si bien las condiciones ambientales pueden causar ligeras variaciones en el radio de acci\u00f3n, siempre tendr\u00e1s la conexi\u00f3n que necesitas.<\/td>\n<\/tr>\n<tr>\n<td>Especificaciones<\/td>\n<\/tr>\n<tr>\n<td>Requisitos del sistema<\/td>\n<\/tr>\n<tr>\n<td>Windows\u00ae 7, windows 8, windows 10 o posterior<\/td>\n<\/tr>\n<tr>\n<td>Chrome os<\/td>\n<\/tr>\n<tr>\n<td>Linux\u00ae kernel 2.6+<\/td>\n<\/tr>\n<tr>\n<td>Puerto usb<\/td>\n<\/tr>\n<tr>\n<td>Dimensiones<\/td>\n<\/tr>\n<tr>\n<td>Teclado<\/td>\n<\/tr>\n<tr>\n<td>Altura: 137,5 mm (5,41 in)<\/td>\n<\/tr>\n<tr>\n<td>Anchura: 435,5 mm (17,15 in)<\/td>\n<\/tr>\n<tr>\n<td>Profundidad: 20,5 mm (0,81 in)<\/td>\n<\/tr>\n<tr>\n<td>Peso: 475 g (16,75 lb) con 2 bater\u00edas aaa<\/td>\n<\/tr>\n<tr>\n<td>Peso: 425 g (15,0 oz) sin bater\u00edas.<\/td>\n<\/tr>\n<tr>\n<td>Mouse<\/td>\n<\/tr>\n<tr>\n<td>Altura: 97,7 mm (3,85 in)<\/td>\n<\/tr>\n<tr>\n<td>Anchura: 61,5 mm (2,42 in)<\/td>\n<\/tr>\n<tr>\n<td>Profundidad: 35,2 mm (1,39 in)<\/td>\n<\/tr>\n<tr>\n<td>Peso: 70.5 g (2,49 oz).<\/td>\n<\/tr>\n<tr>\n<td>Nano receptor<\/td>\n<\/tr>\n<tr>\n<td>Altura: 18,7 mm (0,74 in)<\/td>\n<\/tr>\n<tr>\n<td>Anchura: 14,4 mm (0,57 in)<\/td>\n<\/tr>\n<tr>\n<td>Profundidad: 6,6 mm (0,24 in)<\/td>\n<\/tr>\n<tr>\n<td>Peso: 2.0 g (0,07 oz).<\/td>\n<\/tr>\n<tr>\n<td>Informaci\u00f3n de garant\u00eda<\/td>\n<\/tr>\n<tr>\n<td>Un a\u00f1o de garant\u00eda de hardware limitada<\/td>\n<\/tr>\n<tr>\n<td>Esta caja contiene<\/td>\n<\/tr>\n<tr>\n<td>Teclado<\/td>\n<\/tr>\n<tr>\n<td>Mouse<\/td>\n<\/tr>\n<tr>\n<td>Receptor inal\u00e1mbrico<\/td>\n<\/tr>\n<tr>\n<td>Documentaci\u00f3n del usuario<\/td>\n<\/tr>\n<tr>\n<td>2 aaa pilas para teclado<\/td>\n<\/tr>\n<tr>\n<td>1 aa pila para rat\u00f3n.<\/td>\n<\/tr>\n<tr>\n<td>Especificaciones<\/td>\n<\/tr>\n<tr>\n<td>Tipo de conexi\u00f3n: protocolo no unifying logitech (2,4 ghz) con nano receptor usb<\/td>\n<\/tr>\n<tr>\n<td>Radio de acci\u00f3n inal\u00e1mbrico: 10 metros \/ 33 pies<\/td>\n<\/tr>\n<tr>\n<td>Cifrado inal\u00e1mbrico: aes (advanced encryption standard) de 128 bits entre dispositivos y receptor<\/td>\n<\/tr>\n<tr>\n<td>Software compatible: logitech setpoint<\/td>\n<\/tr>\n<tr>\n<td>Teclado<\/td>\n<\/tr>\n<tr>\n<td>Teclas planas<\/td>\n<\/tr>\n<tr>\n<td>Altura de teclado ajustable<\/td>\n<\/tr>\n<tr>\n<td>Bater\u00edas: 2 x aaa<\/td>\n<\/tr>\n<tr>\n<td>Duraci\u00f3n de las bater\u00edas (no recargables): 36 meses<\/td>\n<\/tr>\n<tr>\n<td>Botones\/teclas especiales: 15 teclas de funci\u00f3n accesibles a trav\u00e9s de la tecla &#8220;fn&#8221;<\/td>\n<\/tr>\n<tr>\n<td>Mouse<\/td>\n<\/tr>\n<tr>\n<td>Conexi\u00f3n\/alimentaci\u00f3n: bot\u00f3n de encendido\/apagado<\/td>\n<\/tr>\n<tr>\n<td>Tecnolog\u00eda de sensor: seguimiento \u00f3ptico avanzado<\/td>\n<\/tr>\n<tr>\n<td>Bater\u00eda: 1 x aa<\/td>\n<\/tr>\n<tr>\n<td>Duraci\u00f3n de las bater\u00edas (no recargables): 12 meses<\/td>\n<\/tr>\n<tr>\n<td>N\u00famero de referencia<\/td>\n<\/tr>\n<tr>\n<td>N\u00ba de referencia 920-007901<\/td>\n<\/tr>\n<\/table>\n","protected":false},"excerpt":{"rendered":"<p>Combo de teclado y mouse inal\u00e1mbricos con mini receptor usb, teclado est\u00e1ndar con teclado num\u00e9rico para mayo comodidad, resistente a salpicaduras, tratamiento anti desgaste en cada tecla para que las letras no desaparezcan nunca de las teclas,  conexi\u00f3n inal\u00e1mbrica que te permite trabajar hasta 10 metros de distancia sin retrasos ni interrupciones. Escribe hasta 3 a\u00f1os entre cambios de bater\u00edas y el mouse hasta un a\u00f1o antes de tener que cambiar la bater\u00eda.<\/p>\n","protected":false},"featured_media":219080,"comment_status":"open","ping_status":"open","template":"","meta":[],"product_cat":[1711,1712],"product_tag":[1500],"acf":[],"yoast_head":"<!-- This site is optimized with the Yoast SEO plugin v21.7 - https:\/\/yoast.com\/wordpress\/plugins\/seo\/ -->\n<title>[ Logitech ] &#129351; 920-007901 Teclado Y Mouse Mk235 Inalambrico Receptor Usb (espa\u00f1ol) Gris<\/title>\n<meta name=\"description\" content=\"Compra 920-007901 Teclado Y Mouse Mk235 Inalambrico Receptor Usb (espa\u00f1ol) Gris + Env\u00edo a domicilio + Pago seguro + Garant\u00eda\" \/>\n<meta name=\"robots\" content=\"index, follow, max-snippet:-1, max-image-preview:large, max-video-preview:-1\" \/>\n<link rel=\"canonical\" href=\"https:\/\/compuviper.mx\/tienda\/producto\/logitech-920-007901-teclado-y-mouse-mk235-inalambrico-receptor-usb-espaol-gris\/\" \/>\n<meta property=\"og:locale\" content=\"es_MX\" \/>\n<meta property=\"og:type\" content=\"article\" \/>\n<meta property=\"og:title\" content=\"[ Logitech ] &#129351; 920-007901 Teclado Y Mouse Mk235 Inalambrico Receptor Usb (espa\u00f1ol) Gris\" \/>\n<meta property=\"og:description\" content=\"Compra 920-007901 Teclado Y Mouse Mk235 Inalambrico Receptor Usb (espa\u00f1ol) Gris + Env\u00edo a domicilio + Pago seguro + Garant\u00eda\" \/>\n<meta property=\"og:url\" content=\"https:\/\/compuviper.mx\/tienda\/producto\/logitech-920-007901-teclado-y-mouse-mk235-inalambrico-receptor-usb-espaol-gris\/\" \/>\n<meta property=\"og:site_name\" content=\"Compuviper\" \/>\n<meta property=\"article:publisher\" content=\"https:\/\/www.facebook.com\/compuviper\" \/>\n<meta property=\"og:image\" content=\"https:\/\/compuviper.mx\/tienda\/wp-content\/uploads\/2023\/12\/Tecladomouse-logitech-mk235-gris-inalambircos-usb-para-pc-alcance-hasta-10-mts.jpg\" \/>\n\t<meta property=\"og:image:width\" content=\"200\" \/>\n\t<meta property=\"og:image:height\" content=\"200\" \/>\n\t<meta property=\"og:image:type\" content=\"image\/jpeg\" \/>\n<meta name=\"twitter:card\" content=\"summary_large_image\" \/>\n<meta name=\"twitter:label1\" content=\"Precio\" \/>\n\t<meta name=\"twitter:data1\" content=\"&#36;587 con IVA\" \/>\n\t<meta name=\"twitter:label2\" content=\"Availability\" \/>\n\t<meta name=\"twitter:data2\" content=\"In stock\" \/>\n<script type=\"application\/ld+json\" class=\"yoast-schema-graph\">{\"@context\":\"https:\/\/schema.org\",\"@graph\":[{\"@type\":\"WebPage\",\"@id\":\"https:\/\/compuviper.mx\/tienda\/producto\/logitech-920-007901-teclado-y-mouse-mk235-inalambrico-receptor-usb-espaol-gris\/\",\"url\":\"https:\/\/compuviper.mx\/tienda\/producto\/logitech-920-007901-teclado-y-mouse-mk235-inalambrico-receptor-usb-espaol-gris\/\",\"name\":\"[ Logitech ] &#129351; 920-007901 Teclado Y Mouse Mk235 Inalambrico Receptor Usb (espa\u00f1ol) Gris\",\"isPartOf\":{\"@id\":\"https:\/\/compuviper.mx\/tienda\/#website\"},\"datePublished\":\"2026-04-18T06:47:19+00:00\",\"dateModified\":\"2026-04-18T06:47:19+00:00\",\"description\":\"Compra 920-007901 Teclado Y Mouse Mk235 Inalambrico Receptor Usb (espa\u00f1ol) Gris + Env\u00edo a domicilio + Pago seguro + Garant\u00eda\",\"breadcrumb\":{\"@id\":\"https:\/\/compuviper.mx\/tienda\/producto\/logitech-920-007901-teclado-y-mouse-mk235-inalambrico-receptor-usb-espaol-gris\/#breadcrumb\"},\"inLanguage\":\"es-MX\",\"potentialAction\":[{\"@type\":\"ReadAction\",\"target\":[\"https:\/\/compuviper.mx\/tienda\/producto\/logitech-920-007901-teclado-y-mouse-mk235-inalambrico-receptor-usb-espaol-gris\/\"]}]},{\"@type\":\"BreadcrumbList\",\"@id\":\"https:\/\/compuviper.mx\/tienda\/producto\/logitech-920-007901-teclado-y-mouse-mk235-inalambrico-receptor-usb-espaol-gris\/#breadcrumb\",\"itemListElement\":[{\"@type\":\"ListItem\",\"position\":1,\"name\":\"Inicio\",\"item\":\"https:\/\/compuviper.mx\/tienda\/\"},{\"@type\":\"ListItem\",\"position\":2,\"name\":\"Productos\",\"item\":\"https:\/\/compuviper.mx\/tienda\/productos\/\"},{\"@type\":\"ListItem\",\"position\":3,\"name\":\"Teclado Y Mouse\",\"item\":\"https:\/\/compuviper.mx\/tienda\/categoria-producto\/teclado-y-mouse\/\"},{\"@type\":\"ListItem\",\"position\":4,\"name\":\"Sin Categor\u00eda\",\"item\":\"https:\/\/compuviper.mx\/tienda\/categoria-producto\/teclado-y-mouse\/sin-categoria-teclado-y-mouse\/\"},{\"@type\":\"ListItem\",\"position\":5,\"name\":\"Logitech 920-007901 Teclado Y Mouse Mk235 Inalambrico Receptor Usb (espa?ol) Gris\"}]},{\"@type\":\"WebSite\",\"@id\":\"https:\/\/compuviper.mx\/tienda\/#website\",\"url\":\"https:\/\/compuviper.mx\/tienda\/\",\"name\":\"Compuviper\",\"description\":\"Proveedor de Computadoras, Laptops, Servidores, Monitores, Puntos de Venta, Teclados,   Impresoras, T\u00f3ner, C\u00e1maras de Seguridad y m\u00e1s en tu tienda en l\u00ednea\",\"publisher\":{\"@id\":\"https:\/\/compuviper.mx\/tienda\/#organization\"},\"potentialAction\":[{\"@type\":\"SearchAction\",\"target\":{\"@type\":\"EntryPoint\",\"urlTemplate\":\"https:\/\/compuviper.mx\/tienda\/?s={search_term_string}\"},\"query-input\":\"required name=search_term_string\"}],\"inLanguage\":\"es-MX\"},{\"@type\":\"Organization\",\"@id\":\"https:\/\/compuviper.mx\/tienda\/#organization\",\"name\":\"Compuviper\",\"url\":\"https:\/\/compuviper.mx\/tienda\/\",\"logo\":{\"@type\":\"ImageObject\",\"inLanguage\":\"es-MX\",\"@id\":\"https:\/\/compuviper.mx\/tienda\/#\/schema\/logo\/image\/\",\"url\":\"https:\/\/compuviper.mx\/tienda\/wp-content\/uploads\/2021\/08\/Logo-Compuviper-10.png\",\"contentUrl\":\"https:\/\/compuviper.mx\/tienda\/wp-content\/uploads\/2021\/08\/Logo-Compuviper-10.png\",\"width\":1000,\"height\":500,\"caption\":\"Compuviper\"},\"image\":{\"@id\":\"https:\/\/compuviper.mx\/tienda\/#\/schema\/logo\/image\/\"},\"sameAs\":[\"https:\/\/www.facebook.com\/compuviper\",\"https:\/\/www.youtube.com\/channel\/UCf73dERp9Y3cfOq7q8BhLjA?view_as=subscriber\"]}]}<\/script>\n<meta property=\"product:brand\" content=\"LOGITECH\" \/>\n<meta property=\"product:price:amount\" content=\"587\" \/>\n<meta property=\"product:price:currency\" content=\"MXN\" \/>\n<meta property=\"og:availability\" content=\"instock\" \/>\n<meta property=\"product:availability\" content=\"instock\" \/>\n<meta property=\"product:retailer_item_id\" content=\"920-007901\" \/>\n<meta property=\"product:condition\" content=\"new\" \/>\n<!-- \/ Yoast SEO plugin. -->","yoast_head_json":{"title":"[ Logitech ] &#129351; 920-007901 Teclado Y Mouse Mk235 Inalambrico Receptor Usb (espa\u00f1ol) Gris","description":"Compra 920-007901 Teclado Y Mouse Mk235 Inalambrico Receptor Usb (espa\u00f1ol) Gris + Env\u00edo a domicilio + Pago seguro + Garant\u00eda","robots":{"index":"index","follow":"follow","max-snippet":"max-snippet:-1","max-image-preview":"max-image-preview:large","max-video-preview":"max-video-preview:-1"},"canonical":"https:\/\/compuviper.mx\/tienda\/producto\/logitech-920-007901-teclado-y-mouse-mk235-inalambrico-receptor-usb-espaol-gris\/","og_locale":"es_MX","og_type":"article","og_title":"[ Logitech ] &#129351; 920-007901 Teclado Y Mouse Mk235 Inalambrico Receptor Usb (espa\u00f1ol) Gris","og_description":"Compra 920-007901 Teclado Y Mouse Mk235 Inalambrico Receptor Usb (espa\u00f1ol) Gris + Env\u00edo a domicilio + Pago seguro + Garant\u00eda","og_url":"https:\/\/compuviper.mx\/tienda\/producto\/logitech-920-007901-teclado-y-mouse-mk235-inalambrico-receptor-usb-espaol-gris\/","og_site_name":"Compuviper","article_publisher":"https:\/\/www.facebook.com\/compuviper","og_image":[{"width":200,"height":200,"url":"https:\/\/compuviper.mx\/tienda\/wp-content\/uploads\/2023\/12\/Tecladomouse-logitech-mk235-gris-inalambircos-usb-para-pc-alcance-hasta-10-mts.jpg","type":"image\/jpeg"}],"twitter_card":"summary_large_image","twitter_misc":{"Precio":"&#36;587 con IVA","Availability":"In stock"},"schema":{"@context":"https:\/\/schema.org","@graph":[{"@type":"WebPage","@id":"https:\/\/compuviper.mx\/tienda\/producto\/logitech-920-007901-teclado-y-mouse-mk235-inalambrico-receptor-usb-espaol-gris\/","url":"https:\/\/compuviper.mx\/tienda\/producto\/logitech-920-007901-teclado-y-mouse-mk235-inalambrico-receptor-usb-espaol-gris\/","name":"[ Logitech ] &#129351; 920-007901 Teclado Y Mouse Mk235 Inalambrico Receptor Usb (espa\u00f1ol) Gris","isPartOf":{"@id":"https:\/\/compuviper.mx\/tienda\/#website"},"datePublished":"2026-04-18T06:47:19+00:00","dateModified":"2026-04-18T06:47:19+00:00","description":"Compra 920-007901 Teclado Y Mouse Mk235 Inalambrico Receptor Usb (espa\u00f1ol) Gris + Env\u00edo a domicilio + Pago seguro + Garant\u00eda","breadcrumb":{"@id":"https:\/\/compuviper.mx\/tienda\/producto\/logitech-920-007901-teclado-y-mouse-mk235-inalambrico-receptor-usb-espaol-gris\/#breadcrumb"},"inLanguage":"es-MX","potentialAction":[{"@type":"ReadAction","target":["https:\/\/compuviper.mx\/tienda\/producto\/logitech-920-007901-teclado-y-mouse-mk235-inalambrico-receptor-usb-espaol-gris\/"]}]},{"@type":"BreadcrumbList","@id":"https:\/\/compuviper.mx\/tienda\/producto\/logitech-920-007901-teclado-y-mouse-mk235-inalambrico-receptor-usb-espaol-gris\/#breadcrumb","itemListElement":[{"@type":"ListItem","position":1,"name":"Inicio","item":"https:\/\/compuviper.mx\/tienda\/"},{"@type":"ListItem","position":2,"name":"Productos","item":"https:\/\/compuviper.mx\/tienda\/productos\/"},{"@type":"ListItem","position":3,"name":"Teclado Y Mouse","item":"https:\/\/compuviper.mx\/tienda\/categoria-producto\/teclado-y-mouse\/"},{"@type":"ListItem","position":4,"name":"Sin Categor\u00eda","item":"https:\/\/compuviper.mx\/tienda\/categoria-producto\/teclado-y-mouse\/sin-categoria-teclado-y-mouse\/"},{"@type":"ListItem","position":5,"name":"Logitech 920-007901 Teclado Y Mouse Mk235 Inalambrico Receptor Usb (espa?ol) Gris"}]},{"@type":"WebSite","@id":"https:\/\/compuviper.mx\/tienda\/#website","url":"https:\/\/compuviper.mx\/tienda\/","name":"Compuviper","description":"Proveedor de Computadoras, Laptops, Servidores, Monitores, Puntos de Venta, Teclados,   Impresoras, T\u00f3ner, C\u00e1maras de Seguridad y m\u00e1s en tu tienda en l\u00ednea","publisher":{"@id":"https:\/\/compuviper.mx\/tienda\/#organization"},"potentialAction":[{"@type":"SearchAction","target":{"@type":"EntryPoint","urlTemplate":"https:\/\/compuviper.mx\/tienda\/?s={search_term_string}"},"query-input":"required name=search_term_string"}],"inLanguage":"es-MX"},{"@type":"Organization","@id":"https:\/\/compuviper.mx\/tienda\/#organization","name":"Compuviper","url":"https:\/\/compuviper.mx\/tienda\/","logo":{"@type":"ImageObject","inLanguage":"es-MX","@id":"https:\/\/compuviper.mx\/tienda\/#\/schema\/logo\/image\/","url":"https:\/\/compuviper.mx\/tienda\/wp-content\/uploads\/2021\/08\/Logo-Compuviper-10.png","contentUrl":"https:\/\/compuviper.mx\/tienda\/wp-content\/uploads\/2021\/08\/Logo-Compuviper-10.png","width":1000,"height":500,"caption":"Compuviper"},"image":{"@id":"https:\/\/compuviper.mx\/tienda\/#\/schema\/logo\/image\/"},"sameAs":["https:\/\/www.facebook.com\/compuviper","https:\/\/www.youtube.com\/channel\/UCf73dERp9Y3cfOq7q8BhLjA?view_as=subscriber"]}]},"product_brand":"LOGITECH","product_price_amount":"587","product_price_currency":"MXN","og_availability":"instock","product_availability":"instock","product_retailer_item_id":"920-007901","product_condition":"new"},"_links":{"self":[{"href":"https:\/\/compuviper.mx\/tienda\/wp-json\/wp\/v2\/product\/219079"}],"collection":[{"href":"https:\/\/compuviper.mx\/tienda\/wp-json\/wp\/v2\/product"}],"about":[{"href":"https:\/\/compuviper.mx\/tienda\/wp-json\/wp\/v2\/types\/product"}],"replies":[{"embeddable":true,"href":"https:\/\/compuviper.mx\/tienda\/wp-json\/wp\/v2\/comments?post=219079"}],"wp:featuredmedia":[{"embeddable":true,"href":"https:\/\/compuviper.mx\/tienda\/wp-json\/wp\/v2\/media\/219080"}],"wp:attachment":[{"href":"https:\/\/compuviper.mx\/tienda\/wp-json\/wp\/v2\/media?parent=219079"}],"wp:term":[{"taxonomy":"product_cat","embeddable":true,"href":"https:\/\/compuviper.mx\/tienda\/wp-json\/wp\/v2\/product_cat?post=219079"},{"taxonomy":"product_tag","embeddable":true,"href":"https:\/\/compuviper.mx\/tienda\/wp-json\/wp\/v2\/product_tag?post=219079"}],"curies":[{"name":"wp","href":"https:\/\/api.w.org\/{rel}","templated":true}]}}