{"id":219073,"date":"2026-05-09T00:40:13","date_gmt":"2026-05-09T06:40:13","guid":{"rendered":"https:\/\/compuviper.mx\/tienda\/producto\/logitech-920-007820-teclado-mouse-mk345-negro-inalambrico-usb-pc-windows-chrome\/"},"modified":"2026-05-09T00:40:14","modified_gmt":"2026-05-09T06:40:14","slug":"logitech-920-007820-teclado-y-mouse-mk345-inalambrico-receptor-usb-espaol-negro","status":"publish","type":"product","link":"https:\/\/compuviper.mx\/tienda\/producto\/logitech-920-007820-teclado-y-mouse-mk345-inalambrico-receptor-usb-espaol-negro\/","title":{"rendered":"Logitech 920-007820 Teclado Y Mouse  Mk345 Inalambrico Receptor Usb (espa?ol) Negro"},"content":{"rendered":"<table class=\"descripcion\">\n<tr>\n<td>Requisitos del sistema<\/td>\n<\/tr>\n<tr>\n<td>Windows vista\u00ae, windows\u00ae 7, windows 8, windows 10<\/td>\n<\/tr>\n<tr>\n<td>Chrome os \u0099<\/td>\n<\/tr>\n<tr>\n<td>Puerto usb<\/td>\n<\/tr>\n<tr>\n<td>Dimensiones<\/td>\n<\/tr>\n<tr>\n<td>Longitud: 447,2 mm (17,61 pulgadas)<\/td>\n<\/tr>\n<tr>\n<td>Anchura: 186,7 mm (7,35 pulgadas)<\/td>\n<\/tr>\n<tr>\n<td>Altura: 21,4 mm (0,84 pulgadas)<\/td>\n<\/tr>\n<tr>\n<td>Peso: 603 g (1,33 libras)<\/td>\n<\/tr>\n<tr>\n<td>Mouse<\/td>\n<\/tr>\n<tr>\n<td>Longitud: 105,4 mm (4,15 pulgadas)<\/td>\n<\/tr>\n<tr>\n<td>Anchura: 67,9 mm (2,67 pulgadas)<\/td>\n<\/tr>\n<tr>\n<td>Altura: 38.4mm (1.51 pulgadas)<\/td>\n<\/tr>\n<tr>\n<td>Peso: 86,4 g (0,019 libras)<\/td>\n<\/tr>\n<tr>\n<td>Informaci\u00f3n de garant\u00eda<\/td>\n<\/tr>\n<tr>\n<td>Garant\u00eda limitada de hardware por 1 a\u00f1o<\/td>\n<\/tr>\n<tr>\n<td>Contenidos del paquete<\/td>\n<\/tr>\n<tr>\n<td>Teclado, mouse,<\/td>\n<\/tr>\n<tr>\n<td>Receptor usb<\/td>\n<\/tr>\n<tr>\n<td>2 pilas alcalinas aaa en el teclado (pre-instalado)<\/td>\n<\/tr>\n<tr>\n<td>1 bater\u00eda alcalina aa en el mouse(pre-instalado)<\/td>\n<\/tr>\n<tr>\n<td>Documentac\u00edon del usuario<\/td>\n<\/tr>\n<tr>\n<td>Especificaciones t\u00e9cnicas<\/td>\n<\/tr>\n<tr>\n<td>Teclado:<\/td>\n<\/tr>\n<tr>\n<td>Duraci\u00f3n de la bater\u00eda: 3 a\u00f1os<\/td>\n<\/tr>\n<tr>\n<td>Bater\u00eda: 2-aaa<\/td>\n<\/tr>\n<tr>\n<td>Interruptor de encendido \/ apagado \/ apagado: s\u00ed<\/td>\n<\/tr>\n<tr>\n<td>Dise\u00f1o de tama\u00f1o completo con 12 teclas funci\u00f3n mejoradas para el control de los medios de comunicai\u00f3n.<\/td>\n<\/tr>\n<tr>\n<td>Teclado unifying: no.<\/td>\n<\/tr>\n<tr>\n<td>Receptor unifying: no.<\/td>\n<\/tr>\n<tr>\n<td>Distancia de funcionamiento inal\u00e1mbrico: m\u00e1ximo 10 metros.<\/td>\n<\/tr>\n<tr>\n<td>Sistema inal\u00e1mbrico: conectividad inal\u00e1mbrica avanzada de 2.4 ghz.<\/td>\n<\/tr>\n<tr>\n<td>* duraci\u00f3n de la bater\u00eda basado en un estimado de dos millones de pulsaciones \/ a\u00f1o en un entorno de oficina. la experiencia del usuario puede variar.<\/td>\n<\/tr>\n<tr>\n<td>** alcance inal\u00e1mbrico real puede variar con el uso, la configuraci\u00f3n y las condiciones ambientales.<\/td>\n<\/tr>\n<tr>\n<td>Mouse:<\/td>\n<\/tr>\n<tr>\n<td>La tecnolog\u00eda de sensores: segumiento \u00f3ptico avanzado de logitech<\/td>\n<\/tr>\n<tr>\n<td>Resoluci\u00f3n: 1000 ppp<\/td>\n<\/tr>\n<tr>\n<td>Duraci\u00f3n de la bater\u00eda: 18 meses*<\/td>\n<\/tr>\n<tr>\n<td>Bater\u00eda: 1 aa.<\/td>\n<\/tr>\n<tr>\n<td>Interruptor de encendido \/ apagado: s\u00ed.<\/td>\n<\/tr>\n<tr>\n<td>N\u00famero de botones: 3.<\/td>\n<\/tr>\n<tr>\n<td>Rueda de desplazamiento s\u00ed.<\/td>\n<\/tr>\n<tr>\n<td>Funci\u00f3n de inclinaci\u00f3n: no.<\/td>\n<\/tr>\n<tr>\n<td>Mouse uniifying: no.<\/td>\n<\/tr>\n<tr>\n<td>Receptor unifying: no.<\/td>\n<\/tr>\n<tr>\n<td>Distancia de funcionamiento inal\u00e1mbrico: m\u00e1ximo 10 metros.<\/td>\n<\/tr>\n<tr>\n<td>Sistema inal\u00e1mbrico: conectividad inal\u00e1mbrica avanzada de 2.4 ghz.<\/td>\n<\/tr>\n<tr>\n<td>Interfaz de conexi\u00f3n: receptor usb.<\/td>\n<\/tr>\n<tr>\n<td>* duraci\u00f3n de la bater\u00eda basado en un estimado de dos millones de pulsaci\u00f3nes \/ a\u00f1o en un entorno de oficina. la experiencia del usuario puede variar.<\/td>\n<\/tr>\n<tr>\n<td>** alcanced inala\u00b4mbrico real puede variar con el uso, la configuraci\u00f3n y las condici\u00f3nes ambientales.<\/td>\n<\/tr>\n<tr>\n<td>N\u00famero de pieza.<\/td>\n<\/tr>\n<tr>\n<td>Pn 920-006491<\/td>\n<\/tr>\n<tr>\n<td>Pn 920-006492<\/td>\n<\/tr>\n<\/table>\n","protected":false},"excerpt":{"rendered":"<p>Combo de teclado y mouse inal\u00e1mbrico usb, dise\u00f1o elegante y ergonomico, teclado con descanza palmas y extendido (n\u00famerico), con una duraci\u00f3n de las bater\u00edas de hasta 3 a\u00f1os para el teclado, para el mouse 18 meses peracticamente te olvidas que usa bater\u00edas.<\/p>\n","protected":false},"featured_media":219074,"comment_status":"open","ping_status":"open","template":"","meta":[],"product_cat":[1712,1711],"product_tag":[1500],"acf":[],"yoast_head":"<!-- This site is optimized with the Yoast SEO plugin v21.7 - https:\/\/yoast.com\/wordpress\/plugins\/seo\/ -->\n<title>[ Logitech ] &#129351; 920-007820 Teclado Y Mouse Mk345 Inalambrico Receptor Usb (espa\u00f1ol) Negro<\/title>\n<meta name=\"description\" content=\"Compra 920-007820 Teclado Y Mouse Mk345 Inalambrico Receptor Usb (espa\u00f1ol) Negro + Env\u00edo a domicilio + Pago seguro + Garant\u00eda\" \/>\n<meta name=\"robots\" content=\"index, follow, max-snippet:-1, max-image-preview:large, max-video-preview:-1\" \/>\n<link rel=\"canonical\" href=\"https:\/\/compuviper.mx\/tienda\/producto\/logitech-920-007820-teclado-y-mouse-mk345-inalambrico-receptor-usb-espaol-negro\/\" \/>\n<meta property=\"og:locale\" content=\"es_MX\" \/>\n<meta property=\"og:type\" content=\"article\" \/>\n<meta property=\"og:title\" content=\"[ Logitech ] &#129351; 920-007820 Teclado Y Mouse Mk345 Inalambrico Receptor Usb (espa\u00f1ol) Negro\" \/>\n<meta property=\"og:description\" content=\"Compra 920-007820 Teclado Y Mouse Mk345 Inalambrico Receptor Usb (espa\u00f1ol) Negro + Env\u00edo a domicilio + Pago seguro + Garant\u00eda\" \/>\n<meta property=\"og:url\" content=\"https:\/\/compuviper.mx\/tienda\/producto\/logitech-920-007820-teclado-y-mouse-mk345-inalambrico-receptor-usb-espaol-negro\/\" \/>\n<meta property=\"og:site_name\" content=\"Compuviper\" \/>\n<meta property=\"article:publisher\" content=\"https:\/\/www.facebook.com\/compuviper\" \/>\n<meta property=\"article:modified_time\" content=\"2026-05-09T06:40:14+00:00\" \/>\n<meta property=\"og:image\" content=\"https:\/\/compuviper.mx\/tienda\/wp-content\/uploads\/2023\/12\/Tecladomouse-logitech-mk345-negro-inalambrico-usb-pcwindowschrome.jpg\" \/>\n\t<meta property=\"og:image:width\" content=\"200\" \/>\n\t<meta property=\"og:image:height\" content=\"200\" \/>\n\t<meta property=\"og:image:type\" content=\"image\/jpeg\" \/>\n<meta name=\"twitter:card\" content=\"summary_large_image\" \/>\n<meta name=\"twitter:label1\" content=\"Precio\" \/>\n\t<meta name=\"twitter:data1\" content=\"&#36;931 con IVA\" \/>\n\t<meta name=\"twitter:label2\" content=\"Availability\" \/>\n\t<meta name=\"twitter:data2\" content=\"In stock\" \/>\n<script type=\"application\/ld+json\" class=\"yoast-schema-graph\">{\"@context\":\"https:\/\/schema.org\",\"@graph\":[{\"@type\":\"WebPage\",\"@id\":\"https:\/\/compuviper.mx\/tienda\/producto\/logitech-920-007820-teclado-y-mouse-mk345-inalambrico-receptor-usb-espaol-negro\/\",\"url\":\"https:\/\/compuviper.mx\/tienda\/producto\/logitech-920-007820-teclado-y-mouse-mk345-inalambrico-receptor-usb-espaol-negro\/\",\"name\":\"[ Logitech ] &#129351; 920-007820 Teclado Y Mouse Mk345 Inalambrico Receptor Usb (espa\u00f1ol) Negro\",\"isPartOf\":{\"@id\":\"https:\/\/compuviper.mx\/tienda\/#website\"},\"datePublished\":\"2026-05-09T06:40:13+00:00\",\"dateModified\":\"2026-05-09T06:40:14+00:00\",\"description\":\"Compra 920-007820 Teclado Y Mouse Mk345 Inalambrico Receptor Usb (espa\u00f1ol) Negro + Env\u00edo a domicilio + Pago seguro + Garant\u00eda\",\"breadcrumb\":{\"@id\":\"https:\/\/compuviper.mx\/tienda\/producto\/logitech-920-007820-teclado-y-mouse-mk345-inalambrico-receptor-usb-espaol-negro\/#breadcrumb\"},\"inLanguage\":\"es-MX\",\"potentialAction\":[{\"@type\":\"ReadAction\",\"target\":[\"https:\/\/compuviper.mx\/tienda\/producto\/logitech-920-007820-teclado-y-mouse-mk345-inalambrico-receptor-usb-espaol-negro\/\"]}]},{\"@type\":\"BreadcrumbList\",\"@id\":\"https:\/\/compuviper.mx\/tienda\/producto\/logitech-920-007820-teclado-y-mouse-mk345-inalambrico-receptor-usb-espaol-negro\/#breadcrumb\",\"itemListElement\":[{\"@type\":\"ListItem\",\"position\":1,\"name\":\"Inicio\",\"item\":\"https:\/\/compuviper.mx\/tienda\/\"},{\"@type\":\"ListItem\",\"position\":2,\"name\":\"Productos\",\"item\":\"https:\/\/compuviper.mx\/tienda\/productos\/\"},{\"@type\":\"ListItem\",\"position\":3,\"name\":\"Teclado Y Mouse\",\"item\":\"https:\/\/compuviper.mx\/tienda\/categoria-producto\/teclado-y-mouse\/\"},{\"@type\":\"ListItem\",\"position\":4,\"name\":\"Sin Categor\u00eda\",\"item\":\"https:\/\/compuviper.mx\/tienda\/categoria-producto\/teclado-y-mouse\/sin-categoria-teclado-y-mouse\/\"},{\"@type\":\"ListItem\",\"position\":5,\"name\":\"Logitech 920-007820 Teclado Y Mouse Mk345 Inalambrico Receptor Usb (espa?ol) Negro\"}]},{\"@type\":\"WebSite\",\"@id\":\"https:\/\/compuviper.mx\/tienda\/#website\",\"url\":\"https:\/\/compuviper.mx\/tienda\/\",\"name\":\"Compuviper\",\"description\":\"Proveedor de Computadoras, Laptops, Servidores, Monitores, Puntos de Venta, Teclados,   Impresoras, T\u00f3ner, C\u00e1maras de Seguridad y m\u00e1s en tu tienda en l\u00ednea\",\"publisher\":{\"@id\":\"https:\/\/compuviper.mx\/tienda\/#organization\"},\"potentialAction\":[{\"@type\":\"SearchAction\",\"target\":{\"@type\":\"EntryPoint\",\"urlTemplate\":\"https:\/\/compuviper.mx\/tienda\/?s={search_term_string}\"},\"query-input\":\"required name=search_term_string\"}],\"inLanguage\":\"es-MX\"},{\"@type\":\"Organization\",\"@id\":\"https:\/\/compuviper.mx\/tienda\/#organization\",\"name\":\"Compuviper\",\"url\":\"https:\/\/compuviper.mx\/tienda\/\",\"logo\":{\"@type\":\"ImageObject\",\"inLanguage\":\"es-MX\",\"@id\":\"https:\/\/compuviper.mx\/tienda\/#\/schema\/logo\/image\/\",\"url\":\"https:\/\/compuviper.mx\/tienda\/wp-content\/uploads\/2021\/08\/Logo-Compuviper-10.png\",\"contentUrl\":\"https:\/\/compuviper.mx\/tienda\/wp-content\/uploads\/2021\/08\/Logo-Compuviper-10.png\",\"width\":1000,\"height\":500,\"caption\":\"Compuviper\"},\"image\":{\"@id\":\"https:\/\/compuviper.mx\/tienda\/#\/schema\/logo\/image\/\"},\"sameAs\":[\"https:\/\/www.facebook.com\/compuviper\",\"https:\/\/www.youtube.com\/channel\/UCf73dERp9Y3cfOq7q8BhLjA?view_as=subscriber\"]}]}<\/script>\n<meta property=\"product:brand\" content=\"LOGITECH\" \/>\n<meta property=\"product:price:amount\" content=\"931\" \/>\n<meta property=\"product:price:currency\" content=\"MXN\" \/>\n<meta property=\"og:availability\" content=\"instock\" \/>\n<meta property=\"product:availability\" content=\"instock\" \/>\n<meta property=\"product:retailer_item_id\" content=\"920-007820\" \/>\n<meta property=\"product:condition\" content=\"new\" \/>\n<!-- \/ Yoast SEO plugin. -->","yoast_head_json":{"title":"[ Logitech ] &#129351; 920-007820 Teclado Y Mouse Mk345 Inalambrico Receptor Usb (espa\u00f1ol) Negro","description":"Compra 920-007820 Teclado Y Mouse Mk345 Inalambrico Receptor Usb (espa\u00f1ol) Negro + Env\u00edo a domicilio + Pago seguro + Garant\u00eda","robots":{"index":"index","follow":"follow","max-snippet":"max-snippet:-1","max-image-preview":"max-image-preview:large","max-video-preview":"max-video-preview:-1"},"canonical":"https:\/\/compuviper.mx\/tienda\/producto\/logitech-920-007820-teclado-y-mouse-mk345-inalambrico-receptor-usb-espaol-negro\/","og_locale":"es_MX","og_type":"article","og_title":"[ Logitech ] &#129351; 920-007820 Teclado Y Mouse Mk345 Inalambrico Receptor Usb (espa\u00f1ol) Negro","og_description":"Compra 920-007820 Teclado Y Mouse Mk345 Inalambrico Receptor Usb (espa\u00f1ol) Negro + Env\u00edo a domicilio + Pago seguro + Garant\u00eda","og_url":"https:\/\/compuviper.mx\/tienda\/producto\/logitech-920-007820-teclado-y-mouse-mk345-inalambrico-receptor-usb-espaol-negro\/","og_site_name":"Compuviper","article_publisher":"https:\/\/www.facebook.com\/compuviper","article_modified_time":"2026-05-09T06:40:14+00:00","og_image":[{"width":200,"height":200,"url":"https:\/\/compuviper.mx\/tienda\/wp-content\/uploads\/2023\/12\/Tecladomouse-logitech-mk345-negro-inalambrico-usb-pcwindowschrome.jpg","type":"image\/jpeg"}],"twitter_card":"summary_large_image","twitter_misc":{"Precio":"&#36;931 con IVA","Availability":"In stock"},"schema":{"@context":"https:\/\/schema.org","@graph":[{"@type":"WebPage","@id":"https:\/\/compuviper.mx\/tienda\/producto\/logitech-920-007820-teclado-y-mouse-mk345-inalambrico-receptor-usb-espaol-negro\/","url":"https:\/\/compuviper.mx\/tienda\/producto\/logitech-920-007820-teclado-y-mouse-mk345-inalambrico-receptor-usb-espaol-negro\/","name":"[ Logitech ] &#129351; 920-007820 Teclado Y Mouse Mk345 Inalambrico Receptor Usb (espa\u00f1ol) Negro","isPartOf":{"@id":"https:\/\/compuviper.mx\/tienda\/#website"},"datePublished":"2026-05-09T06:40:13+00:00","dateModified":"2026-05-09T06:40:14+00:00","description":"Compra 920-007820 Teclado Y Mouse Mk345 Inalambrico Receptor Usb (espa\u00f1ol) Negro + Env\u00edo a domicilio + Pago seguro + Garant\u00eda","breadcrumb":{"@id":"https:\/\/compuviper.mx\/tienda\/producto\/logitech-920-007820-teclado-y-mouse-mk345-inalambrico-receptor-usb-espaol-negro\/#breadcrumb"},"inLanguage":"es-MX","potentialAction":[{"@type":"ReadAction","target":["https:\/\/compuviper.mx\/tienda\/producto\/logitech-920-007820-teclado-y-mouse-mk345-inalambrico-receptor-usb-espaol-negro\/"]}]},{"@type":"BreadcrumbList","@id":"https:\/\/compuviper.mx\/tienda\/producto\/logitech-920-007820-teclado-y-mouse-mk345-inalambrico-receptor-usb-espaol-negro\/#breadcrumb","itemListElement":[{"@type":"ListItem","position":1,"name":"Inicio","item":"https:\/\/compuviper.mx\/tienda\/"},{"@type":"ListItem","position":2,"name":"Productos","item":"https:\/\/compuviper.mx\/tienda\/productos\/"},{"@type":"ListItem","position":3,"name":"Teclado Y Mouse","item":"https:\/\/compuviper.mx\/tienda\/categoria-producto\/teclado-y-mouse\/"},{"@type":"ListItem","position":4,"name":"Sin Categor\u00eda","item":"https:\/\/compuviper.mx\/tienda\/categoria-producto\/teclado-y-mouse\/sin-categoria-teclado-y-mouse\/"},{"@type":"ListItem","position":5,"name":"Logitech 920-007820 Teclado Y Mouse Mk345 Inalambrico Receptor Usb (espa?ol) Negro"}]},{"@type":"WebSite","@id":"https:\/\/compuviper.mx\/tienda\/#website","url":"https:\/\/compuviper.mx\/tienda\/","name":"Compuviper","description":"Proveedor de Computadoras, Laptops, Servidores, Monitores, Puntos de Venta, Teclados,   Impresoras, T\u00f3ner, C\u00e1maras de Seguridad y m\u00e1s en tu tienda en l\u00ednea","publisher":{"@id":"https:\/\/compuviper.mx\/tienda\/#organization"},"potentialAction":[{"@type":"SearchAction","target":{"@type":"EntryPoint","urlTemplate":"https:\/\/compuviper.mx\/tienda\/?s={search_term_string}"},"query-input":"required name=search_term_string"}],"inLanguage":"es-MX"},{"@type":"Organization","@id":"https:\/\/compuviper.mx\/tienda\/#organization","name":"Compuviper","url":"https:\/\/compuviper.mx\/tienda\/","logo":{"@type":"ImageObject","inLanguage":"es-MX","@id":"https:\/\/compuviper.mx\/tienda\/#\/schema\/logo\/image\/","url":"https:\/\/compuviper.mx\/tienda\/wp-content\/uploads\/2021\/08\/Logo-Compuviper-10.png","contentUrl":"https:\/\/compuviper.mx\/tienda\/wp-content\/uploads\/2021\/08\/Logo-Compuviper-10.png","width":1000,"height":500,"caption":"Compuviper"},"image":{"@id":"https:\/\/compuviper.mx\/tienda\/#\/schema\/logo\/image\/"},"sameAs":["https:\/\/www.facebook.com\/compuviper","https:\/\/www.youtube.com\/channel\/UCf73dERp9Y3cfOq7q8BhLjA?view_as=subscriber"]}]},"product_brand":"LOGITECH","product_price_amount":"931","product_price_currency":"MXN","og_availability":"instock","product_availability":"instock","product_retailer_item_id":"920-007820","product_condition":"new"},"_links":{"self":[{"href":"https:\/\/compuviper.mx\/tienda\/wp-json\/wp\/v2\/product\/219073"}],"collection":[{"href":"https:\/\/compuviper.mx\/tienda\/wp-json\/wp\/v2\/product"}],"about":[{"href":"https:\/\/compuviper.mx\/tienda\/wp-json\/wp\/v2\/types\/product"}],"replies":[{"embeddable":true,"href":"https:\/\/compuviper.mx\/tienda\/wp-json\/wp\/v2\/comments?post=219073"}],"wp:featuredmedia":[{"embeddable":true,"href":"https:\/\/compuviper.mx\/tienda\/wp-json\/wp\/v2\/media\/219074"}],"wp:attachment":[{"href":"https:\/\/compuviper.mx\/tienda\/wp-json\/wp\/v2\/media?parent=219073"}],"wp:term":[{"taxonomy":"product_cat","embeddable":true,"href":"https:\/\/compuviper.mx\/tienda\/wp-json\/wp\/v2\/product_cat?post=219073"},{"taxonomy":"product_tag","embeddable":true,"href":"https:\/\/compuviper.mx\/tienda\/wp-json\/wp\/v2\/product_tag?post=219073"}],"curies":[{"name":"wp","href":"https:\/\/api.w.org\/{rel}","templated":true}]}}