{"id":219069,"date":"2026-04-21T00:53:30","date_gmt":"2026-04-21T06:53:30","guid":{"rendered":"https:\/\/compuviper.mx\/tienda\/producto\/logitech-920-007123-teclado-k400-plus-inalambrico-con-touch-pad-mini-usb-unifying-pc-android-chrome\/"},"modified":"2026-04-21T00:53:30","modified_gmt":"2026-04-21T06:53:30","slug":"logitech-920-007123-teclado-k400-plus-con-touch-pad-inalambrico-receptor-usb-unifying-espaol-negro","status":"publish","type":"product","link":"https:\/\/compuviper.mx\/tienda\/producto\/logitech-920-007123-teclado-k400-plus-con-touch-pad-inalambrico-receptor-usb-unifying-espaol-negro\/","title":{"rendered":"Logitech 920-007123 Teclado  K400 Plus Con Touch Pad Inalambrico Receptor Usb Unifying (espa?ol) Negro"},"content":{"rendered":"<table class=\"descripcion\">\n<tr>\n<td>Wireless touch keyboard k400 plus<\/td>\n<\/tr>\n<tr>\n<td>Disfruta del sistema multimedia pc a tv como m\u00e1s te gusta: desde la comodidad del sof\u00e1.<\/td>\n<\/tr>\n<tr>\n<td>Funciones adicionales<\/td>\n<\/tr>\n<tr>\n<td>Plug and play<\/td>\n<\/tr>\n<tr>\n<td>K400 plus est\u00e1 listo para usar. conecta el min\u00fasculo receptor unifying a un puerto usb y todo listo para que empiece la diversi\u00f3n.puedes usar el receptor del teclado para conectar hasta seis dispositivos unifying al ordenador.<\/td>\n<\/tr>\n<tr>\n<td>Obt\u00e9n m\u00e1s informaci\u00f3n y descarga el software unifying<\/td>\n<\/tr>\n<tr>\n<td>Duraci\u00f3n de pilas de hasta 18 meses<\/td>\n<\/tr>\n<tr>\n<td>Tal vez hasta te olvides de que el teclado funciona con pilas.<\/td>\n<\/tr>\n<tr>\n<td>Eliminamos casi por completo los inconvenientes de los cambios de pilas.<\/td>\n<\/tr>\n<tr>\n<td>Usa el conmutador de encendido y apagado para prolongar a\u00fan m\u00e1s la duraci\u00f3n de las pilas.<\/td>\n<\/tr>\n<tr>\n<td>La duraci\u00f3n de las pilas se prob\u00f3 de manera independiente en funci\u00f3n de un uso de dos horas diarias. la duraci\u00f3n real de las pilas depender\u00e1 del uso, la configuraci\u00f3n y las condiciones ambientales.<\/td>\n<\/tr>\n<tr>\n<td>Funciona con varios sistemas operativos<\/td>\n<\/tr>\n<tr>\n<td>Dise\u00f1ado para usarse con windows\u00ae 7, windows 8, windows 10 y posteriores, android 5.0 o posterior, y chrome os.<\/td>\n<\/tr>\n<tr>\n<td>Control personalizable<\/td>\n<\/tr>\n<tr>\n<td>Usa k400 plus nada m\u00e1s sacarlo de la caja, o personaliza la configuraci\u00f3n de las teclas y el touchpad con el software logitech options.<\/td>\n<\/tr>\n<tr>\n<td>Descargar ahora.<\/td>\n<\/tr>\n<tr>\n<td>Requisitos del sistema<\/td>\n<\/tr>\n<tr>\n<td>Sistemas operativos\/plataformas compatibles<\/td>\n<\/tr>\n<tr>\n<td>Windows\u00ae 7, windows 8, windows 10 o posterior<\/td>\n<\/tr>\n<tr>\n<td>Android 5.0 o posterior<\/td>\n<\/tr>\n<tr>\n<td>Chrome os<\/td>\n<\/tr>\n<tr>\n<td>Puerto usb<\/td>\n<\/tr>\n<tr>\n<td>Dimensiones<\/td>\n<\/tr>\n<tr>\n<td>Ver ilustraci\u00f3n<\/td>\n<\/tr>\n<tr>\n<td>General:<\/td>\n<\/tr>\n<tr>\n<td>Altura: 139,9 mm (5,5 in)<\/td>\n<\/tr>\n<tr>\n<td>Anchura: 354,3 mm (14,0 in)<\/td>\n<\/tr>\n<tr>\n<td>Profundidad: 23,5 mm (1,0 in)<\/td>\n<\/tr>\n<tr>\n<td>Peso: 380 g (con pilas)<\/td>\n<\/tr>\n<tr>\n<td>Touchpad<\/td>\n<\/tr>\n<tr>\n<td>Altura: 76 mm (3,0 in)<\/td>\n<\/tr>\n<tr>\n<td>Anchura: 47 mm (2,0 in)<\/td>\n<\/tr>\n<tr>\n<td>Informaci\u00f3n de garant\u00eda<\/td>\n<\/tr>\n<tr>\n<td>Un a\u00f1o de garant\u00eda de hardware limitada<\/td>\n<\/tr>\n<tr>\n<td>Esta caja contiene<\/td>\n<\/tr>\n<tr>\n<td>Wireless touch keyboard<\/td>\n<\/tr>\n<tr>\n<td>Receptor unifying<\/td>\n<\/tr>\n<tr>\n<td>Dos pilas aa (preinstaladas)<\/td>\n<\/tr>\n<tr>\n<td>Documentaci\u00f3n del usuario<\/td>\n<\/tr>\n<tr>\n<td>Especificaciones<\/td>\n<\/tr>\n<tr>\n<td>Tipo de conexi\u00f3n: protocolo logitech unifying (2,4 ghz)<\/td>\n<\/tr>\n<tr>\n<td>Botones\/teclas especiales: silencio y ajuste de volumen<\/td>\n<\/tr>\n<tr>\n<td>Conexi\u00f3n\/encendido: conmutador de encendido\/apagado<\/td>\n<\/tr>\n<tr>\n<td>Detalles de las pilas: 2 pilas aa<\/td>\n<\/tr>\n<tr>\n<td>Duraci\u00f3n de las pilas (no recargables): hasta 18 meses<\/td>\n<\/tr>\n<tr>\n<td>Duraci\u00f3n de las teclas: hasta 5 millones de pulsaciones<\/td>\n<\/tr>\n<tr>\n<td>Ruido al escribir: hasta 55 dba para todas las teclas<\/td>\n<\/tr>\n<tr>\n<td>Radio de acci\u00f3n inal\u00e1mbrico: 10 m (33 ft)<\/td>\n<\/tr>\n<tr>\n<td>N\u00famero de referencia<\/td>\n<\/tr>\n<tr>\n<td>Negro: n\u00ba de referencia 920-007123.<\/td>\n<\/tr>\n<\/table>\n","protected":false},"excerpt":{"rendered":"<p>Teclado touch inal\u00e1mbrico con receptor mini usb (unifying para conectar hasta 6 dispositivos). El uso de multimedia de pc a tv no tiene por qu\u00e9 ser complicado. Rel\u00e1jate y navega en tu computadora conectado al televisor desde la comodidad del sof\u00e1. Teclado inal\u00e1mbrico con touchpad integrado. Disfruta de un control simplificado de tu sistema multimedia pc a tv, sin los inconvenientes de tener el teclado y el rat\u00f3n por separado.Las teclas c\u00f3modas y silenciosas, as\u00ed como el amplio touchpad (9 cm o 3,5 in), te permiten navegar con total facilidad. Radio de acci\u00f3n inal\u00e1mbrico de 10 m (33 ft. Ve v\u00eddeos, navega en internet, habla con tus amigos y mucho m\u00e1s sin molestas demoras o interrupciones. Conexi\u00f3n fiable y sin problemas, incluso en espacios grandes. El radio de acci\u00f3n inal\u00e1mbrico depende del entorno operativo y de la configuraci\u00f3n del ordenador. Teclado multimedia para tv. Con k400 plus, te sentir\u00e1s c\u00f3modo al instante. La distribuci\u00f3n est\u00e1 dise\u00f1ada para una interacci\u00f3n multimedia relajada. Accede f\u00e1cilmente a los controles de volumen y las teclas de flecha. El segundo bot\u00f3n de clic izquierdo te permite navegar y seleccionar con ambas manos. Accesos directos para usuarios de windows\u00ae y android. Los botones de acceso r\u00e1pido se pueden usar sin configuraci\u00f3n previa.<\/p>\n","protected":false},"featured_media":219070,"comment_status":"open","ping_status":"open","template":"","meta":[],"product_cat":[1713,1717],"product_tag":[1500],"acf":[],"yoast_head":"<!-- This site is optimized with the Yoast SEO plugin v21.7 - https:\/\/yoast.com\/wordpress\/plugins\/seo\/ -->\n<title>[ Logitech ] &#129351; 920-007123 Teclado K400 Plus Con Touch Pad Inalambrico Receptor Usb Unifying (espa\u00f1ol) Negro<\/title>\n<meta name=\"description\" content=\"Compra 920-007123 Teclado K400 Plus Con Touch Pad Inalambrico Receptor Usb Unifying (espa\u00f1ol) Negro + Env\u00edo a domicilio + Pago seguro + Garant\u00eda\" \/>\n<meta name=\"robots\" content=\"index, follow, max-snippet:-1, max-image-preview:large, max-video-preview:-1\" \/>\n<link rel=\"canonical\" href=\"https:\/\/compuviper.mx\/tienda\/producto\/logitech-920-007123-teclado-k400-plus-con-touch-pad-inalambrico-receptor-usb-unifying-espaol-negro\/\" \/>\n<meta property=\"og:locale\" content=\"es_MX\" \/>\n<meta property=\"og:type\" content=\"article\" \/>\n<meta property=\"og:title\" content=\"[ Logitech ] &#129351; 920-007123 Teclado K400 Plus Con Touch Pad Inalambrico Receptor Usb Unifying (espa\u00f1ol) Negro\" \/>\n<meta property=\"og:description\" content=\"Compra 920-007123 Teclado K400 Plus Con Touch Pad Inalambrico Receptor Usb Unifying (espa\u00f1ol) Negro + Env\u00edo a domicilio + Pago seguro + Garant\u00eda\" \/>\n<meta property=\"og:url\" content=\"https:\/\/compuviper.mx\/tienda\/producto\/logitech-920-007123-teclado-k400-plus-con-touch-pad-inalambrico-receptor-usb-unifying-espaol-negro\/\" \/>\n<meta property=\"og:site_name\" content=\"Compuviper\" \/>\n<meta property=\"article:publisher\" content=\"https:\/\/www.facebook.com\/compuviper\" \/>\n<meta property=\"og:image\" content=\"https:\/\/compuviper.mx\/tienda\/wp-content\/uploads\/2023\/12\/Teclado-logitech-k400-plus-inalambrico-con-touch-pad-mini-usb-unifying-pcandroidchrome.jpg\" \/>\n\t<meta property=\"og:image:width\" content=\"200\" \/>\n\t<meta property=\"og:image:height\" content=\"200\" \/>\n\t<meta property=\"og:image:type\" content=\"image\/jpeg\" \/>\n<meta name=\"twitter:card\" content=\"summary_large_image\" \/>\n<meta name=\"twitter:label1\" content=\"Precio\" \/>\n\t<meta name=\"twitter:data1\" content=\"&#36;843 con IVA\" \/>\n\t<meta name=\"twitter:label2\" content=\"Availability\" \/>\n\t<meta name=\"twitter:data2\" content=\"Out of stock\" \/>\n<script type=\"application\/ld+json\" class=\"yoast-schema-graph\">{\"@context\":\"https:\/\/schema.org\",\"@graph\":[{\"@type\":\"WebPage\",\"@id\":\"https:\/\/compuviper.mx\/tienda\/producto\/logitech-920-007123-teclado-k400-plus-con-touch-pad-inalambrico-receptor-usb-unifying-espaol-negro\/\",\"url\":\"https:\/\/compuviper.mx\/tienda\/producto\/logitech-920-007123-teclado-k400-plus-con-touch-pad-inalambrico-receptor-usb-unifying-espaol-negro\/\",\"name\":\"[ Logitech ] &#129351; 920-007123 Teclado K400 Plus Con Touch Pad Inalambrico Receptor Usb Unifying (espa\u00f1ol) Negro\",\"isPartOf\":{\"@id\":\"https:\/\/compuviper.mx\/tienda\/#website\"},\"datePublished\":\"2026-04-21T06:53:30+00:00\",\"dateModified\":\"2026-04-21T06:53:30+00:00\",\"description\":\"Compra 920-007123 Teclado K400 Plus Con Touch Pad Inalambrico Receptor Usb Unifying (espa\u00f1ol) Negro + Env\u00edo a domicilio + Pago seguro + Garant\u00eda\",\"breadcrumb\":{\"@id\":\"https:\/\/compuviper.mx\/tienda\/producto\/logitech-920-007123-teclado-k400-plus-con-touch-pad-inalambrico-receptor-usb-unifying-espaol-negro\/#breadcrumb\"},\"inLanguage\":\"es-MX\",\"potentialAction\":[{\"@type\":\"ReadAction\",\"target\":[\"https:\/\/compuviper.mx\/tienda\/producto\/logitech-920-007123-teclado-k400-plus-con-touch-pad-inalambrico-receptor-usb-unifying-espaol-negro\/\"]}]},{\"@type\":\"BreadcrumbList\",\"@id\":\"https:\/\/compuviper.mx\/tienda\/producto\/logitech-920-007123-teclado-k400-plus-con-touch-pad-inalambrico-receptor-usb-unifying-espaol-negro\/#breadcrumb\",\"itemListElement\":[{\"@type\":\"ListItem\",\"position\":1,\"name\":\"Inicio\",\"item\":\"https:\/\/compuviper.mx\/tienda\/\"},{\"@type\":\"ListItem\",\"position\":2,\"name\":\"Productos\",\"item\":\"https:\/\/compuviper.mx\/tienda\/productos\/\"},{\"@type\":\"ListItem\",\"position\":3,\"name\":\"Teclados\",\"item\":\"https:\/\/compuviper.mx\/tienda\/categoria-producto\/teclados\/\"},{\"@type\":\"ListItem\",\"position\":4,\"name\":\"Internet \/ Multimedia\",\"item\":\"https:\/\/compuviper.mx\/tienda\/categoria-producto\/teclados\/internet-multimedia\/\"},{\"@type\":\"ListItem\",\"position\":5,\"name\":\"Logitech 920-007123 Teclado K400 Plus Con Touch Pad Inalambrico Receptor Usb Unifying (espa?ol) Negro\"}]},{\"@type\":\"WebSite\",\"@id\":\"https:\/\/compuviper.mx\/tienda\/#website\",\"url\":\"https:\/\/compuviper.mx\/tienda\/\",\"name\":\"Compuviper\",\"description\":\"Proveedor de Computadoras, Laptops, Servidores, Monitores, Puntos de Venta, Teclados,   Impresoras, T\u00f3ner, C\u00e1maras de Seguridad y m\u00e1s en tu tienda en l\u00ednea\",\"publisher\":{\"@id\":\"https:\/\/compuviper.mx\/tienda\/#organization\"},\"potentialAction\":[{\"@type\":\"SearchAction\",\"target\":{\"@type\":\"EntryPoint\",\"urlTemplate\":\"https:\/\/compuviper.mx\/tienda\/?s={search_term_string}\"},\"query-input\":\"required name=search_term_string\"}],\"inLanguage\":\"es-MX\"},{\"@type\":\"Organization\",\"@id\":\"https:\/\/compuviper.mx\/tienda\/#organization\",\"name\":\"Compuviper\",\"url\":\"https:\/\/compuviper.mx\/tienda\/\",\"logo\":{\"@type\":\"ImageObject\",\"inLanguage\":\"es-MX\",\"@id\":\"https:\/\/compuviper.mx\/tienda\/#\/schema\/logo\/image\/\",\"url\":\"https:\/\/compuviper.mx\/tienda\/wp-content\/uploads\/2021\/08\/Logo-Compuviper-10.png\",\"contentUrl\":\"https:\/\/compuviper.mx\/tienda\/wp-content\/uploads\/2021\/08\/Logo-Compuviper-10.png\",\"width\":1000,\"height\":500,\"caption\":\"Compuviper\"},\"image\":{\"@id\":\"https:\/\/compuviper.mx\/tienda\/#\/schema\/logo\/image\/\"},\"sameAs\":[\"https:\/\/www.facebook.com\/compuviper\",\"https:\/\/www.youtube.com\/channel\/UCf73dERp9Y3cfOq7q8BhLjA?view_as=subscriber\"]}]}<\/script>\n<meta property=\"product:brand\" content=\"LOGITECH\" \/>\n<meta property=\"product:price:amount\" content=\"843\" \/>\n<meta property=\"product:price:currency\" content=\"MXN\" \/>\n<meta property=\"og:availability\" content=\"out of stock\" \/>\n<meta property=\"product:availability\" content=\"out of stock\" \/>\n<meta property=\"product:retailer_item_id\" content=\"920-007123\" \/>\n<meta property=\"product:condition\" content=\"new\" \/>\n<!-- \/ Yoast SEO plugin. -->","yoast_head_json":{"title":"[ Logitech ] &#129351; 920-007123 Teclado K400 Plus Con Touch Pad Inalambrico Receptor Usb Unifying (espa\u00f1ol) Negro","description":"Compra 920-007123 Teclado K400 Plus Con Touch Pad Inalambrico Receptor Usb Unifying (espa\u00f1ol) Negro + Env\u00edo a domicilio + Pago seguro + Garant\u00eda","robots":{"index":"index","follow":"follow","max-snippet":"max-snippet:-1","max-image-preview":"max-image-preview:large","max-video-preview":"max-video-preview:-1"},"canonical":"https:\/\/compuviper.mx\/tienda\/producto\/logitech-920-007123-teclado-k400-plus-con-touch-pad-inalambrico-receptor-usb-unifying-espaol-negro\/","og_locale":"es_MX","og_type":"article","og_title":"[ Logitech ] &#129351; 920-007123 Teclado K400 Plus Con Touch Pad Inalambrico Receptor Usb Unifying (espa\u00f1ol) Negro","og_description":"Compra 920-007123 Teclado K400 Plus Con Touch Pad Inalambrico Receptor Usb Unifying (espa\u00f1ol) Negro + Env\u00edo a domicilio + Pago seguro + Garant\u00eda","og_url":"https:\/\/compuviper.mx\/tienda\/producto\/logitech-920-007123-teclado-k400-plus-con-touch-pad-inalambrico-receptor-usb-unifying-espaol-negro\/","og_site_name":"Compuviper","article_publisher":"https:\/\/www.facebook.com\/compuviper","og_image":[{"width":200,"height":200,"url":"https:\/\/compuviper.mx\/tienda\/wp-content\/uploads\/2023\/12\/Teclado-logitech-k400-plus-inalambrico-con-touch-pad-mini-usb-unifying-pcandroidchrome.jpg","type":"image\/jpeg"}],"twitter_card":"summary_large_image","twitter_misc":{"Precio":"&#36;843 con IVA","Availability":"Out of stock"},"schema":{"@context":"https:\/\/schema.org","@graph":[{"@type":"WebPage","@id":"https:\/\/compuviper.mx\/tienda\/producto\/logitech-920-007123-teclado-k400-plus-con-touch-pad-inalambrico-receptor-usb-unifying-espaol-negro\/","url":"https:\/\/compuviper.mx\/tienda\/producto\/logitech-920-007123-teclado-k400-plus-con-touch-pad-inalambrico-receptor-usb-unifying-espaol-negro\/","name":"[ Logitech ] &#129351; 920-007123 Teclado K400 Plus Con Touch Pad Inalambrico Receptor Usb Unifying (espa\u00f1ol) Negro","isPartOf":{"@id":"https:\/\/compuviper.mx\/tienda\/#website"},"datePublished":"2026-04-21T06:53:30+00:00","dateModified":"2026-04-21T06:53:30+00:00","description":"Compra 920-007123 Teclado K400 Plus Con Touch Pad Inalambrico Receptor Usb Unifying (espa\u00f1ol) Negro + Env\u00edo a domicilio + Pago seguro + Garant\u00eda","breadcrumb":{"@id":"https:\/\/compuviper.mx\/tienda\/producto\/logitech-920-007123-teclado-k400-plus-con-touch-pad-inalambrico-receptor-usb-unifying-espaol-negro\/#breadcrumb"},"inLanguage":"es-MX","potentialAction":[{"@type":"ReadAction","target":["https:\/\/compuviper.mx\/tienda\/producto\/logitech-920-007123-teclado-k400-plus-con-touch-pad-inalambrico-receptor-usb-unifying-espaol-negro\/"]}]},{"@type":"BreadcrumbList","@id":"https:\/\/compuviper.mx\/tienda\/producto\/logitech-920-007123-teclado-k400-plus-con-touch-pad-inalambrico-receptor-usb-unifying-espaol-negro\/#breadcrumb","itemListElement":[{"@type":"ListItem","position":1,"name":"Inicio","item":"https:\/\/compuviper.mx\/tienda\/"},{"@type":"ListItem","position":2,"name":"Productos","item":"https:\/\/compuviper.mx\/tienda\/productos\/"},{"@type":"ListItem","position":3,"name":"Teclados","item":"https:\/\/compuviper.mx\/tienda\/categoria-producto\/teclados\/"},{"@type":"ListItem","position":4,"name":"Internet \/ Multimedia","item":"https:\/\/compuviper.mx\/tienda\/categoria-producto\/teclados\/internet-multimedia\/"},{"@type":"ListItem","position":5,"name":"Logitech 920-007123 Teclado K400 Plus Con Touch Pad Inalambrico Receptor Usb Unifying (espa?ol) Negro"}]},{"@type":"WebSite","@id":"https:\/\/compuviper.mx\/tienda\/#website","url":"https:\/\/compuviper.mx\/tienda\/","name":"Compuviper","description":"Proveedor de Computadoras, Laptops, Servidores, Monitores, Puntos de Venta, Teclados,   Impresoras, T\u00f3ner, C\u00e1maras de Seguridad y m\u00e1s en tu tienda en l\u00ednea","publisher":{"@id":"https:\/\/compuviper.mx\/tienda\/#organization"},"potentialAction":[{"@type":"SearchAction","target":{"@type":"EntryPoint","urlTemplate":"https:\/\/compuviper.mx\/tienda\/?s={search_term_string}"},"query-input":"required name=search_term_string"}],"inLanguage":"es-MX"},{"@type":"Organization","@id":"https:\/\/compuviper.mx\/tienda\/#organization","name":"Compuviper","url":"https:\/\/compuviper.mx\/tienda\/","logo":{"@type":"ImageObject","inLanguage":"es-MX","@id":"https:\/\/compuviper.mx\/tienda\/#\/schema\/logo\/image\/","url":"https:\/\/compuviper.mx\/tienda\/wp-content\/uploads\/2021\/08\/Logo-Compuviper-10.png","contentUrl":"https:\/\/compuviper.mx\/tienda\/wp-content\/uploads\/2021\/08\/Logo-Compuviper-10.png","width":1000,"height":500,"caption":"Compuviper"},"image":{"@id":"https:\/\/compuviper.mx\/tienda\/#\/schema\/logo\/image\/"},"sameAs":["https:\/\/www.facebook.com\/compuviper","https:\/\/www.youtube.com\/channel\/UCf73dERp9Y3cfOq7q8BhLjA?view_as=subscriber"]}]},"product_brand":"LOGITECH","product_price_amount":"843","product_price_currency":"MXN","og_availability":"out of stock","product_availability":"out of stock","product_retailer_item_id":"920-007123","product_condition":"new"},"_links":{"self":[{"href":"https:\/\/compuviper.mx\/tienda\/wp-json\/wp\/v2\/product\/219069"}],"collection":[{"href":"https:\/\/compuviper.mx\/tienda\/wp-json\/wp\/v2\/product"}],"about":[{"href":"https:\/\/compuviper.mx\/tienda\/wp-json\/wp\/v2\/types\/product"}],"replies":[{"embeddable":true,"href":"https:\/\/compuviper.mx\/tienda\/wp-json\/wp\/v2\/comments?post=219069"}],"wp:featuredmedia":[{"embeddable":true,"href":"https:\/\/compuviper.mx\/tienda\/wp-json\/wp\/v2\/media\/219070"}],"wp:attachment":[{"href":"https:\/\/compuviper.mx\/tienda\/wp-json\/wp\/v2\/media?parent=219069"}],"wp:term":[{"taxonomy":"product_cat","embeddable":true,"href":"https:\/\/compuviper.mx\/tienda\/wp-json\/wp\/v2\/product_cat?post=219069"},{"taxonomy":"product_tag","embeddable":true,"href":"https:\/\/compuviper.mx\/tienda\/wp-json\/wp\/v2\/product_tag?post=219069"}],"curies":[{"name":"wp","href":"https:\/\/api.w.org\/{rel}","templated":true}]}}