{"id":218770,"date":"2026-04-02T00:38:06","date_gmt":"2026-04-02T06:38:06","guid":{"rendered":"https:\/\/compuviper.mx\/tienda\/producto\/hewlett-packard-enterprise-p40432-b21-disco-duro-hpe-900-gb-sas-12g-para-tareas-cruciales-15-000-rpm-sff-bc\/"},"modified":"2026-04-02T00:38:06","modified_gmt":"2026-04-02T06:38:06","slug":"hewlett-packard-enterprise-p40432-b21-disco-duro-hpe-900-gb-sas-12g-para-tareas-cruciales-15-000-rpm-sff-bc","status":"publish","type":"product","link":"https:\/\/compuviper.mx\/tienda\/producto\/hewlett-packard-enterprise-p40432-b21-disco-duro-hpe-900-gb-sas-12g-para-tareas-cruciales-15-000-rpm-sff-bc\/","title":{"rendered":"Hewlett Packard Enterprise P40432-b21 Disco Duro Hpe 900 Gb Sas 12g Para Tareas Cruciales 15 000 Rpm Sff Bc"},"content":{"rendered":"<table class=\"descripcion\">\n<tr>\n<td>Hdd hpe 900 gb sas 12g para tareas cruciales 15 000 rpm sff bc 3 a\u00f1os de garant\u00eda para m\u00faltiples proveedores<\/td>\n<\/tr>\n<\/table>\n","protected":false},"excerpt":{"rendered":"<p>Nuevos discos duros de 1,2 tb y 2,4 tb 10 000 rpm, factor formato peque\u00f1o (sff), autocifrado para tareas cruciales, con portador b\u00e1sico (bc). Hdd sas factor formato peque\u00f1o (sff) y factor formato grande (lff) para tareas cruciales de hasta 900 gb a 15 000 rpm con portador b\u00e1sico (bc) y conversor de perfil bajo (lpcc). Hdd sas sff para tareas cruciales hasta 2,4 tb a 10 000 rpm con portador b\u00e1sico (bc). Se ofrecen sas sff de 600 gb a 10 000\/15 000 rpm y 1,8 tb a 10 000 rpm en bc para admitir las \u00faltimas plataformas<\/p>\n","protected":false},"featured_media":218771,"comment_status":"open","ping_status":"open","template":"","meta":[],"product_cat":[1706,1703],"product_tag":[1568],"acf":[],"yoast_head":"<!-- This site is optimized with the Yoast SEO plugin v21.7 - https:\/\/yoast.com\/wordpress\/plugins\/seo\/ -->\n<title>[ Hewlett Packard Enterprise ] &#129351; P40432-b21 Disco Duro Hpe 900 Gb Sas 12g Para Tareas Cruciales 15 000 Rpm Sff Bc<\/title>\n<meta name=\"description\" content=\"Compra P40432-b21 Disco Duro Hpe 900 Gb Sas 12g Para Tareas Cruciales 15 000 Rpm Sff Bc + Env\u00edo a domicilio + Pago seguro + Garant\u00eda\" \/>\n<meta name=\"robots\" content=\"index, follow, max-snippet:-1, max-image-preview:large, max-video-preview:-1\" \/>\n<link rel=\"canonical\" href=\"https:\/\/compuviper.mx\/tienda\/producto\/hewlett-packard-enterprise-p40432-b21-disco-duro-hpe-900-gb-sas-12g-para-tareas-cruciales-15-000-rpm-sff-bc\/\" \/>\n<meta property=\"og:locale\" content=\"es_MX\" \/>\n<meta property=\"og:type\" content=\"article\" \/>\n<meta property=\"og:title\" content=\"[ Hewlett Packard Enterprise ] &#129351; P40432-b21 Disco Duro Hpe 900 Gb Sas 12g Para Tareas Cruciales 15 000 Rpm Sff Bc\" \/>\n<meta property=\"og:description\" content=\"Compra P40432-b21 Disco Duro Hpe 900 Gb Sas 12g Para Tareas Cruciales 15 000 Rpm Sff Bc + Env\u00edo a domicilio + Pago seguro + Garant\u00eda\" \/>\n<meta property=\"og:url\" content=\"https:\/\/compuviper.mx\/tienda\/producto\/hewlett-packard-enterprise-p40432-b21-disco-duro-hpe-900-gb-sas-12g-para-tareas-cruciales-15-000-rpm-sff-bc\/\" \/>\n<meta property=\"og:site_name\" content=\"Compuviper\" \/>\n<meta property=\"article:publisher\" content=\"https:\/\/www.facebook.com\/compuviper\" \/>\n<meta property=\"og:image\" content=\"https:\/\/compuviper.mx\/tienda\/wp-content\/uploads\/2023\/12\/Disco-duro-hpe-900-gb-sas-12g-para-tareas-cruciales-15-000-rpm-sff-bc.jpg\" \/>\n\t<meta property=\"og:image:width\" content=\"200\" \/>\n\t<meta property=\"og:image:height\" content=\"200\" \/>\n\t<meta property=\"og:image:type\" content=\"image\/jpeg\" \/>\n<meta name=\"twitter:card\" content=\"summary_large_image\" \/>\n<meta name=\"twitter:label1\" content=\"Precio\" \/>\n\t<meta name=\"twitter:data1\" content=\"&#36;12,989 con IVA\" \/>\n\t<meta name=\"twitter:label2\" content=\"Availability\" \/>\n\t<meta name=\"twitter:data2\" content=\"On backorder\" \/>\n<script type=\"application\/ld+json\" class=\"yoast-schema-graph\">{\"@context\":\"https:\/\/schema.org\",\"@graph\":[{\"@type\":\"WebPage\",\"@id\":\"https:\/\/compuviper.mx\/tienda\/producto\/hewlett-packard-enterprise-p40432-b21-disco-duro-hpe-900-gb-sas-12g-para-tareas-cruciales-15-000-rpm-sff-bc\/\",\"url\":\"https:\/\/compuviper.mx\/tienda\/producto\/hewlett-packard-enterprise-p40432-b21-disco-duro-hpe-900-gb-sas-12g-para-tareas-cruciales-15-000-rpm-sff-bc\/\",\"name\":\"[ Hewlett Packard Enterprise ] &#129351; P40432-b21 Disco Duro Hpe 900 Gb Sas 12g Para Tareas Cruciales 15 000 Rpm Sff Bc\",\"isPartOf\":{\"@id\":\"https:\/\/compuviper.mx\/tienda\/#website\"},\"datePublished\":\"2026-04-02T06:38:06+00:00\",\"dateModified\":\"2026-04-02T06:38:06+00:00\",\"description\":\"Compra P40432-b21 Disco Duro Hpe 900 Gb Sas 12g Para Tareas Cruciales 15 000 Rpm Sff Bc + Env\u00edo a domicilio + Pago seguro + Garant\u00eda\",\"breadcrumb\":{\"@id\":\"https:\/\/compuviper.mx\/tienda\/producto\/hewlett-packard-enterprise-p40432-b21-disco-duro-hpe-900-gb-sas-12g-para-tareas-cruciales-15-000-rpm-sff-bc\/#breadcrumb\"},\"inLanguage\":\"es-MX\",\"potentialAction\":[{\"@type\":\"ReadAction\",\"target\":[\"https:\/\/compuviper.mx\/tienda\/producto\/hewlett-packard-enterprise-p40432-b21-disco-duro-hpe-900-gb-sas-12g-para-tareas-cruciales-15-000-rpm-sff-bc\/\"]}]},{\"@type\":\"BreadcrumbList\",\"@id\":\"https:\/\/compuviper.mx\/tienda\/producto\/hewlett-packard-enterprise-p40432-b21-disco-duro-hpe-900-gb-sas-12g-para-tareas-cruciales-15-000-rpm-sff-bc\/#breadcrumb\",\"itemListElement\":[{\"@type\":\"ListItem\",\"position\":1,\"name\":\"Inicio\",\"item\":\"https:\/\/compuviper.mx\/tienda\/\"},{\"@type\":\"ListItem\",\"position\":2,\"name\":\"Productos\",\"item\":\"https:\/\/compuviper.mx\/tienda\/productos\/\"},{\"@type\":\"ListItem\",\"position\":3,\"name\":\"Discos Duros\",\"item\":\"https:\/\/compuviper.mx\/tienda\/categoria-producto\/discos-duros\/\"},{\"@type\":\"ListItem\",\"position\":4,\"name\":\"Disco Duro\",\"item\":\"https:\/\/compuviper.mx\/tienda\/categoria-producto\/discos-duros\/disco-duro\/\"},{\"@type\":\"ListItem\",\"position\":5,\"name\":\"Hewlett Packard Enterprise P40432-b21 Disco Duro Hpe 900 Gb Sas 12g Para Tareas Cruciales 15 000 Rpm Sff Bc\"}]},{\"@type\":\"WebSite\",\"@id\":\"https:\/\/compuviper.mx\/tienda\/#website\",\"url\":\"https:\/\/compuviper.mx\/tienda\/\",\"name\":\"Compuviper\",\"description\":\"Proveedor de Computadoras, Laptops, Servidores, Monitores, Puntos de Venta, Teclados,   Impresoras, T\u00f3ner, C\u00e1maras de Seguridad y m\u00e1s en tu tienda en l\u00ednea\",\"publisher\":{\"@id\":\"https:\/\/compuviper.mx\/tienda\/#organization\"},\"potentialAction\":[{\"@type\":\"SearchAction\",\"target\":{\"@type\":\"EntryPoint\",\"urlTemplate\":\"https:\/\/compuviper.mx\/tienda\/?s={search_term_string}\"},\"query-input\":\"required name=search_term_string\"}],\"inLanguage\":\"es-MX\"},{\"@type\":\"Organization\",\"@id\":\"https:\/\/compuviper.mx\/tienda\/#organization\",\"name\":\"Compuviper\",\"url\":\"https:\/\/compuviper.mx\/tienda\/\",\"logo\":{\"@type\":\"ImageObject\",\"inLanguage\":\"es-MX\",\"@id\":\"https:\/\/compuviper.mx\/tienda\/#\/schema\/logo\/image\/\",\"url\":\"https:\/\/compuviper.mx\/tienda\/wp-content\/uploads\/2021\/08\/Logo-Compuviper-10.png\",\"contentUrl\":\"https:\/\/compuviper.mx\/tienda\/wp-content\/uploads\/2021\/08\/Logo-Compuviper-10.png\",\"width\":1000,\"height\":500,\"caption\":\"Compuviper\"},\"image\":{\"@id\":\"https:\/\/compuviper.mx\/tienda\/#\/schema\/logo\/image\/\"},\"sameAs\":[\"https:\/\/www.facebook.com\/compuviper\",\"https:\/\/www.youtube.com\/channel\/UCf73dERp9Y3cfOq7q8BhLjA?view_as=subscriber\"]}]}<\/script>\n<meta property=\"product:brand\" content=\"HEWLETT PACKARD ENTERPRISE\" \/>\n<meta property=\"product:price:amount\" content=\"12989\" \/>\n<meta property=\"product:price:currency\" content=\"MXN\" \/>\n<meta property=\"og:availability\" content=\"backorder\" \/>\n<meta property=\"product:availability\" content=\"available for order\" \/>\n<meta property=\"product:retailer_item_id\" content=\"P40432-B21\" \/>\n<meta property=\"product:condition\" content=\"new\" \/>\n<!-- \/ Yoast SEO plugin. -->","yoast_head_json":{"title":"[ Hewlett Packard Enterprise ] &#129351; P40432-b21 Disco Duro Hpe 900 Gb Sas 12g Para Tareas Cruciales 15 000 Rpm Sff Bc","description":"Compra P40432-b21 Disco Duro Hpe 900 Gb Sas 12g Para Tareas Cruciales 15 000 Rpm Sff Bc + Env\u00edo a domicilio + Pago seguro + Garant\u00eda","robots":{"index":"index","follow":"follow","max-snippet":"max-snippet:-1","max-image-preview":"max-image-preview:large","max-video-preview":"max-video-preview:-1"},"canonical":"https:\/\/compuviper.mx\/tienda\/producto\/hewlett-packard-enterprise-p40432-b21-disco-duro-hpe-900-gb-sas-12g-para-tareas-cruciales-15-000-rpm-sff-bc\/","og_locale":"es_MX","og_type":"article","og_title":"[ Hewlett Packard Enterprise ] &#129351; P40432-b21 Disco Duro Hpe 900 Gb Sas 12g Para Tareas Cruciales 15 000 Rpm Sff Bc","og_description":"Compra P40432-b21 Disco Duro Hpe 900 Gb Sas 12g Para Tareas Cruciales 15 000 Rpm Sff Bc + Env\u00edo a domicilio + Pago seguro + Garant\u00eda","og_url":"https:\/\/compuviper.mx\/tienda\/producto\/hewlett-packard-enterprise-p40432-b21-disco-duro-hpe-900-gb-sas-12g-para-tareas-cruciales-15-000-rpm-sff-bc\/","og_site_name":"Compuviper","article_publisher":"https:\/\/www.facebook.com\/compuviper","og_image":[{"width":200,"height":200,"url":"https:\/\/compuviper.mx\/tienda\/wp-content\/uploads\/2023\/12\/Disco-duro-hpe-900-gb-sas-12g-para-tareas-cruciales-15-000-rpm-sff-bc.jpg","type":"image\/jpeg"}],"twitter_card":"summary_large_image","twitter_misc":{"Precio":"&#36;12,989 con IVA","Availability":"On backorder"},"schema":{"@context":"https:\/\/schema.org","@graph":[{"@type":"WebPage","@id":"https:\/\/compuviper.mx\/tienda\/producto\/hewlett-packard-enterprise-p40432-b21-disco-duro-hpe-900-gb-sas-12g-para-tareas-cruciales-15-000-rpm-sff-bc\/","url":"https:\/\/compuviper.mx\/tienda\/producto\/hewlett-packard-enterprise-p40432-b21-disco-duro-hpe-900-gb-sas-12g-para-tareas-cruciales-15-000-rpm-sff-bc\/","name":"[ Hewlett Packard Enterprise ] &#129351; P40432-b21 Disco Duro Hpe 900 Gb Sas 12g Para Tareas Cruciales 15 000 Rpm Sff Bc","isPartOf":{"@id":"https:\/\/compuviper.mx\/tienda\/#website"},"datePublished":"2026-04-02T06:38:06+00:00","dateModified":"2026-04-02T06:38:06+00:00","description":"Compra P40432-b21 Disco Duro Hpe 900 Gb Sas 12g Para Tareas Cruciales 15 000 Rpm Sff Bc + Env\u00edo a domicilio + Pago seguro + Garant\u00eda","breadcrumb":{"@id":"https:\/\/compuviper.mx\/tienda\/producto\/hewlett-packard-enterprise-p40432-b21-disco-duro-hpe-900-gb-sas-12g-para-tareas-cruciales-15-000-rpm-sff-bc\/#breadcrumb"},"inLanguage":"es-MX","potentialAction":[{"@type":"ReadAction","target":["https:\/\/compuviper.mx\/tienda\/producto\/hewlett-packard-enterprise-p40432-b21-disco-duro-hpe-900-gb-sas-12g-para-tareas-cruciales-15-000-rpm-sff-bc\/"]}]},{"@type":"BreadcrumbList","@id":"https:\/\/compuviper.mx\/tienda\/producto\/hewlett-packard-enterprise-p40432-b21-disco-duro-hpe-900-gb-sas-12g-para-tareas-cruciales-15-000-rpm-sff-bc\/#breadcrumb","itemListElement":[{"@type":"ListItem","position":1,"name":"Inicio","item":"https:\/\/compuviper.mx\/tienda\/"},{"@type":"ListItem","position":2,"name":"Productos","item":"https:\/\/compuviper.mx\/tienda\/productos\/"},{"@type":"ListItem","position":3,"name":"Discos Duros","item":"https:\/\/compuviper.mx\/tienda\/categoria-producto\/discos-duros\/"},{"@type":"ListItem","position":4,"name":"Disco Duro","item":"https:\/\/compuviper.mx\/tienda\/categoria-producto\/discos-duros\/disco-duro\/"},{"@type":"ListItem","position":5,"name":"Hewlett Packard Enterprise P40432-b21 Disco Duro Hpe 900 Gb Sas 12g Para Tareas Cruciales 15 000 Rpm Sff Bc"}]},{"@type":"WebSite","@id":"https:\/\/compuviper.mx\/tienda\/#website","url":"https:\/\/compuviper.mx\/tienda\/","name":"Compuviper","description":"Proveedor de Computadoras, Laptops, Servidores, Monitores, Puntos de Venta, Teclados,   Impresoras, T\u00f3ner, C\u00e1maras de Seguridad y m\u00e1s en tu tienda en l\u00ednea","publisher":{"@id":"https:\/\/compuviper.mx\/tienda\/#organization"},"potentialAction":[{"@type":"SearchAction","target":{"@type":"EntryPoint","urlTemplate":"https:\/\/compuviper.mx\/tienda\/?s={search_term_string}"},"query-input":"required name=search_term_string"}],"inLanguage":"es-MX"},{"@type":"Organization","@id":"https:\/\/compuviper.mx\/tienda\/#organization","name":"Compuviper","url":"https:\/\/compuviper.mx\/tienda\/","logo":{"@type":"ImageObject","inLanguage":"es-MX","@id":"https:\/\/compuviper.mx\/tienda\/#\/schema\/logo\/image\/","url":"https:\/\/compuviper.mx\/tienda\/wp-content\/uploads\/2021\/08\/Logo-Compuviper-10.png","contentUrl":"https:\/\/compuviper.mx\/tienda\/wp-content\/uploads\/2021\/08\/Logo-Compuviper-10.png","width":1000,"height":500,"caption":"Compuviper"},"image":{"@id":"https:\/\/compuviper.mx\/tienda\/#\/schema\/logo\/image\/"},"sameAs":["https:\/\/www.facebook.com\/compuviper","https:\/\/www.youtube.com\/channel\/UCf73dERp9Y3cfOq7q8BhLjA?view_as=subscriber"]}]},"product_brand":"HEWLETT PACKARD ENTERPRISE","product_price_amount":"12989","product_price_currency":"MXN","og_availability":"backorder","product_availability":"available for order","product_retailer_item_id":"P40432-B21","product_condition":"new"},"_links":{"self":[{"href":"https:\/\/compuviper.mx\/tienda\/wp-json\/wp\/v2\/product\/218770"}],"collection":[{"href":"https:\/\/compuviper.mx\/tienda\/wp-json\/wp\/v2\/product"}],"about":[{"href":"https:\/\/compuviper.mx\/tienda\/wp-json\/wp\/v2\/types\/product"}],"replies":[{"embeddable":true,"href":"https:\/\/compuviper.mx\/tienda\/wp-json\/wp\/v2\/comments?post=218770"}],"wp:featuredmedia":[{"embeddable":true,"href":"https:\/\/compuviper.mx\/tienda\/wp-json\/wp\/v2\/media\/218771"}],"wp:attachment":[{"href":"https:\/\/compuviper.mx\/tienda\/wp-json\/wp\/v2\/media?parent=218770"}],"wp:term":[{"taxonomy":"product_cat","embeddable":true,"href":"https:\/\/compuviper.mx\/tienda\/wp-json\/wp\/v2\/product_cat?post=218770"},{"taxonomy":"product_tag","embeddable":true,"href":"https:\/\/compuviper.mx\/tienda\/wp-json\/wp\/v2\/product_tag?post=218770"}],"curies":[{"name":"wp","href":"https:\/\/api.w.org\/{rel}","templated":true}]}}