{"id":218754,"date":"2026-04-02T00:38:05","date_gmt":"2026-04-02T06:38:05","guid":{"rendered":"https:\/\/compuviper.mx\/tienda\/producto\/synology-snv3510-400g-unidad-de-estado-solido-ssd-m-2-22110-nvme-snv3510-400gb-pcie-gen-3-0-x4-lect-3000mb-s-escrit-750mb-s-solo-para-equipos-para-aumento-de-cache\/"},"modified":"2026-04-02T00:38:05","modified_gmt":"2026-04-02T06:38:05","slug":"synology-snv3510-400g-unidad-de-estado-solido-ssd-m-2-22110-nvme-snv3510-400gb-pcie-gen-3-0-x4-lect-3000mb-s-escrit-750mb-s-solo-para-equipos-para-aumento-de-cache","status":"publish","type":"product","link":"https:\/\/compuviper.mx\/tienda\/producto\/synology-snv3510-400g-unidad-de-estado-solido-ssd-m-2-22110-nvme-snv3510-400gb-pcie-gen-3-0-x4-lect-3000mb-s-escrit-750mb-s-solo-para-equipos-para-aumento-de-cache\/","title":{"rendered":"Synology Snv3510-400g Unidad De Estado Solido  Ssd M.2 22110 Nvme Snv3510 400gb Pcie Gen 3.0 X4 Lect 3000mb\/s Escrit 750mb\/s, Solo Para Equipos , Para Aumento De Cache"},"content":{"rendered":"<table class=\"descripcion\">\n<tr>\n<td>Descripcion tecnica<\/td>\n<\/tr>\n<tr>\n<td>Especificaciones t\u00e9cnicas<\/td>\n<\/tr>\n<tr>\n<td>Especificaciones de hardware<\/td>\n<\/tr>\n<tr>\n<td>N\u00famero de modelo  snv3510-400g<\/td>\n<\/tr>\n<tr>\n<td>Capacidad     400 gb<\/td>\n<\/tr>\n<tr>\n<td>Factor de forma      m.2 22110<\/td>\n<\/tr>\n<tr>\n<td>Interfaz nvme pcie 3.0 x4<\/td>\n<\/tr>\n<tr>\n<td>Rendimiento<\/td>\n<\/tr>\n<tr>\n<td>Lectura secuencial (128 kb, qd32)      3000 mb\/s<\/td>\n<\/tr>\n<tr>\n<td>Escritura secuencial (128 kb, qd32)      750 mb\/s<\/td>\n<\/tr>\n<tr>\n<td>Lectura aleatoria (4 kb, qd256)      225 000 iops<\/td>\n<\/tr>\n<tr>\n<td>Escritura aleatoria (4 kb, qd256)      45 000 iops<\/td>\n<\/tr>\n<tr>\n<td>Resistencia y fiabilidad<\/td>\n<\/tr>\n<tr>\n<td>Terabytes escritos (tbw)       491 tb<\/td>\n<\/tr>\n<tr>\n<td>Promedio de tiempo entre aver\u00edas (mtbf)       1,8 millones de horas<\/td>\n<\/tr>\n<tr>\n<td>Tasas de errores de bits no corregibles (uber)        1 sector por cada 1017 bits le\u00eddos<\/td>\n<\/tr>\n<tr>\n<td>Protecci\u00f3n contra p\u00e9rdida de energ\u00eda       s\u00ed<\/td>\n<\/tr>\n<tr>\n<td>Garant\u00eda 5 a\u00f1os5<\/td>\n<\/tr>\n<tr>\n<td>Consumo el\u00e9ctrico<\/td>\n<\/tr>\n<tr>\n<td>Tensi\u00f3n de alimentaci\u00f3n       3,3 v (\u00b1 5 %)<\/td>\n<\/tr>\n<tr>\n<td>Lectura activa (t\u00edp.)     4,0 w<\/td>\n<\/tr>\n<tr>\n<td>Escritura activa (t\u00edp.)     3,6 w<\/td>\n<\/tr>\n<tr>\n<td>Inactivo     1,6 w<\/td>\n<\/tr>\n<tr>\n<td>Temperatura<\/td>\n<\/tr>\n<tr>\n<td>Temperatura de funcionamiento de 0 \u00b0c a 70 \u00b0c (de 32 \u00b0f a 158 \u00b0f)<\/td>\n<\/tr>\n<tr>\n<td>Temperatura de almacenamiento de -40 \u00b0c a 85 \u00b0c (de -40 \u00b0f a 185 \u00b0f)<\/td>\n<\/tr>\n<tr>\n<td>Otros<\/td>\n<\/tr>\n<tr>\n<td>Dimensiones (al. x an. x pr.)      4,5 mm x 22 mm x 110 mm<\/td>\n<\/tr>\n<tr>\n<td>Entorno         cumple con la normativa rohs<\/td>\n<\/tr>\n<tr>\n<td>Certificaci\u00f3n fcc, ce, eac, bsmi, vcci, rcm, kc, ukca<\/td>\n<\/tr>\n<\/table>\n","protected":false},"excerpt":{"rendered":"<p>Descripcion comercial. Las ssd nvme 3510 de synology se han dise\u00f1ado para gestionar cargas de trabajo de almacenamiento en cach\u00e9 dif\u00edciles en un entorno multiusuario permanente. Su rendimiento de e\/s constante aumenta la capacidad de respuesta del sistema y acelera la gesti\u00f3n de datos de acceso frecuente. Dise\u00f1ada espec\u00edficamente para los sistemas de synology, la gama de unidades de estado s\u00f3lido nvme ofrece una experiencia de almacenamiento optimizada a la vez que minimiza las interrupciones de los servicios.<\/p>\n","protected":false},"featured_media":218755,"comment_status":"open","ping_status":"open","template":"","meta":[],"product_cat":[1703,1708],"product_tag":[1561],"acf":[],"yoast_head":"<!-- This site is optimized with the Yoast SEO plugin v21.7 - https:\/\/yoast.com\/wordpress\/plugins\/seo\/ -->\n<title>[ Synology ] &#129351; Snv3510-400g Unidad De Estado Solido Ssd M.2 22110 Nvme Snv3510 400gb Pcie Gen 3.0 X4 Lect 3000mb\/s Escrit 750mb\/s, Solo Para Equipos , Para Aumento De Cache<\/title>\n<meta name=\"description\" content=\"Compra Snv3510-400g Unidad De Estado Solido Ssd M.2 22110 Nvme Snv3510 400gb Pcie Gen 3.0 X4 Lect 3000mb\/s Escrit 750mb\/s, Solo Para Equipos , Para Aumento De Cache + Env\u00edo a domicilio + Pago seguro + Garant\u00eda\" \/>\n<meta name=\"robots\" content=\"index, follow, max-snippet:-1, max-image-preview:large, max-video-preview:-1\" \/>\n<link rel=\"canonical\" href=\"https:\/\/compuviper.mx\/tienda\/producto\/synology-snv3510-400g-unidad-de-estado-solido-ssd-m-2-22110-nvme-snv3510-400gb-pcie-gen-3-0-x4-lect-3000mb-s-escrit-750mb-s-solo-para-equipos-para-aumento-de-cache\/\" \/>\n<meta property=\"og:locale\" content=\"es_MX\" \/>\n<meta property=\"og:type\" content=\"article\" \/>\n<meta property=\"og:title\" content=\"[ Synology ] &#129351; Snv3510-400g Unidad De Estado Solido Ssd M.2 22110 Nvme Snv3510 400gb Pcie Gen 3.0 X4 Lect 3000mb\/s Escrit 750mb\/s, Solo Para Equipos , Para Aumento De Cache\" \/>\n<meta property=\"og:description\" content=\"Compra Snv3510-400g Unidad De Estado Solido Ssd M.2 22110 Nvme Snv3510 400gb Pcie Gen 3.0 X4 Lect 3000mb\/s Escrit 750mb\/s, Solo Para Equipos , Para Aumento De Cache + Env\u00edo a domicilio + Pago seguro + Garant\u00eda\" \/>\n<meta property=\"og:url\" content=\"https:\/\/compuviper.mx\/tienda\/producto\/synology-snv3510-400g-unidad-de-estado-solido-ssd-m-2-22110-nvme-snv3510-400gb-pcie-gen-3-0-x4-lect-3000mb-s-escrit-750mb-s-solo-para-equipos-para-aumento-de-cache\/\" \/>\n<meta property=\"og:site_name\" content=\"Compuviper\" \/>\n<meta property=\"article:publisher\" content=\"https:\/\/www.facebook.com\/compuviper\" \/>\n<meta property=\"og:image\" content=\"https:\/\/compuviper.mx\/tienda\/wp-content\/uploads\/2023\/12\/Unidad-de-estado-solido-synology-ssd-m.2-22110-nvme-snv3510-400gb-pcie-gen-3.0-x4-lect-3000mbs-escrit-750mbs-solo-para-equipos-synology-para-aumento-de-cache.jpg\" \/>\n\t<meta property=\"og:image:width\" content=\"200\" \/>\n\t<meta property=\"og:image:height\" content=\"200\" \/>\n\t<meta property=\"og:image:type\" content=\"image\/jpeg\" \/>\n<meta name=\"twitter:card\" content=\"summary_large_image\" \/>\n<meta name=\"twitter:label1\" content=\"Precio\" \/>\n\t<meta name=\"twitter:data1\" content=\"&#36;4,100 con IVA\" \/>\n\t<meta name=\"twitter:label2\" content=\"Availability\" \/>\n\t<meta name=\"twitter:data2\" content=\"Out of stock\" \/>\n<script type=\"application\/ld+json\" class=\"yoast-schema-graph\">{\"@context\":\"https:\/\/schema.org\",\"@graph\":[{\"@type\":\"WebPage\",\"@id\":\"https:\/\/compuviper.mx\/tienda\/producto\/synology-snv3510-400g-unidad-de-estado-solido-ssd-m-2-22110-nvme-snv3510-400gb-pcie-gen-3-0-x4-lect-3000mb-s-escrit-750mb-s-solo-para-equipos-para-aumento-de-cache\/\",\"url\":\"https:\/\/compuviper.mx\/tienda\/producto\/synology-snv3510-400g-unidad-de-estado-solido-ssd-m-2-22110-nvme-snv3510-400gb-pcie-gen-3-0-x4-lect-3000mb-s-escrit-750mb-s-solo-para-equipos-para-aumento-de-cache\/\",\"name\":\"[ Synology ] &#129351; Snv3510-400g Unidad De Estado Solido Ssd M.2 22110 Nvme Snv3510 400gb Pcie Gen 3.0 X4 Lect 3000mb\/s Escrit 750mb\/s, Solo Para Equipos , Para Aumento De Cache\",\"isPartOf\":{\"@id\":\"https:\/\/compuviper.mx\/tienda\/#website\"},\"datePublished\":\"2026-04-02T06:38:05+00:00\",\"dateModified\":\"2026-04-02T06:38:05+00:00\",\"description\":\"Compra Snv3510-400g Unidad De Estado Solido Ssd M.2 22110 Nvme Snv3510 400gb Pcie Gen 3.0 X4 Lect 3000mb\/s Escrit 750mb\/s, Solo Para Equipos , Para Aumento De Cache + Env\u00edo a domicilio + Pago seguro + Garant\u00eda\",\"breadcrumb\":{\"@id\":\"https:\/\/compuviper.mx\/tienda\/producto\/synology-snv3510-400g-unidad-de-estado-solido-ssd-m-2-22110-nvme-snv3510-400gb-pcie-gen-3-0-x4-lect-3000mb-s-escrit-750mb-s-solo-para-equipos-para-aumento-de-cache\/#breadcrumb\"},\"inLanguage\":\"es-MX\",\"potentialAction\":[{\"@type\":\"ReadAction\",\"target\":[\"https:\/\/compuviper.mx\/tienda\/producto\/synology-snv3510-400g-unidad-de-estado-solido-ssd-m-2-22110-nvme-snv3510-400gb-pcie-gen-3-0-x4-lect-3000mb-s-escrit-750mb-s-solo-para-equipos-para-aumento-de-cache\/\"]}]},{\"@type\":\"BreadcrumbList\",\"@id\":\"https:\/\/compuviper.mx\/tienda\/producto\/synology-snv3510-400g-unidad-de-estado-solido-ssd-m-2-22110-nvme-snv3510-400gb-pcie-gen-3-0-x4-lect-3000mb-s-escrit-750mb-s-solo-para-equipos-para-aumento-de-cache\/#breadcrumb\",\"itemListElement\":[{\"@type\":\"ListItem\",\"position\":1,\"name\":\"Inicio\",\"item\":\"https:\/\/compuviper.mx\/tienda\/\"},{\"@type\":\"ListItem\",\"position\":2,\"name\":\"Productos\",\"item\":\"https:\/\/compuviper.mx\/tienda\/productos\/\"},{\"@type\":\"ListItem\",\"position\":3,\"name\":\"Discos Duros\",\"item\":\"https:\/\/compuviper.mx\/tienda\/categoria-producto\/discos-duros\/\"},{\"@type\":\"ListItem\",\"position\":4,\"name\":\"Unidad De Estado Solido\",\"item\":\"https:\/\/compuviper.mx\/tienda\/categoria-producto\/discos-duros\/unidad-de-estado-solido\/\"},{\"@type\":\"ListItem\",\"position\":5,\"name\":\"Synology Snv3510-400g Unidad De Estado Solido Ssd M.2 22110 Nvme Snv3510 400gb Pcie Gen 3.0 X4 Lect 3000mb\/s Escrit 750mb\/s, Solo Para Equipos , Para Aumento De Cache\"}]},{\"@type\":\"WebSite\",\"@id\":\"https:\/\/compuviper.mx\/tienda\/#website\",\"url\":\"https:\/\/compuviper.mx\/tienda\/\",\"name\":\"Compuviper\",\"description\":\"Proveedor de Computadoras, Laptops, Servidores, Monitores, Puntos de Venta, Teclados,   Impresoras, T\u00f3ner, C\u00e1maras de Seguridad y m\u00e1s en tu tienda en l\u00ednea\",\"publisher\":{\"@id\":\"https:\/\/compuviper.mx\/tienda\/#organization\"},\"potentialAction\":[{\"@type\":\"SearchAction\",\"target\":{\"@type\":\"EntryPoint\",\"urlTemplate\":\"https:\/\/compuviper.mx\/tienda\/?s={search_term_string}\"},\"query-input\":\"required name=search_term_string\"}],\"inLanguage\":\"es-MX\"},{\"@type\":\"Organization\",\"@id\":\"https:\/\/compuviper.mx\/tienda\/#organization\",\"name\":\"Compuviper\",\"url\":\"https:\/\/compuviper.mx\/tienda\/\",\"logo\":{\"@type\":\"ImageObject\",\"inLanguage\":\"es-MX\",\"@id\":\"https:\/\/compuviper.mx\/tienda\/#\/schema\/logo\/image\/\",\"url\":\"https:\/\/compuviper.mx\/tienda\/wp-content\/uploads\/2021\/08\/Logo-Compuviper-10.png\",\"contentUrl\":\"https:\/\/compuviper.mx\/tienda\/wp-content\/uploads\/2021\/08\/Logo-Compuviper-10.png\",\"width\":1000,\"height\":500,\"caption\":\"Compuviper\"},\"image\":{\"@id\":\"https:\/\/compuviper.mx\/tienda\/#\/schema\/logo\/image\/\"},\"sameAs\":[\"https:\/\/www.facebook.com\/compuviper\",\"https:\/\/www.youtube.com\/channel\/UCf73dERp9Y3cfOq7q8BhLjA?view_as=subscriber\"]}]}<\/script>\n<meta property=\"product:brand\" content=\"SYNOLOGY\" \/>\n<meta property=\"product:price:amount\" content=\"4100\" \/>\n<meta property=\"product:price:currency\" content=\"MXN\" \/>\n<meta property=\"og:availability\" content=\"out of stock\" \/>\n<meta property=\"product:availability\" content=\"out of stock\" \/>\n<meta property=\"product:retailer_item_id\" content=\"SNV3510-400G\" \/>\n<meta property=\"product:condition\" content=\"new\" \/>\n<!-- \/ Yoast SEO plugin. -->","yoast_head_json":{"title":"[ Synology ] &#129351; Snv3510-400g Unidad De Estado Solido Ssd M.2 22110 Nvme Snv3510 400gb Pcie Gen 3.0 X4 Lect 3000mb\/s Escrit 750mb\/s, Solo Para Equipos , Para Aumento De Cache","description":"Compra Snv3510-400g Unidad De Estado Solido Ssd M.2 22110 Nvme Snv3510 400gb Pcie Gen 3.0 X4 Lect 3000mb\/s Escrit 750mb\/s, Solo Para Equipos , Para Aumento De Cache + Env\u00edo a domicilio + Pago seguro + Garant\u00eda","robots":{"index":"index","follow":"follow","max-snippet":"max-snippet:-1","max-image-preview":"max-image-preview:large","max-video-preview":"max-video-preview:-1"},"canonical":"https:\/\/compuviper.mx\/tienda\/producto\/synology-snv3510-400g-unidad-de-estado-solido-ssd-m-2-22110-nvme-snv3510-400gb-pcie-gen-3-0-x4-lect-3000mb-s-escrit-750mb-s-solo-para-equipos-para-aumento-de-cache\/","og_locale":"es_MX","og_type":"article","og_title":"[ Synology ] &#129351; Snv3510-400g Unidad De Estado Solido Ssd M.2 22110 Nvme Snv3510 400gb Pcie Gen 3.0 X4 Lect 3000mb\/s Escrit 750mb\/s, Solo Para Equipos , Para Aumento De Cache","og_description":"Compra Snv3510-400g Unidad De Estado Solido Ssd M.2 22110 Nvme Snv3510 400gb Pcie Gen 3.0 X4 Lect 3000mb\/s Escrit 750mb\/s, Solo Para Equipos , Para Aumento De Cache + Env\u00edo a domicilio + Pago seguro + Garant\u00eda","og_url":"https:\/\/compuviper.mx\/tienda\/producto\/synology-snv3510-400g-unidad-de-estado-solido-ssd-m-2-22110-nvme-snv3510-400gb-pcie-gen-3-0-x4-lect-3000mb-s-escrit-750mb-s-solo-para-equipos-para-aumento-de-cache\/","og_site_name":"Compuviper","article_publisher":"https:\/\/www.facebook.com\/compuviper","og_image":[{"width":200,"height":200,"url":"https:\/\/compuviper.mx\/tienda\/wp-content\/uploads\/2023\/12\/Unidad-de-estado-solido-synology-ssd-m.2-22110-nvme-snv3510-400gb-pcie-gen-3.0-x4-lect-3000mbs-escrit-750mbs-solo-para-equipos-synology-para-aumento-de-cache.jpg","type":"image\/jpeg"}],"twitter_card":"summary_large_image","twitter_misc":{"Precio":"&#36;4,100 con IVA","Availability":"Out of stock"},"schema":{"@context":"https:\/\/schema.org","@graph":[{"@type":"WebPage","@id":"https:\/\/compuviper.mx\/tienda\/producto\/synology-snv3510-400g-unidad-de-estado-solido-ssd-m-2-22110-nvme-snv3510-400gb-pcie-gen-3-0-x4-lect-3000mb-s-escrit-750mb-s-solo-para-equipos-para-aumento-de-cache\/","url":"https:\/\/compuviper.mx\/tienda\/producto\/synology-snv3510-400g-unidad-de-estado-solido-ssd-m-2-22110-nvme-snv3510-400gb-pcie-gen-3-0-x4-lect-3000mb-s-escrit-750mb-s-solo-para-equipos-para-aumento-de-cache\/","name":"[ Synology ] &#129351; Snv3510-400g Unidad De Estado Solido Ssd M.2 22110 Nvme Snv3510 400gb Pcie Gen 3.0 X4 Lect 3000mb\/s Escrit 750mb\/s, Solo Para Equipos , Para Aumento De Cache","isPartOf":{"@id":"https:\/\/compuviper.mx\/tienda\/#website"},"datePublished":"2026-04-02T06:38:05+00:00","dateModified":"2026-04-02T06:38:05+00:00","description":"Compra Snv3510-400g Unidad De Estado Solido Ssd M.2 22110 Nvme Snv3510 400gb Pcie Gen 3.0 X4 Lect 3000mb\/s Escrit 750mb\/s, Solo Para Equipos , Para Aumento De Cache + Env\u00edo a domicilio + Pago seguro + Garant\u00eda","breadcrumb":{"@id":"https:\/\/compuviper.mx\/tienda\/producto\/synology-snv3510-400g-unidad-de-estado-solido-ssd-m-2-22110-nvme-snv3510-400gb-pcie-gen-3-0-x4-lect-3000mb-s-escrit-750mb-s-solo-para-equipos-para-aumento-de-cache\/#breadcrumb"},"inLanguage":"es-MX","potentialAction":[{"@type":"ReadAction","target":["https:\/\/compuviper.mx\/tienda\/producto\/synology-snv3510-400g-unidad-de-estado-solido-ssd-m-2-22110-nvme-snv3510-400gb-pcie-gen-3-0-x4-lect-3000mb-s-escrit-750mb-s-solo-para-equipos-para-aumento-de-cache\/"]}]},{"@type":"BreadcrumbList","@id":"https:\/\/compuviper.mx\/tienda\/producto\/synology-snv3510-400g-unidad-de-estado-solido-ssd-m-2-22110-nvme-snv3510-400gb-pcie-gen-3-0-x4-lect-3000mb-s-escrit-750mb-s-solo-para-equipos-para-aumento-de-cache\/#breadcrumb","itemListElement":[{"@type":"ListItem","position":1,"name":"Inicio","item":"https:\/\/compuviper.mx\/tienda\/"},{"@type":"ListItem","position":2,"name":"Productos","item":"https:\/\/compuviper.mx\/tienda\/productos\/"},{"@type":"ListItem","position":3,"name":"Discos Duros","item":"https:\/\/compuviper.mx\/tienda\/categoria-producto\/discos-duros\/"},{"@type":"ListItem","position":4,"name":"Unidad De Estado Solido","item":"https:\/\/compuviper.mx\/tienda\/categoria-producto\/discos-duros\/unidad-de-estado-solido\/"},{"@type":"ListItem","position":5,"name":"Synology Snv3510-400g Unidad De Estado Solido Ssd M.2 22110 Nvme Snv3510 400gb Pcie Gen 3.0 X4 Lect 3000mb\/s Escrit 750mb\/s, Solo Para Equipos , Para Aumento De Cache"}]},{"@type":"WebSite","@id":"https:\/\/compuviper.mx\/tienda\/#website","url":"https:\/\/compuviper.mx\/tienda\/","name":"Compuviper","description":"Proveedor de Computadoras, Laptops, Servidores, Monitores, Puntos de Venta, Teclados,   Impresoras, T\u00f3ner, C\u00e1maras de Seguridad y m\u00e1s en tu tienda en l\u00ednea","publisher":{"@id":"https:\/\/compuviper.mx\/tienda\/#organization"},"potentialAction":[{"@type":"SearchAction","target":{"@type":"EntryPoint","urlTemplate":"https:\/\/compuviper.mx\/tienda\/?s={search_term_string}"},"query-input":"required name=search_term_string"}],"inLanguage":"es-MX"},{"@type":"Organization","@id":"https:\/\/compuviper.mx\/tienda\/#organization","name":"Compuviper","url":"https:\/\/compuviper.mx\/tienda\/","logo":{"@type":"ImageObject","inLanguage":"es-MX","@id":"https:\/\/compuviper.mx\/tienda\/#\/schema\/logo\/image\/","url":"https:\/\/compuviper.mx\/tienda\/wp-content\/uploads\/2021\/08\/Logo-Compuviper-10.png","contentUrl":"https:\/\/compuviper.mx\/tienda\/wp-content\/uploads\/2021\/08\/Logo-Compuviper-10.png","width":1000,"height":500,"caption":"Compuviper"},"image":{"@id":"https:\/\/compuviper.mx\/tienda\/#\/schema\/logo\/image\/"},"sameAs":["https:\/\/www.facebook.com\/compuviper","https:\/\/www.youtube.com\/channel\/UCf73dERp9Y3cfOq7q8BhLjA?view_as=subscriber"]}]},"product_brand":"SYNOLOGY","product_price_amount":"4100","product_price_currency":"MXN","og_availability":"out of stock","product_availability":"out of stock","product_retailer_item_id":"SNV3510-400G","product_condition":"new"},"_links":{"self":[{"href":"https:\/\/compuviper.mx\/tienda\/wp-json\/wp\/v2\/product\/218754"}],"collection":[{"href":"https:\/\/compuviper.mx\/tienda\/wp-json\/wp\/v2\/product"}],"about":[{"href":"https:\/\/compuviper.mx\/tienda\/wp-json\/wp\/v2\/types\/product"}],"replies":[{"embeddable":true,"href":"https:\/\/compuviper.mx\/tienda\/wp-json\/wp\/v2\/comments?post=218754"}],"wp:featuredmedia":[{"embeddable":true,"href":"https:\/\/compuviper.mx\/tienda\/wp-json\/wp\/v2\/media\/218755"}],"wp:attachment":[{"href":"https:\/\/compuviper.mx\/tienda\/wp-json\/wp\/v2\/media?parent=218754"}],"wp:term":[{"taxonomy":"product_cat","embeddable":true,"href":"https:\/\/compuviper.mx\/tienda\/wp-json\/wp\/v2\/product_cat?post=218754"},{"taxonomy":"product_tag","embeddable":true,"href":"https:\/\/compuviper.mx\/tienda\/wp-json\/wp\/v2\/product_tag?post=218754"}],"curies":[{"name":"wp","href":"https:\/\/api.w.org\/{rel}","templated":true}]}}