{"id":218594,"date":"2026-04-14T00:34:52","date_gmt":"2026-04-14T06:34:52","guid":{"rendered":"https:\/\/compuviper.mx\/tienda\/producto\/hewlett-packard-enterprise-p18428-b21-disco-estado-solido-hpe-3-84tb-sara-ri-sff-sc-mv-ssd\/"},"modified":"2026-04-14T00:34:52","modified_gmt":"2026-04-14T06:34:52","slug":"hewlett-packard-enterprise-p18428-b21-disco-estado-solido-hpe-3-84tb-sara-ri-sff-sc-mv-ssd","status":"publish","type":"product","link":"https:\/\/compuviper.mx\/tienda\/producto\/hewlett-packard-enterprise-p18428-b21-disco-estado-solido-hpe-3-84tb-sara-ri-sff-sc-mv-ssd\/","title":{"rendered":"Hewlett Packard Enterprise P18428-b21 Disco Estado Solido Hpe 3.84tb Sara Ri Sff Sc Mv Ssd"},"content":{"rendered":"<table class=\"descripcion\">\n<tr>\n<td>Disco estado solido ssd hpe 3.84 tb sata 6g lectura intensiva sff sc m\u00faltiples proveedores<\/td>\n<\/tr>\n<\/table>\n","protected":false},"excerpt":{"rendered":"<p>Los ssd hpe sata 6g de lectura intensiva (ri) ofrecen caracter\u00edsticas empresariales a un precio asequible. Los ssd hpe sata ri ofrecen un gran rendimiento en lecturas para altas cargas de trabajo como boot\/swap, servidores web y cach\u00e9 de lectura. Los ssd hpe value sas 12g ofrecen un mayor rendimiento que los ssd sata 6g a un menor coste que los ssd sas 12g tradicionales, lo que permite mejorar el coste total de la propiedad (tco) mediante los asequibles ssd hpe value sas. Los ssd hpe est\u00e1n respaldados por certificaciones y m\u00e1s de 3,35 millones de horas de pruebas [1], lo que garantiza unidades fiables y de alto rendimiento. El firmware firmado digitalmente de hpe evita el acceso no autorizado a los datos al proporcionar la seguridad de que el firmware de la unidad procede de una fuente de confianza. Tambi\u00e9n puedes supervisar la vida \u00fatil del ssd mediante hpe smartssd wear gauge para determinar si alguna de las unidades se encuentra en riesgo de fallo. Novedades. \u0095 unidades ssd hpe de 240 gb, 480 gb, 960 gb, 1,92 tb, 3,84 tb y 7,68 tb sata 6g lectura intensiva sff (2,5 pulgadas) bc, de varios proveedores. \u0095 unidades ssd hpe s4510 de 1,92 tb y 3,84 tb, sata 6g lectura intensiva sff (2,5 pulgadas) bc. \u0095 unidades ssd hpe de 480 gb y 1,92 tb sata 6g lectura intensiva sff (2,5 pulgadas) bc, sed, 5300p. Solo ventajas. Alto rendimiento, fiabilidad excepcional y eficiencia para obtener resultados de negocio m\u00e1s r\u00e1pidamente. \u0095 las unidades de estado s\u00f3lido hpe son ideales para el an\u00e1lisis de big data, computaci\u00f3n en la nube, archivado activo, aplicaciones de bases de datos y almacenamiento de datos. \u0095 los ssd hpe logran un iop m\u00e1s alto para mejorar el rendimiento de tu centro de datos. \u0095 los ssd hpe mantienen la precisi\u00f3n de los datos con detecci\u00f3n completa de errores en la ruta de los datos. \u0095 elige entre un amplio portfolio de soluciones mejoradas en una gran variedad de capacidades. \u0095 sas de 12 gb\/s, sata de 6 gb\/s, nvme, m.2 y kits de activaci\u00f3n m.2. Los ssd hpe value sas ofrecen el doble de velocidad de interfaz que los ssd sata, lo que mejora el rendimiento de las cargas de trabajo. \u0095 los ssd hpe value sas admiten 12 gb\/s, en comparaci\u00f3n a los ssd sata con 6 gb\/s. \u0095 optimizadas para cargas de trabajo de aplicaciones empresariales, las unidades de estado s\u00f3lido hpe value sas permiten realizar un mayor trabajo con menos servidores, ya que mejoran y consolidan cargas de trabajo transaccionales de la base de datos. \u0095 las unidades de estado s\u00f3lido hpe value sas le permiten reducir los costes operativos de almacenamiento, mantenimiento y energ\u00eda de los servidores, as\u00ed como el espacio de su centro de datos. \u0095 los ssd hpe value sas, disponibles en una amplia variedad de capacidades de almacenamiento, son perfectos para aplicaciones de lectura intensiva y de uso mixto. Los ssd de m\u00faltiples proveedores de hpe ofrecen ciclos de vida ampliados de los sku y disponibilidad inmediata en los ssd sata. \u0095 hpe ha mejorado su amplio portfolio de productos ssd con una oferta de ssd de m\u00faltiples proveedores que permiten ciclos de vida ampliados de los sku, disponibilidad inmediata y ssd sata con precios preferentes. \u0095 la oferta de los sku de los ssd hpe de m\u00faltiples proveedores garantiza que cualquier ssd sata seleccionado ofrecer\u00e1 como m\u00ednimo el rendimiento publicado, o superior. [1] pruebas realizadas en un laboratorio interno de hpe. La cantidad de pruebas de 3,35 millones de horas deriva de una combinaci\u00f3n de los planes de prueba de certificaci\u00f3n de las unidades, en concreto la responsabilidad del proveedor con respecto a las especificaciones de hddq, la responsabilidad de hpe con respecto a las especificaciones de hddq, las especificaciones de la prueba de demostraci\u00f3n de fiabilidad (rdt), las especificaciones de la prueba de integraci\u00f3n csi y los requisitos de la prueba piloto. La prueba se llev\u00f3 a cabo en mayo de 2017. Informaci\u00f3n sobre marcas comerciales. Microsoft es una marca comercial o una marca comercial registrada de microsoft corporation en ee. Uu. Y en otros pa\u00edses. Todas las marcas comerciales de terceros son propiedad de sus respectivos titulares.<\/p>\n","protected":false},"featured_media":218595,"comment_status":"open","ping_status":"open","template":"","meta":[],"product_cat":[1703,1708],"product_tag":[1568],"acf":[],"yoast_head":"<!-- This site is optimized with the Yoast SEO plugin v21.7 - https:\/\/yoast.com\/wordpress\/plugins\/seo\/ -->\n<title>[ Hewlett Packard Enterprise ] &#129351; P18428-b21 Disco Estado Solido Hpe 3.84tb Sara Ri Sff Sc Mv Ssd<\/title>\n<meta name=\"description\" content=\"Compra P18428-b21 Disco Estado Solido Hpe 3.84tb Sara Ri Sff Sc Mv Ssd + Env\u00edo a domicilio + Pago seguro + Garant\u00eda\" \/>\n<meta name=\"robots\" content=\"index, follow, max-snippet:-1, max-image-preview:large, max-video-preview:-1\" \/>\n<link rel=\"canonical\" href=\"https:\/\/compuviper.mx\/tienda\/producto\/hewlett-packard-enterprise-p18428-b21-disco-estado-solido-hpe-3-84tb-sara-ri-sff-sc-mv-ssd\/\" \/>\n<meta property=\"og:locale\" content=\"es_MX\" \/>\n<meta property=\"og:type\" content=\"article\" \/>\n<meta property=\"og:title\" content=\"[ Hewlett Packard Enterprise ] &#129351; P18428-b21 Disco Estado Solido Hpe 3.84tb Sara Ri Sff Sc Mv Ssd\" \/>\n<meta property=\"og:description\" content=\"Compra P18428-b21 Disco Estado Solido Hpe 3.84tb Sara Ri Sff Sc Mv Ssd + Env\u00edo a domicilio + Pago seguro + Garant\u00eda\" \/>\n<meta property=\"og:url\" content=\"https:\/\/compuviper.mx\/tienda\/producto\/hewlett-packard-enterprise-p18428-b21-disco-estado-solido-hpe-3-84tb-sara-ri-sff-sc-mv-ssd\/\" \/>\n<meta property=\"og:site_name\" content=\"Compuviper\" \/>\n<meta property=\"article:publisher\" content=\"https:\/\/www.facebook.com\/compuviper\" \/>\n<meta property=\"og:image\" content=\"https:\/\/compuviper.mx\/tienda\/wp-content\/uploads\/2023\/12\/Disco-estado-solido-hpe-3.84tb-sara-ri-sff-sc-mv-ssd.jpg\" \/>\n\t<meta property=\"og:image:width\" content=\"200\" \/>\n\t<meta property=\"og:image:height\" content=\"200\" \/>\n\t<meta property=\"og:image:type\" content=\"image\/jpeg\" \/>\n<meta name=\"twitter:card\" content=\"summary_large_image\" \/>\n<meta name=\"twitter:label1\" content=\"Precio\" \/>\n\t<meta name=\"twitter:data1\" content=\"&#36;190,952 con IVA\" \/>\n\t<meta name=\"twitter:label2\" content=\"Availability\" \/>\n\t<meta name=\"twitter:data2\" content=\"On backorder\" \/>\n<script type=\"application\/ld+json\" class=\"yoast-schema-graph\">{\"@context\":\"https:\/\/schema.org\",\"@graph\":[{\"@type\":\"WebPage\",\"@id\":\"https:\/\/compuviper.mx\/tienda\/producto\/hewlett-packard-enterprise-p18428-b21-disco-estado-solido-hpe-3-84tb-sara-ri-sff-sc-mv-ssd\/\",\"url\":\"https:\/\/compuviper.mx\/tienda\/producto\/hewlett-packard-enterprise-p18428-b21-disco-estado-solido-hpe-3-84tb-sara-ri-sff-sc-mv-ssd\/\",\"name\":\"[ Hewlett Packard Enterprise ] &#129351; P18428-b21 Disco Estado Solido Hpe 3.84tb Sara Ri Sff Sc Mv Ssd\",\"isPartOf\":{\"@id\":\"https:\/\/compuviper.mx\/tienda\/#website\"},\"datePublished\":\"2026-04-14T06:34:52+00:00\",\"dateModified\":\"2026-04-14T06:34:52+00:00\",\"description\":\"Compra P18428-b21 Disco Estado Solido Hpe 3.84tb Sara Ri Sff Sc Mv Ssd + Env\u00edo a domicilio + Pago seguro + Garant\u00eda\",\"breadcrumb\":{\"@id\":\"https:\/\/compuviper.mx\/tienda\/producto\/hewlett-packard-enterprise-p18428-b21-disco-estado-solido-hpe-3-84tb-sara-ri-sff-sc-mv-ssd\/#breadcrumb\"},\"inLanguage\":\"es-MX\",\"potentialAction\":[{\"@type\":\"ReadAction\",\"target\":[\"https:\/\/compuviper.mx\/tienda\/producto\/hewlett-packard-enterprise-p18428-b21-disco-estado-solido-hpe-3-84tb-sara-ri-sff-sc-mv-ssd\/\"]}]},{\"@type\":\"BreadcrumbList\",\"@id\":\"https:\/\/compuviper.mx\/tienda\/producto\/hewlett-packard-enterprise-p18428-b21-disco-estado-solido-hpe-3-84tb-sara-ri-sff-sc-mv-ssd\/#breadcrumb\",\"itemListElement\":[{\"@type\":\"ListItem\",\"position\":1,\"name\":\"Inicio\",\"item\":\"https:\/\/compuviper.mx\/tienda\/\"},{\"@type\":\"ListItem\",\"position\":2,\"name\":\"Productos\",\"item\":\"https:\/\/compuviper.mx\/tienda\/productos\/\"},{\"@type\":\"ListItem\",\"position\":3,\"name\":\"Discos Duros\",\"item\":\"https:\/\/compuviper.mx\/tienda\/categoria-producto\/discos-duros\/\"},{\"@type\":\"ListItem\",\"position\":4,\"name\":\"Unidad De Estado Solido\",\"item\":\"https:\/\/compuviper.mx\/tienda\/categoria-producto\/discos-duros\/unidad-de-estado-solido\/\"},{\"@type\":\"ListItem\",\"position\":5,\"name\":\"Hewlett Packard Enterprise P18428-b21 Disco Estado Solido Hpe 3.84tb Sara Ri Sff Sc Mv Ssd\"}]},{\"@type\":\"WebSite\",\"@id\":\"https:\/\/compuviper.mx\/tienda\/#website\",\"url\":\"https:\/\/compuviper.mx\/tienda\/\",\"name\":\"Compuviper\",\"description\":\"Proveedor de Computadoras, Laptops, Servidores, Monitores, Puntos de Venta, Teclados,   Impresoras, T\u00f3ner, C\u00e1maras de Seguridad y m\u00e1s en tu tienda en l\u00ednea\",\"publisher\":{\"@id\":\"https:\/\/compuviper.mx\/tienda\/#organization\"},\"potentialAction\":[{\"@type\":\"SearchAction\",\"target\":{\"@type\":\"EntryPoint\",\"urlTemplate\":\"https:\/\/compuviper.mx\/tienda\/?s={search_term_string}\"},\"query-input\":\"required name=search_term_string\"}],\"inLanguage\":\"es-MX\"},{\"@type\":\"Organization\",\"@id\":\"https:\/\/compuviper.mx\/tienda\/#organization\",\"name\":\"Compuviper\",\"url\":\"https:\/\/compuviper.mx\/tienda\/\",\"logo\":{\"@type\":\"ImageObject\",\"inLanguage\":\"es-MX\",\"@id\":\"https:\/\/compuviper.mx\/tienda\/#\/schema\/logo\/image\/\",\"url\":\"https:\/\/compuviper.mx\/tienda\/wp-content\/uploads\/2021\/08\/Logo-Compuviper-10.png\",\"contentUrl\":\"https:\/\/compuviper.mx\/tienda\/wp-content\/uploads\/2021\/08\/Logo-Compuviper-10.png\",\"width\":1000,\"height\":500,\"caption\":\"Compuviper\"},\"image\":{\"@id\":\"https:\/\/compuviper.mx\/tienda\/#\/schema\/logo\/image\/\"},\"sameAs\":[\"https:\/\/www.facebook.com\/compuviper\",\"https:\/\/www.youtube.com\/channel\/UCf73dERp9Y3cfOq7q8BhLjA?view_as=subscriber\"]}]}<\/script>\n<meta property=\"product:brand\" content=\"HEWLETT PACKARD ENTERPRISE\" \/>\n<meta property=\"product:price:amount\" content=\"190952\" \/>\n<meta property=\"product:price:currency\" content=\"MXN\" \/>\n<meta property=\"og:availability\" content=\"backorder\" \/>\n<meta property=\"product:availability\" content=\"available for order\" \/>\n<meta property=\"product:retailer_item_id\" content=\"P18428-B21\" \/>\n<meta property=\"product:condition\" content=\"new\" \/>\n<!-- \/ Yoast SEO plugin. -->","yoast_head_json":{"title":"[ Hewlett Packard Enterprise ] &#129351; P18428-b21 Disco Estado Solido Hpe 3.84tb Sara Ri Sff Sc Mv Ssd","description":"Compra P18428-b21 Disco Estado Solido Hpe 3.84tb Sara Ri Sff Sc Mv Ssd + Env\u00edo a domicilio + Pago seguro + Garant\u00eda","robots":{"index":"index","follow":"follow","max-snippet":"max-snippet:-1","max-image-preview":"max-image-preview:large","max-video-preview":"max-video-preview:-1"},"canonical":"https:\/\/compuviper.mx\/tienda\/producto\/hewlett-packard-enterprise-p18428-b21-disco-estado-solido-hpe-3-84tb-sara-ri-sff-sc-mv-ssd\/","og_locale":"es_MX","og_type":"article","og_title":"[ Hewlett Packard Enterprise ] &#129351; P18428-b21 Disco Estado Solido Hpe 3.84tb Sara Ri Sff Sc Mv Ssd","og_description":"Compra P18428-b21 Disco Estado Solido Hpe 3.84tb Sara Ri Sff Sc Mv Ssd + Env\u00edo a domicilio + Pago seguro + Garant\u00eda","og_url":"https:\/\/compuviper.mx\/tienda\/producto\/hewlett-packard-enterprise-p18428-b21-disco-estado-solido-hpe-3-84tb-sara-ri-sff-sc-mv-ssd\/","og_site_name":"Compuviper","article_publisher":"https:\/\/www.facebook.com\/compuviper","og_image":[{"width":200,"height":200,"url":"https:\/\/compuviper.mx\/tienda\/wp-content\/uploads\/2023\/12\/Disco-estado-solido-hpe-3.84tb-sara-ri-sff-sc-mv-ssd.jpg","type":"image\/jpeg"}],"twitter_card":"summary_large_image","twitter_misc":{"Precio":"&#36;190,952 con IVA","Availability":"On backorder"},"schema":{"@context":"https:\/\/schema.org","@graph":[{"@type":"WebPage","@id":"https:\/\/compuviper.mx\/tienda\/producto\/hewlett-packard-enterprise-p18428-b21-disco-estado-solido-hpe-3-84tb-sara-ri-sff-sc-mv-ssd\/","url":"https:\/\/compuviper.mx\/tienda\/producto\/hewlett-packard-enterprise-p18428-b21-disco-estado-solido-hpe-3-84tb-sara-ri-sff-sc-mv-ssd\/","name":"[ Hewlett Packard Enterprise ] &#129351; P18428-b21 Disco Estado Solido Hpe 3.84tb Sara Ri Sff Sc Mv Ssd","isPartOf":{"@id":"https:\/\/compuviper.mx\/tienda\/#website"},"datePublished":"2026-04-14T06:34:52+00:00","dateModified":"2026-04-14T06:34:52+00:00","description":"Compra P18428-b21 Disco Estado Solido Hpe 3.84tb Sara Ri Sff Sc Mv Ssd + Env\u00edo a domicilio + Pago seguro + Garant\u00eda","breadcrumb":{"@id":"https:\/\/compuviper.mx\/tienda\/producto\/hewlett-packard-enterprise-p18428-b21-disco-estado-solido-hpe-3-84tb-sara-ri-sff-sc-mv-ssd\/#breadcrumb"},"inLanguage":"es-MX","potentialAction":[{"@type":"ReadAction","target":["https:\/\/compuviper.mx\/tienda\/producto\/hewlett-packard-enterprise-p18428-b21-disco-estado-solido-hpe-3-84tb-sara-ri-sff-sc-mv-ssd\/"]}]},{"@type":"BreadcrumbList","@id":"https:\/\/compuviper.mx\/tienda\/producto\/hewlett-packard-enterprise-p18428-b21-disco-estado-solido-hpe-3-84tb-sara-ri-sff-sc-mv-ssd\/#breadcrumb","itemListElement":[{"@type":"ListItem","position":1,"name":"Inicio","item":"https:\/\/compuviper.mx\/tienda\/"},{"@type":"ListItem","position":2,"name":"Productos","item":"https:\/\/compuviper.mx\/tienda\/productos\/"},{"@type":"ListItem","position":3,"name":"Discos Duros","item":"https:\/\/compuviper.mx\/tienda\/categoria-producto\/discos-duros\/"},{"@type":"ListItem","position":4,"name":"Unidad De Estado Solido","item":"https:\/\/compuviper.mx\/tienda\/categoria-producto\/discos-duros\/unidad-de-estado-solido\/"},{"@type":"ListItem","position":5,"name":"Hewlett Packard Enterprise P18428-b21 Disco Estado Solido Hpe 3.84tb Sara Ri Sff Sc Mv Ssd"}]},{"@type":"WebSite","@id":"https:\/\/compuviper.mx\/tienda\/#website","url":"https:\/\/compuviper.mx\/tienda\/","name":"Compuviper","description":"Proveedor de Computadoras, Laptops, Servidores, Monitores, Puntos de Venta, Teclados,   Impresoras, T\u00f3ner, C\u00e1maras de Seguridad y m\u00e1s en tu tienda en l\u00ednea","publisher":{"@id":"https:\/\/compuviper.mx\/tienda\/#organization"},"potentialAction":[{"@type":"SearchAction","target":{"@type":"EntryPoint","urlTemplate":"https:\/\/compuviper.mx\/tienda\/?s={search_term_string}"},"query-input":"required name=search_term_string"}],"inLanguage":"es-MX"},{"@type":"Organization","@id":"https:\/\/compuviper.mx\/tienda\/#organization","name":"Compuviper","url":"https:\/\/compuviper.mx\/tienda\/","logo":{"@type":"ImageObject","inLanguage":"es-MX","@id":"https:\/\/compuviper.mx\/tienda\/#\/schema\/logo\/image\/","url":"https:\/\/compuviper.mx\/tienda\/wp-content\/uploads\/2021\/08\/Logo-Compuviper-10.png","contentUrl":"https:\/\/compuviper.mx\/tienda\/wp-content\/uploads\/2021\/08\/Logo-Compuviper-10.png","width":1000,"height":500,"caption":"Compuviper"},"image":{"@id":"https:\/\/compuviper.mx\/tienda\/#\/schema\/logo\/image\/"},"sameAs":["https:\/\/www.facebook.com\/compuviper","https:\/\/www.youtube.com\/channel\/UCf73dERp9Y3cfOq7q8BhLjA?view_as=subscriber"]}]},"product_brand":"HEWLETT PACKARD ENTERPRISE","product_price_amount":"190952","product_price_currency":"MXN","og_availability":"backorder","product_availability":"available for order","product_retailer_item_id":"P18428-B21","product_condition":"new"},"_links":{"self":[{"href":"https:\/\/compuviper.mx\/tienda\/wp-json\/wp\/v2\/product\/218594"}],"collection":[{"href":"https:\/\/compuviper.mx\/tienda\/wp-json\/wp\/v2\/product"}],"about":[{"href":"https:\/\/compuviper.mx\/tienda\/wp-json\/wp\/v2\/types\/product"}],"replies":[{"embeddable":true,"href":"https:\/\/compuviper.mx\/tienda\/wp-json\/wp\/v2\/comments?post=218594"}],"wp:featuredmedia":[{"embeddable":true,"href":"https:\/\/compuviper.mx\/tienda\/wp-json\/wp\/v2\/media\/218595"}],"wp:attachment":[{"href":"https:\/\/compuviper.mx\/tienda\/wp-json\/wp\/v2\/media?parent=218594"}],"wp:term":[{"taxonomy":"product_cat","embeddable":true,"href":"https:\/\/compuviper.mx\/tienda\/wp-json\/wp\/v2\/product_cat?post=218594"},{"taxonomy":"product_tag","embeddable":true,"href":"https:\/\/compuviper.mx\/tienda\/wp-json\/wp\/v2\/product_tag?post=218594"}],"curies":[{"name":"wp","href":"https:\/\/api.w.org\/{rel}","templated":true}]}}