{"id":218285,"date":"2026-04-18T00:40:26","date_gmt":"2026-04-18T06:40:26","guid":{"rendered":"https:\/\/compuviper.mx\/tienda\/producto\/dell-400-atkj-disco-duro-2tb-7-2k-rpm-sata-6gbps-3-5-pulgadas-hotp-lug-compatible-con-los-modelos-ser-1932-ser-1934-ser-1955-ser-1933-ser-1941-ser-1940-ser-2011\/"},"modified":"2026-04-18T00:40:26","modified_gmt":"2026-04-18T06:40:26","slug":"dell-400-atkj-disco-duro-hdd-2tb-7-2k-sata-hot-plug-incluye-caddy-para-servidores-con-chasis-de-discos-3-5-compatible-con-los-modelos-r360-t360-t560-r660xs-r760xs","status":"publish","type":"product","link":"https:\/\/compuviper.mx\/tienda\/producto\/dell-400-atkj-disco-duro-hdd-2tb-7-2k-sata-hot-plug-incluye-caddy-para-servidores-con-chasis-de-discos-3-5-compatible-con-los-modelos-r360-t360-t560-r660xs-r760xs\/","title":{"rendered":"Dell 400-atkj Disco Duro  () Hdd 2tb 7.2k\/ Sata\/ Hot Plug\/ Incluye Caddy Para Servidores Con Chasis De Discos 3.5 . Compatible Con Los Modelos R360, T360, T560, R660xs, R760xs"},"content":{"rendered":"<table class=\"descripcion\">\n<tr>\n<td>Especificaciones t\u00e9cnicas<\/td>\n<\/tr>\n<tr>\n<td>General<\/td>\n<\/tr>\n<tr>\n<td>Tipo de dispositivo hard drive &#8211; hot-swap<\/td>\n<\/tr>\n<tr>\n<td>Capacidad 2 tb<\/td>\n<\/tr>\n<tr>\n<td>Factor de forma 3.5<\/td>\n<\/tr>\n<tr>\n<td>Interfaz sata 6gb\/s<\/td>\n<\/tr>\n<tr>\n<td>Caracteristicas advanced format 512n<\/td>\n<\/tr>\n<tr>\n<td>Velocidad de transferencia de la unidad 600 mbps (external)<\/td>\n<\/tr>\n<tr>\n<td>Eje de velocidad 7200 rpm<\/td>\n<\/tr>\n<\/table>\n","protected":false},"excerpt":{"rendered":"<p>Aumente la capacidad de almacenamiento de su sistema dell con disco duro de 2 tb de dell. Cuenta con una capacidad de almacenamiento de hasta 1 tb, lo que permite a los usuarios almacenar grandes cantidades de datos. Con la interfaz serial ata, este disco duro ofrece una velocidad de transferencia de datos mejorada de hasta 6 gbps<\/p>\n","protected":false},"featured_media":218286,"comment_status":"open","ping_status":"open","template":"","meta":[],"product_cat":[1703,1704],"product_tag":[1537],"acf":[],"yoast_head":"<!-- This site is optimized with the Yoast SEO plugin v21.7 - https:\/\/yoast.com\/wordpress\/plugins\/seo\/ -->\n<title>[ Dell ] &#129351; 400-atkj Disco Duro () Hdd 2tb 7.2k\/ Sata\/ Hot Plug\/ Incluye Caddy Para Servidores Con Chasis De Discos 3.5 . Compatible Con Los Modelos R360, T360, T560, R660xs, R760xs<\/title>\n<meta name=\"description\" content=\"Compra 400-atkj Disco Duro () Hdd 2tb 7.2k\/ Sata\/ Hot Plug\/ Incluye Caddy Para Servidores Con Chasis De Discos 3.5 . Compatible Con Los Modelos R360, T360, T560, R660xs, R760xs + Env\u00edo a domicilio + Pago seguro + Garant\u00eda\" \/>\n<meta name=\"robots\" content=\"index, follow, max-snippet:-1, max-image-preview:large, max-video-preview:-1\" \/>\n<link rel=\"canonical\" href=\"https:\/\/compuviper.mx\/tienda\/producto\/dell-400-atkj-disco-duro-hdd-2tb-7-2k-sata-hot-plug-incluye-caddy-para-servidores-con-chasis-de-discos-3-5-compatible-con-los-modelos-r360-t360-t560-r660xs-r760xs\/\" \/>\n<meta property=\"og:locale\" content=\"es_MX\" \/>\n<meta property=\"og:type\" content=\"article\" \/>\n<meta property=\"og:title\" content=\"[ Dell ] &#129351; 400-atkj Disco Duro () Hdd 2tb 7.2k\/ Sata\/ Hot Plug\/ Incluye Caddy Para Servidores Con Chasis De Discos 3.5 . Compatible Con Los Modelos R360, T360, T560, R660xs, R760xs\" \/>\n<meta property=\"og:description\" content=\"Compra 400-atkj Disco Duro () Hdd 2tb 7.2k\/ Sata\/ Hot Plug\/ Incluye Caddy Para Servidores Con Chasis De Discos 3.5 . Compatible Con Los Modelos R360, T360, T560, R660xs, R760xs + Env\u00edo a domicilio + Pago seguro + Garant\u00eda\" \/>\n<meta property=\"og:url\" content=\"https:\/\/compuviper.mx\/tienda\/producto\/dell-400-atkj-disco-duro-hdd-2tb-7-2k-sata-hot-plug-incluye-caddy-para-servidores-con-chasis-de-discos-3-5-compatible-con-los-modelos-r360-t360-t560-r660xs-r760xs\/\" \/>\n<meta property=\"og:site_name\" content=\"Compuviper\" \/>\n<meta property=\"article:publisher\" content=\"https:\/\/www.facebook.com\/compuviper\" \/>\n<meta property=\"og:image\" content=\"https:\/\/compuviper.mx\/tienda\/wp-content\/uploads\/2023\/12\/Disco-duro-dell-400-atkj-2tb-7.2k-rpm-sata-6gbps-3.5-pulgadas-hotp-lug-compatible-con-los-modelos-ser-1932-ser-1934-ser-1955-ser-1933-ser-1941-ser-1940-ser-2011.jpg\" \/>\n\t<meta property=\"og:image:width\" content=\"200\" \/>\n\t<meta property=\"og:image:height\" content=\"200\" \/>\n\t<meta property=\"og:image:type\" content=\"image\/jpeg\" \/>\n<meta name=\"twitter:card\" content=\"summary_large_image\" \/>\n<meta name=\"twitter:label1\" content=\"Precio\" \/>\n\t<meta name=\"twitter:data1\" content=\"&#36;3,154 con IVA\" \/>\n\t<meta name=\"twitter:label2\" content=\"Availability\" \/>\n\t<meta name=\"twitter:data2\" content=\"In stock\" \/>\n<script type=\"application\/ld+json\" class=\"yoast-schema-graph\">{\"@context\":\"https:\/\/schema.org\",\"@graph\":[{\"@type\":\"WebPage\",\"@id\":\"https:\/\/compuviper.mx\/tienda\/producto\/dell-400-atkj-disco-duro-hdd-2tb-7-2k-sata-hot-plug-incluye-caddy-para-servidores-con-chasis-de-discos-3-5-compatible-con-los-modelos-r360-t360-t560-r660xs-r760xs\/\",\"url\":\"https:\/\/compuviper.mx\/tienda\/producto\/dell-400-atkj-disco-duro-hdd-2tb-7-2k-sata-hot-plug-incluye-caddy-para-servidores-con-chasis-de-discos-3-5-compatible-con-los-modelos-r360-t360-t560-r660xs-r760xs\/\",\"name\":\"[ Dell ] &#129351; 400-atkj Disco Duro () Hdd 2tb 7.2k\/ Sata\/ Hot Plug\/ Incluye Caddy Para Servidores Con Chasis De Discos 3.5 . Compatible Con Los Modelos R360, T360, T560, R660xs, R760xs\",\"isPartOf\":{\"@id\":\"https:\/\/compuviper.mx\/tienda\/#website\"},\"datePublished\":\"2026-04-18T06:40:26+00:00\",\"dateModified\":\"2026-04-18T06:40:26+00:00\",\"description\":\"Compra 400-atkj Disco Duro () Hdd 2tb 7.2k\/ Sata\/ Hot Plug\/ Incluye Caddy Para Servidores Con Chasis De Discos 3.5 . Compatible Con Los Modelos R360, T360, T560, R660xs, R760xs + Env\u00edo a domicilio + Pago seguro + Garant\u00eda\",\"breadcrumb\":{\"@id\":\"https:\/\/compuviper.mx\/tienda\/producto\/dell-400-atkj-disco-duro-hdd-2tb-7-2k-sata-hot-plug-incluye-caddy-para-servidores-con-chasis-de-discos-3-5-compatible-con-los-modelos-r360-t360-t560-r660xs-r760xs\/#breadcrumb\"},\"inLanguage\":\"es-MX\",\"potentialAction\":[{\"@type\":\"ReadAction\",\"target\":[\"https:\/\/compuviper.mx\/tienda\/producto\/dell-400-atkj-disco-duro-hdd-2tb-7-2k-sata-hot-plug-incluye-caddy-para-servidores-con-chasis-de-discos-3-5-compatible-con-los-modelos-r360-t360-t560-r660xs-r760xs\/\"]}]},{\"@type\":\"BreadcrumbList\",\"@id\":\"https:\/\/compuviper.mx\/tienda\/producto\/dell-400-atkj-disco-duro-hdd-2tb-7-2k-sata-hot-plug-incluye-caddy-para-servidores-con-chasis-de-discos-3-5-compatible-con-los-modelos-r360-t360-t560-r660xs-r760xs\/#breadcrumb\",\"itemListElement\":[{\"@type\":\"ListItem\",\"position\":1,\"name\":\"Inicio\",\"item\":\"https:\/\/compuviper.mx\/tienda\/\"},{\"@type\":\"ListItem\",\"position\":2,\"name\":\"Productos\",\"item\":\"https:\/\/compuviper.mx\/tienda\/productos\/\"},{\"@type\":\"ListItem\",\"position\":3,\"name\":\"Discos Duros\",\"item\":\"https:\/\/compuviper.mx\/tienda\/categoria-producto\/discos-duros\/\"},{\"@type\":\"ListItem\",\"position\":4,\"name\":\"Sin Categor\u00eda\",\"item\":\"https:\/\/compuviper.mx\/tienda\/categoria-producto\/discos-duros\/sin-categoria-discos-duros\/\"},{\"@type\":\"ListItem\",\"position\":5,\"name\":\"Dell 400-atkj Disco Duro () Hdd 2tb 7.2k\/ Sata\/ Hot Plug\/ Incluye Caddy Para Servidores Con Chasis De Discos 3.5 . Compatible Con Los Modelos R360, T360, T560, R660xs, R760xs\"}]},{\"@type\":\"WebSite\",\"@id\":\"https:\/\/compuviper.mx\/tienda\/#website\",\"url\":\"https:\/\/compuviper.mx\/tienda\/\",\"name\":\"Compuviper\",\"description\":\"Proveedor de Computadoras, Laptops, Servidores, Monitores, Puntos de Venta, Teclados,   Impresoras, T\u00f3ner, C\u00e1maras de Seguridad y m\u00e1s en tu tienda en l\u00ednea\",\"publisher\":{\"@id\":\"https:\/\/compuviper.mx\/tienda\/#organization\"},\"potentialAction\":[{\"@type\":\"SearchAction\",\"target\":{\"@type\":\"EntryPoint\",\"urlTemplate\":\"https:\/\/compuviper.mx\/tienda\/?s={search_term_string}\"},\"query-input\":\"required name=search_term_string\"}],\"inLanguage\":\"es-MX\"},{\"@type\":\"Organization\",\"@id\":\"https:\/\/compuviper.mx\/tienda\/#organization\",\"name\":\"Compuviper\",\"url\":\"https:\/\/compuviper.mx\/tienda\/\",\"logo\":{\"@type\":\"ImageObject\",\"inLanguage\":\"es-MX\",\"@id\":\"https:\/\/compuviper.mx\/tienda\/#\/schema\/logo\/image\/\",\"url\":\"https:\/\/compuviper.mx\/tienda\/wp-content\/uploads\/2021\/08\/Logo-Compuviper-10.png\",\"contentUrl\":\"https:\/\/compuviper.mx\/tienda\/wp-content\/uploads\/2021\/08\/Logo-Compuviper-10.png\",\"width\":1000,\"height\":500,\"caption\":\"Compuviper\"},\"image\":{\"@id\":\"https:\/\/compuviper.mx\/tienda\/#\/schema\/logo\/image\/\"},\"sameAs\":[\"https:\/\/www.facebook.com\/compuviper\",\"https:\/\/www.youtube.com\/channel\/UCf73dERp9Y3cfOq7q8BhLjA?view_as=subscriber\"]}]}<\/script>\n<meta property=\"product:brand\" content=\"DELL\" \/>\n<meta property=\"product:price:amount\" content=\"3154\" \/>\n<meta property=\"product:price:currency\" content=\"MXN\" \/>\n<meta property=\"og:availability\" content=\"instock\" \/>\n<meta property=\"product:availability\" content=\"instock\" \/>\n<meta property=\"product:retailer_item_id\" content=\"400-ATKJ\" \/>\n<meta property=\"product:condition\" content=\"new\" \/>\n<!-- \/ Yoast SEO plugin. -->","yoast_head_json":{"title":"[ Dell ] &#129351; 400-atkj Disco Duro () Hdd 2tb 7.2k\/ Sata\/ Hot Plug\/ Incluye Caddy Para Servidores Con Chasis De Discos 3.5 . Compatible Con Los Modelos R360, T360, T560, R660xs, R760xs","description":"Compra 400-atkj Disco Duro () Hdd 2tb 7.2k\/ Sata\/ Hot Plug\/ Incluye Caddy Para Servidores Con Chasis De Discos 3.5 . Compatible Con Los Modelos R360, T360, T560, R660xs, R760xs + Env\u00edo a domicilio + Pago seguro + Garant\u00eda","robots":{"index":"index","follow":"follow","max-snippet":"max-snippet:-1","max-image-preview":"max-image-preview:large","max-video-preview":"max-video-preview:-1"},"canonical":"https:\/\/compuviper.mx\/tienda\/producto\/dell-400-atkj-disco-duro-hdd-2tb-7-2k-sata-hot-plug-incluye-caddy-para-servidores-con-chasis-de-discos-3-5-compatible-con-los-modelos-r360-t360-t560-r660xs-r760xs\/","og_locale":"es_MX","og_type":"article","og_title":"[ Dell ] &#129351; 400-atkj Disco Duro () Hdd 2tb 7.2k\/ Sata\/ Hot Plug\/ Incluye Caddy Para Servidores Con Chasis De Discos 3.5 . Compatible Con Los Modelos R360, T360, T560, R660xs, R760xs","og_description":"Compra 400-atkj Disco Duro () Hdd 2tb 7.2k\/ Sata\/ Hot Plug\/ Incluye Caddy Para Servidores Con Chasis De Discos 3.5 . Compatible Con Los Modelos R360, T360, T560, R660xs, R760xs + Env\u00edo a domicilio + Pago seguro + Garant\u00eda","og_url":"https:\/\/compuviper.mx\/tienda\/producto\/dell-400-atkj-disco-duro-hdd-2tb-7-2k-sata-hot-plug-incluye-caddy-para-servidores-con-chasis-de-discos-3-5-compatible-con-los-modelos-r360-t360-t560-r660xs-r760xs\/","og_site_name":"Compuviper","article_publisher":"https:\/\/www.facebook.com\/compuviper","og_image":[{"width":200,"height":200,"url":"https:\/\/compuviper.mx\/tienda\/wp-content\/uploads\/2023\/12\/Disco-duro-dell-400-atkj-2tb-7.2k-rpm-sata-6gbps-3.5-pulgadas-hotp-lug-compatible-con-los-modelos-ser-1932-ser-1934-ser-1955-ser-1933-ser-1941-ser-1940-ser-2011.jpg","type":"image\/jpeg"}],"twitter_card":"summary_large_image","twitter_misc":{"Precio":"&#36;3,154 con IVA","Availability":"In stock"},"schema":{"@context":"https:\/\/schema.org","@graph":[{"@type":"WebPage","@id":"https:\/\/compuviper.mx\/tienda\/producto\/dell-400-atkj-disco-duro-hdd-2tb-7-2k-sata-hot-plug-incluye-caddy-para-servidores-con-chasis-de-discos-3-5-compatible-con-los-modelos-r360-t360-t560-r660xs-r760xs\/","url":"https:\/\/compuviper.mx\/tienda\/producto\/dell-400-atkj-disco-duro-hdd-2tb-7-2k-sata-hot-plug-incluye-caddy-para-servidores-con-chasis-de-discos-3-5-compatible-con-los-modelos-r360-t360-t560-r660xs-r760xs\/","name":"[ Dell ] &#129351; 400-atkj Disco Duro () Hdd 2tb 7.2k\/ Sata\/ Hot Plug\/ Incluye Caddy Para Servidores Con Chasis De Discos 3.5 . Compatible Con Los Modelos R360, T360, T560, R660xs, R760xs","isPartOf":{"@id":"https:\/\/compuviper.mx\/tienda\/#website"},"datePublished":"2026-04-18T06:40:26+00:00","dateModified":"2026-04-18T06:40:26+00:00","description":"Compra 400-atkj Disco Duro () Hdd 2tb 7.2k\/ Sata\/ Hot Plug\/ Incluye Caddy Para Servidores Con Chasis De Discos 3.5 . Compatible Con Los Modelos R360, T360, T560, R660xs, R760xs + Env\u00edo a domicilio + Pago seguro + Garant\u00eda","breadcrumb":{"@id":"https:\/\/compuviper.mx\/tienda\/producto\/dell-400-atkj-disco-duro-hdd-2tb-7-2k-sata-hot-plug-incluye-caddy-para-servidores-con-chasis-de-discos-3-5-compatible-con-los-modelos-r360-t360-t560-r660xs-r760xs\/#breadcrumb"},"inLanguage":"es-MX","potentialAction":[{"@type":"ReadAction","target":["https:\/\/compuviper.mx\/tienda\/producto\/dell-400-atkj-disco-duro-hdd-2tb-7-2k-sata-hot-plug-incluye-caddy-para-servidores-con-chasis-de-discos-3-5-compatible-con-los-modelos-r360-t360-t560-r660xs-r760xs\/"]}]},{"@type":"BreadcrumbList","@id":"https:\/\/compuviper.mx\/tienda\/producto\/dell-400-atkj-disco-duro-hdd-2tb-7-2k-sata-hot-plug-incluye-caddy-para-servidores-con-chasis-de-discos-3-5-compatible-con-los-modelos-r360-t360-t560-r660xs-r760xs\/#breadcrumb","itemListElement":[{"@type":"ListItem","position":1,"name":"Inicio","item":"https:\/\/compuviper.mx\/tienda\/"},{"@type":"ListItem","position":2,"name":"Productos","item":"https:\/\/compuviper.mx\/tienda\/productos\/"},{"@type":"ListItem","position":3,"name":"Discos Duros","item":"https:\/\/compuviper.mx\/tienda\/categoria-producto\/discos-duros\/"},{"@type":"ListItem","position":4,"name":"Sin Categor\u00eda","item":"https:\/\/compuviper.mx\/tienda\/categoria-producto\/discos-duros\/sin-categoria-discos-duros\/"},{"@type":"ListItem","position":5,"name":"Dell 400-atkj Disco Duro () Hdd 2tb 7.2k\/ Sata\/ Hot Plug\/ Incluye Caddy Para Servidores Con Chasis De Discos 3.5 . Compatible Con Los Modelos R360, T360, T560, R660xs, R760xs"}]},{"@type":"WebSite","@id":"https:\/\/compuviper.mx\/tienda\/#website","url":"https:\/\/compuviper.mx\/tienda\/","name":"Compuviper","description":"Proveedor de Computadoras, Laptops, Servidores, Monitores, Puntos de Venta, Teclados,   Impresoras, T\u00f3ner, C\u00e1maras de Seguridad y m\u00e1s en tu tienda en l\u00ednea","publisher":{"@id":"https:\/\/compuviper.mx\/tienda\/#organization"},"potentialAction":[{"@type":"SearchAction","target":{"@type":"EntryPoint","urlTemplate":"https:\/\/compuviper.mx\/tienda\/?s={search_term_string}"},"query-input":"required name=search_term_string"}],"inLanguage":"es-MX"},{"@type":"Organization","@id":"https:\/\/compuviper.mx\/tienda\/#organization","name":"Compuviper","url":"https:\/\/compuviper.mx\/tienda\/","logo":{"@type":"ImageObject","inLanguage":"es-MX","@id":"https:\/\/compuviper.mx\/tienda\/#\/schema\/logo\/image\/","url":"https:\/\/compuviper.mx\/tienda\/wp-content\/uploads\/2021\/08\/Logo-Compuviper-10.png","contentUrl":"https:\/\/compuviper.mx\/tienda\/wp-content\/uploads\/2021\/08\/Logo-Compuviper-10.png","width":1000,"height":500,"caption":"Compuviper"},"image":{"@id":"https:\/\/compuviper.mx\/tienda\/#\/schema\/logo\/image\/"},"sameAs":["https:\/\/www.facebook.com\/compuviper","https:\/\/www.youtube.com\/channel\/UCf73dERp9Y3cfOq7q8BhLjA?view_as=subscriber"]}]},"product_brand":"DELL","product_price_amount":"3154","product_price_currency":"MXN","og_availability":"instock","product_availability":"instock","product_retailer_item_id":"400-ATKJ","product_condition":"new"},"_links":{"self":[{"href":"https:\/\/compuviper.mx\/tienda\/wp-json\/wp\/v2\/product\/218285"}],"collection":[{"href":"https:\/\/compuviper.mx\/tienda\/wp-json\/wp\/v2\/product"}],"about":[{"href":"https:\/\/compuviper.mx\/tienda\/wp-json\/wp\/v2\/types\/product"}],"replies":[{"embeddable":true,"href":"https:\/\/compuviper.mx\/tienda\/wp-json\/wp\/v2\/comments?post=218285"}],"wp:featuredmedia":[{"embeddable":true,"href":"https:\/\/compuviper.mx\/tienda\/wp-json\/wp\/v2\/media\/218286"}],"wp:attachment":[{"href":"https:\/\/compuviper.mx\/tienda\/wp-json\/wp\/v2\/media?parent=218285"}],"wp:term":[{"taxonomy":"product_cat","embeddable":true,"href":"https:\/\/compuviper.mx\/tienda\/wp-json\/wp\/v2\/product_cat?post=218285"},{"taxonomy":"product_tag","embeddable":true,"href":"https:\/\/compuviper.mx\/tienda\/wp-json\/wp\/v2\/product_tag?post=218285"}],"curies":[{"name":"wp","href":"https:\/\/api.w.org\/{rel}","templated":true}]}}