{"id":218047,"date":"2026-04-07T00:32:39","date_gmt":"2026-04-07T06:32:39","guid":{"rendered":"https:\/\/compuviper.mx\/tienda\/producto\/cyberpower-ec850lcd-no-break-ups-modo-eco-ahorrador-850-va-510-watts-3-aos-de-garanta-en-pila-y-equipo\/"},"modified":"2026-04-07T00:32:39","modified_gmt":"2026-04-07T06:32:39","slug":"cyberpower-ec850lcd-no-break-ups-modo-eco-ahorrador-850-va-510-watts-3-aos-de-garanta-en-pila-y-equipo","status":"publish","type":"product","link":"https:\/\/compuviper.mx\/tienda\/producto\/cyberpower-ec850lcd-no-break-ups-modo-eco-ahorrador-850-va-510-watts-3-aos-de-garanta-en-pila-y-equipo\/","title":{"rendered":"Cyberpower Ec850lcd No Break \/ Ups  Modo Eco Ahorrador 850 Va 510 Watts 3 A?os De Garanta En Pila Y Equipo"},"content":{"rendered":"<table class=\"descripcion\">\n<tr>\n<td>Especificaciones ec850lcd<\/td>\n<\/tr>\n<tr>\n<td>General<\/td>\n<\/tr>\n<tr>\n<td>Topologia ups standby (no cuenta con regulador)<\/td>\n<\/tr>\n<tr>\n<td>Ahorro de energia greenpower ups<\/td>\n<\/tr>\n<tr>\n<td>Certificacion energy star<\/td>\n<\/tr>\n<tr>\n<td>Entrada<\/td>\n<\/tr>\n<tr>\n<td>Voltaje 96vac &#8211; 140vac<\/td>\n<\/tr>\n<tr>\n<td>Frecuencia 47hz &#8211; 63hz<\/td>\n<\/tr>\n<tr>\n<td>Tipo de enchufe nema 5-15p \/ anguelo recto<\/td>\n<\/tr>\n<tr>\n<td>Longitud del cable 1.52 cm<\/td>\n<\/tr>\n<tr>\n<td>Salida<\/td>\n<\/tr>\n<tr>\n<td>850 va<\/td>\n<\/tr>\n<tr>\n<td>510 watts<\/td>\n<\/tr>\n<tr>\n<td>Voltaje de salida en bateria 120vac +\/- 5%<\/td>\n<\/tr>\n<tr>\n<td>Frequencia de salida en bateria 50\/60hz +\/- 1% (auto sensible)<\/td>\n<\/tr>\n<tr>\n<td>Forma de onda en bateria onda senoidal simulada<\/td>\n<\/tr>\n<tr>\n<td>Tipo de contactos nema 5-15r<\/td>\n<\/tr>\n<tr>\n<td>Numero de contactos \u0096 12<\/td>\n<\/tr>\n<tr>\n<td>Numero de contactos eco \u0096 3<\/td>\n<\/tr>\n<tr>\n<td>Contactos con bateria y supresor de picos \u0096 4<\/td>\n<\/tr>\n<tr>\n<td>Contactos con supresor de picos \u0096 4<\/td>\n<\/tr>\n<tr>\n<td>Contactos con espacio \u0096 4<\/td>\n<\/tr>\n<tr>\n<td>Proteccion contra sobrecarga disyuntor termico<\/td>\n<\/tr>\n<tr>\n<td>Tiempo de transferencia \u0096 4ms<\/td>\n<\/tr>\n<tr>\n<td>Bateria<\/td>\n<\/tr>\n<tr>\n<td>Tiempo de respaldo media carga \u0096 6 minutos \/ plena carga 1 minuto<\/td>\n<\/tr>\n<tr>\n<td>Tiempo de recarga tipico \u0096 8 horas<\/td>\n<\/tr>\n<tr>\n<td>Supresion de picos y filtrado<\/td>\n<\/tr>\n<tr>\n<td>Supresor de picos \u0096 526 joules<\/td>\n<\/tr>\n<tr>\n<td>Supresor en rj11 \u0096 una entrada, una salida<\/td>\n<\/tr>\n<tr>\n<td>Filtrado emi\/rfi \u0096 si<\/td>\n<\/tr>\n<tr>\n<td>Administracion y comunicacion<\/td>\n<\/tr>\n<tr>\n<td>Puerto de comunicacion \u0096 usb<\/td>\n<\/tr>\n<tr>\n<td>Leds indicadores \u0096 encendido, eco encendido\/apagado<\/td>\n<\/tr>\n<tr>\n<td>Alarmas audibles \u0096 en bateria, bateria baja, sobrecarga<\/td>\n<\/tr>\n<tr>\n<td>Software powerpanel personal edition<\/td>\n<\/tr>\n<tr>\n<td>Dimensiones fisicas<\/td>\n<\/tr>\n<tr>\n<td>Gabinete compacto<\/td>\n<\/tr>\n<tr>\n<td>Dimensiones (alto x ancho x fondo) \u0096 30.9 x 7.8 x 17.8 cm<\/td>\n<\/tr>\n<tr>\n<td>Peso \u0096 3.4 kg<\/td>\n<\/tr>\n<tr>\n<td>Seguridad y conformidad<\/td>\n<\/tr>\n<tr>\n<td>Temperatura de operacion \u0096 0 grados c a 40  grados c<\/td>\n<\/tr>\n<tr>\n<td>Humedad de operacion \u0096 0% &#8211; 95% sin condensacion<\/td>\n<\/tr>\n<tr>\n<td>Certificaciones<\/td>\n<\/tr>\n<tr>\n<td>Certificaciones \u0096 ul1778, cul 107.3, fcc doc class b, nom rohs<\/td>\n<\/tr>\n<tr>\n<td>Garantia<\/td>\n<\/tr>\n<tr>\n<td>Garant\u00eda del producto 3 anos en baterias y componentes<\/td>\n<\/tr>\n<\/table>\n","protected":false},"excerpt":{"rendered":"<p>Ups (no breaks) standby (no cuentan con regulador). Configuracion compacto. Disenados para nivel de entrada, rango medio y sistemas de pc. Tomas con modo eco. Proteccion linea telefonica (rj11) red (\/rj45). Software de administracion  powerpanel personal edition. 3 anos de garantia.<\/p>\n","protected":false},"featured_media":218048,"comment_status":"open","ping_status":"open","template":"","meta":[],"product_cat":[1508,1691],"product_tag":[1692],"acf":[],"yoast_head":"<!-- This site is optimized with the Yoast SEO plugin v21.7 - https:\/\/yoast.com\/wordpress\/plugins\/seo\/ -->\n<title>[ Cyberpower ] &#129351; Ec850lcd No Break \/ Ups Modo Eco Ahorrador 850 Va 510 Watts 3 A\u00f1os De Garanta En Pila Y Equipo<\/title>\n<meta name=\"description\" content=\"Compra Ec850lcd No Break \/ Ups Modo Eco Ahorrador 850 Va 510 Watts 3 A\u00f1os De Garanta En Pila Y Equipo + Env\u00edo a domicilio + Pago seguro + Garant\u00eda\" \/>\n<meta name=\"robots\" content=\"index, follow, max-snippet:-1, max-image-preview:large, max-video-preview:-1\" \/>\n<link rel=\"canonical\" href=\"https:\/\/compuviper.mx\/tienda\/producto\/cyberpower-ec850lcd-no-break-ups-modo-eco-ahorrador-850-va-510-watts-3-aos-de-garanta-en-pila-y-equipo\/\" \/>\n<meta property=\"og:locale\" content=\"es_MX\" \/>\n<meta property=\"og:type\" content=\"article\" \/>\n<meta property=\"og:title\" content=\"[ Cyberpower ] &#129351; Ec850lcd No Break \/ Ups Modo Eco Ahorrador 850 Va 510 Watts 3 A\u00f1os De Garanta En Pila Y Equipo\" \/>\n<meta property=\"og:description\" content=\"Compra Ec850lcd No Break \/ Ups Modo Eco Ahorrador 850 Va 510 Watts 3 A\u00f1os De Garanta En Pila Y Equipo + Env\u00edo a domicilio + Pago seguro + Garant\u00eda\" \/>\n<meta property=\"og:url\" content=\"https:\/\/compuviper.mx\/tienda\/producto\/cyberpower-ec850lcd-no-break-ups-modo-eco-ahorrador-850-va-510-watts-3-aos-de-garanta-en-pila-y-equipo\/\" \/>\n<meta property=\"og:site_name\" content=\"Compuviper\" \/>\n<meta property=\"article:publisher\" content=\"https:\/\/www.facebook.com\/compuviper\" \/>\n<meta property=\"og:image\" content=\"https:\/\/compuviper.mx\/tienda\/wp-content\/uploads\/2023\/12\/No-break-ups-cyberpower-modo-eco-ahorrador-850-va-510-watts-3-anos-de-garanta-en-pila-y-equipo.jpg\" \/>\n\t<meta property=\"og:image:width\" content=\"200\" \/>\n\t<meta property=\"og:image:height\" content=\"200\" \/>\n\t<meta property=\"og:image:type\" content=\"image\/jpeg\" \/>\n<meta name=\"twitter:card\" content=\"summary_large_image\" \/>\n<meta name=\"twitter:label1\" content=\"Precio\" \/>\n\t<meta name=\"twitter:data1\" content=\"&#36;2,654 con IVA\" \/>\n\t<meta name=\"twitter:label2\" content=\"Availability\" \/>\n\t<meta name=\"twitter:data2\" content=\"Out of stock\" \/>\n<script type=\"application\/ld+json\" class=\"yoast-schema-graph\">{\"@context\":\"https:\/\/schema.org\",\"@graph\":[{\"@type\":\"WebPage\",\"@id\":\"https:\/\/compuviper.mx\/tienda\/producto\/cyberpower-ec850lcd-no-break-ups-modo-eco-ahorrador-850-va-510-watts-3-aos-de-garanta-en-pila-y-equipo\/\",\"url\":\"https:\/\/compuviper.mx\/tienda\/producto\/cyberpower-ec850lcd-no-break-ups-modo-eco-ahorrador-850-va-510-watts-3-aos-de-garanta-en-pila-y-equipo\/\",\"name\":\"[ Cyberpower ] &#129351; Ec850lcd No Break \/ Ups Modo Eco Ahorrador 850 Va 510 Watts 3 A\u00f1os De Garanta En Pila Y Equipo\",\"isPartOf\":{\"@id\":\"https:\/\/compuviper.mx\/tienda\/#website\"},\"datePublished\":\"2026-04-07T06:32:39+00:00\",\"dateModified\":\"2026-04-07T06:32:39+00:00\",\"description\":\"Compra Ec850lcd No Break \/ Ups Modo Eco Ahorrador 850 Va 510 Watts 3 A\u00f1os De Garanta En Pila Y Equipo + Env\u00edo a domicilio + Pago seguro + Garant\u00eda\",\"breadcrumb\":{\"@id\":\"https:\/\/compuviper.mx\/tienda\/producto\/cyberpower-ec850lcd-no-break-ups-modo-eco-ahorrador-850-va-510-watts-3-aos-de-garanta-en-pila-y-equipo\/#breadcrumb\"},\"inLanguage\":\"es-MX\",\"potentialAction\":[{\"@type\":\"ReadAction\",\"target\":[\"https:\/\/compuviper.mx\/tienda\/producto\/cyberpower-ec850lcd-no-break-ups-modo-eco-ahorrador-850-va-510-watts-3-aos-de-garanta-en-pila-y-equipo\/\"]}]},{\"@type\":\"BreadcrumbList\",\"@id\":\"https:\/\/compuviper.mx\/tienda\/producto\/cyberpower-ec850lcd-no-break-ups-modo-eco-ahorrador-850-va-510-watts-3-aos-de-garanta-en-pila-y-equipo\/#breadcrumb\",\"itemListElement\":[{\"@type\":\"ListItem\",\"position\":1,\"name\":\"Inicio\",\"item\":\"https:\/\/compuviper.mx\/tienda\/\"},{\"@type\":\"ListItem\",\"position\":2,\"name\":\"Productos\",\"item\":\"https:\/\/compuviper.mx\/tienda\/productos\/\"},{\"@type\":\"ListItem\",\"position\":3,\"name\":\"Energia\",\"item\":\"https:\/\/compuviper.mx\/tienda\/categoria-producto\/energia\/\"},{\"@type\":\"ListItem\",\"position\":4,\"name\":\"No Break\",\"item\":\"https:\/\/compuviper.mx\/tienda\/categoria-producto\/energia\/no-break\/\"},{\"@type\":\"ListItem\",\"position\":5,\"name\":\"Cyberpower Ec850lcd No Break \/ Ups Modo Eco Ahorrador 850 Va 510 Watts 3 A?os De Garanta En Pila Y Equipo\"}]},{\"@type\":\"WebSite\",\"@id\":\"https:\/\/compuviper.mx\/tienda\/#website\",\"url\":\"https:\/\/compuviper.mx\/tienda\/\",\"name\":\"Compuviper\",\"description\":\"Proveedor de Computadoras, Laptops, Servidores, Monitores, Puntos de Venta, Teclados,   Impresoras, T\u00f3ner, C\u00e1maras de Seguridad y m\u00e1s en tu tienda en l\u00ednea\",\"publisher\":{\"@id\":\"https:\/\/compuviper.mx\/tienda\/#organization\"},\"potentialAction\":[{\"@type\":\"SearchAction\",\"target\":{\"@type\":\"EntryPoint\",\"urlTemplate\":\"https:\/\/compuviper.mx\/tienda\/?s={search_term_string}\"},\"query-input\":\"required name=search_term_string\"}],\"inLanguage\":\"es-MX\"},{\"@type\":\"Organization\",\"@id\":\"https:\/\/compuviper.mx\/tienda\/#organization\",\"name\":\"Compuviper\",\"url\":\"https:\/\/compuviper.mx\/tienda\/\",\"logo\":{\"@type\":\"ImageObject\",\"inLanguage\":\"es-MX\",\"@id\":\"https:\/\/compuviper.mx\/tienda\/#\/schema\/logo\/image\/\",\"url\":\"https:\/\/compuviper.mx\/tienda\/wp-content\/uploads\/2021\/08\/Logo-Compuviper-10.png\",\"contentUrl\":\"https:\/\/compuviper.mx\/tienda\/wp-content\/uploads\/2021\/08\/Logo-Compuviper-10.png\",\"width\":1000,\"height\":500,\"caption\":\"Compuviper\"},\"image\":{\"@id\":\"https:\/\/compuviper.mx\/tienda\/#\/schema\/logo\/image\/\"},\"sameAs\":[\"https:\/\/www.facebook.com\/compuviper\",\"https:\/\/www.youtube.com\/channel\/UCf73dERp9Y3cfOq7q8BhLjA?view_as=subscriber\"]}]}<\/script>\n<meta property=\"product:brand\" content=\"CYBERPOWER\" \/>\n<meta property=\"product:price:amount\" content=\"2654\" \/>\n<meta property=\"product:price:currency\" content=\"MXN\" \/>\n<meta property=\"og:availability\" content=\"out of stock\" \/>\n<meta property=\"product:availability\" content=\"out of stock\" \/>\n<meta property=\"product:retailer_item_id\" content=\"EC850LCD\" \/>\n<meta property=\"product:condition\" content=\"new\" \/>\n<!-- \/ Yoast SEO plugin. -->","yoast_head_json":{"title":"[ Cyberpower ] &#129351; Ec850lcd No Break \/ Ups Modo Eco Ahorrador 850 Va 510 Watts 3 A\u00f1os De Garanta En Pila Y Equipo","description":"Compra Ec850lcd No Break \/ Ups Modo Eco Ahorrador 850 Va 510 Watts 3 A\u00f1os De Garanta En Pila Y Equipo + Env\u00edo a domicilio + Pago seguro + Garant\u00eda","robots":{"index":"index","follow":"follow","max-snippet":"max-snippet:-1","max-image-preview":"max-image-preview:large","max-video-preview":"max-video-preview:-1"},"canonical":"https:\/\/compuviper.mx\/tienda\/producto\/cyberpower-ec850lcd-no-break-ups-modo-eco-ahorrador-850-va-510-watts-3-aos-de-garanta-en-pila-y-equipo\/","og_locale":"es_MX","og_type":"article","og_title":"[ Cyberpower ] &#129351; Ec850lcd No Break \/ Ups Modo Eco Ahorrador 850 Va 510 Watts 3 A\u00f1os De Garanta En Pila Y Equipo","og_description":"Compra Ec850lcd No Break \/ Ups Modo Eco Ahorrador 850 Va 510 Watts 3 A\u00f1os De Garanta En Pila Y Equipo + Env\u00edo a domicilio + Pago seguro + Garant\u00eda","og_url":"https:\/\/compuviper.mx\/tienda\/producto\/cyberpower-ec850lcd-no-break-ups-modo-eco-ahorrador-850-va-510-watts-3-aos-de-garanta-en-pila-y-equipo\/","og_site_name":"Compuviper","article_publisher":"https:\/\/www.facebook.com\/compuviper","og_image":[{"width":200,"height":200,"url":"https:\/\/compuviper.mx\/tienda\/wp-content\/uploads\/2023\/12\/No-break-ups-cyberpower-modo-eco-ahorrador-850-va-510-watts-3-anos-de-garanta-en-pila-y-equipo.jpg","type":"image\/jpeg"}],"twitter_card":"summary_large_image","twitter_misc":{"Precio":"&#36;2,654 con IVA","Availability":"Out of stock"},"schema":{"@context":"https:\/\/schema.org","@graph":[{"@type":"WebPage","@id":"https:\/\/compuviper.mx\/tienda\/producto\/cyberpower-ec850lcd-no-break-ups-modo-eco-ahorrador-850-va-510-watts-3-aos-de-garanta-en-pila-y-equipo\/","url":"https:\/\/compuviper.mx\/tienda\/producto\/cyberpower-ec850lcd-no-break-ups-modo-eco-ahorrador-850-va-510-watts-3-aos-de-garanta-en-pila-y-equipo\/","name":"[ Cyberpower ] &#129351; Ec850lcd No Break \/ Ups Modo Eco Ahorrador 850 Va 510 Watts 3 A\u00f1os De Garanta En Pila Y Equipo","isPartOf":{"@id":"https:\/\/compuviper.mx\/tienda\/#website"},"datePublished":"2026-04-07T06:32:39+00:00","dateModified":"2026-04-07T06:32:39+00:00","description":"Compra Ec850lcd No Break \/ Ups Modo Eco Ahorrador 850 Va 510 Watts 3 A\u00f1os De Garanta En Pila Y Equipo + Env\u00edo a domicilio + Pago seguro + Garant\u00eda","breadcrumb":{"@id":"https:\/\/compuviper.mx\/tienda\/producto\/cyberpower-ec850lcd-no-break-ups-modo-eco-ahorrador-850-va-510-watts-3-aos-de-garanta-en-pila-y-equipo\/#breadcrumb"},"inLanguage":"es-MX","potentialAction":[{"@type":"ReadAction","target":["https:\/\/compuviper.mx\/tienda\/producto\/cyberpower-ec850lcd-no-break-ups-modo-eco-ahorrador-850-va-510-watts-3-aos-de-garanta-en-pila-y-equipo\/"]}]},{"@type":"BreadcrumbList","@id":"https:\/\/compuviper.mx\/tienda\/producto\/cyberpower-ec850lcd-no-break-ups-modo-eco-ahorrador-850-va-510-watts-3-aos-de-garanta-en-pila-y-equipo\/#breadcrumb","itemListElement":[{"@type":"ListItem","position":1,"name":"Inicio","item":"https:\/\/compuviper.mx\/tienda\/"},{"@type":"ListItem","position":2,"name":"Productos","item":"https:\/\/compuviper.mx\/tienda\/productos\/"},{"@type":"ListItem","position":3,"name":"Energia","item":"https:\/\/compuviper.mx\/tienda\/categoria-producto\/energia\/"},{"@type":"ListItem","position":4,"name":"No Break","item":"https:\/\/compuviper.mx\/tienda\/categoria-producto\/energia\/no-break\/"},{"@type":"ListItem","position":5,"name":"Cyberpower Ec850lcd No Break \/ Ups Modo Eco Ahorrador 850 Va 510 Watts 3 A?os De Garanta En Pila Y Equipo"}]},{"@type":"WebSite","@id":"https:\/\/compuviper.mx\/tienda\/#website","url":"https:\/\/compuviper.mx\/tienda\/","name":"Compuviper","description":"Proveedor de Computadoras, Laptops, Servidores, Monitores, Puntos de Venta, Teclados,   Impresoras, T\u00f3ner, C\u00e1maras de Seguridad y m\u00e1s en tu tienda en l\u00ednea","publisher":{"@id":"https:\/\/compuviper.mx\/tienda\/#organization"},"potentialAction":[{"@type":"SearchAction","target":{"@type":"EntryPoint","urlTemplate":"https:\/\/compuviper.mx\/tienda\/?s={search_term_string}"},"query-input":"required name=search_term_string"}],"inLanguage":"es-MX"},{"@type":"Organization","@id":"https:\/\/compuviper.mx\/tienda\/#organization","name":"Compuviper","url":"https:\/\/compuviper.mx\/tienda\/","logo":{"@type":"ImageObject","inLanguage":"es-MX","@id":"https:\/\/compuviper.mx\/tienda\/#\/schema\/logo\/image\/","url":"https:\/\/compuviper.mx\/tienda\/wp-content\/uploads\/2021\/08\/Logo-Compuviper-10.png","contentUrl":"https:\/\/compuviper.mx\/tienda\/wp-content\/uploads\/2021\/08\/Logo-Compuviper-10.png","width":1000,"height":500,"caption":"Compuviper"},"image":{"@id":"https:\/\/compuviper.mx\/tienda\/#\/schema\/logo\/image\/"},"sameAs":["https:\/\/www.facebook.com\/compuviper","https:\/\/www.youtube.com\/channel\/UCf73dERp9Y3cfOq7q8BhLjA?view_as=subscriber"]}]},"product_brand":"CYBERPOWER","product_price_amount":"2654","product_price_currency":"MXN","og_availability":"out of stock","product_availability":"out of stock","product_retailer_item_id":"EC850LCD","product_condition":"new"},"_links":{"self":[{"href":"https:\/\/compuviper.mx\/tienda\/wp-json\/wp\/v2\/product\/218047"}],"collection":[{"href":"https:\/\/compuviper.mx\/tienda\/wp-json\/wp\/v2\/product"}],"about":[{"href":"https:\/\/compuviper.mx\/tienda\/wp-json\/wp\/v2\/types\/product"}],"replies":[{"embeddable":true,"href":"https:\/\/compuviper.mx\/tienda\/wp-json\/wp\/v2\/comments?post=218047"}],"wp:featuredmedia":[{"embeddable":true,"href":"https:\/\/compuviper.mx\/tienda\/wp-json\/wp\/v2\/media\/218048"}],"wp:attachment":[{"href":"https:\/\/compuviper.mx\/tienda\/wp-json\/wp\/v2\/media?parent=218047"}],"wp:term":[{"taxonomy":"product_cat","embeddable":true,"href":"https:\/\/compuviper.mx\/tienda\/wp-json\/wp\/v2\/product_cat?post=218047"},{"taxonomy":"product_tag","embeddable":true,"href":"https:\/\/compuviper.mx\/tienda\/wp-json\/wp\/v2\/product_tag?post=218047"}],"curies":[{"name":"wp","href":"https:\/\/api.w.org\/{rel}","templated":true}]}}