{"id":218035,"date":"2026-04-17T00:36:36","date_gmt":"2026-04-17T06:36:36","guid":{"rendered":"https:\/\/compuviper.mx\/tienda\/producto\/complet-eri-5-050-no-break-modelo-con-regulador-y-supresor-integrado-mt-1005-1000-va-500w-respaldo-18-mins-carga-media-8-mins-carga-maxima-8-contactos-garanta-60-meses-24-en-baterias\/"},"modified":"2026-04-17T00:36:36","modified_gmt":"2026-04-17T06:36:36","slug":"complet-eri-5-050-no-break-modelo-con-regulador-y-supresor-integrado-mt-1005-1000-va-500w-respaldo-18-mins-carga-media-8-mins-carga-maxima-8-contactos-garanta-60-meses-24-en-baterias","status":"publish","type":"product","link":"https:\/\/compuviper.mx\/tienda\/producto\/complet-eri-5-050-no-break-modelo-con-regulador-y-supresor-integrado-mt-1005-1000-va-500w-respaldo-18-mins-carga-media-8-mins-carga-maxima-8-contactos-garanta-60-meses-24-en-baterias\/","title":{"rendered":"Complet Eri-5-050 No Break Modelo   Con Regulador Y Supresor Integrado Mt 1005, 1000 Va \/ 500w Respaldo 18 Mins Carga Media \/ 8 Mins Carga Maxima 8 Contactos. Garanta 60 Meses (24 En Baterias)"},"content":{"rendered":"<table class=\"descripcion\">\n<tr>\n<td>Especificaciones t\u00e9cnicas de no break complet mt1005<\/td>\n<\/tr>\n<tr>\n<td>Numero de parte eri-5-050<\/td>\n<\/tr>\n<tr>\n<td>Potencia en l\u00ednea y en respaldo 1000va \/ 500w<\/td>\n<\/tr>\n<tr>\n<td>Voltaje de entrada sin entrar a modo de bater\u00eda \/ respaldo (vca) 90-145<\/td>\n<\/tr>\n<tr>\n<td>Frecuencia de entrada (hz) 60+-10%<\/td>\n<\/tr>\n<tr>\n<td>Consumo interno 300 ma<\/td>\n<\/tr>\n<tr>\n<td>Voltaje de salida en l\u00ednea vca (de 100-145 vca voltaje de salida) 120+-7%<\/td>\n<\/tr>\n<tr>\n<td>Voltaje de salida en respaldo vca (cuasisenoidal). 120 5 % +-<\/td>\n<\/tr>\n<tr>\n<td>Frecuencia de salida en modo de respaldo (hz). 60 0,5 % +-<\/td>\n<\/tr>\n<tr>\n<td>Tiempo m\u00e1ximo de transferencia. 2 milisegundos<\/td>\n<\/tr>\n<tr>\n<td>Especificaciones de bater\u00eda. 1 x 12v x 9.0 ah<\/td>\n<\/tr>\n<tr>\n<td>Regulador integrado. si<\/td>\n<\/tr>\n<tr>\n<td>Tiempo m\u00e1ximo de respaldo a *configuraci\u00f3n  tipica 29 minutos<\/td>\n<\/tr>\n<tr>\n<td>Tiempo de respaldo carga max\/med. 2 \/ 9  minutos<\/td>\n<\/tr>\n<tr>\n<td>Tiempo de recarga de la bater\u00eda al 90%. 6 horas<\/td>\n<\/tr>\n<tr>\n<td>Supresor de picos el\u00e9ctricos. 504 joule<\/td>\n<\/tr>\n<tr>\n<td>Protector t\u00e9rmico contra sobrecargas reestablecible. 5 a<\/td>\n<\/tr>\n<tr>\n<td>Protecci\u00f3n de sobrecarga en respaldo. si<\/td>\n<\/tr>\n<tr>\n<td>Indicadores visibles (l\u00ednea, respaldo). si<\/td>\n<\/tr>\n<tr>\n<td>Indicadores audibles (encendido, respaldo, regreso a la l\u00ednea, bater\u00eda por agotar, sobrecarga). si<\/td>\n<\/tr>\n<tr>\n<td>Contactos traseros tipo nema 5-15r (respaldan, regulan y suprimen picos indistintamente) 4<\/td>\n<\/tr>\n<tr>\n<td>Contactos traseros tipo nema 5-15r (suprimen picos indistintamente). 4<\/td>\n<\/tr>\n<tr>\n<td>Dimensiones ancho- alto &#8211; largo, sin empaque. 12,2 cm x 19,3 cm x 25 cm<\/td>\n<\/tr>\n<tr>\n<td>Peso (kg). 5.60<\/td>\n<\/tr>\n<tr>\n<td>Garant\u00eda total. 60 meses.<\/td>\n<\/tr>\n<\/table>\n","protected":false},"excerpt":{"rendered":"<p>La nueva familia de no break complet mt1005 dise\u00f1ada para proteger equipos de computo,equipos electronicos,videojuegos sistemas de seguridad, etc, son equipos de gran capacidad y alta calidad aun costo justo, es sentir la confianza de tener protegidos sus apartos.<\/p>\n","protected":false},"featured_media":218036,"comment_status":"open","ping_status":"open","template":"","meta":[],"product_cat":[1508,1691],"product_tag":[1697],"acf":[],"yoast_head":"<!-- This site is optimized with the Yoast SEO plugin v21.7 - https:\/\/yoast.com\/wordpress\/plugins\/seo\/ -->\n<title>[ Complet ] &#129351; Eri-5-050 No Break Modelo Con Regulador Y Supresor Integrado Mt 1005, 1000 Va \/ 500w Respaldo 18 Mins Carga Media \/ 8 Mins Carga Maxima 8 Contactos. Garanta 60 Meses (24 En Baterias)<\/title>\n<meta name=\"description\" content=\"Compra Eri-5-050 No Break Modelo Con Regulador Y Supresor Integrado Mt 1005, 1000 Va \/ 500w Respaldo 18 Mins Carga Media \/ 8 Mins Carga Maxima 8 Contactos. Garanta 60 Meses (24 En Baterias) + Env\u00edo a domicilio + Pago seguro + Garant\u00eda\" \/>\n<meta name=\"robots\" content=\"index, follow, max-snippet:-1, max-image-preview:large, max-video-preview:-1\" \/>\n<link rel=\"canonical\" href=\"https:\/\/compuviper.mx\/tienda\/producto\/complet-eri-5-050-no-break-modelo-con-regulador-y-supresor-integrado-mt-1005-1000-va-500w-respaldo-18-mins-carga-media-8-mins-carga-maxima-8-contactos-garanta-60-meses-24-en-baterias\/\" \/>\n<meta property=\"og:locale\" content=\"es_MX\" \/>\n<meta property=\"og:type\" content=\"article\" \/>\n<meta property=\"og:title\" content=\"[ Complet ] &#129351; Eri-5-050 No Break Modelo Con Regulador Y Supresor Integrado Mt 1005, 1000 Va \/ 500w Respaldo 18 Mins Carga Media \/ 8 Mins Carga Maxima 8 Contactos. Garanta 60 Meses (24 En Baterias)\" \/>\n<meta property=\"og:description\" content=\"Compra Eri-5-050 No Break Modelo Con Regulador Y Supresor Integrado Mt 1005, 1000 Va \/ 500w Respaldo 18 Mins Carga Media \/ 8 Mins Carga Maxima 8 Contactos. Garanta 60 Meses (24 En Baterias) + Env\u00edo a domicilio + Pago seguro + Garant\u00eda\" \/>\n<meta property=\"og:url\" content=\"https:\/\/compuviper.mx\/tienda\/producto\/complet-eri-5-050-no-break-modelo-con-regulador-y-supresor-integrado-mt-1005-1000-va-500w-respaldo-18-mins-carga-media-8-mins-carga-maxima-8-contactos-garanta-60-meses-24-en-baterias\/\" \/>\n<meta property=\"og:site_name\" content=\"Compuviper\" \/>\n<meta property=\"article:publisher\" content=\"https:\/\/www.facebook.com\/compuviper\" \/>\n<meta property=\"og:image\" content=\"https:\/\/compuviper.mx\/tienda\/wp-content\/uploads\/2023\/12\/No-break-modelo-complet-eri-5-050-con-regulador-y-supresor-integrado-mt-1005-1000-va-500w-respaldo-18-mins-carga-media-8-mins-carga-maxima-8-contactos.-garanta-60-meses-24-en-baterias.jpg\" \/>\n\t<meta property=\"og:image:width\" content=\"200\" \/>\n\t<meta property=\"og:image:height\" content=\"200\" \/>\n\t<meta property=\"og:image:type\" content=\"image\/jpeg\" \/>\n<meta name=\"twitter:card\" content=\"summary_large_image\" \/>\n<meta name=\"twitter:label1\" content=\"Precio\" \/>\n\t<meta name=\"twitter:data1\" content=\"&#36;1,302 con IVA\" \/>\n\t<meta name=\"twitter:label2\" content=\"Availability\" \/>\n\t<meta name=\"twitter:data2\" content=\"Out of stock\" \/>\n<script type=\"application\/ld+json\" class=\"yoast-schema-graph\">{\"@context\":\"https:\/\/schema.org\",\"@graph\":[{\"@type\":\"WebPage\",\"@id\":\"https:\/\/compuviper.mx\/tienda\/producto\/complet-eri-5-050-no-break-modelo-con-regulador-y-supresor-integrado-mt-1005-1000-va-500w-respaldo-18-mins-carga-media-8-mins-carga-maxima-8-contactos-garanta-60-meses-24-en-baterias\/\",\"url\":\"https:\/\/compuviper.mx\/tienda\/producto\/complet-eri-5-050-no-break-modelo-con-regulador-y-supresor-integrado-mt-1005-1000-va-500w-respaldo-18-mins-carga-media-8-mins-carga-maxima-8-contactos-garanta-60-meses-24-en-baterias\/\",\"name\":\"[ Complet ] &#129351; Eri-5-050 No Break Modelo Con Regulador Y Supresor Integrado Mt 1005, 1000 Va \/ 500w Respaldo 18 Mins Carga Media \/ 8 Mins Carga Maxima 8 Contactos. Garanta 60 Meses (24 En Baterias)\",\"isPartOf\":{\"@id\":\"https:\/\/compuviper.mx\/tienda\/#website\"},\"datePublished\":\"2026-04-17T06:36:36+00:00\",\"dateModified\":\"2026-04-17T06:36:36+00:00\",\"description\":\"Compra Eri-5-050 No Break Modelo Con Regulador Y Supresor Integrado Mt 1005, 1000 Va \/ 500w Respaldo 18 Mins Carga Media \/ 8 Mins Carga Maxima 8 Contactos. Garanta 60 Meses (24 En Baterias) + Env\u00edo a domicilio + Pago seguro + Garant\u00eda\",\"breadcrumb\":{\"@id\":\"https:\/\/compuviper.mx\/tienda\/producto\/complet-eri-5-050-no-break-modelo-con-regulador-y-supresor-integrado-mt-1005-1000-va-500w-respaldo-18-mins-carga-media-8-mins-carga-maxima-8-contactos-garanta-60-meses-24-en-baterias\/#breadcrumb\"},\"inLanguage\":\"es-MX\",\"potentialAction\":[{\"@type\":\"ReadAction\",\"target\":[\"https:\/\/compuviper.mx\/tienda\/producto\/complet-eri-5-050-no-break-modelo-con-regulador-y-supresor-integrado-mt-1005-1000-va-500w-respaldo-18-mins-carga-media-8-mins-carga-maxima-8-contactos-garanta-60-meses-24-en-baterias\/\"]}]},{\"@type\":\"BreadcrumbList\",\"@id\":\"https:\/\/compuviper.mx\/tienda\/producto\/complet-eri-5-050-no-break-modelo-con-regulador-y-supresor-integrado-mt-1005-1000-va-500w-respaldo-18-mins-carga-media-8-mins-carga-maxima-8-contactos-garanta-60-meses-24-en-baterias\/#breadcrumb\",\"itemListElement\":[{\"@type\":\"ListItem\",\"position\":1,\"name\":\"Inicio\",\"item\":\"https:\/\/compuviper.mx\/tienda\/\"},{\"@type\":\"ListItem\",\"position\":2,\"name\":\"Productos\",\"item\":\"https:\/\/compuviper.mx\/tienda\/productos\/\"},{\"@type\":\"ListItem\",\"position\":3,\"name\":\"Energia\",\"item\":\"https:\/\/compuviper.mx\/tienda\/categoria-producto\/energia\/\"},{\"@type\":\"ListItem\",\"position\":4,\"name\":\"No Break\",\"item\":\"https:\/\/compuviper.mx\/tienda\/categoria-producto\/energia\/no-break\/\"},{\"@type\":\"ListItem\",\"position\":5,\"name\":\"Complet Eri-5-050 No Break Modelo Con Regulador Y Supresor Integrado Mt 1005, 1000 Va \/ 500w Respaldo 18 Mins Carga Media \/ 8 Mins Carga Maxima 8 Contactos. Garanta 60 Meses (24 En Baterias)\"}]},{\"@type\":\"WebSite\",\"@id\":\"https:\/\/compuviper.mx\/tienda\/#website\",\"url\":\"https:\/\/compuviper.mx\/tienda\/\",\"name\":\"Compuviper\",\"description\":\"Proveedor de Computadoras, Laptops, Servidores, Monitores, Puntos de Venta, Teclados,   Impresoras, T\u00f3ner, C\u00e1maras de Seguridad y m\u00e1s en tu tienda en l\u00ednea\",\"publisher\":{\"@id\":\"https:\/\/compuviper.mx\/tienda\/#organization\"},\"potentialAction\":[{\"@type\":\"SearchAction\",\"target\":{\"@type\":\"EntryPoint\",\"urlTemplate\":\"https:\/\/compuviper.mx\/tienda\/?s={search_term_string}\"},\"query-input\":\"required name=search_term_string\"}],\"inLanguage\":\"es-MX\"},{\"@type\":\"Organization\",\"@id\":\"https:\/\/compuviper.mx\/tienda\/#organization\",\"name\":\"Compuviper\",\"url\":\"https:\/\/compuviper.mx\/tienda\/\",\"logo\":{\"@type\":\"ImageObject\",\"inLanguage\":\"es-MX\",\"@id\":\"https:\/\/compuviper.mx\/tienda\/#\/schema\/logo\/image\/\",\"url\":\"https:\/\/compuviper.mx\/tienda\/wp-content\/uploads\/2021\/08\/Logo-Compuviper-10.png\",\"contentUrl\":\"https:\/\/compuviper.mx\/tienda\/wp-content\/uploads\/2021\/08\/Logo-Compuviper-10.png\",\"width\":1000,\"height\":500,\"caption\":\"Compuviper\"},\"image\":{\"@id\":\"https:\/\/compuviper.mx\/tienda\/#\/schema\/logo\/image\/\"},\"sameAs\":[\"https:\/\/www.facebook.com\/compuviper\",\"https:\/\/www.youtube.com\/channel\/UCf73dERp9Y3cfOq7q8BhLjA?view_as=subscriber\"]}]}<\/script>\n<meta property=\"product:brand\" content=\"COMPLET\" \/>\n<meta property=\"product:price:amount\" content=\"1302\" \/>\n<meta property=\"product:price:currency\" content=\"MXN\" \/>\n<meta property=\"og:availability\" content=\"out of stock\" \/>\n<meta property=\"product:availability\" content=\"out of stock\" \/>\n<meta property=\"product:retailer_item_id\" content=\"ERI-5-050\" \/>\n<meta property=\"product:condition\" content=\"new\" \/>\n<!-- \/ Yoast SEO plugin. -->","yoast_head_json":{"title":"[ Complet ] &#129351; Eri-5-050 No Break Modelo Con Regulador Y Supresor Integrado Mt 1005, 1000 Va \/ 500w Respaldo 18 Mins Carga Media \/ 8 Mins Carga Maxima 8 Contactos. Garanta 60 Meses (24 En Baterias)","description":"Compra Eri-5-050 No Break Modelo Con Regulador Y Supresor Integrado Mt 1005, 1000 Va \/ 500w Respaldo 18 Mins Carga Media \/ 8 Mins Carga Maxima 8 Contactos. Garanta 60 Meses (24 En Baterias) + Env\u00edo a domicilio + Pago seguro + Garant\u00eda","robots":{"index":"index","follow":"follow","max-snippet":"max-snippet:-1","max-image-preview":"max-image-preview:large","max-video-preview":"max-video-preview:-1"},"canonical":"https:\/\/compuviper.mx\/tienda\/producto\/complet-eri-5-050-no-break-modelo-con-regulador-y-supresor-integrado-mt-1005-1000-va-500w-respaldo-18-mins-carga-media-8-mins-carga-maxima-8-contactos-garanta-60-meses-24-en-baterias\/","og_locale":"es_MX","og_type":"article","og_title":"[ Complet ] &#129351; Eri-5-050 No Break Modelo Con Regulador Y Supresor Integrado Mt 1005, 1000 Va \/ 500w Respaldo 18 Mins Carga Media \/ 8 Mins Carga Maxima 8 Contactos. Garanta 60 Meses (24 En Baterias)","og_description":"Compra Eri-5-050 No Break Modelo Con Regulador Y Supresor Integrado Mt 1005, 1000 Va \/ 500w Respaldo 18 Mins Carga Media \/ 8 Mins Carga Maxima 8 Contactos. Garanta 60 Meses (24 En Baterias) + Env\u00edo a domicilio + Pago seguro + Garant\u00eda","og_url":"https:\/\/compuviper.mx\/tienda\/producto\/complet-eri-5-050-no-break-modelo-con-regulador-y-supresor-integrado-mt-1005-1000-va-500w-respaldo-18-mins-carga-media-8-mins-carga-maxima-8-contactos-garanta-60-meses-24-en-baterias\/","og_site_name":"Compuviper","article_publisher":"https:\/\/www.facebook.com\/compuviper","og_image":[{"width":200,"height":200,"url":"https:\/\/compuviper.mx\/tienda\/wp-content\/uploads\/2023\/12\/No-break-modelo-complet-eri-5-050-con-regulador-y-supresor-integrado-mt-1005-1000-va-500w-respaldo-18-mins-carga-media-8-mins-carga-maxima-8-contactos.-garanta-60-meses-24-en-baterias.jpg","type":"image\/jpeg"}],"twitter_card":"summary_large_image","twitter_misc":{"Precio":"&#36;1,302 con IVA","Availability":"Out of stock"},"schema":{"@context":"https:\/\/schema.org","@graph":[{"@type":"WebPage","@id":"https:\/\/compuviper.mx\/tienda\/producto\/complet-eri-5-050-no-break-modelo-con-regulador-y-supresor-integrado-mt-1005-1000-va-500w-respaldo-18-mins-carga-media-8-mins-carga-maxima-8-contactos-garanta-60-meses-24-en-baterias\/","url":"https:\/\/compuviper.mx\/tienda\/producto\/complet-eri-5-050-no-break-modelo-con-regulador-y-supresor-integrado-mt-1005-1000-va-500w-respaldo-18-mins-carga-media-8-mins-carga-maxima-8-contactos-garanta-60-meses-24-en-baterias\/","name":"[ Complet ] &#129351; Eri-5-050 No Break Modelo Con Regulador Y Supresor Integrado Mt 1005, 1000 Va \/ 500w Respaldo 18 Mins Carga Media \/ 8 Mins Carga Maxima 8 Contactos. Garanta 60 Meses (24 En Baterias)","isPartOf":{"@id":"https:\/\/compuviper.mx\/tienda\/#website"},"datePublished":"2026-04-17T06:36:36+00:00","dateModified":"2026-04-17T06:36:36+00:00","description":"Compra Eri-5-050 No Break Modelo Con Regulador Y Supresor Integrado Mt 1005, 1000 Va \/ 500w Respaldo 18 Mins Carga Media \/ 8 Mins Carga Maxima 8 Contactos. Garanta 60 Meses (24 En Baterias) + Env\u00edo a domicilio + Pago seguro + Garant\u00eda","breadcrumb":{"@id":"https:\/\/compuviper.mx\/tienda\/producto\/complet-eri-5-050-no-break-modelo-con-regulador-y-supresor-integrado-mt-1005-1000-va-500w-respaldo-18-mins-carga-media-8-mins-carga-maxima-8-contactos-garanta-60-meses-24-en-baterias\/#breadcrumb"},"inLanguage":"es-MX","potentialAction":[{"@type":"ReadAction","target":["https:\/\/compuviper.mx\/tienda\/producto\/complet-eri-5-050-no-break-modelo-con-regulador-y-supresor-integrado-mt-1005-1000-va-500w-respaldo-18-mins-carga-media-8-mins-carga-maxima-8-contactos-garanta-60-meses-24-en-baterias\/"]}]},{"@type":"BreadcrumbList","@id":"https:\/\/compuviper.mx\/tienda\/producto\/complet-eri-5-050-no-break-modelo-con-regulador-y-supresor-integrado-mt-1005-1000-va-500w-respaldo-18-mins-carga-media-8-mins-carga-maxima-8-contactos-garanta-60-meses-24-en-baterias\/#breadcrumb","itemListElement":[{"@type":"ListItem","position":1,"name":"Inicio","item":"https:\/\/compuviper.mx\/tienda\/"},{"@type":"ListItem","position":2,"name":"Productos","item":"https:\/\/compuviper.mx\/tienda\/productos\/"},{"@type":"ListItem","position":3,"name":"Energia","item":"https:\/\/compuviper.mx\/tienda\/categoria-producto\/energia\/"},{"@type":"ListItem","position":4,"name":"No Break","item":"https:\/\/compuviper.mx\/tienda\/categoria-producto\/energia\/no-break\/"},{"@type":"ListItem","position":5,"name":"Complet Eri-5-050 No Break Modelo Con Regulador Y Supresor Integrado Mt 1005, 1000 Va \/ 500w Respaldo 18 Mins Carga Media \/ 8 Mins Carga Maxima 8 Contactos. Garanta 60 Meses (24 En Baterias)"}]},{"@type":"WebSite","@id":"https:\/\/compuviper.mx\/tienda\/#website","url":"https:\/\/compuviper.mx\/tienda\/","name":"Compuviper","description":"Proveedor de Computadoras, Laptops, Servidores, Monitores, Puntos de Venta, Teclados,   Impresoras, T\u00f3ner, C\u00e1maras de Seguridad y m\u00e1s en tu tienda en l\u00ednea","publisher":{"@id":"https:\/\/compuviper.mx\/tienda\/#organization"},"potentialAction":[{"@type":"SearchAction","target":{"@type":"EntryPoint","urlTemplate":"https:\/\/compuviper.mx\/tienda\/?s={search_term_string}"},"query-input":"required name=search_term_string"}],"inLanguage":"es-MX"},{"@type":"Organization","@id":"https:\/\/compuviper.mx\/tienda\/#organization","name":"Compuviper","url":"https:\/\/compuviper.mx\/tienda\/","logo":{"@type":"ImageObject","inLanguage":"es-MX","@id":"https:\/\/compuviper.mx\/tienda\/#\/schema\/logo\/image\/","url":"https:\/\/compuviper.mx\/tienda\/wp-content\/uploads\/2021\/08\/Logo-Compuviper-10.png","contentUrl":"https:\/\/compuviper.mx\/tienda\/wp-content\/uploads\/2021\/08\/Logo-Compuviper-10.png","width":1000,"height":500,"caption":"Compuviper"},"image":{"@id":"https:\/\/compuviper.mx\/tienda\/#\/schema\/logo\/image\/"},"sameAs":["https:\/\/www.facebook.com\/compuviper","https:\/\/www.youtube.com\/channel\/UCf73dERp9Y3cfOq7q8BhLjA?view_as=subscriber"]}]},"product_brand":"COMPLET","product_price_amount":"1302","product_price_currency":"MXN","og_availability":"out of stock","product_availability":"out of stock","product_retailer_item_id":"ERI-5-050","product_condition":"new"},"_links":{"self":[{"href":"https:\/\/compuviper.mx\/tienda\/wp-json\/wp\/v2\/product\/218035"}],"collection":[{"href":"https:\/\/compuviper.mx\/tienda\/wp-json\/wp\/v2\/product"}],"about":[{"href":"https:\/\/compuviper.mx\/tienda\/wp-json\/wp\/v2\/types\/product"}],"replies":[{"embeddable":true,"href":"https:\/\/compuviper.mx\/tienda\/wp-json\/wp\/v2\/comments?post=218035"}],"wp:featuredmedia":[{"embeddable":true,"href":"https:\/\/compuviper.mx\/tienda\/wp-json\/wp\/v2\/media\/218036"}],"wp:attachment":[{"href":"https:\/\/compuviper.mx\/tienda\/wp-json\/wp\/v2\/media?parent=218035"}],"wp:term":[{"taxonomy":"product_cat","embeddable":true,"href":"https:\/\/compuviper.mx\/tienda\/wp-json\/wp\/v2\/product_cat?post=218035"},{"taxonomy":"product_tag","embeddable":true,"href":"https:\/\/compuviper.mx\/tienda\/wp-json\/wp\/v2\/product_tag?post=218035"}],"curies":[{"name":"wp","href":"https:\/\/api.w.org\/{rel}","templated":true}]}}