{"id":218011,"date":"2026-04-07T00:32:30","date_gmt":"2026-04-07T06:32:30","guid":{"rendered":"https:\/\/compuviper.mx\/tienda\/producto\/cyberpower-ol10krt-no-break-10000va-10000w-online-entrada-200-240-vac-salida-200-240-vac-convertible-torre-rack-6u-3-nema-l6-20r-1-x-hardwire-3-aos-incluye-batera\/"},"modified":"2026-04-07T00:32:30","modified_gmt":"2026-04-07T06:32:30","slug":"cyberpower-ol10krt-no-break-10000va-10000w-online-entrada-200-240-vac-salida-200-240-vac-convertible-torre-rack-6u-3-nema-l6-20r-1-x-hardwire-3-aos-incluye-batera","status":"publish","type":"product","link":"https:\/\/compuviper.mx\/tienda\/producto\/cyberpower-ol10krt-no-break-10000va-10000w-online-entrada-200-240-vac-salida-200-240-vac-convertible-torre-rack-6u-3-nema-l6-20r-1-x-hardwire-3-aos-incluye-batera\/","title":{"rendered":"Cyberpower Ol10krt No Break  () 10000va \/ 10000w, Online, Entrada 200 &#8211; 240 Vac \/ Salida 200 &#8211; 240 Vac. Convertible Torre\/rack 6u, 3 ? Nema L6-20r, 1 X Hardwire 3 A?os Incluye Bater?a."},"content":{"rendered":"<table class=\"descripcion\">\n<tr>\n<td>Especificaciones ol10000rt3u<\/td>\n<\/tr>\n<tr>\n<td>General<\/td>\n<\/tr>\n<tr>\n<td>Topologia ups: doble conversion online<\/td>\n<\/tr>\n<tr>\n<td>Ahorro de energia: modo eficiencia eco 95%<\/td>\n<\/tr>\n<tr>\n<td>Entrada<\/td>\n<\/tr>\n<tr>\n<td>Voltaje: 200 \u0096 240vac<\/td>\n<\/tr>\n<tr>\n<td>Rango de frecuencia de entrada: 40hz \u0096 70hz (auto-sensible)<\/td>\n<\/tr>\n<tr>\n<td>Factor de potencia de entrada: 0.99<\/td>\n<\/tr>\n<tr>\n<td>Arranque en frio: si<\/td>\n<\/tr>\n<tr>\n<td>Proteccion de retroalimentacion: si<\/td>\n<\/tr>\n<tr>\n<td>Estilo de enchufe: hardwire<\/td>\n<\/tr>\n<tr>\n<td>Largo del cordon: n\/a<\/td>\n<\/tr>\n<tr>\n<td>Salida<\/td>\n<\/tr>\n<tr>\n<td>Va: 10,000 (10 kva)<\/td>\n<\/tr>\n<tr>\n<td>Watts: 9,000 (9 kw)<\/td>\n<\/tr>\n<tr>\n<td>Forma de onda en bateria onda senoidal<\/td>\n<\/tr>\n<tr>\n<td>Voltaje en bateria: 200, 208, 220, 230, 240vac (configurable) \u00b12%<\/td>\n<\/tr>\n<tr>\n<td>Frecuencia en bateria: 50\/60hz (autosensible o configurable) \u00b10.25hz<\/td>\n<\/tr>\n<tr>\n<td>Factor de potencia: 0.9<\/td>\n<\/tr>\n<tr>\n<td>Distorsion armonica thd   3% a carga lineal,   5% sin carga lineal<\/td>\n<\/tr>\n<tr>\n<td>Factor de cresta: 3:1<\/td>\n<\/tr>\n<tr>\n<td>Modo de regulacion de voltaje eco \u00b110%, \u00b115% (configurable)<\/td>\n<\/tr>\n<tr>\n<td>Total de tomas: 4<\/td>\n<\/tr>\n<tr>\n<td>Tipo de tomas: nema l6-30r (3), bloque terminal (1)<\/td>\n<\/tr>\n<tr>\n<td>Bypass: bypass interno (automatico y manual)<\/td>\n<\/tr>\n<tr>\n<td>Tiempo de transferencia: 0 ms<\/td>\n<\/tr>\n<tr>\n<td>Proteccion de picos y filtros<\/td>\n<\/tr>\n<tr>\n<td>Supresion de picos: proteccion de picos grado de red<\/td>\n<\/tr>\n<tr>\n<td>Tel \/ proteccion de red rj11\/rj45: 1-entrada \/ 1-salida<\/td>\n<\/tr>\n<tr>\n<td>Filtracion: emi\/rfi si<\/td>\n<\/tr>\n<tr>\n<td>Bateria<\/td>\n<\/tr>\n<tr>\n<td>Respaldo a media carga (min.): 11<\/td>\n<\/tr>\n<tr>\n<td>Respaldo a carga completa (min.): 4<\/td>\n<\/tr>\n<tr>\n<td>Tipo de bateria: acido de plomo sellada<\/td>\n<\/tr>\n<tr>\n<td>Tamano de bateria: 12v\/9.0ah<\/td>\n<\/tr>\n<tr>\n<td>Cantidad de baterias: 20<\/td>\n<\/tr>\n<tr>\n<td>Reemplazable por el usuario: si<\/td>\n<\/tr>\n<tr>\n<td>Cambio en uso o en caliente: si<\/td>\n<\/tr>\n<tr>\n<td>Tiempo de carga tipico 5 horas<\/td>\n<\/tr>\n<tr>\n<td>Modo de administracion de bateria inteligente: si<\/td>\n<\/tr>\n<tr>\n<td>Opcion de modulo de bateria expandible: bp240v50art3u<\/td>\n<\/tr>\n<tr>\n<td>Reemplazo de bateria rb1290x20<\/td>\n<\/tr>\n<tr>\n<td>Administracion y comunicaciones<\/td>\n<\/tr>\n<tr>\n<td>Panel de control lcd: el panel de control lcd permite a los usuarios checar 38 ajustes diferentes u opciones de estatus via menu del ups, menu de ajuste del ups y menus de pruebas. refierase a la guia de funciones de ajuste en el boton recursos (resources) para opciones completas.<\/td>\n<\/tr>\n<tr>\n<td>Panel de control lcd removible: si &#8211; requiere un cable por separado db26 (dos puertos &#8211; frente\/atras)<\/td>\n<\/tr>\n<tr>\n<td>Puerto hid usb si<\/td>\n<\/tr>\n<tr>\n<td>Puerto serial: si<\/td>\n<\/tr>\n<tr>\n<td>Puerto epo: si<\/td>\n<\/tr>\n<tr>\n<td>Contactos en seco: si<\/td>\n<\/tr>\n<tr>\n<td>Cable de administracion: cable usb, cable serial, linea telefonica<\/td>\n<\/tr>\n<tr>\n<td>Indicadores led: encendido (azul ), modo linea (verde), modo bateria (amarillo), modo bypass (amarillo), falla (rojo), reemplazar bateria (rojo)<\/td>\n<\/tr>\n<tr>\n<td>Alarmas audibles: modo bateria, bateria baja, sobrecarga, falla de ups, reemplazo de bateria<\/td>\n<\/tr>\n<tr>\n<td>Administracion y comunicaciones (continuacion)<\/td>\n<\/tr>\n<tr>\n<td>Software powerpanel: business edition<\/td>\n<\/tr>\n<tr>\n<td>Monitoreo remoto snmp \/ http: si &#8211; opcional rmcard302<\/td>\n<\/tr>\n<tr>\n<td>Fisico<\/td>\n<\/tr>\n<tr>\n<td>Factor de forma: rack \/ torre convertible (lcd rotable)<\/td>\n<\/tr>\n<tr>\n<td>Modulo de energia y modulo de bateria<\/td>\n<\/tr>\n<tr>\n<td>Dimensiones (ancho x alto x fondo): 17 x 10.5 x 26 (pulgadas)<\/td>\n<\/tr>\n<tr>\n<td>Dimensiones (ancho x alto x fondo): 433 x 264 x 660 (mm.)<\/td>\n<\/tr>\n<tr>\n<td>Peso (lbs.): 226.6<\/td>\n<\/tr>\n<tr>\n<td>Peso (kg.): 103<\/td>\n<\/tr>\n<tr>\n<td>Alto de rack instalado: 6u<\/td>\n<\/tr>\n<tr>\n<td>Construccion de encierro: metal<\/td>\n<\/tr>\n<tr>\n<td>Partes de montaje incluidas: si<\/td>\n<\/tr>\n<tr>\n<td>Ambiente<\/td>\n<\/tr>\n<tr>\n<td>Temperatura de operacion: 32 \u00b0f to 104 \u00b0f, 0\u00b0c to 40 \u00b0c<\/td>\n<\/tr>\n<tr>\n<td>Humedad de operacion: 0% \u0096 90% sin condensacion<\/td>\n<\/tr>\n<tr>\n<td>Elevacion de operacion: 0 \u0096 10000 pies 0 \u0096 3000 metros<\/td>\n<\/tr>\n<tr>\n<td>Temperatura de almacenaje: 5 \u0096 113 \u00b0f (-15 \u0096 45 \u00b0c)<\/td>\n<\/tr>\n<tr>\n<td>Humedad relativa de almacenaje: 0% \u0096 95% non condensing<\/td>\n<\/tr>\n<tr>\n<td>Elevacion de almacenaje 0 \u0096 50000 pies, 0 \u0096 15000 metros<\/td>\n<\/tr>\n<tr>\n<td>Ruido audible a 1.5mt de distancia de la superficie del ups: 55 dba<\/td>\n<\/tr>\n<tr>\n<td>Disipacion termica online: 3412 btu\/hr<\/td>\n<\/tr>\n<tr>\n<td>Certificaciones<\/td>\n<\/tr>\n<tr>\n<td>Certificaciones: ul1778, csa c22.2, no.107.3-05, fcc doc class a, nom<\/td>\n<\/tr>\n<tr>\n<td>Rohs: si<\/td>\n<\/tr>\n<tr>\n<td>Garantia del producto: 3 anos<\/td>\n<\/tr>\n<\/table>\n","protected":false},"excerpt":{"rendered":"<p>La familia smart app online esta disenada para salvaguardar sistemas de mision critica que requieren proteccion de energia de onda senoidal pura. Con doble conversion online y cero tiempo de transferencia los ups smart app online entregan energia consistente y limpia con onda senoidal pura para los equipos de red corporativos. Paquetes de baterias adicionales disponibles. Capacidad de administracion remota http\/snmp. Software de administracion powerpanel business edition. Gabinete de metal solido. 3 anos de garantia.<\/p>\n","protected":false},"featured_media":218012,"comment_status":"open","ping_status":"open","template":"","meta":[],"product_cat":[1508,1691],"product_tag":[1692],"acf":[],"yoast_head":"<!-- This site is optimized with the Yoast SEO plugin v21.7 - https:\/\/yoast.com\/wordpress\/plugins\/seo\/ -->\n<title>[ Cyberpower ] &#129351; Ol10krt No Break () 10000va \/ 10000w, Online, Entrada 200 - 240 Vac \/ Salida 200 - 240 Vac. Convertible Torre\/rack 6u, 3 \u00d7 Nema L6-20r, 1 X Hardwire 3 A\u00f1os Incluye Bater\u00eda.<\/title>\n<meta name=\"description\" content=\"Compra Ol10krt No Break () 10000va \/ 10000w, Online, Entrada 200 - 240 Vac \/ Salida 200 - 240 Vac. Convertible Torre\/rack 6u, 3 \u00d7 Nema L6-20r, 1 X Hardwire 3 A\u00f1os Incluye Bater\u00eda. + Env\u00edo a domicilio + Pago seguro + Garant\u00eda\" \/>\n<meta name=\"robots\" content=\"index, follow, max-snippet:-1, max-image-preview:large, max-video-preview:-1\" \/>\n<link rel=\"canonical\" href=\"https:\/\/compuviper.mx\/tienda\/producto\/cyberpower-ol10krt-no-break-10000va-10000w-online-entrada-200-240-vac-salida-200-240-vac-convertible-torre-rack-6u-3-nema-l6-20r-1-x-hardwire-3-aos-incluye-batera\/\" \/>\n<meta property=\"og:locale\" content=\"es_MX\" \/>\n<meta property=\"og:type\" content=\"article\" \/>\n<meta property=\"og:title\" content=\"[ Cyberpower ] &#129351; Ol10krt No Break () 10000va \/ 10000w, Online, Entrada 200 - 240 Vac \/ Salida 200 - 240 Vac. Convertible Torre\/rack 6u, 3 \u00d7 Nema L6-20r, 1 X Hardwire 3 A\u00f1os Incluye Bater\u00eda.\" \/>\n<meta property=\"og:description\" content=\"Compra Ol10krt No Break () 10000va \/ 10000w, Online, Entrada 200 - 240 Vac \/ Salida 200 - 240 Vac. Convertible Torre\/rack 6u, 3 \u00d7 Nema L6-20r, 1 X Hardwire 3 A\u00f1os Incluye Bater\u00eda. + Env\u00edo a domicilio + Pago seguro + Garant\u00eda\" \/>\n<meta property=\"og:url\" content=\"https:\/\/compuviper.mx\/tienda\/producto\/cyberpower-ol10krt-no-break-10000va-10000w-online-entrada-200-240-vac-salida-200-240-vac-convertible-torre-rack-6u-3-nema-l6-20r-1-x-hardwire-3-aos-incluye-batera\/\" \/>\n<meta property=\"og:site_name\" content=\"Compuviper\" \/>\n<meta property=\"article:publisher\" content=\"https:\/\/www.facebook.com\/compuviper\" \/>\n<meta property=\"og:image\" content=\"https:\/\/compuviper.mx\/tienda\/wp-content\/uploads\/2023\/12\/No-break-cyberpower-ol10krt-10000va-10000w-online-entrada-200-240-vac-salida-200-240-vac.-convertible-torrerack-6u-3-\u00d7-nema-l6-20r-1-x-hardwire-3-anos-incluye-bateria.jpg\" \/>\n\t<meta property=\"og:image:width\" content=\"200\" \/>\n\t<meta property=\"og:image:height\" content=\"200\" \/>\n\t<meta property=\"og:image:type\" content=\"image\/jpeg\" \/>\n<meta name=\"twitter:card\" content=\"summary_large_image\" \/>\n<meta name=\"twitter:label1\" content=\"Precio\" \/>\n\t<meta name=\"twitter:data1\" content=\"&#36;112,768 con IVA\" \/>\n\t<meta name=\"twitter:label2\" content=\"Availability\" \/>\n\t<meta name=\"twitter:data2\" content=\"On backorder\" \/>\n<script type=\"application\/ld+json\" class=\"yoast-schema-graph\">{\"@context\":\"https:\/\/schema.org\",\"@graph\":[{\"@type\":\"WebPage\",\"@id\":\"https:\/\/compuviper.mx\/tienda\/producto\/cyberpower-ol10krt-no-break-10000va-10000w-online-entrada-200-240-vac-salida-200-240-vac-convertible-torre-rack-6u-3-nema-l6-20r-1-x-hardwire-3-aos-incluye-batera\/\",\"url\":\"https:\/\/compuviper.mx\/tienda\/producto\/cyberpower-ol10krt-no-break-10000va-10000w-online-entrada-200-240-vac-salida-200-240-vac-convertible-torre-rack-6u-3-nema-l6-20r-1-x-hardwire-3-aos-incluye-batera\/\",\"name\":\"[ Cyberpower ] &#129351; Ol10krt No Break () 10000va \/ 10000w, Online, Entrada 200 - 240 Vac \/ Salida 200 - 240 Vac. Convertible Torre\/rack 6u, 3 \u00d7 Nema L6-20r, 1 X Hardwire 3 A\u00f1os Incluye Bater\u00eda.\",\"isPartOf\":{\"@id\":\"https:\/\/compuviper.mx\/tienda\/#website\"},\"datePublished\":\"2026-04-07T06:32:30+00:00\",\"dateModified\":\"2026-04-07T06:32:30+00:00\",\"description\":\"Compra Ol10krt No Break () 10000va \/ 10000w, Online, Entrada 200 - 240 Vac \/ Salida 200 - 240 Vac. Convertible Torre\/rack 6u, 3 \u00d7 Nema L6-20r, 1 X Hardwire 3 A\u00f1os Incluye Bater\u00eda. + Env\u00edo a domicilio + Pago seguro + Garant\u00eda\",\"breadcrumb\":{\"@id\":\"https:\/\/compuviper.mx\/tienda\/producto\/cyberpower-ol10krt-no-break-10000va-10000w-online-entrada-200-240-vac-salida-200-240-vac-convertible-torre-rack-6u-3-nema-l6-20r-1-x-hardwire-3-aos-incluye-batera\/#breadcrumb\"},\"inLanguage\":\"es-MX\",\"potentialAction\":[{\"@type\":\"ReadAction\",\"target\":[\"https:\/\/compuviper.mx\/tienda\/producto\/cyberpower-ol10krt-no-break-10000va-10000w-online-entrada-200-240-vac-salida-200-240-vac-convertible-torre-rack-6u-3-nema-l6-20r-1-x-hardwire-3-aos-incluye-batera\/\"]}]},{\"@type\":\"BreadcrumbList\",\"@id\":\"https:\/\/compuviper.mx\/tienda\/producto\/cyberpower-ol10krt-no-break-10000va-10000w-online-entrada-200-240-vac-salida-200-240-vac-convertible-torre-rack-6u-3-nema-l6-20r-1-x-hardwire-3-aos-incluye-batera\/#breadcrumb\",\"itemListElement\":[{\"@type\":\"ListItem\",\"position\":1,\"name\":\"Inicio\",\"item\":\"https:\/\/compuviper.mx\/tienda\/\"},{\"@type\":\"ListItem\",\"position\":2,\"name\":\"Productos\",\"item\":\"https:\/\/compuviper.mx\/tienda\/productos\/\"},{\"@type\":\"ListItem\",\"position\":3,\"name\":\"Energia\",\"item\":\"https:\/\/compuviper.mx\/tienda\/categoria-producto\/energia\/\"},{\"@type\":\"ListItem\",\"position\":4,\"name\":\"No Break\",\"item\":\"https:\/\/compuviper.mx\/tienda\/categoria-producto\/energia\/no-break\/\"},{\"@type\":\"ListItem\",\"position\":5,\"name\":\"Cyberpower Ol10krt No Break () 10000va \/ 10000w, Online, Entrada 200 &#8211; 240 Vac \/ Salida 200 &#8211; 240 Vac. Convertible Torre\/rack 6u, 3 ? Nema L6-20r, 1 X Hardwire 3 A?os Incluye Bater?a.\"}]},{\"@type\":\"WebSite\",\"@id\":\"https:\/\/compuviper.mx\/tienda\/#website\",\"url\":\"https:\/\/compuviper.mx\/tienda\/\",\"name\":\"Compuviper\",\"description\":\"Proveedor de Computadoras, Laptops, Servidores, Monitores, Puntos de Venta, Teclados,   Impresoras, T\u00f3ner, C\u00e1maras de Seguridad y m\u00e1s en tu tienda en l\u00ednea\",\"publisher\":{\"@id\":\"https:\/\/compuviper.mx\/tienda\/#organization\"},\"potentialAction\":[{\"@type\":\"SearchAction\",\"target\":{\"@type\":\"EntryPoint\",\"urlTemplate\":\"https:\/\/compuviper.mx\/tienda\/?s={search_term_string}\"},\"query-input\":\"required name=search_term_string\"}],\"inLanguage\":\"es-MX\"},{\"@type\":\"Organization\",\"@id\":\"https:\/\/compuviper.mx\/tienda\/#organization\",\"name\":\"Compuviper\",\"url\":\"https:\/\/compuviper.mx\/tienda\/\",\"logo\":{\"@type\":\"ImageObject\",\"inLanguage\":\"es-MX\",\"@id\":\"https:\/\/compuviper.mx\/tienda\/#\/schema\/logo\/image\/\",\"url\":\"https:\/\/compuviper.mx\/tienda\/wp-content\/uploads\/2021\/08\/Logo-Compuviper-10.png\",\"contentUrl\":\"https:\/\/compuviper.mx\/tienda\/wp-content\/uploads\/2021\/08\/Logo-Compuviper-10.png\",\"width\":1000,\"height\":500,\"caption\":\"Compuviper\"},\"image\":{\"@id\":\"https:\/\/compuviper.mx\/tienda\/#\/schema\/logo\/image\/\"},\"sameAs\":[\"https:\/\/www.facebook.com\/compuviper\",\"https:\/\/www.youtube.com\/channel\/UCf73dERp9Y3cfOq7q8BhLjA?view_as=subscriber\"]}]}<\/script>\n<meta property=\"product:brand\" content=\"CYBERPOWER\" \/>\n<meta property=\"product:price:amount\" content=\"112768\" \/>\n<meta property=\"product:price:currency\" content=\"MXN\" \/>\n<meta property=\"og:availability\" content=\"backorder\" \/>\n<meta property=\"product:availability\" content=\"available for order\" \/>\n<meta property=\"product:retailer_item_id\" content=\"OL10KRT\" \/>\n<meta property=\"product:condition\" content=\"new\" \/>\n<!-- \/ Yoast SEO plugin. -->","yoast_head_json":{"title":"[ Cyberpower ] &#129351; Ol10krt No Break () 10000va \/ 10000w, Online, Entrada 200 - 240 Vac \/ Salida 200 - 240 Vac. Convertible Torre\/rack 6u, 3 \u00d7 Nema L6-20r, 1 X Hardwire 3 A\u00f1os Incluye Bater\u00eda.","description":"Compra Ol10krt No Break () 10000va \/ 10000w, Online, Entrada 200 - 240 Vac \/ Salida 200 - 240 Vac. Convertible Torre\/rack 6u, 3 \u00d7 Nema L6-20r, 1 X Hardwire 3 A\u00f1os Incluye Bater\u00eda. + Env\u00edo a domicilio + Pago seguro + Garant\u00eda","robots":{"index":"index","follow":"follow","max-snippet":"max-snippet:-1","max-image-preview":"max-image-preview:large","max-video-preview":"max-video-preview:-1"},"canonical":"https:\/\/compuviper.mx\/tienda\/producto\/cyberpower-ol10krt-no-break-10000va-10000w-online-entrada-200-240-vac-salida-200-240-vac-convertible-torre-rack-6u-3-nema-l6-20r-1-x-hardwire-3-aos-incluye-batera\/","og_locale":"es_MX","og_type":"article","og_title":"[ Cyberpower ] &#129351; Ol10krt No Break () 10000va \/ 10000w, Online, Entrada 200 - 240 Vac \/ Salida 200 - 240 Vac. Convertible Torre\/rack 6u, 3 \u00d7 Nema L6-20r, 1 X Hardwire 3 A\u00f1os Incluye Bater\u00eda.","og_description":"Compra Ol10krt No Break () 10000va \/ 10000w, Online, Entrada 200 - 240 Vac \/ Salida 200 - 240 Vac. Convertible Torre\/rack 6u, 3 \u00d7 Nema L6-20r, 1 X Hardwire 3 A\u00f1os Incluye Bater\u00eda. + Env\u00edo a domicilio + Pago seguro + Garant\u00eda","og_url":"https:\/\/compuviper.mx\/tienda\/producto\/cyberpower-ol10krt-no-break-10000va-10000w-online-entrada-200-240-vac-salida-200-240-vac-convertible-torre-rack-6u-3-nema-l6-20r-1-x-hardwire-3-aos-incluye-batera\/","og_site_name":"Compuviper","article_publisher":"https:\/\/www.facebook.com\/compuviper","og_image":[{"width":200,"height":200,"url":"https:\/\/compuviper.mx\/tienda\/wp-content\/uploads\/2023\/12\/No-break-cyberpower-ol10krt-10000va-10000w-online-entrada-200-240-vac-salida-200-240-vac.-convertible-torrerack-6u-3-\u00d7-nema-l6-20r-1-x-hardwire-3-anos-incluye-bateria.jpg","type":"image\/jpeg"}],"twitter_card":"summary_large_image","twitter_misc":{"Precio":"&#36;112,768 con IVA","Availability":"On backorder"},"schema":{"@context":"https:\/\/schema.org","@graph":[{"@type":"WebPage","@id":"https:\/\/compuviper.mx\/tienda\/producto\/cyberpower-ol10krt-no-break-10000va-10000w-online-entrada-200-240-vac-salida-200-240-vac-convertible-torre-rack-6u-3-nema-l6-20r-1-x-hardwire-3-aos-incluye-batera\/","url":"https:\/\/compuviper.mx\/tienda\/producto\/cyberpower-ol10krt-no-break-10000va-10000w-online-entrada-200-240-vac-salida-200-240-vac-convertible-torre-rack-6u-3-nema-l6-20r-1-x-hardwire-3-aos-incluye-batera\/","name":"[ Cyberpower ] &#129351; Ol10krt No Break () 10000va \/ 10000w, Online, Entrada 200 - 240 Vac \/ Salida 200 - 240 Vac. Convertible Torre\/rack 6u, 3 \u00d7 Nema L6-20r, 1 X Hardwire 3 A\u00f1os Incluye Bater\u00eda.","isPartOf":{"@id":"https:\/\/compuviper.mx\/tienda\/#website"},"datePublished":"2026-04-07T06:32:30+00:00","dateModified":"2026-04-07T06:32:30+00:00","description":"Compra Ol10krt No Break () 10000va \/ 10000w, Online, Entrada 200 - 240 Vac \/ Salida 200 - 240 Vac. Convertible Torre\/rack 6u, 3 \u00d7 Nema L6-20r, 1 X Hardwire 3 A\u00f1os Incluye Bater\u00eda. + Env\u00edo a domicilio + Pago seguro + Garant\u00eda","breadcrumb":{"@id":"https:\/\/compuviper.mx\/tienda\/producto\/cyberpower-ol10krt-no-break-10000va-10000w-online-entrada-200-240-vac-salida-200-240-vac-convertible-torre-rack-6u-3-nema-l6-20r-1-x-hardwire-3-aos-incluye-batera\/#breadcrumb"},"inLanguage":"es-MX","potentialAction":[{"@type":"ReadAction","target":["https:\/\/compuviper.mx\/tienda\/producto\/cyberpower-ol10krt-no-break-10000va-10000w-online-entrada-200-240-vac-salida-200-240-vac-convertible-torre-rack-6u-3-nema-l6-20r-1-x-hardwire-3-aos-incluye-batera\/"]}]},{"@type":"BreadcrumbList","@id":"https:\/\/compuviper.mx\/tienda\/producto\/cyberpower-ol10krt-no-break-10000va-10000w-online-entrada-200-240-vac-salida-200-240-vac-convertible-torre-rack-6u-3-nema-l6-20r-1-x-hardwire-3-aos-incluye-batera\/#breadcrumb","itemListElement":[{"@type":"ListItem","position":1,"name":"Inicio","item":"https:\/\/compuviper.mx\/tienda\/"},{"@type":"ListItem","position":2,"name":"Productos","item":"https:\/\/compuviper.mx\/tienda\/productos\/"},{"@type":"ListItem","position":3,"name":"Energia","item":"https:\/\/compuviper.mx\/tienda\/categoria-producto\/energia\/"},{"@type":"ListItem","position":4,"name":"No Break","item":"https:\/\/compuviper.mx\/tienda\/categoria-producto\/energia\/no-break\/"},{"@type":"ListItem","position":5,"name":"Cyberpower Ol10krt No Break () 10000va \/ 10000w, Online, Entrada 200 &#8211; 240 Vac \/ Salida 200 &#8211; 240 Vac. Convertible Torre\/rack 6u, 3 ? Nema L6-20r, 1 X Hardwire 3 A?os Incluye Bater?a."}]},{"@type":"WebSite","@id":"https:\/\/compuviper.mx\/tienda\/#website","url":"https:\/\/compuviper.mx\/tienda\/","name":"Compuviper","description":"Proveedor de Computadoras, Laptops, Servidores, Monitores, Puntos de Venta, Teclados,   Impresoras, T\u00f3ner, C\u00e1maras de Seguridad y m\u00e1s en tu tienda en l\u00ednea","publisher":{"@id":"https:\/\/compuviper.mx\/tienda\/#organization"},"potentialAction":[{"@type":"SearchAction","target":{"@type":"EntryPoint","urlTemplate":"https:\/\/compuviper.mx\/tienda\/?s={search_term_string}"},"query-input":"required name=search_term_string"}],"inLanguage":"es-MX"},{"@type":"Organization","@id":"https:\/\/compuviper.mx\/tienda\/#organization","name":"Compuviper","url":"https:\/\/compuviper.mx\/tienda\/","logo":{"@type":"ImageObject","inLanguage":"es-MX","@id":"https:\/\/compuviper.mx\/tienda\/#\/schema\/logo\/image\/","url":"https:\/\/compuviper.mx\/tienda\/wp-content\/uploads\/2021\/08\/Logo-Compuviper-10.png","contentUrl":"https:\/\/compuviper.mx\/tienda\/wp-content\/uploads\/2021\/08\/Logo-Compuviper-10.png","width":1000,"height":500,"caption":"Compuviper"},"image":{"@id":"https:\/\/compuviper.mx\/tienda\/#\/schema\/logo\/image\/"},"sameAs":["https:\/\/www.facebook.com\/compuviper","https:\/\/www.youtube.com\/channel\/UCf73dERp9Y3cfOq7q8BhLjA?view_as=subscriber"]}]},"product_brand":"CYBERPOWER","product_price_amount":"112768","product_price_currency":"MXN","og_availability":"backorder","product_availability":"available for order","product_retailer_item_id":"OL10KRT","product_condition":"new"},"_links":{"self":[{"href":"https:\/\/compuviper.mx\/tienda\/wp-json\/wp\/v2\/product\/218011"}],"collection":[{"href":"https:\/\/compuviper.mx\/tienda\/wp-json\/wp\/v2\/product"}],"about":[{"href":"https:\/\/compuviper.mx\/tienda\/wp-json\/wp\/v2\/types\/product"}],"replies":[{"embeddable":true,"href":"https:\/\/compuviper.mx\/tienda\/wp-json\/wp\/v2\/comments?post=218011"}],"wp:featuredmedia":[{"embeddable":true,"href":"https:\/\/compuviper.mx\/tienda\/wp-json\/wp\/v2\/media\/218012"}],"wp:attachment":[{"href":"https:\/\/compuviper.mx\/tienda\/wp-json\/wp\/v2\/media?parent=218011"}],"wp:term":[{"taxonomy":"product_cat","embeddable":true,"href":"https:\/\/compuviper.mx\/tienda\/wp-json\/wp\/v2\/product_cat?post=218011"},{"taxonomy":"product_tag","embeddable":true,"href":"https:\/\/compuviper.mx\/tienda\/wp-json\/wp\/v2\/product_tag?post=218011"}],"curies":[{"name":"wp","href":"https:\/\/api.w.org\/{rel}","templated":true}]}}