{"id":217928,"date":"2026-04-02T00:31:45","date_gmt":"2026-04-02T06:31:45","guid":{"rendered":"https:\/\/compuviper.mx\/tienda\/producto\/complet-eri-3-048-no-break-modelo-con-regulador-y-supresor-integrado-pc-3300-3300va-1650w-respaldo-80-mins-carga-media-40-mins-carga-mxima-8-contactos-garanta-60-meses-24-en-bateras\/"},"modified":"2026-04-02T00:31:45","modified_gmt":"2026-04-02T06:31:45","slug":"complet-eri-3-048-no-break-modelo-con-regulador-y-supresor-integrado-pc-3300-3300va-1650w-respaldo-80-mins-carga-media-40-mins-carga-mxima-8-contactos-garanta-60-meses-24-en-bateras","status":"publish","type":"product","link":"https:\/\/compuviper.mx\/tienda\/producto\/complet-eri-3-048-no-break-modelo-con-regulador-y-supresor-integrado-pc-3300-3300va-1650w-respaldo-80-mins-carga-media-40-mins-carga-mxima-8-contactos-garanta-60-meses-24-en-bateras\/","title":{"rendered":"Complet Eri-3-048 No Break Modelo   Con Regulador Y Supresor Integrado Pc 3300, 3300va \/ 1650w Respaldo 80 Mins Carga Media \/ 40 Mins Carga M?xima 8 Contactos. Garant?a 60 Meses (24 En Bater?as)"},"content":{"rendered":"<table class=\"descripcion\">\n<tr>\n<td>Voltaje de entrada sin entrar a modo bateria-respaldo (vca).90.145, frecuencia de entrada (hz) 60 + -10 % , consumo interno 250ma a 120vca, voltaje de salida en line vca (de 100 &#8211; 145 vca voltaje de entrada).120 7 %, voltaje de salida en respaldo vca (cuasisenoidal).120 5 %, frecuencia en modo de respaldo 60 0,5 %, tiempo maximo de transferencia.2 milisegundos, autoproteccion de bateria si, tiempo carga de bateria al 90% 6 horas, supresor de picos electricos 84 j, protector telefonico contra picos 84 j, proteccion de sobrecarga en respaldo.si, indicadores visibles (linea, respaldo, reemplazo de bateria y sobrecarga si, indicador audible (encendido, respaldo, regreso en linea y bateria por agotar si, contactos traseros tipo nema 5-15r (respaldan, regulan y suprimen picos indistintamente 8, monitoreo de estado de no break con db9, dimensiones ancho &#8211; alto &#8211; largo (cm) sin empaque 13 x 22 x 50, garantia total.24 meses.<\/td>\n<\/tr>\n<\/table>\n","protected":false},"excerpt":{"rendered":"<p>La comunicacion con sus clientes o contactos, su valiosa. Informacion, el costos de su equipo o una reparacion y sus. Tiempos muertos, ! nunca mas. . Linea pc server<\/p>\n","protected":false},"featured_media":217929,"comment_status":"open","ping_status":"open","template":"","meta":[],"product_cat":[1508,1691],"product_tag":[1697],"acf":[],"yoast_head":"<!-- This site is optimized with the Yoast SEO plugin v21.7 - https:\/\/yoast.com\/wordpress\/plugins\/seo\/ -->\n<title>[ Complet ] &#129351; Eri-3-048 No Break Modelo Con Regulador Y Supresor Integrado Pc 3300, 3300va \/ 1650w Respaldo 80 Mins Carga Media \/ 40 Mins Carga M\u00e1xima 8 Contactos. Garant\u00eda 60 Meses (24 En Bater\u00edas)<\/title>\n<meta name=\"description\" content=\"Compra Eri-3-048 No Break Modelo Con Regulador Y Supresor Integrado Pc 3300, 3300va \/ 1650w Respaldo 80 Mins Carga Media \/ 40 Mins Carga M\u00e1xima 8 Contactos. Garant\u00eda 60 Meses (24 En Bater\u00edas) + Env\u00edo a domicilio + Pago seguro + Garant\u00eda\" \/>\n<meta name=\"robots\" content=\"index, follow, max-snippet:-1, max-image-preview:large, max-video-preview:-1\" \/>\n<link rel=\"canonical\" href=\"https:\/\/compuviper.mx\/tienda\/producto\/complet-eri-3-048-no-break-modelo-con-regulador-y-supresor-integrado-pc-3300-3300va-1650w-respaldo-80-mins-carga-media-40-mins-carga-mxima-8-contactos-garanta-60-meses-24-en-bateras\/\" \/>\n<meta property=\"og:locale\" content=\"es_MX\" \/>\n<meta property=\"og:type\" content=\"article\" \/>\n<meta property=\"og:title\" content=\"[ Complet ] &#129351; Eri-3-048 No Break Modelo Con Regulador Y Supresor Integrado Pc 3300, 3300va \/ 1650w Respaldo 80 Mins Carga Media \/ 40 Mins Carga M\u00e1xima 8 Contactos. Garant\u00eda 60 Meses (24 En Bater\u00edas)\" \/>\n<meta property=\"og:description\" content=\"Compra Eri-3-048 No Break Modelo Con Regulador Y Supresor Integrado Pc 3300, 3300va \/ 1650w Respaldo 80 Mins Carga Media \/ 40 Mins Carga M\u00e1xima 8 Contactos. Garant\u00eda 60 Meses (24 En Bater\u00edas) + Env\u00edo a domicilio + Pago seguro + Garant\u00eda\" \/>\n<meta property=\"og:url\" content=\"https:\/\/compuviper.mx\/tienda\/producto\/complet-eri-3-048-no-break-modelo-con-regulador-y-supresor-integrado-pc-3300-3300va-1650w-respaldo-80-mins-carga-media-40-mins-carga-mxima-8-contactos-garanta-60-meses-24-en-bateras\/\" \/>\n<meta property=\"og:site_name\" content=\"Compuviper\" \/>\n<meta property=\"article:publisher\" content=\"https:\/\/www.facebook.com\/compuviper\" \/>\n<meta property=\"og:image\" content=\"https:\/\/compuviper.mx\/tienda\/wp-content\/uploads\/2023\/12\/No-break-modelo-complet-eri-3-048-con-regulador-y-supresor-integrado-pc-3300-3300va-1650w-respaldo-80-mins-carga-media-40-mins-carga-maxima-8-contactos.-garantia-60-meses-24-en-baterias.jpg\" \/>\n\t<meta property=\"og:image:width\" content=\"200\" \/>\n\t<meta property=\"og:image:height\" content=\"200\" \/>\n\t<meta property=\"og:image:type\" content=\"image\/jpeg\" \/>\n<meta name=\"twitter:card\" content=\"summary_large_image\" \/>\n<meta name=\"twitter:label1\" content=\"Precio\" \/>\n\t<meta name=\"twitter:data1\" content=\"&#36;4,796 con IVA\" \/>\n\t<meta name=\"twitter:label2\" content=\"Availability\" \/>\n\t<meta name=\"twitter:data2\" content=\"Out of stock\" \/>\n<script type=\"application\/ld+json\" class=\"yoast-schema-graph\">{\"@context\":\"https:\/\/schema.org\",\"@graph\":[{\"@type\":\"WebPage\",\"@id\":\"https:\/\/compuviper.mx\/tienda\/producto\/complet-eri-3-048-no-break-modelo-con-regulador-y-supresor-integrado-pc-3300-3300va-1650w-respaldo-80-mins-carga-media-40-mins-carga-mxima-8-contactos-garanta-60-meses-24-en-bateras\/\",\"url\":\"https:\/\/compuviper.mx\/tienda\/producto\/complet-eri-3-048-no-break-modelo-con-regulador-y-supresor-integrado-pc-3300-3300va-1650w-respaldo-80-mins-carga-media-40-mins-carga-mxima-8-contactos-garanta-60-meses-24-en-bateras\/\",\"name\":\"[ Complet ] &#129351; Eri-3-048 No Break Modelo Con Regulador Y Supresor Integrado Pc 3300, 3300va \/ 1650w Respaldo 80 Mins Carga Media \/ 40 Mins Carga M\u00e1xima 8 Contactos. Garant\u00eda 60 Meses (24 En Bater\u00edas)\",\"isPartOf\":{\"@id\":\"https:\/\/compuviper.mx\/tienda\/#website\"},\"datePublished\":\"2026-04-02T06:31:45+00:00\",\"dateModified\":\"2026-04-02T06:31:45+00:00\",\"description\":\"Compra Eri-3-048 No Break Modelo Con Regulador Y Supresor Integrado Pc 3300, 3300va \/ 1650w Respaldo 80 Mins Carga Media \/ 40 Mins Carga M\u00e1xima 8 Contactos. Garant\u00eda 60 Meses (24 En Bater\u00edas) + Env\u00edo a domicilio + Pago seguro + Garant\u00eda\",\"breadcrumb\":{\"@id\":\"https:\/\/compuviper.mx\/tienda\/producto\/complet-eri-3-048-no-break-modelo-con-regulador-y-supresor-integrado-pc-3300-3300va-1650w-respaldo-80-mins-carga-media-40-mins-carga-mxima-8-contactos-garanta-60-meses-24-en-bateras\/#breadcrumb\"},\"inLanguage\":\"es-MX\",\"potentialAction\":[{\"@type\":\"ReadAction\",\"target\":[\"https:\/\/compuviper.mx\/tienda\/producto\/complet-eri-3-048-no-break-modelo-con-regulador-y-supresor-integrado-pc-3300-3300va-1650w-respaldo-80-mins-carga-media-40-mins-carga-mxima-8-contactos-garanta-60-meses-24-en-bateras\/\"]}]},{\"@type\":\"BreadcrumbList\",\"@id\":\"https:\/\/compuviper.mx\/tienda\/producto\/complet-eri-3-048-no-break-modelo-con-regulador-y-supresor-integrado-pc-3300-3300va-1650w-respaldo-80-mins-carga-media-40-mins-carga-mxima-8-contactos-garanta-60-meses-24-en-bateras\/#breadcrumb\",\"itemListElement\":[{\"@type\":\"ListItem\",\"position\":1,\"name\":\"Inicio\",\"item\":\"https:\/\/compuviper.mx\/tienda\/\"},{\"@type\":\"ListItem\",\"position\":2,\"name\":\"Productos\",\"item\":\"https:\/\/compuviper.mx\/tienda\/productos\/\"},{\"@type\":\"ListItem\",\"position\":3,\"name\":\"Energia\",\"item\":\"https:\/\/compuviper.mx\/tienda\/categoria-producto\/energia\/\"},{\"@type\":\"ListItem\",\"position\":4,\"name\":\"No Break\",\"item\":\"https:\/\/compuviper.mx\/tienda\/categoria-producto\/energia\/no-break\/\"},{\"@type\":\"ListItem\",\"position\":5,\"name\":\"Complet Eri-3-048 No Break Modelo Con Regulador Y Supresor Integrado Pc 3300, 3300va \/ 1650w Respaldo 80 Mins Carga Media \/ 40 Mins Carga M?xima 8 Contactos. Garant?a 60 Meses (24 En Bater?as)\"}]},{\"@type\":\"WebSite\",\"@id\":\"https:\/\/compuviper.mx\/tienda\/#website\",\"url\":\"https:\/\/compuviper.mx\/tienda\/\",\"name\":\"Compuviper\",\"description\":\"Proveedor de Computadoras, Laptops, Servidores, Monitores, Puntos de Venta, Teclados,   Impresoras, T\u00f3ner, C\u00e1maras de Seguridad y m\u00e1s en tu tienda en l\u00ednea\",\"publisher\":{\"@id\":\"https:\/\/compuviper.mx\/tienda\/#organization\"},\"potentialAction\":[{\"@type\":\"SearchAction\",\"target\":{\"@type\":\"EntryPoint\",\"urlTemplate\":\"https:\/\/compuviper.mx\/tienda\/?s={search_term_string}\"},\"query-input\":\"required name=search_term_string\"}],\"inLanguage\":\"es-MX\"},{\"@type\":\"Organization\",\"@id\":\"https:\/\/compuviper.mx\/tienda\/#organization\",\"name\":\"Compuviper\",\"url\":\"https:\/\/compuviper.mx\/tienda\/\",\"logo\":{\"@type\":\"ImageObject\",\"inLanguage\":\"es-MX\",\"@id\":\"https:\/\/compuviper.mx\/tienda\/#\/schema\/logo\/image\/\",\"url\":\"https:\/\/compuviper.mx\/tienda\/wp-content\/uploads\/2021\/08\/Logo-Compuviper-10.png\",\"contentUrl\":\"https:\/\/compuviper.mx\/tienda\/wp-content\/uploads\/2021\/08\/Logo-Compuviper-10.png\",\"width\":1000,\"height\":500,\"caption\":\"Compuviper\"},\"image\":{\"@id\":\"https:\/\/compuviper.mx\/tienda\/#\/schema\/logo\/image\/\"},\"sameAs\":[\"https:\/\/www.facebook.com\/compuviper\",\"https:\/\/www.youtube.com\/channel\/UCf73dERp9Y3cfOq7q8BhLjA?view_as=subscriber\"]}]}<\/script>\n<meta property=\"product:brand\" content=\"COMPLET\" \/>\n<meta property=\"product:price:amount\" content=\"4796\" \/>\n<meta property=\"product:price:currency\" content=\"MXN\" \/>\n<meta property=\"og:availability\" content=\"out of stock\" \/>\n<meta property=\"product:availability\" content=\"out of stock\" \/>\n<meta property=\"product:retailer_item_id\" content=\"ERI-3-048\" \/>\n<meta property=\"product:condition\" content=\"new\" \/>\n<!-- \/ Yoast SEO plugin. -->","yoast_head_json":{"title":"[ Complet ] &#129351; Eri-3-048 No Break Modelo Con Regulador Y Supresor Integrado Pc 3300, 3300va \/ 1650w Respaldo 80 Mins Carga Media \/ 40 Mins Carga M\u00e1xima 8 Contactos. Garant\u00eda 60 Meses (24 En Bater\u00edas)","description":"Compra Eri-3-048 No Break Modelo Con Regulador Y Supresor Integrado Pc 3300, 3300va \/ 1650w Respaldo 80 Mins Carga Media \/ 40 Mins Carga M\u00e1xima 8 Contactos. Garant\u00eda 60 Meses (24 En Bater\u00edas) + Env\u00edo a domicilio + Pago seguro + Garant\u00eda","robots":{"index":"index","follow":"follow","max-snippet":"max-snippet:-1","max-image-preview":"max-image-preview:large","max-video-preview":"max-video-preview:-1"},"canonical":"https:\/\/compuviper.mx\/tienda\/producto\/complet-eri-3-048-no-break-modelo-con-regulador-y-supresor-integrado-pc-3300-3300va-1650w-respaldo-80-mins-carga-media-40-mins-carga-mxima-8-contactos-garanta-60-meses-24-en-bateras\/","og_locale":"es_MX","og_type":"article","og_title":"[ Complet ] &#129351; Eri-3-048 No Break Modelo Con Regulador Y Supresor Integrado Pc 3300, 3300va \/ 1650w Respaldo 80 Mins Carga Media \/ 40 Mins Carga M\u00e1xima 8 Contactos. Garant\u00eda 60 Meses (24 En Bater\u00edas)","og_description":"Compra Eri-3-048 No Break Modelo Con Regulador Y Supresor Integrado Pc 3300, 3300va \/ 1650w Respaldo 80 Mins Carga Media \/ 40 Mins Carga M\u00e1xima 8 Contactos. Garant\u00eda 60 Meses (24 En Bater\u00edas) + Env\u00edo a domicilio + Pago seguro + Garant\u00eda","og_url":"https:\/\/compuviper.mx\/tienda\/producto\/complet-eri-3-048-no-break-modelo-con-regulador-y-supresor-integrado-pc-3300-3300va-1650w-respaldo-80-mins-carga-media-40-mins-carga-mxima-8-contactos-garanta-60-meses-24-en-bateras\/","og_site_name":"Compuviper","article_publisher":"https:\/\/www.facebook.com\/compuviper","og_image":[{"width":200,"height":200,"url":"https:\/\/compuviper.mx\/tienda\/wp-content\/uploads\/2023\/12\/No-break-modelo-complet-eri-3-048-con-regulador-y-supresor-integrado-pc-3300-3300va-1650w-respaldo-80-mins-carga-media-40-mins-carga-maxima-8-contactos.-garantia-60-meses-24-en-baterias.jpg","type":"image\/jpeg"}],"twitter_card":"summary_large_image","twitter_misc":{"Precio":"&#36;4,796 con IVA","Availability":"Out of stock"},"schema":{"@context":"https:\/\/schema.org","@graph":[{"@type":"WebPage","@id":"https:\/\/compuviper.mx\/tienda\/producto\/complet-eri-3-048-no-break-modelo-con-regulador-y-supresor-integrado-pc-3300-3300va-1650w-respaldo-80-mins-carga-media-40-mins-carga-mxima-8-contactos-garanta-60-meses-24-en-bateras\/","url":"https:\/\/compuviper.mx\/tienda\/producto\/complet-eri-3-048-no-break-modelo-con-regulador-y-supresor-integrado-pc-3300-3300va-1650w-respaldo-80-mins-carga-media-40-mins-carga-mxima-8-contactos-garanta-60-meses-24-en-bateras\/","name":"[ Complet ] &#129351; Eri-3-048 No Break Modelo Con Regulador Y Supresor Integrado Pc 3300, 3300va \/ 1650w Respaldo 80 Mins Carga Media \/ 40 Mins Carga M\u00e1xima 8 Contactos. Garant\u00eda 60 Meses (24 En Bater\u00edas)","isPartOf":{"@id":"https:\/\/compuviper.mx\/tienda\/#website"},"datePublished":"2026-04-02T06:31:45+00:00","dateModified":"2026-04-02T06:31:45+00:00","description":"Compra Eri-3-048 No Break Modelo Con Regulador Y Supresor Integrado Pc 3300, 3300va \/ 1650w Respaldo 80 Mins Carga Media \/ 40 Mins Carga M\u00e1xima 8 Contactos. Garant\u00eda 60 Meses (24 En Bater\u00edas) + Env\u00edo a domicilio + Pago seguro + Garant\u00eda","breadcrumb":{"@id":"https:\/\/compuviper.mx\/tienda\/producto\/complet-eri-3-048-no-break-modelo-con-regulador-y-supresor-integrado-pc-3300-3300va-1650w-respaldo-80-mins-carga-media-40-mins-carga-mxima-8-contactos-garanta-60-meses-24-en-bateras\/#breadcrumb"},"inLanguage":"es-MX","potentialAction":[{"@type":"ReadAction","target":["https:\/\/compuviper.mx\/tienda\/producto\/complet-eri-3-048-no-break-modelo-con-regulador-y-supresor-integrado-pc-3300-3300va-1650w-respaldo-80-mins-carga-media-40-mins-carga-mxima-8-contactos-garanta-60-meses-24-en-bateras\/"]}]},{"@type":"BreadcrumbList","@id":"https:\/\/compuviper.mx\/tienda\/producto\/complet-eri-3-048-no-break-modelo-con-regulador-y-supresor-integrado-pc-3300-3300va-1650w-respaldo-80-mins-carga-media-40-mins-carga-mxima-8-contactos-garanta-60-meses-24-en-bateras\/#breadcrumb","itemListElement":[{"@type":"ListItem","position":1,"name":"Inicio","item":"https:\/\/compuviper.mx\/tienda\/"},{"@type":"ListItem","position":2,"name":"Productos","item":"https:\/\/compuviper.mx\/tienda\/productos\/"},{"@type":"ListItem","position":3,"name":"Energia","item":"https:\/\/compuviper.mx\/tienda\/categoria-producto\/energia\/"},{"@type":"ListItem","position":4,"name":"No Break","item":"https:\/\/compuviper.mx\/tienda\/categoria-producto\/energia\/no-break\/"},{"@type":"ListItem","position":5,"name":"Complet Eri-3-048 No Break Modelo Con Regulador Y Supresor Integrado Pc 3300, 3300va \/ 1650w Respaldo 80 Mins Carga Media \/ 40 Mins Carga M?xima 8 Contactos. Garant?a 60 Meses (24 En Bater?as)"}]},{"@type":"WebSite","@id":"https:\/\/compuviper.mx\/tienda\/#website","url":"https:\/\/compuviper.mx\/tienda\/","name":"Compuviper","description":"Proveedor de Computadoras, Laptops, Servidores, Monitores, Puntos de Venta, Teclados,   Impresoras, T\u00f3ner, C\u00e1maras de Seguridad y m\u00e1s en tu tienda en l\u00ednea","publisher":{"@id":"https:\/\/compuviper.mx\/tienda\/#organization"},"potentialAction":[{"@type":"SearchAction","target":{"@type":"EntryPoint","urlTemplate":"https:\/\/compuviper.mx\/tienda\/?s={search_term_string}"},"query-input":"required name=search_term_string"}],"inLanguage":"es-MX"},{"@type":"Organization","@id":"https:\/\/compuviper.mx\/tienda\/#organization","name":"Compuviper","url":"https:\/\/compuviper.mx\/tienda\/","logo":{"@type":"ImageObject","inLanguage":"es-MX","@id":"https:\/\/compuviper.mx\/tienda\/#\/schema\/logo\/image\/","url":"https:\/\/compuviper.mx\/tienda\/wp-content\/uploads\/2021\/08\/Logo-Compuviper-10.png","contentUrl":"https:\/\/compuviper.mx\/tienda\/wp-content\/uploads\/2021\/08\/Logo-Compuviper-10.png","width":1000,"height":500,"caption":"Compuviper"},"image":{"@id":"https:\/\/compuviper.mx\/tienda\/#\/schema\/logo\/image\/"},"sameAs":["https:\/\/www.facebook.com\/compuviper","https:\/\/www.youtube.com\/channel\/UCf73dERp9Y3cfOq7q8BhLjA?view_as=subscriber"]}]},"product_brand":"COMPLET","product_price_amount":"4796","product_price_currency":"MXN","og_availability":"out of stock","product_availability":"out of stock","product_retailer_item_id":"ERI-3-048","product_condition":"new"},"_links":{"self":[{"href":"https:\/\/compuviper.mx\/tienda\/wp-json\/wp\/v2\/product\/217928"}],"collection":[{"href":"https:\/\/compuviper.mx\/tienda\/wp-json\/wp\/v2\/product"}],"about":[{"href":"https:\/\/compuviper.mx\/tienda\/wp-json\/wp\/v2\/types\/product"}],"replies":[{"embeddable":true,"href":"https:\/\/compuviper.mx\/tienda\/wp-json\/wp\/v2\/comments?post=217928"}],"wp:featuredmedia":[{"embeddable":true,"href":"https:\/\/compuviper.mx\/tienda\/wp-json\/wp\/v2\/media\/217929"}],"wp:attachment":[{"href":"https:\/\/compuviper.mx\/tienda\/wp-json\/wp\/v2\/media?parent=217928"}],"wp:term":[{"taxonomy":"product_cat","embeddable":true,"href":"https:\/\/compuviper.mx\/tienda\/wp-json\/wp\/v2\/product_cat?post=217928"},{"taxonomy":"product_tag","embeddable":true,"href":"https:\/\/compuviper.mx\/tienda\/wp-json\/wp\/v2\/product_tag?post=217928"}],"curies":[{"name":"wp","href":"https:\/\/api.w.org\/{rel}","templated":true}]}}