{"id":217914,"date":"2026-04-07T00:32:06","date_gmt":"2026-04-07T06:32:06","guid":{"rendered":"https:\/\/compuviper.mx\/tienda\/producto\/sola-basic-isb-nbks-1000-no-break-modelo-nbks10001000va-500w-usb-8-contactos-todos-suprimen-protegen-y-respaldantiempo-de-respaldo-50-minutos-3-aos-de-garantia-y-2-en-bateria\/"},"modified":"2026-04-07T00:32:06","modified_gmt":"2026-04-07T06:32:06","slug":"sola-basic-isb-nbks-1000-no-break-modelo-nbks10001000va-500w-usb-8-contactos-todos-suprimen-protegen-y-respaldantiempo-de-respaldo-50-minutos-3-aos-de-garantia-y-2-en-bateria","status":"publish","type":"product","link":"https:\/\/compuviper.mx\/tienda\/producto\/sola-basic-isb-nbks-1000-no-break-modelo-nbks10001000va-500w-usb-8-contactos-todos-suprimen-protegen-y-respaldantiempo-de-respaldo-50-minutos-3-aos-de-garantia-y-2-en-bateria\/","title":{"rendered":"Sola Basic Isb Nbks 1000 No Break  Modelo Nbks1000,1000va\/500w, Usb, 8 Contactos Todos Suprimen, Protegen Y Respaldan,tiempo De Respaldo 50 Minutos, 3 A?os De Garantia Y 2 En Bateria"},"content":{"rendered":"<table class=\"descripcion\">\n<tr>\n<td>Regulador electronico integrado, bateria sellada recargable libre de mantenimiento, proteccion de la bateria, proteccion de linea telefonica, sincronia, sistema inteligente, puerto de comunicacion compatible con usb, operacion totalmente automotica, regulador electronico integrado, leds indicadores del modo de operacion,especificaciones electricas; tension nominal: 127v~ 60hz intervalo de tension de entrada sin descargar bateria: 95 a 140v~ frecuencia nominal: 60 hz. tension de salida con inversor (bateria) + \/ &#8211; 10%,  tiempo de trasferencia maximo: 4 ms. proteccion telefonica: si, 2 conectores telefonicos rj-11. con inversor: cuasisenoidal, con linea: senoidal, tiempo de reserva (carga tipica) computadora y monitor lcd: monitor lcd 130 minutos, software de comunicacion disponible: si, puerto de comunicacion compatible con usb: si. numero de receptaculos nema 5-15r: 8 contactos regulados con resplado y proteccion. gabinete: metalico con tapa frontal plastica, caracteristicas mecanicas por modelo; altura 23.7 cm, frente 11.0 cm, longitud 37.5 cm, peso 11.6 kg, caracteristicas ambientales, temperatura ambiente de operacion 0 a 40\u00b0 c, temperatura de almacenamiento -10 a 40\u00b0 c, humedad relativa (sin condensacion) 0 a 95%, altura maxima de operacion 3000 m s.n.m.<\/td>\n<\/tr>\n<\/table>\n","protected":false},"excerpt":{"rendered":"<p>El nbks trabaja con el software intellisoft de isb en espanol que permite programar el cierre automatico desatendido del sistema operativo, asegurando que ningun archivo se dane, ademas puede programar el tiempo de apagado automatico del nbks, bajo condiciones normales de operacion la linea comercial entrega energia de c.A. A la seccion del cargador, el cual se encargara de mantener en optimas condiciones de carga a la bateria y el regulador mantendra la tension de salida dentro de especificaciones. Cuando la tension de linea comercial falle, el equipo operara con bateria y el inversor seguira proporcionando la tension de c.A. Regulada a la carga en sincronia con la linea comercial. Al restablecerse la linea comercial de c.A. El rectificador carga nuevamente la bateria y el inversor se apaga automaticamente, para: computadoras personales, equipos de comunicaciones, sistemas de control o seguridad, fax, cajas registradoras, sistemas de audio, video y multimedia o entretenimiento, todo equipo que requiera tension regulada y soporte contra fallas de energia electrica.<\/p>\n","protected":false},"featured_media":217915,"comment_status":"open","ping_status":"open","template":"","meta":[],"product_cat":[1508,1691],"product_tag":[1696],"acf":[],"yoast_head":"<!-- This site is optimized with the Yoast SEO plugin v21.7 - https:\/\/yoast.com\/wordpress\/plugins\/seo\/ -->\n<title>[ Sola Basic Isb ] &#129351; Nbks 1000 No Break Modelo Nbks1000,1000va\/500w, Usb, 8 Contactos Todos Suprimen, Protegen Y Respaldan,tiempo De Respaldo 50 Minutos, 3 A\u00f1os De Garantia Y 2 En Bateria<\/title>\n<meta name=\"description\" content=\"Compra Nbks 1000 No Break Modelo Nbks1000,1000va\/500w, Usb, 8 Contactos Todos Suprimen, Protegen Y Respaldan,tiempo De Respaldo 50 Minutos, 3 A\u00f1os De Garantia Y 2 En Bateria + Env\u00edo a domicilio + Pago seguro + Garant\u00eda\" \/>\n<meta name=\"robots\" content=\"index, follow, max-snippet:-1, max-image-preview:large, max-video-preview:-1\" \/>\n<link rel=\"canonical\" href=\"https:\/\/compuviper.mx\/tienda\/producto\/sola-basic-isb-nbks-1000-no-break-modelo-nbks10001000va-500w-usb-8-contactos-todos-suprimen-protegen-y-respaldantiempo-de-respaldo-50-minutos-3-aos-de-garantia-y-2-en-bateria\/\" \/>\n<meta property=\"og:locale\" content=\"es_MX\" \/>\n<meta property=\"og:type\" content=\"article\" \/>\n<meta property=\"og:title\" content=\"[ Sola Basic Isb ] &#129351; Nbks 1000 No Break Modelo Nbks1000,1000va\/500w, Usb, 8 Contactos Todos Suprimen, Protegen Y Respaldan,tiempo De Respaldo 50 Minutos, 3 A\u00f1os De Garantia Y 2 En Bateria\" \/>\n<meta property=\"og:description\" content=\"Compra Nbks 1000 No Break Modelo Nbks1000,1000va\/500w, Usb, 8 Contactos Todos Suprimen, Protegen Y Respaldan,tiempo De Respaldo 50 Minutos, 3 A\u00f1os De Garantia Y 2 En Bateria + Env\u00edo a domicilio + Pago seguro + Garant\u00eda\" \/>\n<meta property=\"og:url\" content=\"https:\/\/compuviper.mx\/tienda\/producto\/sola-basic-isb-nbks-1000-no-break-modelo-nbks10001000va-500w-usb-8-contactos-todos-suprimen-protegen-y-respaldantiempo-de-respaldo-50-minutos-3-aos-de-garantia-y-2-en-bateria\/\" \/>\n<meta property=\"og:site_name\" content=\"Compuviper\" \/>\n<meta property=\"article:publisher\" content=\"https:\/\/www.facebook.com\/compuviper\" \/>\n<meta property=\"og:image\" content=\"https:\/\/compuviper.mx\/tienda\/wp-content\/uploads\/2023\/12\/No-break-sola-basic-isb-modelo-nbks10001000va500w-usb-8-contactos-todos-suprimen-protegen-y-respaldantiempo-de-respaldo-50-minutos-3-anos-de-garantia-y-2-en-bateria.jpg\" \/>\n\t<meta property=\"og:image:width\" content=\"200\" \/>\n\t<meta property=\"og:image:height\" content=\"200\" \/>\n\t<meta property=\"og:image:type\" content=\"image\/jpeg\" \/>\n<meta name=\"twitter:card\" content=\"summary_large_image\" \/>\n<meta name=\"twitter:label1\" content=\"Precio\" \/>\n\t<meta name=\"twitter:data1\" content=\"&#36;2,641 con IVA\" \/>\n\t<meta name=\"twitter:label2\" content=\"Availability\" \/>\n\t<meta name=\"twitter:data2\" content=\"Out of stock\" \/>\n<script type=\"application\/ld+json\" class=\"yoast-schema-graph\">{\"@context\":\"https:\/\/schema.org\",\"@graph\":[{\"@type\":\"WebPage\",\"@id\":\"https:\/\/compuviper.mx\/tienda\/producto\/sola-basic-isb-nbks-1000-no-break-modelo-nbks10001000va-500w-usb-8-contactos-todos-suprimen-protegen-y-respaldantiempo-de-respaldo-50-minutos-3-aos-de-garantia-y-2-en-bateria\/\",\"url\":\"https:\/\/compuviper.mx\/tienda\/producto\/sola-basic-isb-nbks-1000-no-break-modelo-nbks10001000va-500w-usb-8-contactos-todos-suprimen-protegen-y-respaldantiempo-de-respaldo-50-minutos-3-aos-de-garantia-y-2-en-bateria\/\",\"name\":\"[ Sola Basic Isb ] &#129351; Nbks 1000 No Break Modelo Nbks1000,1000va\/500w, Usb, 8 Contactos Todos Suprimen, Protegen Y Respaldan,tiempo De Respaldo 50 Minutos, 3 A\u00f1os De Garantia Y 2 En Bateria\",\"isPartOf\":{\"@id\":\"https:\/\/compuviper.mx\/tienda\/#website\"},\"datePublished\":\"2026-04-07T06:32:06+00:00\",\"dateModified\":\"2026-04-07T06:32:06+00:00\",\"description\":\"Compra Nbks 1000 No Break Modelo Nbks1000,1000va\/500w, Usb, 8 Contactos Todos Suprimen, Protegen Y Respaldan,tiempo De Respaldo 50 Minutos, 3 A\u00f1os De Garantia Y 2 En Bateria + Env\u00edo a domicilio + Pago seguro + Garant\u00eda\",\"breadcrumb\":{\"@id\":\"https:\/\/compuviper.mx\/tienda\/producto\/sola-basic-isb-nbks-1000-no-break-modelo-nbks10001000va-500w-usb-8-contactos-todos-suprimen-protegen-y-respaldantiempo-de-respaldo-50-minutos-3-aos-de-garantia-y-2-en-bateria\/#breadcrumb\"},\"inLanguage\":\"es-MX\",\"potentialAction\":[{\"@type\":\"ReadAction\",\"target\":[\"https:\/\/compuviper.mx\/tienda\/producto\/sola-basic-isb-nbks-1000-no-break-modelo-nbks10001000va-500w-usb-8-contactos-todos-suprimen-protegen-y-respaldantiempo-de-respaldo-50-minutos-3-aos-de-garantia-y-2-en-bateria\/\"]}]},{\"@type\":\"BreadcrumbList\",\"@id\":\"https:\/\/compuviper.mx\/tienda\/producto\/sola-basic-isb-nbks-1000-no-break-modelo-nbks10001000va-500w-usb-8-contactos-todos-suprimen-protegen-y-respaldantiempo-de-respaldo-50-minutos-3-aos-de-garantia-y-2-en-bateria\/#breadcrumb\",\"itemListElement\":[{\"@type\":\"ListItem\",\"position\":1,\"name\":\"Inicio\",\"item\":\"https:\/\/compuviper.mx\/tienda\/\"},{\"@type\":\"ListItem\",\"position\":2,\"name\":\"Productos\",\"item\":\"https:\/\/compuviper.mx\/tienda\/productos\/\"},{\"@type\":\"ListItem\",\"position\":3,\"name\":\"Energia\",\"item\":\"https:\/\/compuviper.mx\/tienda\/categoria-producto\/energia\/\"},{\"@type\":\"ListItem\",\"position\":4,\"name\":\"No Break\",\"item\":\"https:\/\/compuviper.mx\/tienda\/categoria-producto\/energia\/no-break\/\"},{\"@type\":\"ListItem\",\"position\":5,\"name\":\"Sola Basic Isb Nbks 1000 No Break Modelo Nbks1000,1000va\/500w, Usb, 8 Contactos Todos Suprimen, Protegen Y Respaldan,tiempo De Respaldo 50 Minutos, 3 A?os De Garantia Y 2 En Bateria\"}]},{\"@type\":\"WebSite\",\"@id\":\"https:\/\/compuviper.mx\/tienda\/#website\",\"url\":\"https:\/\/compuviper.mx\/tienda\/\",\"name\":\"Compuviper\",\"description\":\"Proveedor de Computadoras, Laptops, Servidores, Monitores, Puntos de Venta, Teclados,   Impresoras, T\u00f3ner, C\u00e1maras de Seguridad y m\u00e1s en tu tienda en l\u00ednea\",\"publisher\":{\"@id\":\"https:\/\/compuviper.mx\/tienda\/#organization\"},\"potentialAction\":[{\"@type\":\"SearchAction\",\"target\":{\"@type\":\"EntryPoint\",\"urlTemplate\":\"https:\/\/compuviper.mx\/tienda\/?s={search_term_string}\"},\"query-input\":\"required name=search_term_string\"}],\"inLanguage\":\"es-MX\"},{\"@type\":\"Organization\",\"@id\":\"https:\/\/compuviper.mx\/tienda\/#organization\",\"name\":\"Compuviper\",\"url\":\"https:\/\/compuviper.mx\/tienda\/\",\"logo\":{\"@type\":\"ImageObject\",\"inLanguage\":\"es-MX\",\"@id\":\"https:\/\/compuviper.mx\/tienda\/#\/schema\/logo\/image\/\",\"url\":\"https:\/\/compuviper.mx\/tienda\/wp-content\/uploads\/2021\/08\/Logo-Compuviper-10.png\",\"contentUrl\":\"https:\/\/compuviper.mx\/tienda\/wp-content\/uploads\/2021\/08\/Logo-Compuviper-10.png\",\"width\":1000,\"height\":500,\"caption\":\"Compuviper\"},\"image\":{\"@id\":\"https:\/\/compuviper.mx\/tienda\/#\/schema\/logo\/image\/\"},\"sameAs\":[\"https:\/\/www.facebook.com\/compuviper\",\"https:\/\/www.youtube.com\/channel\/UCf73dERp9Y3cfOq7q8BhLjA?view_as=subscriber\"]}]}<\/script>\n<meta property=\"product:brand\" content=\"SOLA BASIC ISB\" \/>\n<meta property=\"product:price:amount\" content=\"2641\" \/>\n<meta property=\"product:price:currency\" content=\"MXN\" \/>\n<meta property=\"og:availability\" content=\"out of stock\" \/>\n<meta property=\"product:availability\" content=\"out of stock\" \/>\n<meta property=\"product:retailer_item_id\" content=\"NBKS 1000\" \/>\n<meta property=\"product:condition\" content=\"new\" \/>\n<!-- \/ Yoast SEO plugin. -->","yoast_head_json":{"title":"[ Sola Basic Isb ] &#129351; Nbks 1000 No Break Modelo Nbks1000,1000va\/500w, Usb, 8 Contactos Todos Suprimen, Protegen Y Respaldan,tiempo De Respaldo 50 Minutos, 3 A\u00f1os De Garantia Y 2 En Bateria","description":"Compra Nbks 1000 No Break Modelo Nbks1000,1000va\/500w, Usb, 8 Contactos Todos Suprimen, Protegen Y Respaldan,tiempo De Respaldo 50 Minutos, 3 A\u00f1os De Garantia Y 2 En Bateria + Env\u00edo a domicilio + Pago seguro + Garant\u00eda","robots":{"index":"index","follow":"follow","max-snippet":"max-snippet:-1","max-image-preview":"max-image-preview:large","max-video-preview":"max-video-preview:-1"},"canonical":"https:\/\/compuviper.mx\/tienda\/producto\/sola-basic-isb-nbks-1000-no-break-modelo-nbks10001000va-500w-usb-8-contactos-todos-suprimen-protegen-y-respaldantiempo-de-respaldo-50-minutos-3-aos-de-garantia-y-2-en-bateria\/","og_locale":"es_MX","og_type":"article","og_title":"[ Sola Basic Isb ] &#129351; Nbks 1000 No Break Modelo Nbks1000,1000va\/500w, Usb, 8 Contactos Todos Suprimen, Protegen Y Respaldan,tiempo De Respaldo 50 Minutos, 3 A\u00f1os De Garantia Y 2 En Bateria","og_description":"Compra Nbks 1000 No Break Modelo Nbks1000,1000va\/500w, Usb, 8 Contactos Todos Suprimen, Protegen Y Respaldan,tiempo De Respaldo 50 Minutos, 3 A\u00f1os De Garantia Y 2 En Bateria + Env\u00edo a domicilio + Pago seguro + Garant\u00eda","og_url":"https:\/\/compuviper.mx\/tienda\/producto\/sola-basic-isb-nbks-1000-no-break-modelo-nbks10001000va-500w-usb-8-contactos-todos-suprimen-protegen-y-respaldantiempo-de-respaldo-50-minutos-3-aos-de-garantia-y-2-en-bateria\/","og_site_name":"Compuviper","article_publisher":"https:\/\/www.facebook.com\/compuviper","og_image":[{"width":200,"height":200,"url":"https:\/\/compuviper.mx\/tienda\/wp-content\/uploads\/2023\/12\/No-break-sola-basic-isb-modelo-nbks10001000va500w-usb-8-contactos-todos-suprimen-protegen-y-respaldantiempo-de-respaldo-50-minutos-3-anos-de-garantia-y-2-en-bateria.jpg","type":"image\/jpeg"}],"twitter_card":"summary_large_image","twitter_misc":{"Precio":"&#36;2,641 con IVA","Availability":"Out of stock"},"schema":{"@context":"https:\/\/schema.org","@graph":[{"@type":"WebPage","@id":"https:\/\/compuviper.mx\/tienda\/producto\/sola-basic-isb-nbks-1000-no-break-modelo-nbks10001000va-500w-usb-8-contactos-todos-suprimen-protegen-y-respaldantiempo-de-respaldo-50-minutos-3-aos-de-garantia-y-2-en-bateria\/","url":"https:\/\/compuviper.mx\/tienda\/producto\/sola-basic-isb-nbks-1000-no-break-modelo-nbks10001000va-500w-usb-8-contactos-todos-suprimen-protegen-y-respaldantiempo-de-respaldo-50-minutos-3-aos-de-garantia-y-2-en-bateria\/","name":"[ Sola Basic Isb ] &#129351; Nbks 1000 No Break Modelo Nbks1000,1000va\/500w, Usb, 8 Contactos Todos Suprimen, Protegen Y Respaldan,tiempo De Respaldo 50 Minutos, 3 A\u00f1os De Garantia Y 2 En Bateria","isPartOf":{"@id":"https:\/\/compuviper.mx\/tienda\/#website"},"datePublished":"2026-04-07T06:32:06+00:00","dateModified":"2026-04-07T06:32:06+00:00","description":"Compra Nbks 1000 No Break Modelo Nbks1000,1000va\/500w, Usb, 8 Contactos Todos Suprimen, Protegen Y Respaldan,tiempo De Respaldo 50 Minutos, 3 A\u00f1os De Garantia Y 2 En Bateria + Env\u00edo a domicilio + Pago seguro + Garant\u00eda","breadcrumb":{"@id":"https:\/\/compuviper.mx\/tienda\/producto\/sola-basic-isb-nbks-1000-no-break-modelo-nbks10001000va-500w-usb-8-contactos-todos-suprimen-protegen-y-respaldantiempo-de-respaldo-50-minutos-3-aos-de-garantia-y-2-en-bateria\/#breadcrumb"},"inLanguage":"es-MX","potentialAction":[{"@type":"ReadAction","target":["https:\/\/compuviper.mx\/tienda\/producto\/sola-basic-isb-nbks-1000-no-break-modelo-nbks10001000va-500w-usb-8-contactos-todos-suprimen-protegen-y-respaldantiempo-de-respaldo-50-minutos-3-aos-de-garantia-y-2-en-bateria\/"]}]},{"@type":"BreadcrumbList","@id":"https:\/\/compuviper.mx\/tienda\/producto\/sola-basic-isb-nbks-1000-no-break-modelo-nbks10001000va-500w-usb-8-contactos-todos-suprimen-protegen-y-respaldantiempo-de-respaldo-50-minutos-3-aos-de-garantia-y-2-en-bateria\/#breadcrumb","itemListElement":[{"@type":"ListItem","position":1,"name":"Inicio","item":"https:\/\/compuviper.mx\/tienda\/"},{"@type":"ListItem","position":2,"name":"Productos","item":"https:\/\/compuviper.mx\/tienda\/productos\/"},{"@type":"ListItem","position":3,"name":"Energia","item":"https:\/\/compuviper.mx\/tienda\/categoria-producto\/energia\/"},{"@type":"ListItem","position":4,"name":"No Break","item":"https:\/\/compuviper.mx\/tienda\/categoria-producto\/energia\/no-break\/"},{"@type":"ListItem","position":5,"name":"Sola Basic Isb Nbks 1000 No Break Modelo Nbks1000,1000va\/500w, Usb, 8 Contactos Todos Suprimen, Protegen Y Respaldan,tiempo De Respaldo 50 Minutos, 3 A?os De Garantia Y 2 En Bateria"}]},{"@type":"WebSite","@id":"https:\/\/compuviper.mx\/tienda\/#website","url":"https:\/\/compuviper.mx\/tienda\/","name":"Compuviper","description":"Proveedor de Computadoras, Laptops, Servidores, Monitores, Puntos de Venta, Teclados,   Impresoras, T\u00f3ner, C\u00e1maras de Seguridad y m\u00e1s en tu tienda en l\u00ednea","publisher":{"@id":"https:\/\/compuviper.mx\/tienda\/#organization"},"potentialAction":[{"@type":"SearchAction","target":{"@type":"EntryPoint","urlTemplate":"https:\/\/compuviper.mx\/tienda\/?s={search_term_string}"},"query-input":"required name=search_term_string"}],"inLanguage":"es-MX"},{"@type":"Organization","@id":"https:\/\/compuviper.mx\/tienda\/#organization","name":"Compuviper","url":"https:\/\/compuviper.mx\/tienda\/","logo":{"@type":"ImageObject","inLanguage":"es-MX","@id":"https:\/\/compuviper.mx\/tienda\/#\/schema\/logo\/image\/","url":"https:\/\/compuviper.mx\/tienda\/wp-content\/uploads\/2021\/08\/Logo-Compuviper-10.png","contentUrl":"https:\/\/compuviper.mx\/tienda\/wp-content\/uploads\/2021\/08\/Logo-Compuviper-10.png","width":1000,"height":500,"caption":"Compuviper"},"image":{"@id":"https:\/\/compuviper.mx\/tienda\/#\/schema\/logo\/image\/"},"sameAs":["https:\/\/www.facebook.com\/compuviper","https:\/\/www.youtube.com\/channel\/UCf73dERp9Y3cfOq7q8BhLjA?view_as=subscriber"]}]},"product_brand":"SOLA BASIC ISB","product_price_amount":"2641","product_price_currency":"MXN","og_availability":"out of stock","product_availability":"out of stock","product_retailer_item_id":"NBKS 1000","product_condition":"new"},"_links":{"self":[{"href":"https:\/\/compuviper.mx\/tienda\/wp-json\/wp\/v2\/product\/217914"}],"collection":[{"href":"https:\/\/compuviper.mx\/tienda\/wp-json\/wp\/v2\/product"}],"about":[{"href":"https:\/\/compuviper.mx\/tienda\/wp-json\/wp\/v2\/types\/product"}],"replies":[{"embeddable":true,"href":"https:\/\/compuviper.mx\/tienda\/wp-json\/wp\/v2\/comments?post=217914"}],"wp:featuredmedia":[{"embeddable":true,"href":"https:\/\/compuviper.mx\/tienda\/wp-json\/wp\/v2\/media\/217915"}],"wp:attachment":[{"href":"https:\/\/compuviper.mx\/tienda\/wp-json\/wp\/v2\/media?parent=217914"}],"wp:term":[{"taxonomy":"product_cat","embeddable":true,"href":"https:\/\/compuviper.mx\/tienda\/wp-json\/wp\/v2\/product_cat?post=217914"},{"taxonomy":"product_tag","embeddable":true,"href":"https:\/\/compuviper.mx\/tienda\/wp-json\/wp\/v2\/product_tag?post=217914"}],"curies":[{"name":"wp","href":"https:\/\/api.w.org\/{rel}","templated":true}]}}