{"id":217886,"date":"2026-04-07T00:29:58","date_gmt":"2026-04-07T06:29:58","guid":{"rendered":"https:\/\/compuviper.mx\/tienda\/producto\/cdp-upo22-15ax-ups-online-15kva-15000va-12000w-upo22-15ax-bifasico-torre-220vca-120-208-240vca\/"},"modified":"2026-04-07T00:29:58","modified_gmt":"2026-04-07T06:29:58","slug":"cdp-upo22-15ax-ups-bifasico-de-15kva-torre-15000va-12000w-220vca120-208-240vca","status":"publish","type":"product","link":"https:\/\/compuviper.mx\/tienda\/producto\/cdp-upo22-15ax-ups-bifasico-de-15kva-torre-15000va-12000w-220vca120-208-240vca\/","title":{"rendered":"Cdp Upo22 &#8211; 15ax Ups Bifasico De 15kva Torre 15000va\/12000w 220vca120\/208\/240vca"},"content":{"rendered":"<table class=\"descripcion\">\n<tr>\n<td>Capacidad va\/w 15,000va \/ 10,500w entrada voltaje 165-275 vac rango de voltaje  basado en el porcentaje de carga 40% 60% 100% transferencia a bater\u00edas por bajo voltaje 165 vca 165 vca 165 vca regreso a l\u00ednea por bajo voltaje 175 vca 175 vca 175 vca transferencia a bater\u00edas por alto voltaje 275vac regreso a l\u00ednea por alto voltaje 265 vca rango de frecuencia 56 hz ~ 64 hz tipo de alimentaci\u00f3n monof\u00e1sica 208 &#8211; 240 vca salida factor potencia 0.70 voltaje 120 \/ 208 \/ 240 vac regulaci\u00f3n de voltaje \u00b1 2% rango de frecuencia 60 hz \u00b1 0.2 hz factor de cresta 3:1 distorsi\u00f3n arm\u00f3nica   3% thd (con carga lineal) forma de onda senoidal pura eficiencia en operaci\u00f3n normal  91% en modo inverso  85% bater\u00eda sellada y libre de mantenimiento capacidad de bater\u00eda 12 v \/ 7.5 ah n\u00famero de bater\u00edas 48 (16+16+16) tiempo de respaldo nomina l 7min a plena carga. tiempo de recarga 5 horas al 90% corriente de recarga (max) 4 a voltaje de recarga 224 vdc. \u00b1 12 v tiempo de transferencia ca a cd 0 ms inversor a bypass 2.5 ms (t\u00edpico) dimensiones (l x a x h) mm 300 x 910 x 700 peso 158 kgs (m{odulo ups) ambiente de operaci\u00f3n temperatura 0  a 40\u00b0 c humedad relativa 0% a 90% (no condensada) nivel de ruido   58 db  1 metro interfaz smart rs \u00bf 232 software soportado por windows 95 \/ 98 \/ nt \/ 2000 \/ xp, novel y linux as 400 \/ snmp opcional a trav\u00e9s del smart rs \u00bf 232<\/td>\n<\/tr>\n<\/table>\n","protected":false},"excerpt":{"rendered":"<p>El upo 15g combina la tecnolog\u00eda de aislamiento con la topolog\u00eda on-line de doble conversi\u00f3n. La serie upo se presenta como uno de los equipos ups de mayor calidad en el mundo, integrando tecnolog\u00eda single-chip con un excepcional dise\u00f1o industrial. El upo 15g es la soluci\u00f3n perfecta para cualquier aplicaci\u00f3n cr\u00edtica, pues brinda la m\u00e1xima protecci\u00f3n el\u00e9ctrica posible, dando como resultado un alto nivel de conabilidad. Su gran estabilidad, lo hace ideal para equipos muy sensibles a la variabilidad el\u00e9ctrica, gracias a que provee un voltaje constante de 240, 208 \u00f3 120 vca y una impecable frecuencia de salida de 60 hz.<\/p>\n","protected":false},"featured_media":217887,"comment_status":"open","ping_status":"open","template":"","meta":[],"product_cat":[1508,1691],"product_tag":[1693],"acf":[],"yoast_head":"<!-- This site is optimized with the Yoast SEO plugin v21.7 - https:\/\/yoast.com\/wordpress\/plugins\/seo\/ -->\n<title>[ Cdp ] &#129351; Upo22 - 15ax Ups Bifasico De 15kva Torre 15000va\/12000w 220vca120\/208\/240vca<\/title>\n<meta name=\"description\" content=\"Compra Upo22 - 15ax Ups Bifasico De 15kva Torre 15000va\/12000w 220vca120\/208\/240vca + Env\u00edo a domicilio + Pago seguro + Garant\u00eda\" \/>\n<meta name=\"robots\" content=\"index, follow, max-snippet:-1, max-image-preview:large, max-video-preview:-1\" \/>\n<link rel=\"canonical\" href=\"https:\/\/compuviper.mx\/tienda\/producto\/cdp-upo22-15ax-ups-bifasico-de-15kva-torre-15000va-12000w-220vca120-208-240vca\/\" \/>\n<meta property=\"og:locale\" content=\"es_MX\" \/>\n<meta property=\"og:type\" content=\"article\" \/>\n<meta property=\"og:title\" content=\"[ Cdp ] &#129351; Upo22 - 15ax Ups Bifasico De 15kva Torre 15000va\/12000w 220vca120\/208\/240vca\" \/>\n<meta property=\"og:description\" content=\"Compra Upo22 - 15ax Ups Bifasico De 15kva Torre 15000va\/12000w 220vca120\/208\/240vca + Env\u00edo a domicilio + Pago seguro + Garant\u00eda\" \/>\n<meta property=\"og:url\" content=\"https:\/\/compuviper.mx\/tienda\/producto\/cdp-upo22-15ax-ups-bifasico-de-15kva-torre-15000va-12000w-220vca120-208-240vca\/\" \/>\n<meta property=\"og:site_name\" content=\"Compuviper\" \/>\n<meta property=\"article:publisher\" content=\"https:\/\/www.facebook.com\/compuviper\" \/>\n<meta property=\"og:image\" content=\"https:\/\/compuviper.mx\/tienda\/wp-content\/uploads\/2023\/12\/Ups-online-cdp-15kva-15000va12000w-upo22-15ax-bifasico-torre-220vca-120208240vca.jpg\" \/>\n\t<meta property=\"og:image:width\" content=\"200\" \/>\n\t<meta property=\"og:image:height\" content=\"200\" \/>\n\t<meta property=\"og:image:type\" content=\"image\/jpeg\" \/>\n<meta name=\"twitter:card\" content=\"summary_large_image\" \/>\n<meta name=\"twitter:label1\" content=\"Precio\" \/>\n\t<meta name=\"twitter:data1\" content=\"&#36;107,988 con IVA\" \/>\n\t<meta name=\"twitter:label2\" content=\"Availability\" \/>\n\t<meta name=\"twitter:data2\" content=\"On backorder\" \/>\n<script type=\"application\/ld+json\" class=\"yoast-schema-graph\">{\"@context\":\"https:\/\/schema.org\",\"@graph\":[{\"@type\":\"WebPage\",\"@id\":\"https:\/\/compuviper.mx\/tienda\/producto\/cdp-upo22-15ax-ups-bifasico-de-15kva-torre-15000va-12000w-220vca120-208-240vca\/\",\"url\":\"https:\/\/compuviper.mx\/tienda\/producto\/cdp-upo22-15ax-ups-bifasico-de-15kva-torre-15000va-12000w-220vca120-208-240vca\/\",\"name\":\"[ Cdp ] &#129351; Upo22 - 15ax Ups Bifasico De 15kva Torre 15000va\/12000w 220vca120\/208\/240vca\",\"isPartOf\":{\"@id\":\"https:\/\/compuviper.mx\/tienda\/#website\"},\"datePublished\":\"2026-04-07T06:29:58+00:00\",\"dateModified\":\"2026-04-07T06:29:58+00:00\",\"description\":\"Compra Upo22 - 15ax Ups Bifasico De 15kva Torre 15000va\/12000w 220vca120\/208\/240vca + Env\u00edo a domicilio + Pago seguro + Garant\u00eda\",\"breadcrumb\":{\"@id\":\"https:\/\/compuviper.mx\/tienda\/producto\/cdp-upo22-15ax-ups-bifasico-de-15kva-torre-15000va-12000w-220vca120-208-240vca\/#breadcrumb\"},\"inLanguage\":\"es-MX\",\"potentialAction\":[{\"@type\":\"ReadAction\",\"target\":[\"https:\/\/compuviper.mx\/tienda\/producto\/cdp-upo22-15ax-ups-bifasico-de-15kva-torre-15000va-12000w-220vca120-208-240vca\/\"]}]},{\"@type\":\"BreadcrumbList\",\"@id\":\"https:\/\/compuviper.mx\/tienda\/producto\/cdp-upo22-15ax-ups-bifasico-de-15kva-torre-15000va-12000w-220vca120-208-240vca\/#breadcrumb\",\"itemListElement\":[{\"@type\":\"ListItem\",\"position\":1,\"name\":\"Inicio\",\"item\":\"https:\/\/compuviper.mx\/tienda\/\"},{\"@type\":\"ListItem\",\"position\":2,\"name\":\"Productos\",\"item\":\"https:\/\/compuviper.mx\/tienda\/productos\/\"},{\"@type\":\"ListItem\",\"position\":3,\"name\":\"Energia\",\"item\":\"https:\/\/compuviper.mx\/tienda\/categoria-producto\/energia\/\"},{\"@type\":\"ListItem\",\"position\":4,\"name\":\"No Break\",\"item\":\"https:\/\/compuviper.mx\/tienda\/categoria-producto\/energia\/no-break\/\"},{\"@type\":\"ListItem\",\"position\":5,\"name\":\"Cdp Upo22 &#8211; 15ax Ups Bifasico De 15kva Torre 15000va\/12000w 220vca120\/208\/240vca\"}]},{\"@type\":\"WebSite\",\"@id\":\"https:\/\/compuviper.mx\/tienda\/#website\",\"url\":\"https:\/\/compuviper.mx\/tienda\/\",\"name\":\"Compuviper\",\"description\":\"Proveedor de Computadoras, Laptops, Servidores, Monitores, Puntos de Venta, Teclados,   Impresoras, T\u00f3ner, C\u00e1maras de Seguridad y m\u00e1s en tu tienda en l\u00ednea\",\"publisher\":{\"@id\":\"https:\/\/compuviper.mx\/tienda\/#organization\"},\"potentialAction\":[{\"@type\":\"SearchAction\",\"target\":{\"@type\":\"EntryPoint\",\"urlTemplate\":\"https:\/\/compuviper.mx\/tienda\/?s={search_term_string}\"},\"query-input\":\"required name=search_term_string\"}],\"inLanguage\":\"es-MX\"},{\"@type\":\"Organization\",\"@id\":\"https:\/\/compuviper.mx\/tienda\/#organization\",\"name\":\"Compuviper\",\"url\":\"https:\/\/compuviper.mx\/tienda\/\",\"logo\":{\"@type\":\"ImageObject\",\"inLanguage\":\"es-MX\",\"@id\":\"https:\/\/compuviper.mx\/tienda\/#\/schema\/logo\/image\/\",\"url\":\"https:\/\/compuviper.mx\/tienda\/wp-content\/uploads\/2021\/08\/Logo-Compuviper-10.png\",\"contentUrl\":\"https:\/\/compuviper.mx\/tienda\/wp-content\/uploads\/2021\/08\/Logo-Compuviper-10.png\",\"width\":1000,\"height\":500,\"caption\":\"Compuviper\"},\"image\":{\"@id\":\"https:\/\/compuviper.mx\/tienda\/#\/schema\/logo\/image\/\"},\"sameAs\":[\"https:\/\/www.facebook.com\/compuviper\",\"https:\/\/www.youtube.com\/channel\/UCf73dERp9Y3cfOq7q8BhLjA?view_as=subscriber\"]}]}<\/script>\n<meta property=\"product:brand\" content=\"CDP\" \/>\n<meta property=\"product:price:amount\" content=\"107988\" \/>\n<meta property=\"product:price:currency\" content=\"MXN\" \/>\n<meta property=\"og:availability\" content=\"backorder\" \/>\n<meta property=\"product:availability\" content=\"available for order\" \/>\n<meta property=\"product:retailer_item_id\" content=\"UPO22 - 15AX\" \/>\n<meta property=\"product:condition\" content=\"new\" \/>\n<!-- \/ Yoast SEO plugin. -->","yoast_head_json":{"title":"[ Cdp ] &#129351; Upo22 - 15ax Ups Bifasico De 15kva Torre 15000va\/12000w 220vca120\/208\/240vca","description":"Compra Upo22 - 15ax Ups Bifasico De 15kva Torre 15000va\/12000w 220vca120\/208\/240vca + Env\u00edo a domicilio + Pago seguro + Garant\u00eda","robots":{"index":"index","follow":"follow","max-snippet":"max-snippet:-1","max-image-preview":"max-image-preview:large","max-video-preview":"max-video-preview:-1"},"canonical":"https:\/\/compuviper.mx\/tienda\/producto\/cdp-upo22-15ax-ups-bifasico-de-15kva-torre-15000va-12000w-220vca120-208-240vca\/","og_locale":"es_MX","og_type":"article","og_title":"[ Cdp ] &#129351; Upo22 - 15ax Ups Bifasico De 15kva Torre 15000va\/12000w 220vca120\/208\/240vca","og_description":"Compra Upo22 - 15ax Ups Bifasico De 15kva Torre 15000va\/12000w 220vca120\/208\/240vca + Env\u00edo a domicilio + Pago seguro + Garant\u00eda","og_url":"https:\/\/compuviper.mx\/tienda\/producto\/cdp-upo22-15ax-ups-bifasico-de-15kva-torre-15000va-12000w-220vca120-208-240vca\/","og_site_name":"Compuviper","article_publisher":"https:\/\/www.facebook.com\/compuviper","og_image":[{"width":200,"height":200,"url":"https:\/\/compuviper.mx\/tienda\/wp-content\/uploads\/2023\/12\/Ups-online-cdp-15kva-15000va12000w-upo22-15ax-bifasico-torre-220vca-120208240vca.jpg","type":"image\/jpeg"}],"twitter_card":"summary_large_image","twitter_misc":{"Precio":"&#36;107,988 con IVA","Availability":"On backorder"},"schema":{"@context":"https:\/\/schema.org","@graph":[{"@type":"WebPage","@id":"https:\/\/compuviper.mx\/tienda\/producto\/cdp-upo22-15ax-ups-bifasico-de-15kva-torre-15000va-12000w-220vca120-208-240vca\/","url":"https:\/\/compuviper.mx\/tienda\/producto\/cdp-upo22-15ax-ups-bifasico-de-15kva-torre-15000va-12000w-220vca120-208-240vca\/","name":"[ Cdp ] &#129351; Upo22 - 15ax Ups Bifasico De 15kva Torre 15000va\/12000w 220vca120\/208\/240vca","isPartOf":{"@id":"https:\/\/compuviper.mx\/tienda\/#website"},"datePublished":"2026-04-07T06:29:58+00:00","dateModified":"2026-04-07T06:29:58+00:00","description":"Compra Upo22 - 15ax Ups Bifasico De 15kva Torre 15000va\/12000w 220vca120\/208\/240vca + Env\u00edo a domicilio + Pago seguro + Garant\u00eda","breadcrumb":{"@id":"https:\/\/compuviper.mx\/tienda\/producto\/cdp-upo22-15ax-ups-bifasico-de-15kva-torre-15000va-12000w-220vca120-208-240vca\/#breadcrumb"},"inLanguage":"es-MX","potentialAction":[{"@type":"ReadAction","target":["https:\/\/compuviper.mx\/tienda\/producto\/cdp-upo22-15ax-ups-bifasico-de-15kva-torre-15000va-12000w-220vca120-208-240vca\/"]}]},{"@type":"BreadcrumbList","@id":"https:\/\/compuviper.mx\/tienda\/producto\/cdp-upo22-15ax-ups-bifasico-de-15kva-torre-15000va-12000w-220vca120-208-240vca\/#breadcrumb","itemListElement":[{"@type":"ListItem","position":1,"name":"Inicio","item":"https:\/\/compuviper.mx\/tienda\/"},{"@type":"ListItem","position":2,"name":"Productos","item":"https:\/\/compuviper.mx\/tienda\/productos\/"},{"@type":"ListItem","position":3,"name":"Energia","item":"https:\/\/compuviper.mx\/tienda\/categoria-producto\/energia\/"},{"@type":"ListItem","position":4,"name":"No Break","item":"https:\/\/compuviper.mx\/tienda\/categoria-producto\/energia\/no-break\/"},{"@type":"ListItem","position":5,"name":"Cdp Upo22 &#8211; 15ax Ups Bifasico De 15kva Torre 15000va\/12000w 220vca120\/208\/240vca"}]},{"@type":"WebSite","@id":"https:\/\/compuviper.mx\/tienda\/#website","url":"https:\/\/compuviper.mx\/tienda\/","name":"Compuviper","description":"Proveedor de Computadoras, Laptops, Servidores, Monitores, Puntos de Venta, Teclados,   Impresoras, T\u00f3ner, C\u00e1maras de Seguridad y m\u00e1s en tu tienda en l\u00ednea","publisher":{"@id":"https:\/\/compuviper.mx\/tienda\/#organization"},"potentialAction":[{"@type":"SearchAction","target":{"@type":"EntryPoint","urlTemplate":"https:\/\/compuviper.mx\/tienda\/?s={search_term_string}"},"query-input":"required name=search_term_string"}],"inLanguage":"es-MX"},{"@type":"Organization","@id":"https:\/\/compuviper.mx\/tienda\/#organization","name":"Compuviper","url":"https:\/\/compuviper.mx\/tienda\/","logo":{"@type":"ImageObject","inLanguage":"es-MX","@id":"https:\/\/compuviper.mx\/tienda\/#\/schema\/logo\/image\/","url":"https:\/\/compuviper.mx\/tienda\/wp-content\/uploads\/2021\/08\/Logo-Compuviper-10.png","contentUrl":"https:\/\/compuviper.mx\/tienda\/wp-content\/uploads\/2021\/08\/Logo-Compuviper-10.png","width":1000,"height":500,"caption":"Compuviper"},"image":{"@id":"https:\/\/compuviper.mx\/tienda\/#\/schema\/logo\/image\/"},"sameAs":["https:\/\/www.facebook.com\/compuviper","https:\/\/www.youtube.com\/channel\/UCf73dERp9Y3cfOq7q8BhLjA?view_as=subscriber"]}]},"product_brand":"CDP","product_price_amount":"107988","product_price_currency":"MXN","og_availability":"backorder","product_availability":"available for order","product_retailer_item_id":"UPO22 - 15AX","product_condition":"new"},"_links":{"self":[{"href":"https:\/\/compuviper.mx\/tienda\/wp-json\/wp\/v2\/product\/217886"}],"collection":[{"href":"https:\/\/compuviper.mx\/tienda\/wp-json\/wp\/v2\/product"}],"about":[{"href":"https:\/\/compuviper.mx\/tienda\/wp-json\/wp\/v2\/types\/product"}],"replies":[{"embeddable":true,"href":"https:\/\/compuviper.mx\/tienda\/wp-json\/wp\/v2\/comments?post=217886"}],"wp:featuredmedia":[{"embeddable":true,"href":"https:\/\/compuviper.mx\/tienda\/wp-json\/wp\/v2\/media\/217887"}],"wp:attachment":[{"href":"https:\/\/compuviper.mx\/tienda\/wp-json\/wp\/v2\/media?parent=217886"}],"wp:term":[{"taxonomy":"product_cat","embeddable":true,"href":"https:\/\/compuviper.mx\/tienda\/wp-json\/wp\/v2\/product_cat?post=217886"},{"taxonomy":"product_tag","embeddable":true,"href":"https:\/\/compuviper.mx\/tienda\/wp-json\/wp\/v2\/product_tag?post=217886"}],"curies":[{"name":"wp","href":"https:\/\/api.w.org\/{rel}","templated":true}]}}