{"id":217769,"date":"2026-04-25T00:21:33","date_gmt":"2026-04-25T06:21:33","guid":{"rendered":"https:\/\/compuviper.mx\/tienda\/producto\/apc-e3sups10kfbs-easy-ups-3s-10-kva-208v-33-ups-for-internal-batteries\/"},"modified":"2026-04-25T00:21:33","modified_gmt":"2026-04-25T06:21:33","slug":"apc-e3sups10kfbs-easy-ups-3s-10kva-208v-33-for-internal-batteries-incluye-arranque-5x8-y-se-tiene-que-cotizar-viatico-con-el-pm-o-ejecutivo-de-ventas","status":"publish","type":"product","link":"https:\/\/compuviper.mx\/tienda\/producto\/apc-e3sups10kfbs-easy-ups-3s-10kva-208v-33-for-internal-batteries-incluye-arranque-5x8-y-se-tiene-que-cotizar-viatico-con-el-pm-o-ejecutivo-de-ventas\/","title":{"rendered":"Apc E3sups10kfbs Easy Ups 3s 10kva 208v 3:3 For Internal Batteries, Incluye Arranque 5&#215;8, Y Se Tiene Que Cotizar Viatico Con El Pm O Ejecutivo De Ventas"},"content":{"rendered":"<table class=\"descripcion\">\n<tr>\n<td>Principal<\/td>\n<\/tr>\n<tr>\n<td>Main input voltage : 208 v 3 fases<\/td>\n<\/tr>\n<tr>\n<td>Other input voltage: 220 v<\/td>\n<\/tr>\n<tr>\n<td>Main output voltage: 208 v3 fases<\/td>\n<\/tr>\n<tr>\n<td>Other output voltage: 220 v<\/td>\n<\/tr>\n<tr>\n<td>Potencia nominal en w: 10 kw<\/td>\n<\/tr>\n<tr>\n<td>Potencia nominal en va : 10 kva<\/td>\n<\/tr>\n<tr>\n<td>Equipo suministrado: filtro de polvo<\/td>\n<\/tr>\n<tr>\n<td>F\u00edsico<\/td>\n<\/tr>\n<tr>\n<td>Color  blanco ral 9003<\/td>\n<\/tr>\n<tr>\n<td>Entrada<\/td>\n<\/tr>\n<tr>\n<td>Corriente m\u00e1xima de entrada: 31 a<\/td>\n<\/tr>\n<tr>\n<td>Nivel m\u00e1ximo de r\u00e9gimen en cortocircuito (ioc): 10 ka<\/td>\n<\/tr>\n<tr>\n<td>Distorsi\u00f3n arm\u00f3nica total de entrada: inferior al 4% para plena carga<\/td>\n<\/tr>\n<tr>\n<td>Load power factor: desde 0.7 en adelantos hasta 0.7 en retardos sin reducci\u00f3n de la capacidad nominal<\/td>\n<\/tr>\n<tr>\n<td>Frecuencia asignada de empleo: 40-70 hz<\/td>\n<\/tr>\n<tr>\n<td>Salida<\/td>\n<\/tr>\n<tr>\n<td>Maximum configurable power in va: 10 kva<\/td>\n<\/tr>\n<tr>\n<td>M\u00e1xima potencia configurable (vatios): 10 kw<\/td>\n<\/tr>\n<tr>\n<td>Frecuencia de salida: 50 hz sincronizada a red el\u00e9ctrica principal<\/td>\n<\/tr>\n<tr>\n<td>60 hz sincronizada a red el\u00e9ctrica principal<\/td>\n<\/tr>\n<tr>\n<td>Funcionamiento con sobrecarga: 10 minutos al 125% y 60 segundos al 150%<\/td>\n<\/tr>\n<tr>\n<td>Topolog\u00eda: doble conversi\u00f3n en l\u00ednea<\/td>\n<\/tr>\n<tr>\n<td>Bypass type: desviaci\u00f3n est\u00e1tica incorporada<\/td>\n<\/tr>\n<\/table>\n","protected":false},"excerpt":{"rendered":"<p>High-efficiency 3-phase ups that features advanced product features, competitive specifications, and robust electrical design, making business continuity easy in the data center or electrical room. This is an exceptionally easy to install, operate, maintain, and service 10 kva ups, ideal for small and medium businesses. Includes dust filter and conformance-coated boards for harsh environments. This ups is for internal batteries, but is supplied without batteries, so you can easily customize the battery runtime. Includes 5&#215;8 start-up service.<\/p>\n","protected":false},"featured_media":217770,"comment_status":"open","ping_status":"open","template":"","meta":[],"product_cat":[1508,1691],"product_tag":[1694],"acf":[],"yoast_head":"<!-- This site is optimized with the Yoast SEO plugin v21.7 - https:\/\/yoast.com\/wordpress\/plugins\/seo\/ -->\n<title>[ Apc ] &#129351; E3sups10kfbs Easy Ups 3s 10kva 208v 3:3 For Internal Batteries, Incluye Arranque 5x8, Y Se Tiene Que Cotizar Viatico Con El Pm O Ejecutivo De Ventas<\/title>\n<meta name=\"description\" content=\"Compra E3sups10kfbs Easy Ups 3s 10kva 208v 3:3 For Internal Batteries, Incluye Arranque 5x8, Y Se Tiene Que Cotizar Viatico Con El Pm O Ejecutivo De Ventas + Env\u00edo a domicilio + Pago seguro + Garant\u00eda\" \/>\n<meta name=\"robots\" content=\"index, follow, max-snippet:-1, max-image-preview:large, max-video-preview:-1\" \/>\n<link rel=\"canonical\" href=\"https:\/\/compuviper.mx\/tienda\/producto\/apc-e3sups10kfbs-easy-ups-3s-10kva-208v-33-for-internal-batteries-incluye-arranque-5x8-y-se-tiene-que-cotizar-viatico-con-el-pm-o-ejecutivo-de-ventas\/\" \/>\n<meta property=\"og:locale\" content=\"es_MX\" \/>\n<meta property=\"og:type\" content=\"article\" \/>\n<meta property=\"og:title\" content=\"[ Apc ] &#129351; E3sups10kfbs Easy Ups 3s 10kva 208v 3:3 For Internal Batteries, Incluye Arranque 5x8, Y Se Tiene Que Cotizar Viatico Con El Pm O Ejecutivo De Ventas\" \/>\n<meta property=\"og:description\" content=\"Compra E3sups10kfbs Easy Ups 3s 10kva 208v 3:3 For Internal Batteries, Incluye Arranque 5x8, Y Se Tiene Que Cotizar Viatico Con El Pm O Ejecutivo De Ventas + Env\u00edo a domicilio + Pago seguro + Garant\u00eda\" \/>\n<meta property=\"og:url\" content=\"https:\/\/compuviper.mx\/tienda\/producto\/apc-e3sups10kfbs-easy-ups-3s-10kva-208v-33-for-internal-batteries-incluye-arranque-5x8-y-se-tiene-que-cotizar-viatico-con-el-pm-o-ejecutivo-de-ventas\/\" \/>\n<meta property=\"og:site_name\" content=\"Compuviper\" \/>\n<meta property=\"article:publisher\" content=\"https:\/\/www.facebook.com\/compuviper\" \/>\n<meta property=\"og:image\" content=\"https:\/\/compuviper.mx\/tienda\/wp-content\/uploads\/2023\/12\/Easy-ups-3s-10-kva-208v-33-ups-for-internal-batteries.jpg\" \/>\n\t<meta property=\"og:image:width\" content=\"200\" \/>\n\t<meta property=\"og:image:height\" content=\"200\" \/>\n\t<meta property=\"og:image:type\" content=\"image\/jpeg\" \/>\n<meta name=\"twitter:card\" content=\"summary_large_image\" \/>\n<meta name=\"twitter:label1\" content=\"Precio\" \/>\n\t<meta name=\"twitter:data1\" content=\"&#36;127,841 con IVA\" \/>\n\t<meta name=\"twitter:label2\" content=\"Availability\" \/>\n\t<meta name=\"twitter:data2\" content=\"Out of stock\" \/>\n<script type=\"application\/ld+json\" class=\"yoast-schema-graph\">{\"@context\":\"https:\/\/schema.org\",\"@graph\":[{\"@type\":\"WebPage\",\"@id\":\"https:\/\/compuviper.mx\/tienda\/producto\/apc-e3sups10kfbs-easy-ups-3s-10kva-208v-33-for-internal-batteries-incluye-arranque-5x8-y-se-tiene-que-cotizar-viatico-con-el-pm-o-ejecutivo-de-ventas\/\",\"url\":\"https:\/\/compuviper.mx\/tienda\/producto\/apc-e3sups10kfbs-easy-ups-3s-10kva-208v-33-for-internal-batteries-incluye-arranque-5x8-y-se-tiene-que-cotizar-viatico-con-el-pm-o-ejecutivo-de-ventas\/\",\"name\":\"[ Apc ] &#129351; E3sups10kfbs Easy Ups 3s 10kva 208v 3:3 For Internal Batteries, Incluye Arranque 5x8, Y Se Tiene Que Cotizar Viatico Con El Pm O Ejecutivo De Ventas\",\"isPartOf\":{\"@id\":\"https:\/\/compuviper.mx\/tienda\/#website\"},\"datePublished\":\"2026-04-25T06:21:33+00:00\",\"dateModified\":\"2026-04-25T06:21:33+00:00\",\"description\":\"Compra E3sups10kfbs Easy Ups 3s 10kva 208v 3:3 For Internal Batteries, Incluye Arranque 5x8, Y Se Tiene Que Cotizar Viatico Con El Pm O Ejecutivo De Ventas + Env\u00edo a domicilio + Pago seguro + Garant\u00eda\",\"breadcrumb\":{\"@id\":\"https:\/\/compuviper.mx\/tienda\/producto\/apc-e3sups10kfbs-easy-ups-3s-10kva-208v-33-for-internal-batteries-incluye-arranque-5x8-y-se-tiene-que-cotizar-viatico-con-el-pm-o-ejecutivo-de-ventas\/#breadcrumb\"},\"inLanguage\":\"es-MX\",\"potentialAction\":[{\"@type\":\"ReadAction\",\"target\":[\"https:\/\/compuviper.mx\/tienda\/producto\/apc-e3sups10kfbs-easy-ups-3s-10kva-208v-33-for-internal-batteries-incluye-arranque-5x8-y-se-tiene-que-cotizar-viatico-con-el-pm-o-ejecutivo-de-ventas\/\"]}]},{\"@type\":\"BreadcrumbList\",\"@id\":\"https:\/\/compuviper.mx\/tienda\/producto\/apc-e3sups10kfbs-easy-ups-3s-10kva-208v-33-for-internal-batteries-incluye-arranque-5x8-y-se-tiene-que-cotizar-viatico-con-el-pm-o-ejecutivo-de-ventas\/#breadcrumb\",\"itemListElement\":[{\"@type\":\"ListItem\",\"position\":1,\"name\":\"Inicio\",\"item\":\"https:\/\/compuviper.mx\/tienda\/\"},{\"@type\":\"ListItem\",\"position\":2,\"name\":\"Productos\",\"item\":\"https:\/\/compuviper.mx\/tienda\/productos\/\"},{\"@type\":\"ListItem\",\"position\":3,\"name\":\"Energia\",\"item\":\"https:\/\/compuviper.mx\/tienda\/categoria-producto\/energia\/\"},{\"@type\":\"ListItem\",\"position\":4,\"name\":\"No Break\",\"item\":\"https:\/\/compuviper.mx\/tienda\/categoria-producto\/energia\/no-break\/\"},{\"@type\":\"ListItem\",\"position\":5,\"name\":\"Apc E3sups10kfbs Easy Ups 3s 10kva 208v 3:3 For Internal Batteries, Incluye Arranque 5&#215;8, Y Se Tiene Que Cotizar Viatico Con El Pm O Ejecutivo De Ventas\"}]},{\"@type\":\"WebSite\",\"@id\":\"https:\/\/compuviper.mx\/tienda\/#website\",\"url\":\"https:\/\/compuviper.mx\/tienda\/\",\"name\":\"Compuviper\",\"description\":\"Proveedor de Computadoras, Laptops, Servidores, Monitores, Puntos de Venta, Teclados,   Impresoras, T\u00f3ner, C\u00e1maras de Seguridad y m\u00e1s en tu tienda en l\u00ednea\",\"publisher\":{\"@id\":\"https:\/\/compuviper.mx\/tienda\/#organization\"},\"potentialAction\":[{\"@type\":\"SearchAction\",\"target\":{\"@type\":\"EntryPoint\",\"urlTemplate\":\"https:\/\/compuviper.mx\/tienda\/?s={search_term_string}\"},\"query-input\":\"required name=search_term_string\"}],\"inLanguage\":\"es-MX\"},{\"@type\":\"Organization\",\"@id\":\"https:\/\/compuviper.mx\/tienda\/#organization\",\"name\":\"Compuviper\",\"url\":\"https:\/\/compuviper.mx\/tienda\/\",\"logo\":{\"@type\":\"ImageObject\",\"inLanguage\":\"es-MX\",\"@id\":\"https:\/\/compuviper.mx\/tienda\/#\/schema\/logo\/image\/\",\"url\":\"https:\/\/compuviper.mx\/tienda\/wp-content\/uploads\/2021\/08\/Logo-Compuviper-10.png\",\"contentUrl\":\"https:\/\/compuviper.mx\/tienda\/wp-content\/uploads\/2021\/08\/Logo-Compuviper-10.png\",\"width\":1000,\"height\":500,\"caption\":\"Compuviper\"},\"image\":{\"@id\":\"https:\/\/compuviper.mx\/tienda\/#\/schema\/logo\/image\/\"},\"sameAs\":[\"https:\/\/www.facebook.com\/compuviper\",\"https:\/\/www.youtube.com\/channel\/UCf73dERp9Y3cfOq7q8BhLjA?view_as=subscriber\"]}]}<\/script>\n<meta property=\"product:brand\" content=\"APC\" \/>\n<meta property=\"product:price:amount\" content=\"127841\" \/>\n<meta property=\"product:price:currency\" content=\"MXN\" \/>\n<meta property=\"og:availability\" content=\"out of stock\" \/>\n<meta property=\"product:availability\" content=\"out of stock\" \/>\n<meta property=\"product:retailer_item_id\" content=\"E3SUPS10KFBS\" \/>\n<meta property=\"product:condition\" content=\"new\" \/>\n<!-- \/ Yoast SEO plugin. -->","yoast_head_json":{"title":"[ Apc ] &#129351; E3sups10kfbs Easy Ups 3s 10kva 208v 3:3 For Internal Batteries, Incluye Arranque 5x8, Y Se Tiene Que Cotizar Viatico Con El Pm O Ejecutivo De Ventas","description":"Compra E3sups10kfbs Easy Ups 3s 10kva 208v 3:3 For Internal Batteries, Incluye Arranque 5x8, Y Se Tiene Que Cotizar Viatico Con El Pm O Ejecutivo De Ventas + Env\u00edo a domicilio + Pago seguro + Garant\u00eda","robots":{"index":"index","follow":"follow","max-snippet":"max-snippet:-1","max-image-preview":"max-image-preview:large","max-video-preview":"max-video-preview:-1"},"canonical":"https:\/\/compuviper.mx\/tienda\/producto\/apc-e3sups10kfbs-easy-ups-3s-10kva-208v-33-for-internal-batteries-incluye-arranque-5x8-y-se-tiene-que-cotizar-viatico-con-el-pm-o-ejecutivo-de-ventas\/","og_locale":"es_MX","og_type":"article","og_title":"[ Apc ] &#129351; E3sups10kfbs Easy Ups 3s 10kva 208v 3:3 For Internal Batteries, Incluye Arranque 5x8, Y Se Tiene Que Cotizar Viatico Con El Pm O Ejecutivo De Ventas","og_description":"Compra E3sups10kfbs Easy Ups 3s 10kva 208v 3:3 For Internal Batteries, Incluye Arranque 5x8, Y Se Tiene Que Cotizar Viatico Con El Pm O Ejecutivo De Ventas + Env\u00edo a domicilio + Pago seguro + Garant\u00eda","og_url":"https:\/\/compuviper.mx\/tienda\/producto\/apc-e3sups10kfbs-easy-ups-3s-10kva-208v-33-for-internal-batteries-incluye-arranque-5x8-y-se-tiene-que-cotizar-viatico-con-el-pm-o-ejecutivo-de-ventas\/","og_site_name":"Compuviper","article_publisher":"https:\/\/www.facebook.com\/compuviper","og_image":[{"width":200,"height":200,"url":"https:\/\/compuviper.mx\/tienda\/wp-content\/uploads\/2023\/12\/Easy-ups-3s-10-kva-208v-33-ups-for-internal-batteries.jpg","type":"image\/jpeg"}],"twitter_card":"summary_large_image","twitter_misc":{"Precio":"&#36;127,841 con IVA","Availability":"Out of stock"},"schema":{"@context":"https:\/\/schema.org","@graph":[{"@type":"WebPage","@id":"https:\/\/compuviper.mx\/tienda\/producto\/apc-e3sups10kfbs-easy-ups-3s-10kva-208v-33-for-internal-batteries-incluye-arranque-5x8-y-se-tiene-que-cotizar-viatico-con-el-pm-o-ejecutivo-de-ventas\/","url":"https:\/\/compuviper.mx\/tienda\/producto\/apc-e3sups10kfbs-easy-ups-3s-10kva-208v-33-for-internal-batteries-incluye-arranque-5x8-y-se-tiene-que-cotizar-viatico-con-el-pm-o-ejecutivo-de-ventas\/","name":"[ Apc ] &#129351; E3sups10kfbs Easy Ups 3s 10kva 208v 3:3 For Internal Batteries, Incluye Arranque 5x8, Y Se Tiene Que Cotizar Viatico Con El Pm O Ejecutivo De Ventas","isPartOf":{"@id":"https:\/\/compuviper.mx\/tienda\/#website"},"datePublished":"2026-04-25T06:21:33+00:00","dateModified":"2026-04-25T06:21:33+00:00","description":"Compra E3sups10kfbs Easy Ups 3s 10kva 208v 3:3 For Internal Batteries, Incluye Arranque 5x8, Y Se Tiene Que Cotizar Viatico Con El Pm O Ejecutivo De Ventas + Env\u00edo a domicilio + Pago seguro + Garant\u00eda","breadcrumb":{"@id":"https:\/\/compuviper.mx\/tienda\/producto\/apc-e3sups10kfbs-easy-ups-3s-10kva-208v-33-for-internal-batteries-incluye-arranque-5x8-y-se-tiene-que-cotizar-viatico-con-el-pm-o-ejecutivo-de-ventas\/#breadcrumb"},"inLanguage":"es-MX","potentialAction":[{"@type":"ReadAction","target":["https:\/\/compuviper.mx\/tienda\/producto\/apc-e3sups10kfbs-easy-ups-3s-10kva-208v-33-for-internal-batteries-incluye-arranque-5x8-y-se-tiene-que-cotizar-viatico-con-el-pm-o-ejecutivo-de-ventas\/"]}]},{"@type":"BreadcrumbList","@id":"https:\/\/compuviper.mx\/tienda\/producto\/apc-e3sups10kfbs-easy-ups-3s-10kva-208v-33-for-internal-batteries-incluye-arranque-5x8-y-se-tiene-que-cotizar-viatico-con-el-pm-o-ejecutivo-de-ventas\/#breadcrumb","itemListElement":[{"@type":"ListItem","position":1,"name":"Inicio","item":"https:\/\/compuviper.mx\/tienda\/"},{"@type":"ListItem","position":2,"name":"Productos","item":"https:\/\/compuviper.mx\/tienda\/productos\/"},{"@type":"ListItem","position":3,"name":"Energia","item":"https:\/\/compuviper.mx\/tienda\/categoria-producto\/energia\/"},{"@type":"ListItem","position":4,"name":"No Break","item":"https:\/\/compuviper.mx\/tienda\/categoria-producto\/energia\/no-break\/"},{"@type":"ListItem","position":5,"name":"Apc E3sups10kfbs Easy Ups 3s 10kva 208v 3:3 For Internal Batteries, Incluye Arranque 5&#215;8, Y Se Tiene Que Cotizar Viatico Con El Pm O Ejecutivo De Ventas"}]},{"@type":"WebSite","@id":"https:\/\/compuviper.mx\/tienda\/#website","url":"https:\/\/compuviper.mx\/tienda\/","name":"Compuviper","description":"Proveedor de Computadoras, Laptops, Servidores, Monitores, Puntos de Venta, Teclados,   Impresoras, T\u00f3ner, C\u00e1maras de Seguridad y m\u00e1s en tu tienda en l\u00ednea","publisher":{"@id":"https:\/\/compuviper.mx\/tienda\/#organization"},"potentialAction":[{"@type":"SearchAction","target":{"@type":"EntryPoint","urlTemplate":"https:\/\/compuviper.mx\/tienda\/?s={search_term_string}"},"query-input":"required name=search_term_string"}],"inLanguage":"es-MX"},{"@type":"Organization","@id":"https:\/\/compuviper.mx\/tienda\/#organization","name":"Compuviper","url":"https:\/\/compuviper.mx\/tienda\/","logo":{"@type":"ImageObject","inLanguage":"es-MX","@id":"https:\/\/compuviper.mx\/tienda\/#\/schema\/logo\/image\/","url":"https:\/\/compuviper.mx\/tienda\/wp-content\/uploads\/2021\/08\/Logo-Compuviper-10.png","contentUrl":"https:\/\/compuviper.mx\/tienda\/wp-content\/uploads\/2021\/08\/Logo-Compuviper-10.png","width":1000,"height":500,"caption":"Compuviper"},"image":{"@id":"https:\/\/compuviper.mx\/tienda\/#\/schema\/logo\/image\/"},"sameAs":["https:\/\/www.facebook.com\/compuviper","https:\/\/www.youtube.com\/channel\/UCf73dERp9Y3cfOq7q8BhLjA?view_as=subscriber"]}]},"product_brand":"APC","product_price_amount":"127841","product_price_currency":"MXN","og_availability":"out of stock","product_availability":"out of stock","product_retailer_item_id":"E3SUPS10KFBS","product_condition":"new"},"_links":{"self":[{"href":"https:\/\/compuviper.mx\/tienda\/wp-json\/wp\/v2\/product\/217769"}],"collection":[{"href":"https:\/\/compuviper.mx\/tienda\/wp-json\/wp\/v2\/product"}],"about":[{"href":"https:\/\/compuviper.mx\/tienda\/wp-json\/wp\/v2\/types\/product"}],"replies":[{"embeddable":true,"href":"https:\/\/compuviper.mx\/tienda\/wp-json\/wp\/v2\/comments?post=217769"}],"wp:featuredmedia":[{"embeddable":true,"href":"https:\/\/compuviper.mx\/tienda\/wp-json\/wp\/v2\/media\/217770"}],"wp:attachment":[{"href":"https:\/\/compuviper.mx\/tienda\/wp-json\/wp\/v2\/media?parent=217769"}],"wp:term":[{"taxonomy":"product_cat","embeddable":true,"href":"https:\/\/compuviper.mx\/tienda\/wp-json\/wp\/v2\/product_cat?post=217769"},{"taxonomy":"product_tag","embeddable":true,"href":"https:\/\/compuviper.mx\/tienda\/wp-json\/wp\/v2\/product_tag?post=217769"}],"curies":[{"name":"wp","href":"https:\/\/api.w.org\/{rel}","templated":true}]}}