{"id":217720,"date":"2026-04-08T00:29:23","date_gmt":"2026-04-08T06:29:23","guid":{"rendered":"https:\/\/compuviper.mx\/tienda\/producto\/cyberpower-rb12170x4-paquete-de-baterias-12v-17ah-para-usarse-en-un-pr2200lcd-y-pr3000lcd-garanta-1-ao\/"},"modified":"2026-04-08T00:29:23","modified_gmt":"2026-04-08T06:29:23","slug":"cyberpower-rb12170x4-paquete-de-baterias-12v-17ah-para-usarse-en-un-pr2200lcd-y-pr3000lcd-garanta-1-ao","status":"publish","type":"product","link":"https:\/\/compuviper.mx\/tienda\/producto\/cyberpower-rb12170x4-paquete-de-baterias-12v-17ah-para-usarse-en-un-pr2200lcd-y-pr3000lcd-garanta-1-ao\/","title":{"rendered":"Cyberpower Rb12170x4 Paquete De Baterias  () 12v, 17ah. Para Usarse En Un Pr2200lcd Y Pr3000lcd. Garant?a 1 A?o"},"content":{"rendered":"<table class=\"descripcion\">\n<tr>\n<td>Bater\u00eda<\/td>\n<\/tr>\n<tr>\n<td>Tipo de bater\u00eda<\/td>\n<\/tr>\n<tr>\n<td>\u00e1cido de plomo sellado<\/td>\n<\/tr>\n<tr>\n<td>Tama\u00f1o de la bater\u00eda<\/td>\n<\/tr>\n<tr>\n<td>12v\/17ah<\/td>\n<\/tr>\n<tr>\n<td>Numero de bater\u00edas: 4<\/td>\n<\/tr>\n<tr>\n<td>Usuario reemplazable: s\u00ed<\/td>\n<\/tr>\n<tr>\n<td>F\u00edsico<\/td>\n<\/tr>\n<tr>\n<td>Dimensiones (an. x al. x pr.) (pulg.)<\/td>\n<\/tr>\n<tr>\n<td>5,98&#215;6, 8&#215;14, 25<\/td>\n<\/tr>\n<tr>\n<td>Peso libras) 54.76<\/td>\n<\/tr>\n<tr>\n<td>Dimensiones de env\u00edo (an. x al. x pr.) (pulg.) 10,75 x 12,2 x 20,07<\/td>\n<\/tr>\n<tr>\n<td>Peso de env\u00edo (libras) 57.32<\/td>\n<\/tr>\n<tr>\n<td>Ambiental<\/td>\n<\/tr>\n<tr>\n<td>Temperatura de funcionamiento: 32 \u00b0f a 104 \u00b0f \/ 0 \u00b0c a 40 \u00b0c<\/td>\n<\/tr>\n<tr>\n<td>Humedad de funcionamiento: 0% &#8211; 90% sin condensaci\u00f3n<\/td>\n<\/tr>\n<tr>\n<td>Contenido: el paquete incluye: kit de bater\u00eda y gu\u00eda de instalaci\u00f3n<\/td>\n<\/tr>\n<tr>\n<td>Compatibilidad<\/td>\n<\/tr>\n<tr>\n<td>Modelos de sai: pr2200lcd, pr3000lcd<\/td>\n<\/tr>\n<tr>\n<td>Garant\u00eda<\/td>\n<\/tr>\n<tr>\n<td>La garant\u00eda del producto 1 a\u00f1o.<\/td>\n<\/tr>\n<\/table>\n","protected":false},"excerpt":{"rendered":"<p>El cartucho de bater\u00eda de reemplazo del ups cyberpower rb12170x4 restaura la vida \u00fatil de los sistemas ups con bater\u00edas internas que se han debilitado o agotado por completo. El rb12170x4 12v\/17ah contiene (4) cuatro bater\u00edas, certificadas para cumplir o superar las especificaciones originales del fabricante. Todos los cartuchos de reemplazo vienen con bater\u00edas de \u00e1cido de plomo selladas a prueba de fugas que est\u00e1n preensambladas para una f\u00e1cil instalaci\u00f3n. Cada cartucho de bater\u00eda de repuesto cyberpower se env\u00eda con un embalaje reutilizable que se puede usar para enviar las bater\u00edas caducadas a un centro de reciclaje adecuado. El rb12170x4 viene con instrucciones, informaci\u00f3n de reciclaje y una garant\u00eda de dieciocho meses. Compatibilidad sai. Pr2200lcd. Pr3000lcd<\/p>\n","protected":false},"featured_media":217721,"comment_status":"open","ping_status":"open","template":"","meta":[],"product_cat":[1508,1511],"product_tag":[1692],"acf":[],"yoast_head":"<!-- This site is optimized with the Yoast SEO plugin v21.7 - https:\/\/yoast.com\/wordpress\/plugins\/seo\/ -->\n<title>[ Cyberpower ] &#129351; Rb12170x4 Paquete De Baterias () 12v, 17ah. Para Usarse En Un Pr2200lcd Y Pr3000lcd. Garant\u00eda 1 A\u00f1o<\/title>\n<meta name=\"description\" content=\"Compra Rb12170x4 Paquete De Baterias () 12v, 17ah. Para Usarse En Un Pr2200lcd Y Pr3000lcd. Garant\u00eda 1 A\u00f1o + Env\u00edo a domicilio + Pago seguro + Garant\u00eda\" \/>\n<meta name=\"robots\" content=\"index, follow, max-snippet:-1, max-image-preview:large, max-video-preview:-1\" \/>\n<link rel=\"canonical\" href=\"https:\/\/compuviper.mx\/tienda\/producto\/cyberpower-rb12170x4-paquete-de-baterias-12v-17ah-para-usarse-en-un-pr2200lcd-y-pr3000lcd-garanta-1-ao\/\" \/>\n<meta property=\"og:locale\" content=\"es_MX\" \/>\n<meta property=\"og:type\" content=\"article\" \/>\n<meta property=\"og:title\" content=\"[ Cyberpower ] &#129351; Rb12170x4 Paquete De Baterias () 12v, 17ah. Para Usarse En Un Pr2200lcd Y Pr3000lcd. Garant\u00eda 1 A\u00f1o\" \/>\n<meta property=\"og:description\" content=\"Compra Rb12170x4 Paquete De Baterias () 12v, 17ah. Para Usarse En Un Pr2200lcd Y Pr3000lcd. Garant\u00eda 1 A\u00f1o + Env\u00edo a domicilio + Pago seguro + Garant\u00eda\" \/>\n<meta property=\"og:url\" content=\"https:\/\/compuviper.mx\/tienda\/producto\/cyberpower-rb12170x4-paquete-de-baterias-12v-17ah-para-usarse-en-un-pr2200lcd-y-pr3000lcd-garanta-1-ao\/\" \/>\n<meta property=\"og:site_name\" content=\"Compuviper\" \/>\n<meta property=\"article:publisher\" content=\"https:\/\/www.facebook.com\/compuviper\" \/>\n<meta property=\"og:image\" content=\"https:\/\/compuviper.mx\/tienda\/wp-content\/uploads\/2023\/12\/Paquete-de-baterias-cyberpower-rb12170x4-12v-17ah.-para-usarse-en-un-pr2200lcd-y-pr3000lcd.-garantia-1-ano.jpg\" \/>\n\t<meta property=\"og:image:width\" content=\"200\" \/>\n\t<meta property=\"og:image:height\" content=\"200\" \/>\n\t<meta property=\"og:image:type\" content=\"image\/jpeg\" \/>\n<meta name=\"twitter:card\" content=\"summary_large_image\" \/>\n<meta name=\"twitter:label1\" content=\"Precio\" \/>\n\t<meta name=\"twitter:data1\" content=\"&#36;7,611 con IVA\" \/>\n\t<meta name=\"twitter:label2\" content=\"Availability\" \/>\n\t<meta name=\"twitter:data2\" content=\"Out of stock\" \/>\n<script type=\"application\/ld+json\" class=\"yoast-schema-graph\">{\"@context\":\"https:\/\/schema.org\",\"@graph\":[{\"@type\":\"WebPage\",\"@id\":\"https:\/\/compuviper.mx\/tienda\/producto\/cyberpower-rb12170x4-paquete-de-baterias-12v-17ah-para-usarse-en-un-pr2200lcd-y-pr3000lcd-garanta-1-ao\/\",\"url\":\"https:\/\/compuviper.mx\/tienda\/producto\/cyberpower-rb12170x4-paquete-de-baterias-12v-17ah-para-usarse-en-un-pr2200lcd-y-pr3000lcd-garanta-1-ao\/\",\"name\":\"[ Cyberpower ] &#129351; Rb12170x4 Paquete De Baterias () 12v, 17ah. Para Usarse En Un Pr2200lcd Y Pr3000lcd. Garant\u00eda 1 A\u00f1o\",\"isPartOf\":{\"@id\":\"https:\/\/compuviper.mx\/tienda\/#website\"},\"datePublished\":\"2026-04-08T06:29:23+00:00\",\"dateModified\":\"2026-04-08T06:29:23+00:00\",\"description\":\"Compra Rb12170x4 Paquete De Baterias () 12v, 17ah. Para Usarse En Un Pr2200lcd Y Pr3000lcd. Garant\u00eda 1 A\u00f1o + Env\u00edo a domicilio + Pago seguro + Garant\u00eda\",\"breadcrumb\":{\"@id\":\"https:\/\/compuviper.mx\/tienda\/producto\/cyberpower-rb12170x4-paquete-de-baterias-12v-17ah-para-usarse-en-un-pr2200lcd-y-pr3000lcd-garanta-1-ao\/#breadcrumb\"},\"inLanguage\":\"es-MX\",\"potentialAction\":[{\"@type\":\"ReadAction\",\"target\":[\"https:\/\/compuviper.mx\/tienda\/producto\/cyberpower-rb12170x4-paquete-de-baterias-12v-17ah-para-usarse-en-un-pr2200lcd-y-pr3000lcd-garanta-1-ao\/\"]}]},{\"@type\":\"BreadcrumbList\",\"@id\":\"https:\/\/compuviper.mx\/tienda\/producto\/cyberpower-rb12170x4-paquete-de-baterias-12v-17ah-para-usarse-en-un-pr2200lcd-y-pr3000lcd-garanta-1-ao\/#breadcrumb\",\"itemListElement\":[{\"@type\":\"ListItem\",\"position\":1,\"name\":\"Inicio\",\"item\":\"https:\/\/compuviper.mx\/tienda\/\"},{\"@type\":\"ListItem\",\"position\":2,\"name\":\"Productos\",\"item\":\"https:\/\/compuviper.mx\/tienda\/productos\/\"},{\"@type\":\"ListItem\",\"position\":3,\"name\":\"Energia\",\"item\":\"https:\/\/compuviper.mx\/tienda\/categoria-producto\/energia\/\"},{\"@type\":\"ListItem\",\"position\":4,\"name\":\"Bateria\",\"item\":\"https:\/\/compuviper.mx\/tienda\/categoria-producto\/energia\/bateria\/\"},{\"@type\":\"ListItem\",\"position\":5,\"name\":\"Cyberpower Rb12170x4 Paquete De Baterias () 12v, 17ah. Para Usarse En Un Pr2200lcd Y Pr3000lcd. Garant?a 1 A?o\"}]},{\"@type\":\"WebSite\",\"@id\":\"https:\/\/compuviper.mx\/tienda\/#website\",\"url\":\"https:\/\/compuviper.mx\/tienda\/\",\"name\":\"Compuviper\",\"description\":\"Proveedor de Computadoras, Laptops, Servidores, Monitores, Puntos de Venta, Teclados,   Impresoras, T\u00f3ner, C\u00e1maras de Seguridad y m\u00e1s en tu tienda en l\u00ednea\",\"publisher\":{\"@id\":\"https:\/\/compuviper.mx\/tienda\/#organization\"},\"potentialAction\":[{\"@type\":\"SearchAction\",\"target\":{\"@type\":\"EntryPoint\",\"urlTemplate\":\"https:\/\/compuviper.mx\/tienda\/?s={search_term_string}\"},\"query-input\":\"required name=search_term_string\"}],\"inLanguage\":\"es-MX\"},{\"@type\":\"Organization\",\"@id\":\"https:\/\/compuviper.mx\/tienda\/#organization\",\"name\":\"Compuviper\",\"url\":\"https:\/\/compuviper.mx\/tienda\/\",\"logo\":{\"@type\":\"ImageObject\",\"inLanguage\":\"es-MX\",\"@id\":\"https:\/\/compuviper.mx\/tienda\/#\/schema\/logo\/image\/\",\"url\":\"https:\/\/compuviper.mx\/tienda\/wp-content\/uploads\/2021\/08\/Logo-Compuviper-10.png\",\"contentUrl\":\"https:\/\/compuviper.mx\/tienda\/wp-content\/uploads\/2021\/08\/Logo-Compuviper-10.png\",\"width\":1000,\"height\":500,\"caption\":\"Compuviper\"},\"image\":{\"@id\":\"https:\/\/compuviper.mx\/tienda\/#\/schema\/logo\/image\/\"},\"sameAs\":[\"https:\/\/www.facebook.com\/compuviper\",\"https:\/\/www.youtube.com\/channel\/UCf73dERp9Y3cfOq7q8BhLjA?view_as=subscriber\"]}]}<\/script>\n<meta property=\"product:brand\" content=\"CYBERPOWER\" \/>\n<meta property=\"product:price:amount\" content=\"7611\" \/>\n<meta property=\"product:price:currency\" content=\"MXN\" \/>\n<meta property=\"og:availability\" content=\"out of stock\" \/>\n<meta property=\"product:availability\" content=\"out of stock\" \/>\n<meta property=\"product:retailer_item_id\" content=\"RB12170X4\" \/>\n<meta property=\"product:condition\" content=\"new\" \/>\n<!-- \/ Yoast SEO plugin. -->","yoast_head_json":{"title":"[ Cyberpower ] &#129351; Rb12170x4 Paquete De Baterias () 12v, 17ah. Para Usarse En Un Pr2200lcd Y Pr3000lcd. Garant\u00eda 1 A\u00f1o","description":"Compra Rb12170x4 Paquete De Baterias () 12v, 17ah. Para Usarse En Un Pr2200lcd Y Pr3000lcd. Garant\u00eda 1 A\u00f1o + Env\u00edo a domicilio + Pago seguro + Garant\u00eda","robots":{"index":"index","follow":"follow","max-snippet":"max-snippet:-1","max-image-preview":"max-image-preview:large","max-video-preview":"max-video-preview:-1"},"canonical":"https:\/\/compuviper.mx\/tienda\/producto\/cyberpower-rb12170x4-paquete-de-baterias-12v-17ah-para-usarse-en-un-pr2200lcd-y-pr3000lcd-garanta-1-ao\/","og_locale":"es_MX","og_type":"article","og_title":"[ Cyberpower ] &#129351; Rb12170x4 Paquete De Baterias () 12v, 17ah. Para Usarse En Un Pr2200lcd Y Pr3000lcd. Garant\u00eda 1 A\u00f1o","og_description":"Compra Rb12170x4 Paquete De Baterias () 12v, 17ah. Para Usarse En Un Pr2200lcd Y Pr3000lcd. Garant\u00eda 1 A\u00f1o + Env\u00edo a domicilio + Pago seguro + Garant\u00eda","og_url":"https:\/\/compuviper.mx\/tienda\/producto\/cyberpower-rb12170x4-paquete-de-baterias-12v-17ah-para-usarse-en-un-pr2200lcd-y-pr3000lcd-garanta-1-ao\/","og_site_name":"Compuviper","article_publisher":"https:\/\/www.facebook.com\/compuviper","og_image":[{"width":200,"height":200,"url":"https:\/\/compuviper.mx\/tienda\/wp-content\/uploads\/2023\/12\/Paquete-de-baterias-cyberpower-rb12170x4-12v-17ah.-para-usarse-en-un-pr2200lcd-y-pr3000lcd.-garantia-1-ano.jpg","type":"image\/jpeg"}],"twitter_card":"summary_large_image","twitter_misc":{"Precio":"&#36;7,611 con IVA","Availability":"Out of stock"},"schema":{"@context":"https:\/\/schema.org","@graph":[{"@type":"WebPage","@id":"https:\/\/compuviper.mx\/tienda\/producto\/cyberpower-rb12170x4-paquete-de-baterias-12v-17ah-para-usarse-en-un-pr2200lcd-y-pr3000lcd-garanta-1-ao\/","url":"https:\/\/compuviper.mx\/tienda\/producto\/cyberpower-rb12170x4-paquete-de-baterias-12v-17ah-para-usarse-en-un-pr2200lcd-y-pr3000lcd-garanta-1-ao\/","name":"[ Cyberpower ] &#129351; Rb12170x4 Paquete De Baterias () 12v, 17ah. Para Usarse En Un Pr2200lcd Y Pr3000lcd. Garant\u00eda 1 A\u00f1o","isPartOf":{"@id":"https:\/\/compuviper.mx\/tienda\/#website"},"datePublished":"2026-04-08T06:29:23+00:00","dateModified":"2026-04-08T06:29:23+00:00","description":"Compra Rb12170x4 Paquete De Baterias () 12v, 17ah. Para Usarse En Un Pr2200lcd Y Pr3000lcd. Garant\u00eda 1 A\u00f1o + Env\u00edo a domicilio + Pago seguro + Garant\u00eda","breadcrumb":{"@id":"https:\/\/compuviper.mx\/tienda\/producto\/cyberpower-rb12170x4-paquete-de-baterias-12v-17ah-para-usarse-en-un-pr2200lcd-y-pr3000lcd-garanta-1-ao\/#breadcrumb"},"inLanguage":"es-MX","potentialAction":[{"@type":"ReadAction","target":["https:\/\/compuviper.mx\/tienda\/producto\/cyberpower-rb12170x4-paquete-de-baterias-12v-17ah-para-usarse-en-un-pr2200lcd-y-pr3000lcd-garanta-1-ao\/"]}]},{"@type":"BreadcrumbList","@id":"https:\/\/compuviper.mx\/tienda\/producto\/cyberpower-rb12170x4-paquete-de-baterias-12v-17ah-para-usarse-en-un-pr2200lcd-y-pr3000lcd-garanta-1-ao\/#breadcrumb","itemListElement":[{"@type":"ListItem","position":1,"name":"Inicio","item":"https:\/\/compuviper.mx\/tienda\/"},{"@type":"ListItem","position":2,"name":"Productos","item":"https:\/\/compuviper.mx\/tienda\/productos\/"},{"@type":"ListItem","position":3,"name":"Energia","item":"https:\/\/compuviper.mx\/tienda\/categoria-producto\/energia\/"},{"@type":"ListItem","position":4,"name":"Bateria","item":"https:\/\/compuviper.mx\/tienda\/categoria-producto\/energia\/bateria\/"},{"@type":"ListItem","position":5,"name":"Cyberpower Rb12170x4 Paquete De Baterias () 12v, 17ah. Para Usarse En Un Pr2200lcd Y Pr3000lcd. Garant?a 1 A?o"}]},{"@type":"WebSite","@id":"https:\/\/compuviper.mx\/tienda\/#website","url":"https:\/\/compuviper.mx\/tienda\/","name":"Compuviper","description":"Proveedor de Computadoras, Laptops, Servidores, Monitores, Puntos de Venta, Teclados,   Impresoras, T\u00f3ner, C\u00e1maras de Seguridad y m\u00e1s en tu tienda en l\u00ednea","publisher":{"@id":"https:\/\/compuviper.mx\/tienda\/#organization"},"potentialAction":[{"@type":"SearchAction","target":{"@type":"EntryPoint","urlTemplate":"https:\/\/compuviper.mx\/tienda\/?s={search_term_string}"},"query-input":"required name=search_term_string"}],"inLanguage":"es-MX"},{"@type":"Organization","@id":"https:\/\/compuviper.mx\/tienda\/#organization","name":"Compuviper","url":"https:\/\/compuviper.mx\/tienda\/","logo":{"@type":"ImageObject","inLanguage":"es-MX","@id":"https:\/\/compuviper.mx\/tienda\/#\/schema\/logo\/image\/","url":"https:\/\/compuviper.mx\/tienda\/wp-content\/uploads\/2021\/08\/Logo-Compuviper-10.png","contentUrl":"https:\/\/compuviper.mx\/tienda\/wp-content\/uploads\/2021\/08\/Logo-Compuviper-10.png","width":1000,"height":500,"caption":"Compuviper"},"image":{"@id":"https:\/\/compuviper.mx\/tienda\/#\/schema\/logo\/image\/"},"sameAs":["https:\/\/www.facebook.com\/compuviper","https:\/\/www.youtube.com\/channel\/UCf73dERp9Y3cfOq7q8BhLjA?view_as=subscriber"]}]},"product_brand":"CYBERPOWER","product_price_amount":"7611","product_price_currency":"MXN","og_availability":"out of stock","product_availability":"out of stock","product_retailer_item_id":"RB12170X4","product_condition":"new"},"_links":{"self":[{"href":"https:\/\/compuviper.mx\/tienda\/wp-json\/wp\/v2\/product\/217720"}],"collection":[{"href":"https:\/\/compuviper.mx\/tienda\/wp-json\/wp\/v2\/product"}],"about":[{"href":"https:\/\/compuviper.mx\/tienda\/wp-json\/wp\/v2\/types\/product"}],"replies":[{"embeddable":true,"href":"https:\/\/compuviper.mx\/tienda\/wp-json\/wp\/v2\/comments?post=217720"}],"wp:featuredmedia":[{"embeddable":true,"href":"https:\/\/compuviper.mx\/tienda\/wp-json\/wp\/v2\/media\/217721"}],"wp:attachment":[{"href":"https:\/\/compuviper.mx\/tienda\/wp-json\/wp\/v2\/media?parent=217720"}],"wp:term":[{"taxonomy":"product_cat","embeddable":true,"href":"https:\/\/compuviper.mx\/tienda\/wp-json\/wp\/v2\/product_cat?post=217720"},{"taxonomy":"product_tag","embeddable":true,"href":"https:\/\/compuviper.mx\/tienda\/wp-json\/wp\/v2\/product_tag?post=217720"}],"curies":[{"name":"wp","href":"https:\/\/api.w.org\/{rel}","templated":true}]}}