{"id":217718,"date":"2026-04-07T00:25:45","date_gmt":"2026-04-07T06:25:45","guid":{"rendered":"https:\/\/compuviper.mx\/tienda\/producto\/cyberpower-ols2000rt2u-no-break-2000va-1800w-online-rack-torre-lcd-voltaje-de-entrada-y-salida-120v-salida-nema-5-20r-x8-2-aos-de-garanta-1-batera\/"},"modified":"2026-04-07T00:25:45","modified_gmt":"2026-04-07T06:25:45","slug":"cyberpower-ols2000rt2uaols2000rt2u-no-break-ols2000rt2ua-2000va-1800w-online-rack-torre-lcd-voltaje-de-entrada-y-salida-120v-salida-nema-5-20r-x8-2-aos-de-garanta-1-batera","status":"publish","type":"product","link":"https:\/\/compuviper.mx\/tienda\/producto\/cyberpower-ols2000rt2uaols2000rt2u-no-break-ols2000rt2ua-2000va-1800w-online-rack-torre-lcd-voltaje-de-entrada-y-salida-120v-salida-nema-5-20r-x8-2-aos-de-garanta-1-batera\/","title":{"rendered":"Cyberpower Ols2000rt2ua,ols2000rt2u No Break  Ols2000rt2ua 2000va \/ 1800w Online, Rack\/ Torre, Lcd Voltaje De Entrada Y Salida 120v, Salida Nema 5-20r X8, 2 A?os De Garanta 1 Batera."},"content":{"rendered":"<table class=\"descripcion\">\n<tr>\n<td>General<\/td>\n<\/tr>\n<tr>\n<td>Factor de forma: rack\/torre<\/td>\n<\/tr>\n<tr>\n<td>Topolog\u00eda de ups: online<\/td>\n<\/tr>\n<tr>\n<td>Tecnolog\u00eda de ahorro de energ\u00eda: online eco mode e\u00acciency   96%<\/td>\n<\/tr>\n<tr>\n<td>Fuente pfc activa: si<\/td>\n<\/tr>\n<tr>\n<td>Entrada<\/td>\n<\/tr>\n<tr>\n<td>Compatible a generador: si<\/td>\n<\/tr>\n<tr>\n<td>Voltaje nominal de entrada (vca): 120 \u00b1 10%<\/td>\n<\/tr>\n<tr>\n<td>Rango de voltaje de entrada (vca): 90 ~ 150<\/td>\n<\/tr>\n<tr>\n<td>Frecuencia de entrada (s.f.): 50 \u00b1 5 y 60 \u00b1 5<\/td>\n<\/tr>\n<tr>\n<td>Detecci\u00f3n de frecuencia de entrada: sensor autom\u00e1tico<\/td>\n<\/tr>\n<tr>\n<td>Corriente de entrada nominal (a): 25<\/td>\n<\/tr>\n<tr>\n<td>Factor de potencia: .9<\/td>\n<\/tr>\n<tr>\n<td>Tipo de conector de entrada: 5-20p and #12288;<\/td>\n<\/tr>\n<tr>\n<td>Estilo de conector: recto<\/td>\n<\/tr>\n<tr>\n<td>Salida<\/td>\n<\/tr>\n<tr>\n<td>Capacidad (va): 2000<\/td>\n<\/tr>\n<tr>\n<td>Watts (w) 1800<\/td>\n<\/tr>\n<tr>\n<td>Forma de onda en bater\u00eda: onda senoidal pura<\/td>\n<\/tr>\n<tr>\n<td>Voltaje(s) en bater\u00eda (vca): 100 \u00b1 1%, 110 \u00b1 1%, 115 \u00b1 1%, 120 \u00b1 1%, 127 \u00b1 1% (configurable)<\/td>\n<\/tr>\n<tr>\n<td>Frecuencia en bater\u00eda (s.f.): 50 \u00b1 5% y 60 \u00b1 5%<\/td>\n<\/tr>\n<tr>\n<td>(configurable)<\/td>\n<\/tr>\n<tr>\n<td>Protecci\u00f3n de sobrecarga limitaci\u00f3n de corriente interna, disyuntor, fusible: protecci\u00f3n de sobrecarga (modo de l\u00ednea) 105 %~110 % de carga, transferir a bypass despu\u00e9s de 10 min, 110 %~130 % de carga, transferir a bypass despu\u00e9s de 1 min,  130 % de carga, transferir a bypass despu\u00e9s de 3 s<\/td>\n<\/tr>\n<tr>\n<td>Protecci\u00f3n contra sobrecarga (modo de bater\u00eda) 105 %~110 % de carga, se apaga despu\u00e9s de 6 min, 110 %~130 % de carga, se apaga despu\u00e9s de 1 min,  130 % de carga, se apaga despu\u00e9s de 3 s<\/td>\n<\/tr>\n<tr>\n<td>Protecci\u00f3n de sobrecarga (modo de derivaci\u00f3n) 110 %~120 % de carga, se apaga despu\u00e9s de 30 min, 120 %~130 % de carga, se apaga despu\u00e9s de 10 min,  130 % de carga, se apaga despu\u00e9s de 1 min<\/td>\n<\/tr>\n<tr>\n<td>Distorsi\u00f3n arm\u00f3nica (carga lineal) thd and #65308;3%<\/td>\n<\/tr>\n<tr>\n<td>Distorsi\u00f3n arm\u00f3nica (carga no lineal) thd and #65308;6%<\/td>\n<\/tr>\n<tr>\n<td>Tipo de salidas: 8 nema 5-20r<\/td>\n<\/tr>\n<tr>\n<td>Bater\u00eda<\/td>\n<\/tr>\n<tr>\n<td>Autonomia plena carga: 3 minutos<\/td>\n<\/tr>\n<tr>\n<td>Autonomia a media carga: 10 minutos<\/td>\n<\/tr>\n<tr>\n<td>Tiempo de recarga t\u00edpico (horas): 6<\/td>\n<\/tr>\n<tr>\n<td>Reemplazable por el usuario: si<\/td>\n<\/tr>\n<tr>\n<td>Tipo de bater\u00eda: plomo \u00e1cido sellada<\/td>\n<\/tr>\n<tr>\n<td>M\u00f3dulo de bater\u00eda extendida compatible (ebm) bpse72v40art2u<\/td>\n<\/tr>\n<tr>\n<td>Protecci\u00f3n contra sobretensiones y filtrado<\/td>\n<\/tr>\n<tr>\n<td>Supresi\u00f3n de sobretensiones (joules): 617<\/td>\n<\/tr>\n<tr>\n<td>Filtraci\u00f3n emi y rfi: s\u00ed<\/td>\n<\/tr>\n<tr>\n<td>Gesti\u00f3n y comunicaciones<\/td>\n<\/tr>\n<tr>\n<td>Panel lcd s\u00ed<\/td>\n<\/tr>\n<tr>\n<td>Tipos de lcd: a color<\/td>\n<\/tr>\n<tr>\n<td>Orientaci\u00f3n de la pantalla lcd: giratorio \u0096 manual<\/td>\n<\/tr>\n<tr>\n<td>Puertos usb compatibles con hid 1<\/td>\n<\/tr>\n<tr>\n<td>Puerto serial rs232<\/td>\n<\/tr>\n<tr>\n<td>Puerto de alimentaci\u00f3n de emergencia o (epo): s\u00ed<\/td>\n<\/tr>\n<tr>\n<td>Software de administraci\u00f3n de energ\u00eda powerpanel empresarial supervisi\u00f3n remota snmp\/http s\u00ed &#8211; con rmcard205 opcional<\/td>\n<\/tr>\n<tr>\n<td>F\u00edsico<\/td>\n<\/tr>\n<tr>\n<td>Dimensiones (anxalxpr) (mm.) 438 x 88 x 610<\/td>\n<\/tr>\n<tr>\n<td>Peso en kg: 28.5<\/td>\n<\/tr>\n<tr>\n<td>Altura del rack instalado (u): 2<\/td>\n<\/tr>\n<tr>\n<td>Medioambiental<\/td>\n<\/tr>\n<tr>\n<td>Temperatura de funcionamiento (\u00b0c) 0 ~ 40<\/td>\n<\/tr>\n<tr>\n<td>Humedad relativa de funcionamiento<\/td>\n<\/tr>\n<tr>\n<td>(sin condensaci\u00f3n) (%) 20 ~ 90<\/td>\n<\/tr>\n<tr>\n<td>Certificaciones<\/td>\n<\/tr>\n<tr>\n<td>Nom 001, rohs.<\/td>\n<\/tr>\n<tr>\n<td>Garant\u00eda:<\/td>\n<\/tr>\n<tr>\n<td>2 a\u00f1os de garant\u00eda ups, 1 a\u00f1o en bater\u00eda.<\/td>\n<\/tr>\n<\/table>\n","protected":false},"excerpt":{"rendered":"<p>El ups de doble conversi\u00f3n en l\u00ednea de alta calidad que ofrece la protecci\u00f3n de energ\u00eda ideal. Dise\u00f1ado para aplicaciones de oficina y centro de datos, la serie s en l\u00ednea adopta una topolog\u00eda de conversi\u00f3n doble para proporcionar una salida de onda sinusoidal pura sin problemas. Los ups son compatibles con generadores para prolongar la continuidad de la energ\u00eda. Los productos tambi\u00e9n adoptan el modo eco para ayudar a ahorrar costos de energ\u00eda, smart battery management (sbm) para extender la vida \u00fatil de la bater\u00eda y lectura lcd multifunci\u00f3n para mostrar informaci\u00f3n precisa. El software de administraci\u00f3n de energ\u00eda permite a los usuarios controlar y monitorear f\u00e1cilmente el sistema ups.<\/p>\n","protected":false},"featured_media":217719,"comment_status":"open","ping_status":"open","template":"","meta":[],"product_cat":[1508,1691],"product_tag":[1692],"acf":[],"yoast_head":"<!-- This site is optimized with the Yoast SEO plugin v21.7 - https:\/\/yoast.com\/wordpress\/plugins\/seo\/ -->\n<title>[ Cyberpower ] &#129351; Ols2000rt2ua,ols2000rt2u No Break Ols2000rt2ua 2000va \/ 1800w Online, Rack\/ Torre, Lcd Voltaje De Entrada Y Salida 120v, Salida Nema 5-20r X8, 2 A\u00f1os De Garanta 1 Batera.<\/title>\n<meta name=\"description\" content=\"Compra Ols2000rt2ua,ols2000rt2u No Break Ols2000rt2ua 2000va \/ 1800w Online, Rack\/ Torre, Lcd Voltaje De Entrada Y Salida 120v, Salida Nema 5-20r X8, 2 A\u00f1os De Garanta 1 Batera. + Env\u00edo a domicilio + Pago seguro + Garant\u00eda\" \/>\n<meta name=\"robots\" content=\"index, follow, max-snippet:-1, max-image-preview:large, max-video-preview:-1\" \/>\n<link rel=\"canonical\" href=\"https:\/\/compuviper.mx\/tienda\/producto\/cyberpower-ols2000rt2uaols2000rt2u-no-break-ols2000rt2ua-2000va-1800w-online-rack-torre-lcd-voltaje-de-entrada-y-salida-120v-salida-nema-5-20r-x8-2-aos-de-garanta-1-batera\/\" \/>\n<meta property=\"og:locale\" content=\"es_MX\" \/>\n<meta property=\"og:type\" content=\"article\" \/>\n<meta property=\"og:title\" content=\"[ Cyberpower ] &#129351; Ols2000rt2ua,ols2000rt2u No Break Ols2000rt2ua 2000va \/ 1800w Online, Rack\/ Torre, Lcd Voltaje De Entrada Y Salida 120v, Salida Nema 5-20r X8, 2 A\u00f1os De Garanta 1 Batera.\" \/>\n<meta property=\"og:description\" content=\"Compra Ols2000rt2ua,ols2000rt2u No Break Ols2000rt2ua 2000va \/ 1800w Online, Rack\/ Torre, Lcd Voltaje De Entrada Y Salida 120v, Salida Nema 5-20r X8, 2 A\u00f1os De Garanta 1 Batera. + Env\u00edo a domicilio + Pago seguro + Garant\u00eda\" \/>\n<meta property=\"og:url\" content=\"https:\/\/compuviper.mx\/tienda\/producto\/cyberpower-ols2000rt2uaols2000rt2u-no-break-ols2000rt2ua-2000va-1800w-online-rack-torre-lcd-voltaje-de-entrada-y-salida-120v-salida-nema-5-20r-x8-2-aos-de-garanta-1-batera\/\" \/>\n<meta property=\"og:site_name\" content=\"Compuviper\" \/>\n<meta property=\"article:publisher\" content=\"https:\/\/www.facebook.com\/compuviper\" \/>\n<meta property=\"og:image\" content=\"https:\/\/compuviper.mx\/tienda\/wp-content\/uploads\/2023\/12\/No-break-cyberpower-ols2000rt2u-2000va-1800w-online-rack-torre-lcd-voltaje-de-entrada-y-salida-120v-salida-nema-5-20r-x8-2-anos-de-garantia-1-bateria.jpg\" \/>\n\t<meta property=\"og:image:width\" content=\"200\" \/>\n\t<meta property=\"og:image:height\" content=\"200\" \/>\n\t<meta property=\"og:image:type\" content=\"image\/jpeg\" \/>\n<meta name=\"twitter:card\" content=\"summary_large_image\" \/>\n<meta name=\"twitter:label1\" content=\"Precio\" \/>\n\t<meta name=\"twitter:data1\" content=\"&#36;15,117 con IVA\" \/>\n\t<meta name=\"twitter:label2\" content=\"Availability\" \/>\n\t<meta name=\"twitter:data2\" content=\"Out of stock\" \/>\n<script type=\"application\/ld+json\" class=\"yoast-schema-graph\">{\"@context\":\"https:\/\/schema.org\",\"@graph\":[{\"@type\":\"WebPage\",\"@id\":\"https:\/\/compuviper.mx\/tienda\/producto\/cyberpower-ols2000rt2uaols2000rt2u-no-break-ols2000rt2ua-2000va-1800w-online-rack-torre-lcd-voltaje-de-entrada-y-salida-120v-salida-nema-5-20r-x8-2-aos-de-garanta-1-batera\/\",\"url\":\"https:\/\/compuviper.mx\/tienda\/producto\/cyberpower-ols2000rt2uaols2000rt2u-no-break-ols2000rt2ua-2000va-1800w-online-rack-torre-lcd-voltaje-de-entrada-y-salida-120v-salida-nema-5-20r-x8-2-aos-de-garanta-1-batera\/\",\"name\":\"[ Cyberpower ] &#129351; Ols2000rt2ua,ols2000rt2u No Break Ols2000rt2ua 2000va \/ 1800w Online, Rack\/ Torre, Lcd Voltaje De Entrada Y Salida 120v, Salida Nema 5-20r X8, 2 A\u00f1os De Garanta 1 Batera.\",\"isPartOf\":{\"@id\":\"https:\/\/compuviper.mx\/tienda\/#website\"},\"datePublished\":\"2026-04-07T06:25:45+00:00\",\"dateModified\":\"2026-04-07T06:25:45+00:00\",\"description\":\"Compra Ols2000rt2ua,ols2000rt2u No Break Ols2000rt2ua 2000va \/ 1800w Online, Rack\/ Torre, Lcd Voltaje De Entrada Y Salida 120v, Salida Nema 5-20r X8, 2 A\u00f1os De Garanta 1 Batera. + Env\u00edo a domicilio + Pago seguro + Garant\u00eda\",\"breadcrumb\":{\"@id\":\"https:\/\/compuviper.mx\/tienda\/producto\/cyberpower-ols2000rt2uaols2000rt2u-no-break-ols2000rt2ua-2000va-1800w-online-rack-torre-lcd-voltaje-de-entrada-y-salida-120v-salida-nema-5-20r-x8-2-aos-de-garanta-1-batera\/#breadcrumb\"},\"inLanguage\":\"es-MX\",\"potentialAction\":[{\"@type\":\"ReadAction\",\"target\":[\"https:\/\/compuviper.mx\/tienda\/producto\/cyberpower-ols2000rt2uaols2000rt2u-no-break-ols2000rt2ua-2000va-1800w-online-rack-torre-lcd-voltaje-de-entrada-y-salida-120v-salida-nema-5-20r-x8-2-aos-de-garanta-1-batera\/\"]}]},{\"@type\":\"BreadcrumbList\",\"@id\":\"https:\/\/compuviper.mx\/tienda\/producto\/cyberpower-ols2000rt2uaols2000rt2u-no-break-ols2000rt2ua-2000va-1800w-online-rack-torre-lcd-voltaje-de-entrada-y-salida-120v-salida-nema-5-20r-x8-2-aos-de-garanta-1-batera\/#breadcrumb\",\"itemListElement\":[{\"@type\":\"ListItem\",\"position\":1,\"name\":\"Inicio\",\"item\":\"https:\/\/compuviper.mx\/tienda\/\"},{\"@type\":\"ListItem\",\"position\":2,\"name\":\"Productos\",\"item\":\"https:\/\/compuviper.mx\/tienda\/productos\/\"},{\"@type\":\"ListItem\",\"position\":3,\"name\":\"Energia\",\"item\":\"https:\/\/compuviper.mx\/tienda\/categoria-producto\/energia\/\"},{\"@type\":\"ListItem\",\"position\":4,\"name\":\"No Break\",\"item\":\"https:\/\/compuviper.mx\/tienda\/categoria-producto\/energia\/no-break\/\"},{\"@type\":\"ListItem\",\"position\":5,\"name\":\"Cyberpower Ols2000rt2ua,ols2000rt2u No Break Ols2000rt2ua 2000va \/ 1800w Online, Rack\/ Torre, Lcd Voltaje De Entrada Y Salida 120v, Salida Nema 5-20r X8, 2 A?os De Garanta 1 Batera.\"}]},{\"@type\":\"WebSite\",\"@id\":\"https:\/\/compuviper.mx\/tienda\/#website\",\"url\":\"https:\/\/compuviper.mx\/tienda\/\",\"name\":\"Compuviper\",\"description\":\"Proveedor de Computadoras, Laptops, Servidores, Monitores, Puntos de Venta, Teclados,   Impresoras, T\u00f3ner, C\u00e1maras de Seguridad y m\u00e1s en tu tienda en l\u00ednea\",\"publisher\":{\"@id\":\"https:\/\/compuviper.mx\/tienda\/#organization\"},\"potentialAction\":[{\"@type\":\"SearchAction\",\"target\":{\"@type\":\"EntryPoint\",\"urlTemplate\":\"https:\/\/compuviper.mx\/tienda\/?s={search_term_string}\"},\"query-input\":\"required name=search_term_string\"}],\"inLanguage\":\"es-MX\"},{\"@type\":\"Organization\",\"@id\":\"https:\/\/compuviper.mx\/tienda\/#organization\",\"name\":\"Compuviper\",\"url\":\"https:\/\/compuviper.mx\/tienda\/\",\"logo\":{\"@type\":\"ImageObject\",\"inLanguage\":\"es-MX\",\"@id\":\"https:\/\/compuviper.mx\/tienda\/#\/schema\/logo\/image\/\",\"url\":\"https:\/\/compuviper.mx\/tienda\/wp-content\/uploads\/2021\/08\/Logo-Compuviper-10.png\",\"contentUrl\":\"https:\/\/compuviper.mx\/tienda\/wp-content\/uploads\/2021\/08\/Logo-Compuviper-10.png\",\"width\":1000,\"height\":500,\"caption\":\"Compuviper\"},\"image\":{\"@id\":\"https:\/\/compuviper.mx\/tienda\/#\/schema\/logo\/image\/\"},\"sameAs\":[\"https:\/\/www.facebook.com\/compuviper\",\"https:\/\/www.youtube.com\/channel\/UCf73dERp9Y3cfOq7q8BhLjA?view_as=subscriber\"]}]}<\/script>\n<meta property=\"product:brand\" content=\"CYBERPOWER\" \/>\n<meta property=\"product:price:amount\" content=\"15117\" \/>\n<meta property=\"product:price:currency\" content=\"MXN\" \/>\n<meta property=\"og:availability\" content=\"out of stock\" \/>\n<meta property=\"product:availability\" content=\"out of stock\" \/>\n<meta property=\"product:retailer_item_id\" content=\"OLS2000RT2Ua,OLS2000RT2U\" \/>\n<meta property=\"product:condition\" content=\"new\" \/>\n<!-- \/ Yoast SEO plugin. -->","yoast_head_json":{"title":"[ Cyberpower ] &#129351; Ols2000rt2ua,ols2000rt2u No Break Ols2000rt2ua 2000va \/ 1800w Online, Rack\/ Torre, Lcd Voltaje De Entrada Y Salida 120v, Salida Nema 5-20r X8, 2 A\u00f1os De Garanta 1 Batera.","description":"Compra Ols2000rt2ua,ols2000rt2u No Break Ols2000rt2ua 2000va \/ 1800w Online, Rack\/ Torre, Lcd Voltaje De Entrada Y Salida 120v, Salida Nema 5-20r X8, 2 A\u00f1os De Garanta 1 Batera. + Env\u00edo a domicilio + Pago seguro + Garant\u00eda","robots":{"index":"index","follow":"follow","max-snippet":"max-snippet:-1","max-image-preview":"max-image-preview:large","max-video-preview":"max-video-preview:-1"},"canonical":"https:\/\/compuviper.mx\/tienda\/producto\/cyberpower-ols2000rt2uaols2000rt2u-no-break-ols2000rt2ua-2000va-1800w-online-rack-torre-lcd-voltaje-de-entrada-y-salida-120v-salida-nema-5-20r-x8-2-aos-de-garanta-1-batera\/","og_locale":"es_MX","og_type":"article","og_title":"[ Cyberpower ] &#129351; Ols2000rt2ua,ols2000rt2u No Break Ols2000rt2ua 2000va \/ 1800w Online, Rack\/ Torre, Lcd Voltaje De Entrada Y Salida 120v, Salida Nema 5-20r X8, 2 A\u00f1os De Garanta 1 Batera.","og_description":"Compra Ols2000rt2ua,ols2000rt2u No Break Ols2000rt2ua 2000va \/ 1800w Online, Rack\/ Torre, Lcd Voltaje De Entrada Y Salida 120v, Salida Nema 5-20r X8, 2 A\u00f1os De Garanta 1 Batera. + Env\u00edo a domicilio + Pago seguro + Garant\u00eda","og_url":"https:\/\/compuviper.mx\/tienda\/producto\/cyberpower-ols2000rt2uaols2000rt2u-no-break-ols2000rt2ua-2000va-1800w-online-rack-torre-lcd-voltaje-de-entrada-y-salida-120v-salida-nema-5-20r-x8-2-aos-de-garanta-1-batera\/","og_site_name":"Compuviper","article_publisher":"https:\/\/www.facebook.com\/compuviper","og_image":[{"width":200,"height":200,"url":"https:\/\/compuviper.mx\/tienda\/wp-content\/uploads\/2023\/12\/No-break-cyberpower-ols2000rt2u-2000va-1800w-online-rack-torre-lcd-voltaje-de-entrada-y-salida-120v-salida-nema-5-20r-x8-2-anos-de-garantia-1-bateria.jpg","type":"image\/jpeg"}],"twitter_card":"summary_large_image","twitter_misc":{"Precio":"&#36;15,117 con IVA","Availability":"Out of stock"},"schema":{"@context":"https:\/\/schema.org","@graph":[{"@type":"WebPage","@id":"https:\/\/compuviper.mx\/tienda\/producto\/cyberpower-ols2000rt2uaols2000rt2u-no-break-ols2000rt2ua-2000va-1800w-online-rack-torre-lcd-voltaje-de-entrada-y-salida-120v-salida-nema-5-20r-x8-2-aos-de-garanta-1-batera\/","url":"https:\/\/compuviper.mx\/tienda\/producto\/cyberpower-ols2000rt2uaols2000rt2u-no-break-ols2000rt2ua-2000va-1800w-online-rack-torre-lcd-voltaje-de-entrada-y-salida-120v-salida-nema-5-20r-x8-2-aos-de-garanta-1-batera\/","name":"[ Cyberpower ] &#129351; Ols2000rt2ua,ols2000rt2u No Break Ols2000rt2ua 2000va \/ 1800w Online, Rack\/ Torre, Lcd Voltaje De Entrada Y Salida 120v, Salida Nema 5-20r X8, 2 A\u00f1os De Garanta 1 Batera.","isPartOf":{"@id":"https:\/\/compuviper.mx\/tienda\/#website"},"datePublished":"2026-04-07T06:25:45+00:00","dateModified":"2026-04-07T06:25:45+00:00","description":"Compra Ols2000rt2ua,ols2000rt2u No Break Ols2000rt2ua 2000va \/ 1800w Online, Rack\/ Torre, Lcd Voltaje De Entrada Y Salida 120v, Salida Nema 5-20r X8, 2 A\u00f1os De Garanta 1 Batera. + Env\u00edo a domicilio + Pago seguro + Garant\u00eda","breadcrumb":{"@id":"https:\/\/compuviper.mx\/tienda\/producto\/cyberpower-ols2000rt2uaols2000rt2u-no-break-ols2000rt2ua-2000va-1800w-online-rack-torre-lcd-voltaje-de-entrada-y-salida-120v-salida-nema-5-20r-x8-2-aos-de-garanta-1-batera\/#breadcrumb"},"inLanguage":"es-MX","potentialAction":[{"@type":"ReadAction","target":["https:\/\/compuviper.mx\/tienda\/producto\/cyberpower-ols2000rt2uaols2000rt2u-no-break-ols2000rt2ua-2000va-1800w-online-rack-torre-lcd-voltaje-de-entrada-y-salida-120v-salida-nema-5-20r-x8-2-aos-de-garanta-1-batera\/"]}]},{"@type":"BreadcrumbList","@id":"https:\/\/compuviper.mx\/tienda\/producto\/cyberpower-ols2000rt2uaols2000rt2u-no-break-ols2000rt2ua-2000va-1800w-online-rack-torre-lcd-voltaje-de-entrada-y-salida-120v-salida-nema-5-20r-x8-2-aos-de-garanta-1-batera\/#breadcrumb","itemListElement":[{"@type":"ListItem","position":1,"name":"Inicio","item":"https:\/\/compuviper.mx\/tienda\/"},{"@type":"ListItem","position":2,"name":"Productos","item":"https:\/\/compuviper.mx\/tienda\/productos\/"},{"@type":"ListItem","position":3,"name":"Energia","item":"https:\/\/compuviper.mx\/tienda\/categoria-producto\/energia\/"},{"@type":"ListItem","position":4,"name":"No Break","item":"https:\/\/compuviper.mx\/tienda\/categoria-producto\/energia\/no-break\/"},{"@type":"ListItem","position":5,"name":"Cyberpower Ols2000rt2ua,ols2000rt2u No Break Ols2000rt2ua 2000va \/ 1800w Online, Rack\/ Torre, Lcd Voltaje De Entrada Y Salida 120v, Salida Nema 5-20r X8, 2 A?os De Garanta 1 Batera."}]},{"@type":"WebSite","@id":"https:\/\/compuviper.mx\/tienda\/#website","url":"https:\/\/compuviper.mx\/tienda\/","name":"Compuviper","description":"Proveedor de Computadoras, Laptops, Servidores, Monitores, Puntos de Venta, Teclados,   Impresoras, T\u00f3ner, C\u00e1maras de Seguridad y m\u00e1s en tu tienda en l\u00ednea","publisher":{"@id":"https:\/\/compuviper.mx\/tienda\/#organization"},"potentialAction":[{"@type":"SearchAction","target":{"@type":"EntryPoint","urlTemplate":"https:\/\/compuviper.mx\/tienda\/?s={search_term_string}"},"query-input":"required name=search_term_string"}],"inLanguage":"es-MX"},{"@type":"Organization","@id":"https:\/\/compuviper.mx\/tienda\/#organization","name":"Compuviper","url":"https:\/\/compuviper.mx\/tienda\/","logo":{"@type":"ImageObject","inLanguage":"es-MX","@id":"https:\/\/compuviper.mx\/tienda\/#\/schema\/logo\/image\/","url":"https:\/\/compuviper.mx\/tienda\/wp-content\/uploads\/2021\/08\/Logo-Compuviper-10.png","contentUrl":"https:\/\/compuviper.mx\/tienda\/wp-content\/uploads\/2021\/08\/Logo-Compuviper-10.png","width":1000,"height":500,"caption":"Compuviper"},"image":{"@id":"https:\/\/compuviper.mx\/tienda\/#\/schema\/logo\/image\/"},"sameAs":["https:\/\/www.facebook.com\/compuviper","https:\/\/www.youtube.com\/channel\/UCf73dERp9Y3cfOq7q8BhLjA?view_as=subscriber"]}]},"product_brand":"CYBERPOWER","product_price_amount":"15117","product_price_currency":"MXN","og_availability":"out of stock","product_availability":"out of stock","product_retailer_item_id":"OLS2000RT2Ua,OLS2000RT2U","product_condition":"new"},"_links":{"self":[{"href":"https:\/\/compuviper.mx\/tienda\/wp-json\/wp\/v2\/product\/217718"}],"collection":[{"href":"https:\/\/compuviper.mx\/tienda\/wp-json\/wp\/v2\/product"}],"about":[{"href":"https:\/\/compuviper.mx\/tienda\/wp-json\/wp\/v2\/types\/product"}],"replies":[{"embeddable":true,"href":"https:\/\/compuviper.mx\/tienda\/wp-json\/wp\/v2\/comments?post=217718"}],"wp:featuredmedia":[{"embeddable":true,"href":"https:\/\/compuviper.mx\/tienda\/wp-json\/wp\/v2\/media\/217719"}],"wp:attachment":[{"href":"https:\/\/compuviper.mx\/tienda\/wp-json\/wp\/v2\/media?parent=217718"}],"wp:term":[{"taxonomy":"product_cat","embeddable":true,"href":"https:\/\/compuviper.mx\/tienda\/wp-json\/wp\/v2\/product_cat?post=217718"},{"taxonomy":"product_tag","embeddable":true,"href":"https:\/\/compuviper.mx\/tienda\/wp-json\/wp\/v2\/product_tag?post=217718"}],"curies":[{"name":"wp","href":"https:\/\/api.w.org\/{rel}","templated":true}]}}