{"id":217716,"date":"2026-04-07T00:25:44","date_gmt":"2026-04-07T06:25:44","guid":{"rendered":"https:\/\/compuviper.mx\/tienda\/producto\/tripp-lite-bp240v40-gabinete-de-baterias-externas-tripp-lite-de-120v-cd-para-ups-trifasico-selectos-de-la-serie-s3m-de-10k-30k-20x-bateras-vrla-agm-de-40ah-1-ao-de-garantia\/"},"modified":"2026-04-07T00:25:44","modified_gmt":"2026-04-07T06:25:44","slug":"tripp-lite-bp240v40bp240v40s-gabinete-de-baterias-externas-tripp-lite-bp240v40-de-120v-cd-para-ups-trifasico-selectos-de-la-serie-s3m-de-10k-30k-20x-bateras-vrla-agm-de-40ah-1-ao-de-garanti","status":"publish","type":"product","link":"https:\/\/compuviper.mx\/tienda\/producto\/tripp-lite-bp240v40bp240v40s-gabinete-de-baterias-externas-tripp-lite-bp240v40-de-120v-cd-para-ups-trifasico-selectos-de-la-serie-s3m-de-10k-30k-20x-bateras-vrla-agm-de-40ah-1-ao-de-garanti\/","title":{"rendered":"Tripp-lite Bp240v40,bp240v40s Gabinete De Baterias Externas Tripp Lite  Bp240v40 De ?120v Cd Para Ups Trifasico Selectos De La Serie S3m De 10k ~ 30k &#8211; 20x Bater?as Vrla (agm) De 40ah 1 A?o De Garantia."},"content":{"rendered":"<table class=\"descripcion\">\n<tr>\n<td>El m\u00f3dulo de bater\u00edas de respaldo externas proporciona autonom\u00eda extendida para sistemas ups trif\u00e1sicos selectos de 10k ~ 30k de la serie s3m de tripp lite.<\/td>\n<\/tr>\n<tr>\n<td>Ideal para aplicaciones de ti que requieran alta capacidad, alta disponibilidad y mayor autonom\u00eda<\/td>\n<\/tr>\n<tr>\n<td>Soporta el encadenado a m\u00f3dulos de bater\u00edas adicionales del mismo modelo para a\u00fan mayor autonom\u00eda<\/td>\n<\/tr>\n<tr>\n<td>Gabinete de acero con puerta frontal con cerradura para f\u00e1cil acceso a bater\u00edas reciclables vrla (agm)<\/td>\n<\/tr>\n<tr>\n<td>Los fusibles y el breaker de salida protegen contra sobrecorriente potencialmente peligrosa<\/td>\n<\/tr>\n<tr>\n<td>Las ruedas preinstaladas permiten un f\u00e1cil ajuste en la ubicaci\u00f3n de instalaci\u00f3n<\/td>\n<\/tr>\n<tr>\n<td>Garant\u00eda limitada por 1 a\u00f1o<\/td>\n<\/tr>\n<tr>\n<td>El paquete incluye<\/td>\n<\/tr>\n<tr>\n<td>Bp240v40 \u0096 gabinete de bater\u00edas externas para ups trif\u00e1sicos selectos de la serie s3m de 10k ~ 30k<\/td>\n<\/tr>\n<tr>\n<td>(2) cables para bater\u00eda, 3 m<\/td>\n<\/tr>\n<tr>\n<td>Manual del propietario<\/td>\n<\/tr>\n<\/table>\n","protected":false},"excerpt":{"rendered":"<p>Las bater\u00edas externas de \u00b1120vcd le dan una autonom\u00eda ampliada a su ups trif\u00e1sico compatible. Este m\u00f3dulo de bater\u00edas externas se conecta a un sistema ups trif\u00e1sico smartonline\u00ae de la serie s3m compatible para proporcionar respaldo por bater\u00eda de larga duraci\u00f3n para centros de datos, telecomunicaciones, redes, instalaciones industriales, seguridad, sistemas de emergencia y otras aplicaciones de misi\u00f3n cr\u00edtica que requieran alta capacidad, alta disponibilidad y autonom\u00eda extendida. Adem\u00e1s del respaldo por bater\u00eda y autonom\u00eda extendida, el bp240v40 puede tambi\u00e9n ser encadenado a otros gabinetes de bater\u00edas externas para extender a\u00fan m\u00e1s la autonom\u00eda. Robusta construcci\u00f3n de acero dise\u00f1ada para durar en aplicaciones demandantes de ti. El gabinete est\u00e1 hecho de acero de calibre pesado con un acabado de pintura en polvo horneada que ayuda a evitar picaduras y corrosi\u00f3n. La puerta frontal abisagrada proporciona f\u00e1cil acceso a las bater\u00edas internas reciclables. La puerta se cierra con llave para evitar da\u00f1os, manipulaci\u00f3n indebida o robos. Los fusibles y el breaker de salida protegen contra sobrecorriente potencialmente peligrosa. Se embarca listo para instalaci\u00f3n inmediata. Las ruedas preinstaladas permiten un f\u00e1cil ajuste en el lugar de instalaci\u00f3n. Los niveladores ajustables permiten la instalaci\u00f3n segura a largo plazo sobre una superficie estable. Incluye cableado de grueso calibre con conector de cd de alta corriente para una f\u00e1cil instalaci\u00f3n con modelos usb de 10k ~ 20k. Los cables de la bater\u00eda se alimentan en el gabinete a trav\u00e9s de recortes para conductos incorporados en el panel inferior.<\/p>\n","protected":false},"featured_media":217717,"comment_status":"open","ping_status":"open","template":"","meta":[],"product_cat":[1508,1511],"product_tag":[1510],"acf":[],"yoast_head":"<!-- This site is optimized with the Yoast SEO plugin v21.7 - https:\/\/yoast.com\/wordpress\/plugins\/seo\/ -->\n<title>[ Tripp-lite ] &#129351; Bp240v40,bp240v40s Gabinete De Baterias Externas Tripp Lite Bp240v40 De \u00b1120v Cd Para Ups Trifasico Selectos De La Serie S3m De 10k ~ 30k - 20x Bater\u00edas Vrla (agm) De 40ah 1 A\u00f1o De Garantia.<\/title>\n<meta name=\"description\" content=\"Compra Bp240v40,bp240v40s Gabinete De Baterias Externas Tripp Lite Bp240v40 De \u00b1120v Cd Para Ups Trifasico Selectos De La Serie S3m De 10k ~ 30k - 20x Bater\u00edas Vrla (agm) De 40ah 1 A\u00f1o De Garantia. + Env\u00edo a domicilio + Pago seguro + Garant\u00eda\" \/>\n<meta name=\"robots\" content=\"index, follow, max-snippet:-1, max-image-preview:large, max-video-preview:-1\" \/>\n<link rel=\"canonical\" href=\"https:\/\/compuviper.mx\/tienda\/producto\/tripp-lite-bp240v40bp240v40s-gabinete-de-baterias-externas-tripp-lite-bp240v40-de-120v-cd-para-ups-trifasico-selectos-de-la-serie-s3m-de-10k-30k-20x-bateras-vrla-agm-de-40ah-1-ao-de-garanti\/\" \/>\n<meta property=\"og:locale\" content=\"es_MX\" \/>\n<meta property=\"og:type\" content=\"article\" \/>\n<meta property=\"og:title\" content=\"[ Tripp-lite ] &#129351; Bp240v40,bp240v40s Gabinete De Baterias Externas Tripp Lite Bp240v40 De \u00b1120v Cd Para Ups Trifasico Selectos De La Serie S3m De 10k ~ 30k - 20x Bater\u00edas Vrla (agm) De 40ah 1 A\u00f1o De Garantia.\" \/>\n<meta property=\"og:description\" content=\"Compra Bp240v40,bp240v40s Gabinete De Baterias Externas Tripp Lite Bp240v40 De \u00b1120v Cd Para Ups Trifasico Selectos De La Serie S3m De 10k ~ 30k - 20x Bater\u00edas Vrla (agm) De 40ah 1 A\u00f1o De Garantia. + Env\u00edo a domicilio + Pago seguro + Garant\u00eda\" \/>\n<meta property=\"og:url\" content=\"https:\/\/compuviper.mx\/tienda\/producto\/tripp-lite-bp240v40bp240v40s-gabinete-de-baterias-externas-tripp-lite-bp240v40-de-120v-cd-para-ups-trifasico-selectos-de-la-serie-s3m-de-10k-30k-20x-bateras-vrla-agm-de-40ah-1-ao-de-garanti\/\" \/>\n<meta property=\"og:site_name\" content=\"Compuviper\" \/>\n<meta property=\"article:publisher\" content=\"https:\/\/www.facebook.com\/compuviper\" \/>\n<meta property=\"og:image\" content=\"https:\/\/compuviper.mx\/tienda\/wp-content\/uploads\/2023\/12\/Gabinete-de-baterias-externas-tripp-lite-bp240v40-de-\u00b1120v-cd-para-ups-trifasico-selectos-de-la-serie-s3m-de-10k-30k-20x-baterias-vrla-agm-de-40ah-1-ano-de-garantia.jpg\" \/>\n\t<meta property=\"og:image:width\" content=\"200\" \/>\n\t<meta property=\"og:image:height\" content=\"200\" \/>\n\t<meta property=\"og:image:type\" content=\"image\/jpeg\" \/>\n<meta name=\"twitter:card\" content=\"summary_large_image\" \/>\n<meta name=\"twitter:label1\" content=\"Precio\" \/>\n\t<meta name=\"twitter:data1\" content=\"&#36;137,882 con IVA\" \/>\n\t<meta name=\"twitter:label2\" content=\"Availability\" \/>\n\t<meta name=\"twitter:data2\" content=\"In stock\" \/>\n<script type=\"application\/ld+json\" class=\"yoast-schema-graph\">{\"@context\":\"https:\/\/schema.org\",\"@graph\":[{\"@type\":\"WebPage\",\"@id\":\"https:\/\/compuviper.mx\/tienda\/producto\/tripp-lite-bp240v40bp240v40s-gabinete-de-baterias-externas-tripp-lite-bp240v40-de-120v-cd-para-ups-trifasico-selectos-de-la-serie-s3m-de-10k-30k-20x-bateras-vrla-agm-de-40ah-1-ao-de-garanti\/\",\"url\":\"https:\/\/compuviper.mx\/tienda\/producto\/tripp-lite-bp240v40bp240v40s-gabinete-de-baterias-externas-tripp-lite-bp240v40-de-120v-cd-para-ups-trifasico-selectos-de-la-serie-s3m-de-10k-30k-20x-bateras-vrla-agm-de-40ah-1-ao-de-garanti\/\",\"name\":\"[ Tripp-lite ] &#129351; Bp240v40,bp240v40s Gabinete De Baterias Externas Tripp Lite Bp240v40 De \u00b1120v Cd Para Ups Trifasico Selectos De La Serie S3m De 10k ~ 30k - 20x Bater\u00edas Vrla (agm) De 40ah 1 A\u00f1o De Garantia.\",\"isPartOf\":{\"@id\":\"https:\/\/compuviper.mx\/tienda\/#website\"},\"datePublished\":\"2026-04-07T06:25:44+00:00\",\"dateModified\":\"2026-04-07T06:25:44+00:00\",\"description\":\"Compra Bp240v40,bp240v40s Gabinete De Baterias Externas Tripp Lite Bp240v40 De \u00b1120v Cd Para Ups Trifasico Selectos De La Serie S3m De 10k ~ 30k - 20x Bater\u00edas Vrla (agm) De 40ah 1 A\u00f1o De Garantia. + Env\u00edo a domicilio + Pago seguro + Garant\u00eda\",\"breadcrumb\":{\"@id\":\"https:\/\/compuviper.mx\/tienda\/producto\/tripp-lite-bp240v40bp240v40s-gabinete-de-baterias-externas-tripp-lite-bp240v40-de-120v-cd-para-ups-trifasico-selectos-de-la-serie-s3m-de-10k-30k-20x-bateras-vrla-agm-de-40ah-1-ao-de-garanti\/#breadcrumb\"},\"inLanguage\":\"es-MX\",\"potentialAction\":[{\"@type\":\"ReadAction\",\"target\":[\"https:\/\/compuviper.mx\/tienda\/producto\/tripp-lite-bp240v40bp240v40s-gabinete-de-baterias-externas-tripp-lite-bp240v40-de-120v-cd-para-ups-trifasico-selectos-de-la-serie-s3m-de-10k-30k-20x-bateras-vrla-agm-de-40ah-1-ao-de-garanti\/\"]}]},{\"@type\":\"BreadcrumbList\",\"@id\":\"https:\/\/compuviper.mx\/tienda\/producto\/tripp-lite-bp240v40bp240v40s-gabinete-de-baterias-externas-tripp-lite-bp240v40-de-120v-cd-para-ups-trifasico-selectos-de-la-serie-s3m-de-10k-30k-20x-bateras-vrla-agm-de-40ah-1-ao-de-garanti\/#breadcrumb\",\"itemListElement\":[{\"@type\":\"ListItem\",\"position\":1,\"name\":\"Inicio\",\"item\":\"https:\/\/compuviper.mx\/tienda\/\"},{\"@type\":\"ListItem\",\"position\":2,\"name\":\"Productos\",\"item\":\"https:\/\/compuviper.mx\/tienda\/productos\/\"},{\"@type\":\"ListItem\",\"position\":3,\"name\":\"Energia\",\"item\":\"https:\/\/compuviper.mx\/tienda\/categoria-producto\/energia\/\"},{\"@type\":\"ListItem\",\"position\":4,\"name\":\"Bateria\",\"item\":\"https:\/\/compuviper.mx\/tienda\/categoria-producto\/energia\/bateria\/\"},{\"@type\":\"ListItem\",\"position\":5,\"name\":\"Tripp-lite Bp240v40,bp240v40s Gabinete De Baterias Externas Tripp Lite Bp240v40 De ?120v Cd Para Ups Trifasico Selectos De La Serie S3m De 10k ~ 30k &#8211; 20x Bater?as Vrla (agm) De 40ah 1 A?o De Garantia.\"}]},{\"@type\":\"WebSite\",\"@id\":\"https:\/\/compuviper.mx\/tienda\/#website\",\"url\":\"https:\/\/compuviper.mx\/tienda\/\",\"name\":\"Compuviper\",\"description\":\"Proveedor de Computadoras, Laptops, Servidores, Monitores, Puntos de Venta, Teclados,   Impresoras, T\u00f3ner, C\u00e1maras de Seguridad y m\u00e1s en tu tienda en l\u00ednea\",\"publisher\":{\"@id\":\"https:\/\/compuviper.mx\/tienda\/#organization\"},\"potentialAction\":[{\"@type\":\"SearchAction\",\"target\":{\"@type\":\"EntryPoint\",\"urlTemplate\":\"https:\/\/compuviper.mx\/tienda\/?s={search_term_string}\"},\"query-input\":\"required name=search_term_string\"}],\"inLanguage\":\"es-MX\"},{\"@type\":\"Organization\",\"@id\":\"https:\/\/compuviper.mx\/tienda\/#organization\",\"name\":\"Compuviper\",\"url\":\"https:\/\/compuviper.mx\/tienda\/\",\"logo\":{\"@type\":\"ImageObject\",\"inLanguage\":\"es-MX\",\"@id\":\"https:\/\/compuviper.mx\/tienda\/#\/schema\/logo\/image\/\",\"url\":\"https:\/\/compuviper.mx\/tienda\/wp-content\/uploads\/2021\/08\/Logo-Compuviper-10.png\",\"contentUrl\":\"https:\/\/compuviper.mx\/tienda\/wp-content\/uploads\/2021\/08\/Logo-Compuviper-10.png\",\"width\":1000,\"height\":500,\"caption\":\"Compuviper\"},\"image\":{\"@id\":\"https:\/\/compuviper.mx\/tienda\/#\/schema\/logo\/image\/\"},\"sameAs\":[\"https:\/\/www.facebook.com\/compuviper\",\"https:\/\/www.youtube.com\/channel\/UCf73dERp9Y3cfOq7q8BhLjA?view_as=subscriber\"]}]}<\/script>\n<meta property=\"product:brand\" content=\"TRIPP-LITE\" \/>\n<meta property=\"product:price:amount\" content=\"137882\" \/>\n<meta property=\"product:price:currency\" content=\"MXN\" \/>\n<meta property=\"og:availability\" content=\"instock\" \/>\n<meta property=\"product:availability\" content=\"instock\" \/>\n<meta property=\"product:retailer_item_id\" content=\"BP240V40,BP240V40S\" \/>\n<meta property=\"product:condition\" content=\"new\" \/>\n<!-- \/ Yoast SEO plugin. -->","yoast_head_json":{"title":"[ Tripp-lite ] &#129351; Bp240v40,bp240v40s Gabinete De Baterias Externas Tripp Lite Bp240v40 De \u00b1120v Cd Para Ups Trifasico Selectos De La Serie S3m De 10k ~ 30k - 20x Bater\u00edas Vrla (agm) De 40ah 1 A\u00f1o De Garantia.","description":"Compra Bp240v40,bp240v40s Gabinete De Baterias Externas Tripp Lite Bp240v40 De \u00b1120v Cd Para Ups Trifasico Selectos De La Serie S3m De 10k ~ 30k - 20x Bater\u00edas Vrla (agm) De 40ah 1 A\u00f1o De Garantia. + Env\u00edo a domicilio + Pago seguro + Garant\u00eda","robots":{"index":"index","follow":"follow","max-snippet":"max-snippet:-1","max-image-preview":"max-image-preview:large","max-video-preview":"max-video-preview:-1"},"canonical":"https:\/\/compuviper.mx\/tienda\/producto\/tripp-lite-bp240v40bp240v40s-gabinete-de-baterias-externas-tripp-lite-bp240v40-de-120v-cd-para-ups-trifasico-selectos-de-la-serie-s3m-de-10k-30k-20x-bateras-vrla-agm-de-40ah-1-ao-de-garanti\/","og_locale":"es_MX","og_type":"article","og_title":"[ Tripp-lite ] &#129351; Bp240v40,bp240v40s Gabinete De Baterias Externas Tripp Lite Bp240v40 De \u00b1120v Cd Para Ups Trifasico Selectos De La Serie S3m De 10k ~ 30k - 20x Bater\u00edas Vrla (agm) De 40ah 1 A\u00f1o De Garantia.","og_description":"Compra Bp240v40,bp240v40s Gabinete De Baterias Externas Tripp Lite Bp240v40 De \u00b1120v Cd Para Ups Trifasico Selectos De La Serie S3m De 10k ~ 30k - 20x Bater\u00edas Vrla (agm) De 40ah 1 A\u00f1o De Garantia. + Env\u00edo a domicilio + Pago seguro + Garant\u00eda","og_url":"https:\/\/compuviper.mx\/tienda\/producto\/tripp-lite-bp240v40bp240v40s-gabinete-de-baterias-externas-tripp-lite-bp240v40-de-120v-cd-para-ups-trifasico-selectos-de-la-serie-s3m-de-10k-30k-20x-bateras-vrla-agm-de-40ah-1-ao-de-garanti\/","og_site_name":"Compuviper","article_publisher":"https:\/\/www.facebook.com\/compuviper","og_image":[{"width":200,"height":200,"url":"https:\/\/compuviper.mx\/tienda\/wp-content\/uploads\/2023\/12\/Gabinete-de-baterias-externas-tripp-lite-bp240v40-de-\u00b1120v-cd-para-ups-trifasico-selectos-de-la-serie-s3m-de-10k-30k-20x-baterias-vrla-agm-de-40ah-1-ano-de-garantia.jpg","type":"image\/jpeg"}],"twitter_card":"summary_large_image","twitter_misc":{"Precio":"&#36;137,882 con IVA","Availability":"In stock"},"schema":{"@context":"https:\/\/schema.org","@graph":[{"@type":"WebPage","@id":"https:\/\/compuviper.mx\/tienda\/producto\/tripp-lite-bp240v40bp240v40s-gabinete-de-baterias-externas-tripp-lite-bp240v40-de-120v-cd-para-ups-trifasico-selectos-de-la-serie-s3m-de-10k-30k-20x-bateras-vrla-agm-de-40ah-1-ao-de-garanti\/","url":"https:\/\/compuviper.mx\/tienda\/producto\/tripp-lite-bp240v40bp240v40s-gabinete-de-baterias-externas-tripp-lite-bp240v40-de-120v-cd-para-ups-trifasico-selectos-de-la-serie-s3m-de-10k-30k-20x-bateras-vrla-agm-de-40ah-1-ao-de-garanti\/","name":"[ Tripp-lite ] &#129351; Bp240v40,bp240v40s Gabinete De Baterias Externas Tripp Lite Bp240v40 De \u00b1120v Cd Para Ups Trifasico Selectos De La Serie S3m De 10k ~ 30k - 20x Bater\u00edas Vrla (agm) De 40ah 1 A\u00f1o De Garantia.","isPartOf":{"@id":"https:\/\/compuviper.mx\/tienda\/#website"},"datePublished":"2026-04-07T06:25:44+00:00","dateModified":"2026-04-07T06:25:44+00:00","description":"Compra Bp240v40,bp240v40s Gabinete De Baterias Externas Tripp Lite Bp240v40 De \u00b1120v Cd Para Ups Trifasico Selectos De La Serie S3m De 10k ~ 30k - 20x Bater\u00edas Vrla (agm) De 40ah 1 A\u00f1o De Garantia. + Env\u00edo a domicilio + Pago seguro + Garant\u00eda","breadcrumb":{"@id":"https:\/\/compuviper.mx\/tienda\/producto\/tripp-lite-bp240v40bp240v40s-gabinete-de-baterias-externas-tripp-lite-bp240v40-de-120v-cd-para-ups-trifasico-selectos-de-la-serie-s3m-de-10k-30k-20x-bateras-vrla-agm-de-40ah-1-ao-de-garanti\/#breadcrumb"},"inLanguage":"es-MX","potentialAction":[{"@type":"ReadAction","target":["https:\/\/compuviper.mx\/tienda\/producto\/tripp-lite-bp240v40bp240v40s-gabinete-de-baterias-externas-tripp-lite-bp240v40-de-120v-cd-para-ups-trifasico-selectos-de-la-serie-s3m-de-10k-30k-20x-bateras-vrla-agm-de-40ah-1-ao-de-garanti\/"]}]},{"@type":"BreadcrumbList","@id":"https:\/\/compuviper.mx\/tienda\/producto\/tripp-lite-bp240v40bp240v40s-gabinete-de-baterias-externas-tripp-lite-bp240v40-de-120v-cd-para-ups-trifasico-selectos-de-la-serie-s3m-de-10k-30k-20x-bateras-vrla-agm-de-40ah-1-ao-de-garanti\/#breadcrumb","itemListElement":[{"@type":"ListItem","position":1,"name":"Inicio","item":"https:\/\/compuviper.mx\/tienda\/"},{"@type":"ListItem","position":2,"name":"Productos","item":"https:\/\/compuviper.mx\/tienda\/productos\/"},{"@type":"ListItem","position":3,"name":"Energia","item":"https:\/\/compuviper.mx\/tienda\/categoria-producto\/energia\/"},{"@type":"ListItem","position":4,"name":"Bateria","item":"https:\/\/compuviper.mx\/tienda\/categoria-producto\/energia\/bateria\/"},{"@type":"ListItem","position":5,"name":"Tripp-lite Bp240v40,bp240v40s Gabinete De Baterias Externas Tripp Lite Bp240v40 De ?120v Cd Para Ups Trifasico Selectos De La Serie S3m De 10k ~ 30k &#8211; 20x Bater?as Vrla (agm) De 40ah 1 A?o De Garantia."}]},{"@type":"WebSite","@id":"https:\/\/compuviper.mx\/tienda\/#website","url":"https:\/\/compuviper.mx\/tienda\/","name":"Compuviper","description":"Proveedor de Computadoras, Laptops, Servidores, Monitores, Puntos de Venta, Teclados,   Impresoras, T\u00f3ner, C\u00e1maras de Seguridad y m\u00e1s en tu tienda en l\u00ednea","publisher":{"@id":"https:\/\/compuviper.mx\/tienda\/#organization"},"potentialAction":[{"@type":"SearchAction","target":{"@type":"EntryPoint","urlTemplate":"https:\/\/compuviper.mx\/tienda\/?s={search_term_string}"},"query-input":"required name=search_term_string"}],"inLanguage":"es-MX"},{"@type":"Organization","@id":"https:\/\/compuviper.mx\/tienda\/#organization","name":"Compuviper","url":"https:\/\/compuviper.mx\/tienda\/","logo":{"@type":"ImageObject","inLanguage":"es-MX","@id":"https:\/\/compuviper.mx\/tienda\/#\/schema\/logo\/image\/","url":"https:\/\/compuviper.mx\/tienda\/wp-content\/uploads\/2021\/08\/Logo-Compuviper-10.png","contentUrl":"https:\/\/compuviper.mx\/tienda\/wp-content\/uploads\/2021\/08\/Logo-Compuviper-10.png","width":1000,"height":500,"caption":"Compuviper"},"image":{"@id":"https:\/\/compuviper.mx\/tienda\/#\/schema\/logo\/image\/"},"sameAs":["https:\/\/www.facebook.com\/compuviper","https:\/\/www.youtube.com\/channel\/UCf73dERp9Y3cfOq7q8BhLjA?view_as=subscriber"]}]},"product_brand":"TRIPP-LITE","product_price_amount":"137882","product_price_currency":"MXN","og_availability":"instock","product_availability":"instock","product_retailer_item_id":"BP240V40,BP240V40S","product_condition":"new"},"_links":{"self":[{"href":"https:\/\/compuviper.mx\/tienda\/wp-json\/wp\/v2\/product\/217716"}],"collection":[{"href":"https:\/\/compuviper.mx\/tienda\/wp-json\/wp\/v2\/product"}],"about":[{"href":"https:\/\/compuviper.mx\/tienda\/wp-json\/wp\/v2\/types\/product"}],"replies":[{"embeddable":true,"href":"https:\/\/compuviper.mx\/tienda\/wp-json\/wp\/v2\/comments?post=217716"}],"wp:featuredmedia":[{"embeddable":true,"href":"https:\/\/compuviper.mx\/tienda\/wp-json\/wp\/v2\/media\/217717"}],"wp:attachment":[{"href":"https:\/\/compuviper.mx\/tienda\/wp-json\/wp\/v2\/media?parent=217716"}],"wp:term":[{"taxonomy":"product_cat","embeddable":true,"href":"https:\/\/compuviper.mx\/tienda\/wp-json\/wp\/v2\/product_cat?post=217716"},{"taxonomy":"product_tag","embeddable":true,"href":"https:\/\/compuviper.mx\/tienda\/wp-json\/wp\/v2\/product_tag?post=217716"}],"curies":[{"name":"wp","href":"https:\/\/api.w.org\/{rel}","templated":true}]}}