{"id":217646,"date":"2026-04-07T00:25:33","date_gmt":"2026-04-07T06:25:33","guid":{"rendered":"https:\/\/compuviper.mx\/tienda\/producto\/cyberpower-ol5kstf-transformador-de-aislamiento-5000va-5000w-para-derivacin-de-208v-a-120v-para-ups-ol-de-3kva-5kva-6kva-12-nema-5-20r\/"},"modified":"2026-04-07T00:25:33","modified_gmt":"2026-04-07T06:25:33","slug":"cyberpower-ol5kstf-transformador-de-aislamiento-5000va-5000w-para-derivacin-de-208v-a-120v-para-ups-ol-de-3kva-5kva-6kva-12-nema-5-20r","status":"publish","type":"product","link":"https:\/\/compuviper.mx\/tienda\/producto\/cyberpower-ol5kstf-transformador-de-aislamiento-5000va-5000w-para-derivacin-de-208v-a-120v-para-ups-ol-de-3kva-5kva-6kva-12-nema-5-20r\/","title":{"rendered":"Cyberpower Ol5kstf Transformador De Aislamiento  () 5000va \/ 5000w Para Derivaci?n De 208v A 120v Para Ups Ol De 3kva, 5kva, 6kva, (12) Nema 5-20r."},"content":{"rendered":"<table class=\"descripcion\">\n<tr>\n<td>General<\/td>\n<\/tr>\n<tr>\n<td>Valoraci\u00f3n actual: 30a<\/td>\n<\/tr>\n<tr>\n<td>Protecci\u00f3n contra sobretemperatura: s\u00ed<\/td>\n<\/tr>\n<tr>\n<td>Topolog\u00eda de sai: transformador reductor<\/td>\n<\/tr>\n<tr>\n<td>Entrada<\/td>\n<\/tr>\n<tr>\n<td>Longitud del cable 3 pies (0,9 m)<\/td>\n<\/tr>\n<tr>\n<td>Rango de frecuencia de entrada 50 hz \u0096 60 hz<\/td>\n<\/tr>\n<tr>\n<td>Tipo de enchufe de entrada terminal cableado (cable de alimentaci\u00f3n nema l6-30p incluido)<\/td>\n<\/tr>\n<tr>\n<td>Corriente de entrada m\u00e1xima 30a<\/td>\n<\/tr>\n<tr>\n<td>Voltaje nominal de entrada 208 vca<\/td>\n<\/tr>\n<tr>\n<td>Salida.<\/td>\n<\/tr>\n<tr>\n<td>Voltaje nominal de salida 120 vca<\/td>\n<\/tr>\n<tr>\n<td>208 vca<\/td>\n<\/tr>\n<tr>\n<td>Tipo de salida 12-nema 5-20r<\/td>\n<\/tr>\n<tr>\n<td>Puntos de venta \u0096 total 12<\/td>\n<\/tr>\n<tr>\n<td>Frecuencia de salida 50\/60 hz (detecci\u00f3n autom\u00e1tica\/configurable)<\/td>\n<\/tr>\n<tr>\n<td>Protecci\u00f3n de sobrecarga protegido por disyuntor<\/td>\n<\/tr>\n<tr>\n<td>Puerto de carga usb no<\/td>\n<\/tr>\n<tr>\n<td>Virginia: 5000va<\/td>\n<\/tr>\n<tr>\n<td>Watts: 5000w<\/td>\n<\/tr>\n<tr>\n<td>F\u00edsico<\/td>\n<\/tr>\n<tr>\n<td>Color plata<\/td>\n<\/tr>\n<tr>\n<td>Factor de forma montaje en rack<\/td>\n<\/tr>\n<tr>\n<td>Material de construcci\u00f3n metal<\/td>\n<\/tr>\n<tr>\n<td>Accesorios de montaje s\u00ed<\/td>\n<\/tr>\n<tr>\n<td>Altura del estante 2u<\/td>\n<\/tr>\n<tr>\n<td>Dimensiones<\/td>\n<\/tr>\n<tr>\n<td>Dimensiones f\u00edsicas: (an. x al. x pr.) (cm) 43,18 x 8,64 x 59,94 (cm)<\/td>\n<\/tr>\n<tr>\n<td>Dimensiones f\u00edsicas: (ancho x alto x profundidad) (pulgadas) 17 x 3,4 x 23,6 (pulgadas)<\/td>\n<\/tr>\n<tr>\n<td>Dimensiones f\u00edsicas: (an. x al. x pr.) (mm) 432 x 86 x 599 (mm)<\/td>\n<\/tr>\n<tr>\n<td>Peso f\u00edsico (kg) 38.01<\/td>\n<\/tr>\n<tr>\n<td>Peso f\u00edsico (lb) 83.8<\/td>\n<\/tr>\n<tr>\n<td>Dimensiones \u0096 env\u00edo<\/td>\n<\/tr>\n<tr>\n<td>Env\u00edo \u0096 peso (kg) 52.48<\/td>\n<\/tr>\n<tr>\n<td>Env\u00edo \u0096 peso (lb) 115.7<\/td>\n<\/tr>\n<tr>\n<td>Dimensiones de env\u00edo: (an. x al. x pr.) (cm) 59,94 x 33,02 x 89,92 (cm)<\/td>\n<\/tr>\n<tr>\n<td>Dimensiones de env\u00edo: (an. x al. x pr.) (pulgadas) 23,6 x 13,0 x 35,4 (pulgadas)<\/td>\n<\/tr>\n<tr>\n<td>Dimensiones de env\u00edo: (an. x al. x pr.) (mm) 599,44 x 330,2 x 899,16 (mm)<\/td>\n<\/tr>\n<tr>\n<td>Ambiental<\/td>\n<\/tr>\n<tr>\n<td>Ruido audible a 1 m de la superficie de la unidad 58 dba<\/td>\n<\/tr>\n<tr>\n<td>Elevaci\u00f3n operativa 0 \u0096 10000 pies (0 \u0096 3048 m)<\/td>\n<\/tr>\n<tr>\n<td>Humedad relativa de funcionamiento 0 \u0096 90 % (sin condensaci\u00f3n)<\/td>\n<\/tr>\n<tr>\n<td>Temperatura de funcionamiento 32 a 104 \u00b0f (0 a 40 \u00b0c)<\/td>\n<\/tr>\n<tr>\n<td>Elevaci\u00f3n de almacenamiento 0 \u0096 50000 pies (0 \u0096 15239 m)<\/td>\n<\/tr>\n<tr>\n<td>Humedad relativa de almacenamiento 0 \u0096 95 % (sin condensaci\u00f3n)<\/td>\n<\/tr>\n<tr>\n<td>Temperatura de almacenamiento -4 a 113 \u00b0f (-20 a 45 \u00b0c)<\/td>\n<\/tr>\n<tr>\n<td>Compatibilidad<\/td>\n<\/tr>\n<tr>\n<td>Modelos de sai ol3000rtxl2uhv, ol5krthd, ol6krt, ol6000rt3updu, ol6krt3uhw, ol6krthd, ol6krthw, ol6krtmb, ol8000rt3u, ol8000rt3updu, ol8krt3uhw, ol8krthw, ol8krtmb, ol10000rt3u, ol10000rt3updu, ol10krt3hw, ol10krthw, ol10krtmb<\/td>\n<\/tr>\n<tr>\n<td>Certificaciones<\/td>\n<\/tr>\n<tr>\n<td>Ambiental rohs<\/td>\n<\/tr>\n<tr>\n<td>La seguridad ul1778 5.\u00aa edici\u00f3n.<\/td>\n<\/tr>\n<tr>\n<td>Csa c22.2 no.107.3-05<\/td>\n<\/tr>\n<tr>\n<td>Garant\u00eda<\/td>\n<\/tr>\n<tr>\n<td>La garant\u00eda del producto garant\u00eda limitada de 3 a\u00f1os<\/td>\n<\/tr>\n<\/table>\n","protected":false},"excerpt":{"rendered":"<p>El transformador de aislamiento reductor cyberpower smart app online ol5kstf para rack\/torre convierte el voltaje de entrada de 208 v procedente de la red el\u00e9ctrica, un sai o un generador en una salida de 120 v.El ol5kstf tiene una capacidad de 5000 va \/ 5000 vatios. Cuenta con doce (12) recept\u00e1culos nema 5-20r que pueden admitir la salida a cables de alimentaci\u00f3n con enchufe nema 5-15p y 5-20p. La protecci\u00f3n contra sobre temperatura protege su ol5kstf de da\u00f1os si el calor interno supera los par\u00e1metros de funcionamiento seguros. Una garant\u00eda de tres a\u00f1os garantiza que este m\u00f3dulo de bater\u00eda extendida ha superado nuestros m\u00e1s altos est\u00e1ndares de calidad en dise\u00f1o, ensamblaje, materiales o mano de obra.<\/p>\n","protected":false},"featured_media":217647,"comment_status":"open","ping_status":"open","template":"","meta":[],"product_cat":[1508,1948],"product_tag":[1692],"acf":[],"yoast_head":"<!-- This site is optimized with the Yoast SEO plugin v21.7 - https:\/\/yoast.com\/wordpress\/plugins\/seo\/ -->\n<title>[ Cyberpower ] &#129351; Ol5kstf Transformador De Aislamiento () 5000va \/ 5000w Para Derivaci\u00f3n De 208v A 120v Para Ups Ol De 3kva, 5kva, 6kva, (12) Nema 5-20r.<\/title>\n<meta name=\"description\" content=\"Compra Ol5kstf Transformador De Aislamiento () 5000va \/ 5000w Para Derivaci\u00f3n De 208v A 120v Para Ups Ol De 3kva, 5kva, 6kva, (12) Nema 5-20r. + Env\u00edo a domicilio + Pago seguro + Garant\u00eda\" \/>\n<meta name=\"robots\" content=\"index, follow, max-snippet:-1, max-image-preview:large, max-video-preview:-1\" \/>\n<link rel=\"canonical\" href=\"https:\/\/compuviper.mx\/tienda\/producto\/cyberpower-ol5kstf-transformador-de-aislamiento-5000va-5000w-para-derivacin-de-208v-a-120v-para-ups-ol-de-3kva-5kva-6kva-12-nema-5-20r\/\" \/>\n<meta property=\"og:locale\" content=\"es_MX\" \/>\n<meta property=\"og:type\" content=\"article\" \/>\n<meta property=\"og:title\" content=\"[ Cyberpower ] &#129351; Ol5kstf Transformador De Aislamiento () 5000va \/ 5000w Para Derivaci\u00f3n De 208v A 120v Para Ups Ol De 3kva, 5kva, 6kva, (12) Nema 5-20r.\" \/>\n<meta property=\"og:description\" content=\"Compra Ol5kstf Transformador De Aislamiento () 5000va \/ 5000w Para Derivaci\u00f3n De 208v A 120v Para Ups Ol De 3kva, 5kva, 6kva, (12) Nema 5-20r. + Env\u00edo a domicilio + Pago seguro + Garant\u00eda\" \/>\n<meta property=\"og:url\" content=\"https:\/\/compuviper.mx\/tienda\/producto\/cyberpower-ol5kstf-transformador-de-aislamiento-5000va-5000w-para-derivacin-de-208v-a-120v-para-ups-ol-de-3kva-5kva-6kva-12-nema-5-20r\/\" \/>\n<meta property=\"og:site_name\" content=\"Compuviper\" \/>\n<meta property=\"article:publisher\" content=\"https:\/\/www.facebook.com\/compuviper\" \/>\n<meta property=\"og:image\" content=\"https:\/\/compuviper.mx\/tienda\/wp-content\/uploads\/2023\/12\/Transformador-de-aislamiento-cyberpower-ol5kstf-5000va-5000w-para-derivacion-de-208v-a-120v-para-ups-ol-de-3kva-5kva-6kva-12-nema-5-20r.jpg\" \/>\n\t<meta property=\"og:image:width\" content=\"200\" \/>\n\t<meta property=\"og:image:height\" content=\"200\" \/>\n\t<meta property=\"og:image:type\" content=\"image\/jpeg\" \/>\n<meta name=\"twitter:card\" content=\"summary_large_image\" \/>\n<meta name=\"twitter:label1\" content=\"Precio\" \/>\n\t<meta name=\"twitter:data1\" content=\"&#36;20,339 con IVA\" \/>\n\t<meta name=\"twitter:label2\" content=\"Availability\" \/>\n\t<meta name=\"twitter:data2\" content=\"On backorder\" \/>\n<script type=\"application\/ld+json\" class=\"yoast-schema-graph\">{\"@context\":\"https:\/\/schema.org\",\"@graph\":[{\"@type\":\"WebPage\",\"@id\":\"https:\/\/compuviper.mx\/tienda\/producto\/cyberpower-ol5kstf-transformador-de-aislamiento-5000va-5000w-para-derivacin-de-208v-a-120v-para-ups-ol-de-3kva-5kva-6kva-12-nema-5-20r\/\",\"url\":\"https:\/\/compuviper.mx\/tienda\/producto\/cyberpower-ol5kstf-transformador-de-aislamiento-5000va-5000w-para-derivacin-de-208v-a-120v-para-ups-ol-de-3kva-5kva-6kva-12-nema-5-20r\/\",\"name\":\"[ Cyberpower ] &#129351; Ol5kstf Transformador De Aislamiento () 5000va \/ 5000w Para Derivaci\u00f3n De 208v A 120v Para Ups Ol De 3kva, 5kva, 6kva, (12) Nema 5-20r.\",\"isPartOf\":{\"@id\":\"https:\/\/compuviper.mx\/tienda\/#website\"},\"datePublished\":\"2026-04-07T06:25:33+00:00\",\"dateModified\":\"2026-04-07T06:25:33+00:00\",\"description\":\"Compra Ol5kstf Transformador De Aislamiento () 5000va \/ 5000w Para Derivaci\u00f3n De 208v A 120v Para Ups Ol De 3kva, 5kva, 6kva, (12) Nema 5-20r. + Env\u00edo a domicilio + Pago seguro + Garant\u00eda\",\"breadcrumb\":{\"@id\":\"https:\/\/compuviper.mx\/tienda\/producto\/cyberpower-ol5kstf-transformador-de-aislamiento-5000va-5000w-para-derivacin-de-208v-a-120v-para-ups-ol-de-3kva-5kva-6kva-12-nema-5-20r\/#breadcrumb\"},\"inLanguage\":\"es-MX\",\"potentialAction\":[{\"@type\":\"ReadAction\",\"target\":[\"https:\/\/compuviper.mx\/tienda\/producto\/cyberpower-ol5kstf-transformador-de-aislamiento-5000va-5000w-para-derivacin-de-208v-a-120v-para-ups-ol-de-3kva-5kva-6kva-12-nema-5-20r\/\"]}]},{\"@type\":\"BreadcrumbList\",\"@id\":\"https:\/\/compuviper.mx\/tienda\/producto\/cyberpower-ol5kstf-transformador-de-aislamiento-5000va-5000w-para-derivacin-de-208v-a-120v-para-ups-ol-de-3kva-5kva-6kva-12-nema-5-20r\/#breadcrumb\",\"itemListElement\":[{\"@type\":\"ListItem\",\"position\":1,\"name\":\"Inicio\",\"item\":\"https:\/\/compuviper.mx\/tienda\/\"},{\"@type\":\"ListItem\",\"position\":2,\"name\":\"Productos\",\"item\":\"https:\/\/compuviper.mx\/tienda\/productos\/\"},{\"@type\":\"ListItem\",\"position\":3,\"name\":\"Energia\",\"item\":\"https:\/\/compuviper.mx\/tienda\/categoria-producto\/energia\/\"},{\"@type\":\"ListItem\",\"position\":4,\"name\":\"Transformador\",\"item\":\"https:\/\/compuviper.mx\/tienda\/categoria-producto\/energia\/transformador\/\"},{\"@type\":\"ListItem\",\"position\":5,\"name\":\"Cyberpower Ol5kstf Transformador De Aislamiento () 5000va \/ 5000w Para Derivaci?n De 208v A 120v Para Ups Ol De 3kva, 5kva, 6kva, (12) Nema 5-20r.\"}]},{\"@type\":\"WebSite\",\"@id\":\"https:\/\/compuviper.mx\/tienda\/#website\",\"url\":\"https:\/\/compuviper.mx\/tienda\/\",\"name\":\"Compuviper\",\"description\":\"Proveedor de Computadoras, Laptops, Servidores, Monitores, Puntos de Venta, Teclados,   Impresoras, T\u00f3ner, C\u00e1maras de Seguridad y m\u00e1s en tu tienda en l\u00ednea\",\"publisher\":{\"@id\":\"https:\/\/compuviper.mx\/tienda\/#organization\"},\"potentialAction\":[{\"@type\":\"SearchAction\",\"target\":{\"@type\":\"EntryPoint\",\"urlTemplate\":\"https:\/\/compuviper.mx\/tienda\/?s={search_term_string}\"},\"query-input\":\"required name=search_term_string\"}],\"inLanguage\":\"es-MX\"},{\"@type\":\"Organization\",\"@id\":\"https:\/\/compuviper.mx\/tienda\/#organization\",\"name\":\"Compuviper\",\"url\":\"https:\/\/compuviper.mx\/tienda\/\",\"logo\":{\"@type\":\"ImageObject\",\"inLanguage\":\"es-MX\",\"@id\":\"https:\/\/compuviper.mx\/tienda\/#\/schema\/logo\/image\/\",\"url\":\"https:\/\/compuviper.mx\/tienda\/wp-content\/uploads\/2021\/08\/Logo-Compuviper-10.png\",\"contentUrl\":\"https:\/\/compuviper.mx\/tienda\/wp-content\/uploads\/2021\/08\/Logo-Compuviper-10.png\",\"width\":1000,\"height\":500,\"caption\":\"Compuviper\"},\"image\":{\"@id\":\"https:\/\/compuviper.mx\/tienda\/#\/schema\/logo\/image\/\"},\"sameAs\":[\"https:\/\/www.facebook.com\/compuviper\",\"https:\/\/www.youtube.com\/channel\/UCf73dERp9Y3cfOq7q8BhLjA?view_as=subscriber\"]}]}<\/script>\n<meta property=\"product:brand\" content=\"CYBERPOWER\" \/>\n<meta property=\"product:price:amount\" content=\"20339\" \/>\n<meta property=\"product:price:currency\" content=\"MXN\" \/>\n<meta property=\"og:availability\" content=\"backorder\" \/>\n<meta property=\"product:availability\" content=\"available for order\" \/>\n<meta property=\"product:retailer_item_id\" content=\"OL5KSTF\" \/>\n<meta property=\"product:condition\" content=\"new\" \/>\n<!-- \/ Yoast SEO plugin. -->","yoast_head_json":{"title":"[ Cyberpower ] &#129351; Ol5kstf Transformador De Aislamiento () 5000va \/ 5000w Para Derivaci\u00f3n De 208v A 120v Para Ups Ol De 3kva, 5kva, 6kva, (12) Nema 5-20r.","description":"Compra Ol5kstf Transformador De Aislamiento () 5000va \/ 5000w Para Derivaci\u00f3n De 208v A 120v Para Ups Ol De 3kva, 5kva, 6kva, (12) Nema 5-20r. + Env\u00edo a domicilio + Pago seguro + Garant\u00eda","robots":{"index":"index","follow":"follow","max-snippet":"max-snippet:-1","max-image-preview":"max-image-preview:large","max-video-preview":"max-video-preview:-1"},"canonical":"https:\/\/compuviper.mx\/tienda\/producto\/cyberpower-ol5kstf-transformador-de-aislamiento-5000va-5000w-para-derivacin-de-208v-a-120v-para-ups-ol-de-3kva-5kva-6kva-12-nema-5-20r\/","og_locale":"es_MX","og_type":"article","og_title":"[ Cyberpower ] &#129351; Ol5kstf Transformador De Aislamiento () 5000va \/ 5000w Para Derivaci\u00f3n De 208v A 120v Para Ups Ol De 3kva, 5kva, 6kva, (12) Nema 5-20r.","og_description":"Compra Ol5kstf Transformador De Aislamiento () 5000va \/ 5000w Para Derivaci\u00f3n De 208v A 120v Para Ups Ol De 3kva, 5kva, 6kva, (12) Nema 5-20r. + Env\u00edo a domicilio + Pago seguro + Garant\u00eda","og_url":"https:\/\/compuviper.mx\/tienda\/producto\/cyberpower-ol5kstf-transformador-de-aislamiento-5000va-5000w-para-derivacin-de-208v-a-120v-para-ups-ol-de-3kva-5kva-6kva-12-nema-5-20r\/","og_site_name":"Compuviper","article_publisher":"https:\/\/www.facebook.com\/compuviper","og_image":[{"width":200,"height":200,"url":"https:\/\/compuviper.mx\/tienda\/wp-content\/uploads\/2023\/12\/Transformador-de-aislamiento-cyberpower-ol5kstf-5000va-5000w-para-derivacion-de-208v-a-120v-para-ups-ol-de-3kva-5kva-6kva-12-nema-5-20r.jpg","type":"image\/jpeg"}],"twitter_card":"summary_large_image","twitter_misc":{"Precio":"&#36;20,339 con IVA","Availability":"On backorder"},"schema":{"@context":"https:\/\/schema.org","@graph":[{"@type":"WebPage","@id":"https:\/\/compuviper.mx\/tienda\/producto\/cyberpower-ol5kstf-transformador-de-aislamiento-5000va-5000w-para-derivacin-de-208v-a-120v-para-ups-ol-de-3kva-5kva-6kva-12-nema-5-20r\/","url":"https:\/\/compuviper.mx\/tienda\/producto\/cyberpower-ol5kstf-transformador-de-aislamiento-5000va-5000w-para-derivacin-de-208v-a-120v-para-ups-ol-de-3kva-5kva-6kva-12-nema-5-20r\/","name":"[ Cyberpower ] &#129351; Ol5kstf Transformador De Aislamiento () 5000va \/ 5000w Para Derivaci\u00f3n De 208v A 120v Para Ups Ol De 3kva, 5kva, 6kva, (12) Nema 5-20r.","isPartOf":{"@id":"https:\/\/compuviper.mx\/tienda\/#website"},"datePublished":"2026-04-07T06:25:33+00:00","dateModified":"2026-04-07T06:25:33+00:00","description":"Compra Ol5kstf Transformador De Aislamiento () 5000va \/ 5000w Para Derivaci\u00f3n De 208v A 120v Para Ups Ol De 3kva, 5kva, 6kva, (12) Nema 5-20r. + Env\u00edo a domicilio + Pago seguro + Garant\u00eda","breadcrumb":{"@id":"https:\/\/compuviper.mx\/tienda\/producto\/cyberpower-ol5kstf-transformador-de-aislamiento-5000va-5000w-para-derivacin-de-208v-a-120v-para-ups-ol-de-3kva-5kva-6kva-12-nema-5-20r\/#breadcrumb"},"inLanguage":"es-MX","potentialAction":[{"@type":"ReadAction","target":["https:\/\/compuviper.mx\/tienda\/producto\/cyberpower-ol5kstf-transformador-de-aislamiento-5000va-5000w-para-derivacin-de-208v-a-120v-para-ups-ol-de-3kva-5kva-6kva-12-nema-5-20r\/"]}]},{"@type":"BreadcrumbList","@id":"https:\/\/compuviper.mx\/tienda\/producto\/cyberpower-ol5kstf-transformador-de-aislamiento-5000va-5000w-para-derivacin-de-208v-a-120v-para-ups-ol-de-3kva-5kva-6kva-12-nema-5-20r\/#breadcrumb","itemListElement":[{"@type":"ListItem","position":1,"name":"Inicio","item":"https:\/\/compuviper.mx\/tienda\/"},{"@type":"ListItem","position":2,"name":"Productos","item":"https:\/\/compuviper.mx\/tienda\/productos\/"},{"@type":"ListItem","position":3,"name":"Energia","item":"https:\/\/compuviper.mx\/tienda\/categoria-producto\/energia\/"},{"@type":"ListItem","position":4,"name":"Transformador","item":"https:\/\/compuviper.mx\/tienda\/categoria-producto\/energia\/transformador\/"},{"@type":"ListItem","position":5,"name":"Cyberpower Ol5kstf Transformador De Aislamiento () 5000va \/ 5000w Para Derivaci?n De 208v A 120v Para Ups Ol De 3kva, 5kva, 6kva, (12) Nema 5-20r."}]},{"@type":"WebSite","@id":"https:\/\/compuviper.mx\/tienda\/#website","url":"https:\/\/compuviper.mx\/tienda\/","name":"Compuviper","description":"Proveedor de Computadoras, Laptops, Servidores, Monitores, Puntos de Venta, Teclados,   Impresoras, T\u00f3ner, C\u00e1maras de Seguridad y m\u00e1s en tu tienda en l\u00ednea","publisher":{"@id":"https:\/\/compuviper.mx\/tienda\/#organization"},"potentialAction":[{"@type":"SearchAction","target":{"@type":"EntryPoint","urlTemplate":"https:\/\/compuviper.mx\/tienda\/?s={search_term_string}"},"query-input":"required name=search_term_string"}],"inLanguage":"es-MX"},{"@type":"Organization","@id":"https:\/\/compuviper.mx\/tienda\/#organization","name":"Compuviper","url":"https:\/\/compuviper.mx\/tienda\/","logo":{"@type":"ImageObject","inLanguage":"es-MX","@id":"https:\/\/compuviper.mx\/tienda\/#\/schema\/logo\/image\/","url":"https:\/\/compuviper.mx\/tienda\/wp-content\/uploads\/2021\/08\/Logo-Compuviper-10.png","contentUrl":"https:\/\/compuviper.mx\/tienda\/wp-content\/uploads\/2021\/08\/Logo-Compuviper-10.png","width":1000,"height":500,"caption":"Compuviper"},"image":{"@id":"https:\/\/compuviper.mx\/tienda\/#\/schema\/logo\/image\/"},"sameAs":["https:\/\/www.facebook.com\/compuviper","https:\/\/www.youtube.com\/channel\/UCf73dERp9Y3cfOq7q8BhLjA?view_as=subscriber"]}]},"product_brand":"CYBERPOWER","product_price_amount":"20339","product_price_currency":"MXN","og_availability":"backorder","product_availability":"available for order","product_retailer_item_id":"OL5KSTF","product_condition":"new"},"_links":{"self":[{"href":"https:\/\/compuviper.mx\/tienda\/wp-json\/wp\/v2\/product\/217646"}],"collection":[{"href":"https:\/\/compuviper.mx\/tienda\/wp-json\/wp\/v2\/product"}],"about":[{"href":"https:\/\/compuviper.mx\/tienda\/wp-json\/wp\/v2\/types\/product"}],"replies":[{"embeddable":true,"href":"https:\/\/compuviper.mx\/tienda\/wp-json\/wp\/v2\/comments?post=217646"}],"wp:featuredmedia":[{"embeddable":true,"href":"https:\/\/compuviper.mx\/tienda\/wp-json\/wp\/v2\/media\/217647"}],"wp:attachment":[{"href":"https:\/\/compuviper.mx\/tienda\/wp-json\/wp\/v2\/media?parent=217646"}],"wp:term":[{"taxonomy":"product_cat","embeddable":true,"href":"https:\/\/compuviper.mx\/tienda\/wp-json\/wp\/v2\/product_cat?post=217646"},{"taxonomy":"product_tag","embeddable":true,"href":"https:\/\/compuviper.mx\/tienda\/wp-json\/wp\/v2\/product_tag?post=217646"}],"curies":[{"name":"wp","href":"https:\/\/api.w.org\/{rel}","templated":true}]}}