{"id":217602,"date":"2026-04-08T00:29:02","date_gmt":"2026-04-08T06:29:02","guid":{"rendered":"https:\/\/compuviper.mx\/tienda\/producto\/cyberpower-pr1000lcdrt1u-no-break-1000va-800w-rack-torre-1u-7-nemas-5-15r-senoidal-pura-garanta-3-aos-incluye-batera\/"},"modified":"2026-04-08T00:29:02","modified_gmt":"2026-04-08T06:29:02","slug":"cyberpower-pr1000lcdrt1u-no-break-1000va-800w-rack-torre-1u-7-nemas-5-15r-senoidal-pura-garanta-3-aos-incluye-batera","status":"publish","type":"product","link":"https:\/\/compuviper.mx\/tienda\/producto\/cyberpower-pr1000lcdrt1u-no-break-1000va-800w-rack-torre-1u-7-nemas-5-15r-senoidal-pura-garanta-3-aos-incluye-batera\/","title":{"rendered":"Cyberpower Pr1000lcdrt1u No Break  () 1000va \/ 800w, Rack\/torre, 1u, 7 Nemas 5-15r, Senoidal Pura, Garant?a 3 A?os Incluye Bater?a"},"content":{"rendered":"<table class=\"descripcion\">\n<tr>\n<td>General<\/td>\n<\/tr>\n<tr>\n<td>Topolog\u00eda de ups l\u00ednea interactiva<\/td>\n<\/tr>\n<tr>\n<td>El ahorro de energ\u00eda derivaci\u00f3n greenpower ups \u0099<\/td>\n<\/tr>\n<tr>\n<td>Compatible con pfc activo s\u00ed<\/td>\n<\/tr>\n<tr>\n<td>Entrada<\/td>\n<\/tr>\n<tr>\n<td>Voltaje: 120 v ca nominal<\/td>\n<\/tr>\n<tr>\n<td>Rango de frecuencia: 57 &#8211; 63 hz<\/td>\n<\/tr>\n<tr>\n<td>Tipo de enchufe: nema 5-15p<\/td>\n<\/tr>\n<tr>\n<td>Estilo de enchufe: \u00e1ngulo recto, desplazamiento a la derecha de 45 \u00b0<\/td>\n<\/tr>\n<tr>\n<td>Longitud del cable: 10 pies<\/td>\n<\/tr>\n<tr>\n<td>Rango de voltaje de entrada: 80 &#8211; 150 vca<\/td>\n<\/tr>\n<tr>\n<td>Salida<\/td>\n<\/tr>\n<tr>\n<td>Va: 1000 va<\/td>\n<\/tr>\n<tr>\n<td>Watts: 800 w<\/td>\n<\/tr>\n<tr>\n<td>Regulaci\u00f3n autom\u00e1tica de voltaje impulso 1 + 30%<\/td>\n<\/tr>\n<tr>\n<td>Impulso 2 + 14% d\u00f3lar -12%<\/td>\n<\/tr>\n<tr>\n<td>En voltaje de la bater\u00eda 120 vca \u00b1 5%<\/td>\n<\/tr>\n<tr>\n<td>En la frecuencia de la bater\u00eda 60 hz \u00b1 1%<\/td>\n<\/tr>\n<tr>\n<td>En forma de onda de la bater\u00eda onda sinusoidal<\/td>\n<\/tr>\n<tr>\n<td>Tipo de salida nema 5-15r<\/td>\n<\/tr>\n<tr>\n<td>Puntos de venta &#8211; total 7<\/td>\n<\/tr>\n<tr>\n<td>Salidas &#8211; carga cr\u00edtica 3<\/td>\n<\/tr>\n<tr>\n<td>Tomacorrientes: bater\u00eda y protecci\u00f3n contra sobretensiones 6<\/td>\n<\/tr>\n<tr>\n<td>Tomacorrientes: protegidos solo contra sobretensiones 1<\/td>\n<\/tr>\n<tr>\n<td>Protecci\u00f3n de sobrecarga limitaci\u00f3n de circuitos internos<\/td>\n<\/tr>\n<tr>\n<td>Cortacircuitos<\/td>\n<\/tr>\n<tr>\n<td>Tiempo de transferencia 10 ms<\/td>\n<\/tr>\n<tr>\n<td>Factor de potencia nominal 0,8<\/td>\n<\/tr>\n<tr>\n<td>Bater\u00eda<\/td>\n<\/tr>\n<tr>\n<td>Tiempo de ejecuci\u00f3n a media carga 13 minutos<\/td>\n<\/tr>\n<tr>\n<td>Tiempo de ejecuci\u00f3n a plena carga 3,5 minutos<\/td>\n<\/tr>\n<tr>\n<td>Tipo de bater\u00eda \u00e1cido de plomo sellado<\/td>\n<\/tr>\n<tr>\n<td>Tama\u00f1o de la bater\u00eda 6v \/ 9ah<\/td>\n<\/tr>\n<tr>\n<td>Cantidad de bater\u00eda 4<\/td>\n<\/tr>\n<tr>\n<td>Intercambiables en caliente s\u00ed<\/td>\n<\/tr>\n<tr>\n<td>Reemplazable por el usuario s\u00ed<\/td>\n<\/tr>\n<tr>\n<td>Cartucho de bater\u00eda de repuesto rb0690x4b<\/td>\n<\/tr>\n<tr>\n<td>Cantidad de cartucho de bater\u00eda de repuesto 1<\/td>\n<\/tr>\n<tr>\n<td>Tiempo de recarga t\u00edpico menos de 6 horas (90% de carga)<\/td>\n<\/tr>\n<tr>\n<td>Protecci\u00f3n contra sobretensiones y filtrado<\/td>\n<\/tr>\n<tr>\n<td>Supresi\u00f3n de sobretensiones 1.030 j<\/td>\n<\/tr>\n<tr>\n<td>Filtraci\u00f3n emi \/ rfi s\u00ed<\/td>\n<\/tr>\n<tr>\n<td>Gesti\u00f3n y comunicaciones<\/td>\n<\/tr>\n<tr>\n<td>Panel lcd multifunci\u00f3n pantallas: nivel actual \/ de carga: tiempo de ejecuci\u00f3n, nivel de bater\u00eda, bater\u00eda en uso, voltaje de entrada, tensi\u00f3n de salida, sobrecarga, modo silencioso, modo normal<\/td>\n<\/tr>\n<tr>\n<td>Puerto usb, compatible con hid: s\u00ed<\/td>\n<\/tr>\n<tr>\n<td>Puerto serial: s\u00ed<\/td>\n<\/tr>\n<tr>\n<td>Puerto de apagado de emergencia (epo): s\u00ed<\/td>\n<\/tr>\n<tr>\n<td>Indicadores led. encendido<\/td>\n<\/tr>\n<tr>\n<td>Fallo de cableado: alarmas audibles en la bater\u00eda, bater\u00eda baja, sobrecarga<\/td>\n<\/tr>\n<tr>\n<td>Software: powerpanel\u00ae business edition<\/td>\n<\/tr>\n<tr>\n<td>Monitoreo remoto snmp \/ http s\u00ed, con rmcard205 opcional<\/td>\n<\/tr>\n<tr>\n<td>Cierre de contacto no<\/td>\n<\/tr>\n<tr>\n<td>Mantenimiento de cable cable usb, cable serie, cable epo<\/td>\n<\/tr>\n<tr>\n<td>F\u00edsico<\/td>\n<\/tr>\n<tr>\n<td>Tama\u00f1o de la rejilla 1u<\/td>\n<\/tr>\n<tr>\n<td>Factor de forma rack \/ torre<\/td>\n<\/tr>\n<tr>\n<td>Dimensiones &#8211; w \u00d7 h \u00d7 d (in) 17,25 \u00d7 1,75 \u00d7 15,8 pulgadas<\/td>\n<\/tr>\n<tr>\n<td>Peso libras) 35,9 libras<\/td>\n<\/tr>\n<tr>\n<td>Dimensiones de env\u00edo: ancho x alto x profundidad (pulg.) 20,8 \u00d7 6,2 \u00d7 19,4 pulgadas<\/td>\n<\/tr>\n<tr>\n<td>Peso de env\u00edo (libras) 42,5 libras<\/td>\n<\/tr>\n<tr>\n<td>Ambiental<\/td>\n<\/tr>\n<tr>\n<td>Temperatura de funcionamiento 32 &#8211; 104 \u00b0 f (0 &#8211; 40 \u00b0 c)<\/td>\n<\/tr>\n<tr>\n<td>Humedad de funcionamiento 0 &#8211; 95% (sin condensaci\u00f3n)<\/td>\n<\/tr>\n<tr>\n<td>Temperatura de almacenamiento 5 &#8211; 113 \u00b0 f (-15 &#8211; 45 \u00b0 c)<\/td>\n<\/tr>\n<tr>\n<td>Elevaci\u00f3n operativa m\u00e1xima 10,000 pies (3,000 m)<\/td>\n<\/tr>\n<tr>\n<td>Elevaci\u00f3n m\u00e1xima de almacenamiento 50.000 pies (15.000 m)<\/td>\n<\/tr>\n<tr>\n<td>Disipaci\u00f3n t\u00e9rmica en modo ca 63 btu \/ hora<\/td>\n<\/tr>\n<tr>\n<td>Certificaciones<\/td>\n<\/tr>\n<tr>\n<td>Seguridad ul1778 cuarto<\/td>\n<\/tr>\n<tr>\n<td>Cul csa c22.2 no 107.3-05 fcc \/ doc clase a<\/td>\n<\/tr>\n<tr>\n<td>Ambiental rohs<\/td>\n<\/tr>\n<tr>\n<td>Garant\u00eda: la garant\u00eda del producto 3 a\u00f1os limitada<\/td>\n<\/tr>\n<\/table>\n","protected":false},"excerpt":{"rendered":"<p>Ups convertible en rack \/ torre con topolog\u00eda interactiva en l\u00ednea, la aplicaci\u00f3n cyberpower smart sinewave pr1000lcdrt1u proporciona respaldo de bater\u00eda, protecci\u00f3n de energ\u00eda (usando salida de onda sinusoidal) y protecci\u00f3n contra sobretensiones para servidores corporativos, servidores de departamentos, dispositivos de almacenamiento, dispositivos de red e instalaciones de telecomunicaciones que requieren compatibilidad con fuente de alimentaci\u00f3n pfc activa. El pr1000lcdrt1u utiliza regulaci\u00f3n autom\u00e1tica de voltaje (avr) para corregir fluctuaciones menores de energ\u00eda sin cambiar a bater\u00eda, lo que prolonga la vida \u00fatil de la bater\u00eda. Avr es esencial en \u00e1reas donde las fluctuaciones de energ\u00eda ocurren con frecuencia.<\/p>\n","protected":false},"featured_media":217603,"comment_status":"open","ping_status":"open","template":"","meta":[],"product_cat":[1508,1691],"product_tag":[1692],"acf":[],"yoast_head":"<!-- This site is optimized with the Yoast SEO plugin v21.7 - https:\/\/yoast.com\/wordpress\/plugins\/seo\/ -->\n<title>[ Cyberpower ] &#129351; Pr1000lcdrt1u No Break () 1000va \/ 800w, Rack\/torre, 1u, 7 Nemas 5-15r, Senoidal Pura, Garant\u00eda 3 A\u00f1os Incluye Bater\u00eda<\/title>\n<meta name=\"description\" content=\"Compra Pr1000lcdrt1u No Break () 1000va \/ 800w, Rack\/torre, 1u, 7 Nemas 5-15r, Senoidal Pura, Garant\u00eda 3 A\u00f1os Incluye Bater\u00eda + Env\u00edo a domicilio + Pago seguro + Garant\u00eda\" \/>\n<meta name=\"robots\" content=\"index, follow, max-snippet:-1, max-image-preview:large, max-video-preview:-1\" \/>\n<link rel=\"canonical\" href=\"https:\/\/compuviper.mx\/tienda\/producto\/cyberpower-pr1000lcdrt1u-no-break-1000va-800w-rack-torre-1u-7-nemas-5-15r-senoidal-pura-garanta-3-aos-incluye-batera\/\" \/>\n<meta property=\"og:locale\" content=\"es_MX\" \/>\n<meta property=\"og:type\" content=\"article\" \/>\n<meta property=\"og:title\" content=\"[ Cyberpower ] &#129351; Pr1000lcdrt1u No Break () 1000va \/ 800w, Rack\/torre, 1u, 7 Nemas 5-15r, Senoidal Pura, Garant\u00eda 3 A\u00f1os Incluye Bater\u00eda\" \/>\n<meta property=\"og:description\" content=\"Compra Pr1000lcdrt1u No Break () 1000va \/ 800w, Rack\/torre, 1u, 7 Nemas 5-15r, Senoidal Pura, Garant\u00eda 3 A\u00f1os Incluye Bater\u00eda + Env\u00edo a domicilio + Pago seguro + Garant\u00eda\" \/>\n<meta property=\"og:url\" content=\"https:\/\/compuviper.mx\/tienda\/producto\/cyberpower-pr1000lcdrt1u-no-break-1000va-800w-rack-torre-1u-7-nemas-5-15r-senoidal-pura-garanta-3-aos-incluye-batera\/\" \/>\n<meta property=\"og:site_name\" content=\"Compuviper\" \/>\n<meta property=\"article:publisher\" content=\"https:\/\/www.facebook.com\/compuviper\" \/>\n<meta property=\"og:image\" content=\"https:\/\/compuviper.mx\/tienda\/wp-content\/uploads\/2023\/12\/No-break-cyberpower-pr1000lcdrt1u-1000va-800w-racktorre-1u-7-nemas-5-15r-senoidal-pura-garantia-3-anos-incluye-bateria.jpg\" \/>\n\t<meta property=\"og:image:width\" content=\"200\" \/>\n\t<meta property=\"og:image:height\" content=\"200\" \/>\n\t<meta property=\"og:image:type\" content=\"image\/jpeg\" \/>\n<meta name=\"twitter:card\" content=\"summary_large_image\" \/>\n<meta name=\"twitter:label1\" content=\"Precio\" \/>\n\t<meta name=\"twitter:data1\" content=\"&#36;10,113 con IVA\" \/>\n\t<meta name=\"twitter:label2\" content=\"Availability\" \/>\n\t<meta name=\"twitter:data2\" content=\"Out of stock\" \/>\n<script type=\"application\/ld+json\" class=\"yoast-schema-graph\">{\"@context\":\"https:\/\/schema.org\",\"@graph\":[{\"@type\":\"WebPage\",\"@id\":\"https:\/\/compuviper.mx\/tienda\/producto\/cyberpower-pr1000lcdrt1u-no-break-1000va-800w-rack-torre-1u-7-nemas-5-15r-senoidal-pura-garanta-3-aos-incluye-batera\/\",\"url\":\"https:\/\/compuviper.mx\/tienda\/producto\/cyberpower-pr1000lcdrt1u-no-break-1000va-800w-rack-torre-1u-7-nemas-5-15r-senoidal-pura-garanta-3-aos-incluye-batera\/\",\"name\":\"[ Cyberpower ] &#129351; Pr1000lcdrt1u No Break () 1000va \/ 800w, Rack\/torre, 1u, 7 Nemas 5-15r, Senoidal Pura, Garant\u00eda 3 A\u00f1os Incluye Bater\u00eda\",\"isPartOf\":{\"@id\":\"https:\/\/compuviper.mx\/tienda\/#website\"},\"datePublished\":\"2026-04-08T06:29:02+00:00\",\"dateModified\":\"2026-04-08T06:29:02+00:00\",\"description\":\"Compra Pr1000lcdrt1u No Break () 1000va \/ 800w, Rack\/torre, 1u, 7 Nemas 5-15r, Senoidal Pura, Garant\u00eda 3 A\u00f1os Incluye Bater\u00eda + Env\u00edo a domicilio + Pago seguro + Garant\u00eda\",\"breadcrumb\":{\"@id\":\"https:\/\/compuviper.mx\/tienda\/producto\/cyberpower-pr1000lcdrt1u-no-break-1000va-800w-rack-torre-1u-7-nemas-5-15r-senoidal-pura-garanta-3-aos-incluye-batera\/#breadcrumb\"},\"inLanguage\":\"es-MX\",\"potentialAction\":[{\"@type\":\"ReadAction\",\"target\":[\"https:\/\/compuviper.mx\/tienda\/producto\/cyberpower-pr1000lcdrt1u-no-break-1000va-800w-rack-torre-1u-7-nemas-5-15r-senoidal-pura-garanta-3-aos-incluye-batera\/\"]}]},{\"@type\":\"BreadcrumbList\",\"@id\":\"https:\/\/compuviper.mx\/tienda\/producto\/cyberpower-pr1000lcdrt1u-no-break-1000va-800w-rack-torre-1u-7-nemas-5-15r-senoidal-pura-garanta-3-aos-incluye-batera\/#breadcrumb\",\"itemListElement\":[{\"@type\":\"ListItem\",\"position\":1,\"name\":\"Inicio\",\"item\":\"https:\/\/compuviper.mx\/tienda\/\"},{\"@type\":\"ListItem\",\"position\":2,\"name\":\"Productos\",\"item\":\"https:\/\/compuviper.mx\/tienda\/productos\/\"},{\"@type\":\"ListItem\",\"position\":3,\"name\":\"Energia\",\"item\":\"https:\/\/compuviper.mx\/tienda\/categoria-producto\/energia\/\"},{\"@type\":\"ListItem\",\"position\":4,\"name\":\"No Break\",\"item\":\"https:\/\/compuviper.mx\/tienda\/categoria-producto\/energia\/no-break\/\"},{\"@type\":\"ListItem\",\"position\":5,\"name\":\"Cyberpower Pr1000lcdrt1u No Break () 1000va \/ 800w, Rack\/torre, 1u, 7 Nemas 5-15r, Senoidal Pura, Garant?a 3 A?os Incluye Bater?a\"}]},{\"@type\":\"WebSite\",\"@id\":\"https:\/\/compuviper.mx\/tienda\/#website\",\"url\":\"https:\/\/compuviper.mx\/tienda\/\",\"name\":\"Compuviper\",\"description\":\"Proveedor de Computadoras, Laptops, Servidores, Monitores, Puntos de Venta, Teclados,   Impresoras, T\u00f3ner, C\u00e1maras de Seguridad y m\u00e1s en tu tienda en l\u00ednea\",\"publisher\":{\"@id\":\"https:\/\/compuviper.mx\/tienda\/#organization\"},\"potentialAction\":[{\"@type\":\"SearchAction\",\"target\":{\"@type\":\"EntryPoint\",\"urlTemplate\":\"https:\/\/compuviper.mx\/tienda\/?s={search_term_string}\"},\"query-input\":\"required name=search_term_string\"}],\"inLanguage\":\"es-MX\"},{\"@type\":\"Organization\",\"@id\":\"https:\/\/compuviper.mx\/tienda\/#organization\",\"name\":\"Compuviper\",\"url\":\"https:\/\/compuviper.mx\/tienda\/\",\"logo\":{\"@type\":\"ImageObject\",\"inLanguage\":\"es-MX\",\"@id\":\"https:\/\/compuviper.mx\/tienda\/#\/schema\/logo\/image\/\",\"url\":\"https:\/\/compuviper.mx\/tienda\/wp-content\/uploads\/2021\/08\/Logo-Compuviper-10.png\",\"contentUrl\":\"https:\/\/compuviper.mx\/tienda\/wp-content\/uploads\/2021\/08\/Logo-Compuviper-10.png\",\"width\":1000,\"height\":500,\"caption\":\"Compuviper\"},\"image\":{\"@id\":\"https:\/\/compuviper.mx\/tienda\/#\/schema\/logo\/image\/\"},\"sameAs\":[\"https:\/\/www.facebook.com\/compuviper\",\"https:\/\/www.youtube.com\/channel\/UCf73dERp9Y3cfOq7q8BhLjA?view_as=subscriber\"]}]}<\/script>\n<meta property=\"product:brand\" content=\"CYBERPOWER\" \/>\n<meta property=\"product:price:amount\" content=\"10113\" \/>\n<meta property=\"product:price:currency\" content=\"MXN\" \/>\n<meta property=\"og:availability\" content=\"out of stock\" \/>\n<meta property=\"product:availability\" content=\"out of stock\" \/>\n<meta property=\"product:retailer_item_id\" content=\"PR1000LCDRT1U\" \/>\n<meta property=\"product:condition\" content=\"new\" \/>\n<!-- \/ Yoast SEO plugin. -->","yoast_head_json":{"title":"[ Cyberpower ] &#129351; Pr1000lcdrt1u No Break () 1000va \/ 800w, Rack\/torre, 1u, 7 Nemas 5-15r, Senoidal Pura, Garant\u00eda 3 A\u00f1os Incluye Bater\u00eda","description":"Compra Pr1000lcdrt1u No Break () 1000va \/ 800w, Rack\/torre, 1u, 7 Nemas 5-15r, Senoidal Pura, Garant\u00eda 3 A\u00f1os Incluye Bater\u00eda + Env\u00edo a domicilio + Pago seguro + Garant\u00eda","robots":{"index":"index","follow":"follow","max-snippet":"max-snippet:-1","max-image-preview":"max-image-preview:large","max-video-preview":"max-video-preview:-1"},"canonical":"https:\/\/compuviper.mx\/tienda\/producto\/cyberpower-pr1000lcdrt1u-no-break-1000va-800w-rack-torre-1u-7-nemas-5-15r-senoidal-pura-garanta-3-aos-incluye-batera\/","og_locale":"es_MX","og_type":"article","og_title":"[ Cyberpower ] &#129351; Pr1000lcdrt1u No Break () 1000va \/ 800w, Rack\/torre, 1u, 7 Nemas 5-15r, Senoidal Pura, Garant\u00eda 3 A\u00f1os Incluye Bater\u00eda","og_description":"Compra Pr1000lcdrt1u No Break () 1000va \/ 800w, Rack\/torre, 1u, 7 Nemas 5-15r, Senoidal Pura, Garant\u00eda 3 A\u00f1os Incluye Bater\u00eda + Env\u00edo a domicilio + Pago seguro + Garant\u00eda","og_url":"https:\/\/compuviper.mx\/tienda\/producto\/cyberpower-pr1000lcdrt1u-no-break-1000va-800w-rack-torre-1u-7-nemas-5-15r-senoidal-pura-garanta-3-aos-incluye-batera\/","og_site_name":"Compuviper","article_publisher":"https:\/\/www.facebook.com\/compuviper","og_image":[{"width":200,"height":200,"url":"https:\/\/compuviper.mx\/tienda\/wp-content\/uploads\/2023\/12\/No-break-cyberpower-pr1000lcdrt1u-1000va-800w-racktorre-1u-7-nemas-5-15r-senoidal-pura-garantia-3-anos-incluye-bateria.jpg","type":"image\/jpeg"}],"twitter_card":"summary_large_image","twitter_misc":{"Precio":"&#36;10,113 con IVA","Availability":"Out of stock"},"schema":{"@context":"https:\/\/schema.org","@graph":[{"@type":"WebPage","@id":"https:\/\/compuviper.mx\/tienda\/producto\/cyberpower-pr1000lcdrt1u-no-break-1000va-800w-rack-torre-1u-7-nemas-5-15r-senoidal-pura-garanta-3-aos-incluye-batera\/","url":"https:\/\/compuviper.mx\/tienda\/producto\/cyberpower-pr1000lcdrt1u-no-break-1000va-800w-rack-torre-1u-7-nemas-5-15r-senoidal-pura-garanta-3-aos-incluye-batera\/","name":"[ Cyberpower ] &#129351; Pr1000lcdrt1u No Break () 1000va \/ 800w, Rack\/torre, 1u, 7 Nemas 5-15r, Senoidal Pura, Garant\u00eda 3 A\u00f1os Incluye Bater\u00eda","isPartOf":{"@id":"https:\/\/compuviper.mx\/tienda\/#website"},"datePublished":"2026-04-08T06:29:02+00:00","dateModified":"2026-04-08T06:29:02+00:00","description":"Compra Pr1000lcdrt1u No Break () 1000va \/ 800w, Rack\/torre, 1u, 7 Nemas 5-15r, Senoidal Pura, Garant\u00eda 3 A\u00f1os Incluye Bater\u00eda + Env\u00edo a domicilio + Pago seguro + Garant\u00eda","breadcrumb":{"@id":"https:\/\/compuviper.mx\/tienda\/producto\/cyberpower-pr1000lcdrt1u-no-break-1000va-800w-rack-torre-1u-7-nemas-5-15r-senoidal-pura-garanta-3-aos-incluye-batera\/#breadcrumb"},"inLanguage":"es-MX","potentialAction":[{"@type":"ReadAction","target":["https:\/\/compuviper.mx\/tienda\/producto\/cyberpower-pr1000lcdrt1u-no-break-1000va-800w-rack-torre-1u-7-nemas-5-15r-senoidal-pura-garanta-3-aos-incluye-batera\/"]}]},{"@type":"BreadcrumbList","@id":"https:\/\/compuviper.mx\/tienda\/producto\/cyberpower-pr1000lcdrt1u-no-break-1000va-800w-rack-torre-1u-7-nemas-5-15r-senoidal-pura-garanta-3-aos-incluye-batera\/#breadcrumb","itemListElement":[{"@type":"ListItem","position":1,"name":"Inicio","item":"https:\/\/compuviper.mx\/tienda\/"},{"@type":"ListItem","position":2,"name":"Productos","item":"https:\/\/compuviper.mx\/tienda\/productos\/"},{"@type":"ListItem","position":3,"name":"Energia","item":"https:\/\/compuviper.mx\/tienda\/categoria-producto\/energia\/"},{"@type":"ListItem","position":4,"name":"No Break","item":"https:\/\/compuviper.mx\/tienda\/categoria-producto\/energia\/no-break\/"},{"@type":"ListItem","position":5,"name":"Cyberpower Pr1000lcdrt1u No Break () 1000va \/ 800w, Rack\/torre, 1u, 7 Nemas 5-15r, Senoidal Pura, Garant?a 3 A?os Incluye Bater?a"}]},{"@type":"WebSite","@id":"https:\/\/compuviper.mx\/tienda\/#website","url":"https:\/\/compuviper.mx\/tienda\/","name":"Compuviper","description":"Proveedor de Computadoras, Laptops, Servidores, Monitores, Puntos de Venta, Teclados,   Impresoras, T\u00f3ner, C\u00e1maras de Seguridad y m\u00e1s en tu tienda en l\u00ednea","publisher":{"@id":"https:\/\/compuviper.mx\/tienda\/#organization"},"potentialAction":[{"@type":"SearchAction","target":{"@type":"EntryPoint","urlTemplate":"https:\/\/compuviper.mx\/tienda\/?s={search_term_string}"},"query-input":"required name=search_term_string"}],"inLanguage":"es-MX"},{"@type":"Organization","@id":"https:\/\/compuviper.mx\/tienda\/#organization","name":"Compuviper","url":"https:\/\/compuviper.mx\/tienda\/","logo":{"@type":"ImageObject","inLanguage":"es-MX","@id":"https:\/\/compuviper.mx\/tienda\/#\/schema\/logo\/image\/","url":"https:\/\/compuviper.mx\/tienda\/wp-content\/uploads\/2021\/08\/Logo-Compuviper-10.png","contentUrl":"https:\/\/compuviper.mx\/tienda\/wp-content\/uploads\/2021\/08\/Logo-Compuviper-10.png","width":1000,"height":500,"caption":"Compuviper"},"image":{"@id":"https:\/\/compuviper.mx\/tienda\/#\/schema\/logo\/image\/"},"sameAs":["https:\/\/www.facebook.com\/compuviper","https:\/\/www.youtube.com\/channel\/UCf73dERp9Y3cfOq7q8BhLjA?view_as=subscriber"]}]},"product_brand":"CYBERPOWER","product_price_amount":"10113","product_price_currency":"MXN","og_availability":"out of stock","product_availability":"out of stock","product_retailer_item_id":"PR1000LCDRT1U","product_condition":"new"},"_links":{"self":[{"href":"https:\/\/compuviper.mx\/tienda\/wp-json\/wp\/v2\/product\/217602"}],"collection":[{"href":"https:\/\/compuviper.mx\/tienda\/wp-json\/wp\/v2\/product"}],"about":[{"href":"https:\/\/compuviper.mx\/tienda\/wp-json\/wp\/v2\/types\/product"}],"replies":[{"embeddable":true,"href":"https:\/\/compuviper.mx\/tienda\/wp-json\/wp\/v2\/comments?post=217602"}],"wp:featuredmedia":[{"embeddable":true,"href":"https:\/\/compuviper.mx\/tienda\/wp-json\/wp\/v2\/media\/217603"}],"wp:attachment":[{"href":"https:\/\/compuviper.mx\/tienda\/wp-json\/wp\/v2\/media?parent=217602"}],"wp:term":[{"taxonomy":"product_cat","embeddable":true,"href":"https:\/\/compuviper.mx\/tienda\/wp-json\/wp\/v2\/product_cat?post=217602"},{"taxonomy":"product_tag","embeddable":true,"href":"https:\/\/compuviper.mx\/tienda\/wp-json\/wp\/v2\/product_tag?post=217602"}],"curies":[{"name":"wp","href":"https:\/\/api.w.org\/{rel}","templated":true}]}}