{"id":217414,"date":"2026-04-29T00:18:08","date_gmt":"2026-04-29T06:18:08","guid":{"rendered":"https:\/\/compuviper.mx\/tienda\/producto\/cdp-upo11-3rt-ups-online-3000va-2700w-torre-rack-doble-conversion-8-terminales-nema-5-15r-ca-nema-l5-30p\/"},"modified":"2026-04-29T00:18:08","modified_gmt":"2026-04-29T06:18:08","slug":"cdp-upo11-3rt-ups-online-torre-rack-de-3000va-2700w-8cont","status":"publish","type":"product","link":"https:\/\/compuviper.mx\/tienda\/producto\/cdp-upo11-3rt-ups-online-torre-rack-de-3000va-2700w-8cont\/","title":{"rendered":"Cdp Upo11-3rt Ups Online  Torre\/rack De 3000va\/2700w 8cont"},"content":{"rendered":"<table class=\"descripcion\">\n<tr>\n<td>Upo11-3rt 3000\/ 2700w.<\/td>\n<\/tr>\n<tr>\n<td>Entrada<\/td>\n<\/tr>\n<tr>\n<td>Rango de voltaje     120 vca voltaje nominal<\/td>\n<\/tr>\n<tr>\n<td>Rango de frecuencia    60vca-150vca<\/td>\n<\/tr>\n<tr>\n<td>Factor de potencia  \/=0,99@voltaje nominal (plena carga)<\/td>\n<\/tr>\n<tr>\n<td>Salida<\/td>\n<\/tr>\n<tr>\n<td>Voltaje de salida 110\/115\/120\/127 vca<\/td>\n<\/tr>\n<tr>\n<td>Regulacion volt ac +\/-1%<\/td>\n<\/tr>\n<tr>\n<td>Rango de frecuentia   modo bateria  50hz\/+\/-0.1 hz<\/td>\n<\/tr>\n<tr>\n<td>Corriente de cresta 5:1(max)<\/td>\n<\/tr>\n<tr>\n<td>Sobrecarga 100%-110 alarma 110\/130:<\/td>\n<\/tr>\n<tr>\n<td>Modo bateria:el ups se apaga en 30 segundos \/ modo normal=ups transfiere a modo bypass cuando la electricidad es normal ; 130%<\/td>\n<\/tr>\n<tr>\n<td>Modo bateria =el ups se apaga inmediato<\/td>\n<\/tr>\n<tr>\n<td>Modo normal=el ups transfiere a modo bypass cuando la electricidad es normal..<\/td>\n<\/tr>\n<tr>\n<td>Distorsion armonica  \/=3%thd(cargas lineales)  \/=6%thd(cargas lineales)<\/td>\n<\/tr>\n<tr>\n<td>Tiempo de trasferencia    modo ac a modo bateria  senoidal pura.<\/td>\n<\/tr>\n<tr>\n<td>Control rs 232 o usb soporta windows 2000\/2003\/xp\/vista\/2008\/7,8,10 linux y mac.<\/td>\n<\/tr>\n<tr>\n<td>Opsional snmp<\/td>\n<\/tr>\n<\/table>\n","protected":false},"excerpt":{"rendered":"<p>Upo11-3rt kva. La serie upo11-rt est\u00e1 disponible en 1, 2 y 3kva. Su instalaci\u00f3n puede efectuarse tipo torre o bien montada en bastidor. Se incluyen los rieles m\u00f3viles para su f\u00e1cil instalaci\u00f3n y mantenimiento. Esta serie provee la m\u00e1s avanzada tecnolog\u00eda en protecci\u00f3n el\u00e9ctrica disponible en la industria actualmente y es el ups ideal para profesionales de it altamente exigentes. Todos los modelos incluyen un procesador de se\u00f1al digital (dsp) el cual permite monitorear y administrar todos los par\u00e1metros de operaci\u00f3n. Esta familia es ideal para proteger servidores blade, san\u00b4s, equipo de telecomunicaciones y equipo industrial.<\/p>\n","protected":false},"featured_media":217415,"comment_status":"open","ping_status":"open","template":"","meta":[],"product_cat":[1508,1691],"product_tag":[1693],"acf":[],"yoast_head":"<!-- This site is optimized with the Yoast SEO plugin v21.7 - https:\/\/yoast.com\/wordpress\/plugins\/seo\/ -->\n<title>[ Cdp ] &#129351; Upo11-3rt Ups Online Torre\/rack De 3000va\/2700w 8cont<\/title>\n<meta name=\"description\" content=\"Compra Upo11-3rt Ups Online Torre\/rack De 3000va\/2700w 8cont + Env\u00edo a domicilio + Pago seguro + Garant\u00eda\" \/>\n<meta name=\"robots\" content=\"index, follow, max-snippet:-1, max-image-preview:large, max-video-preview:-1\" \/>\n<link rel=\"canonical\" href=\"https:\/\/compuviper.mx\/tienda\/producto\/cdp-upo11-3rt-ups-online-torre-rack-de-3000va-2700w-8cont\/\" \/>\n<meta property=\"og:locale\" content=\"es_MX\" \/>\n<meta property=\"og:type\" content=\"article\" \/>\n<meta property=\"og:title\" content=\"[ Cdp ] &#129351; Upo11-3rt Ups Online Torre\/rack De 3000va\/2700w 8cont\" \/>\n<meta property=\"og:description\" content=\"Compra Upo11-3rt Ups Online Torre\/rack De 3000va\/2700w 8cont + Env\u00edo a domicilio + Pago seguro + Garant\u00eda\" \/>\n<meta property=\"og:url\" content=\"https:\/\/compuviper.mx\/tienda\/producto\/cdp-upo11-3rt-ups-online-torre-rack-de-3000va-2700w-8cont\/\" \/>\n<meta property=\"og:site_name\" content=\"Compuviper\" \/>\n<meta property=\"article:publisher\" content=\"https:\/\/www.facebook.com\/compuviper\" \/>\n<meta property=\"og:image\" content=\"https:\/\/compuviper.mx\/tienda\/wp-content\/uploads\/2023\/12\/Ups-online-cdp-3000va2700w-upo11-3rt-torrerackdoble-conversion8-terminales-nema-5-15rca-nema-l5-30p.jpg\" \/>\n\t<meta property=\"og:image:width\" content=\"200\" \/>\n\t<meta property=\"og:image:height\" content=\"200\" \/>\n\t<meta property=\"og:image:type\" content=\"image\/jpeg\" \/>\n<meta name=\"twitter:card\" content=\"summary_large_image\" \/>\n<meta name=\"twitter:label1\" content=\"Precio\" \/>\n\t<meta name=\"twitter:data1\" content=\"&#36;18,966 con IVA\" \/>\n\t<meta name=\"twitter:label2\" content=\"Availability\" \/>\n\t<meta name=\"twitter:data2\" content=\"In stock\" \/>\n<script type=\"application\/ld+json\" class=\"yoast-schema-graph\">{\"@context\":\"https:\/\/schema.org\",\"@graph\":[{\"@type\":\"WebPage\",\"@id\":\"https:\/\/compuviper.mx\/tienda\/producto\/cdp-upo11-3rt-ups-online-torre-rack-de-3000va-2700w-8cont\/\",\"url\":\"https:\/\/compuviper.mx\/tienda\/producto\/cdp-upo11-3rt-ups-online-torre-rack-de-3000va-2700w-8cont\/\",\"name\":\"[ Cdp ] &#129351; Upo11-3rt Ups Online Torre\/rack De 3000va\/2700w 8cont\",\"isPartOf\":{\"@id\":\"https:\/\/compuviper.mx\/tienda\/#website\"},\"datePublished\":\"2026-04-29T06:18:08+00:00\",\"dateModified\":\"2026-04-29T06:18:08+00:00\",\"description\":\"Compra Upo11-3rt Ups Online Torre\/rack De 3000va\/2700w 8cont + Env\u00edo a domicilio + Pago seguro + Garant\u00eda\",\"breadcrumb\":{\"@id\":\"https:\/\/compuviper.mx\/tienda\/producto\/cdp-upo11-3rt-ups-online-torre-rack-de-3000va-2700w-8cont\/#breadcrumb\"},\"inLanguage\":\"es-MX\",\"potentialAction\":[{\"@type\":\"ReadAction\",\"target\":[\"https:\/\/compuviper.mx\/tienda\/producto\/cdp-upo11-3rt-ups-online-torre-rack-de-3000va-2700w-8cont\/\"]}]},{\"@type\":\"BreadcrumbList\",\"@id\":\"https:\/\/compuviper.mx\/tienda\/producto\/cdp-upo11-3rt-ups-online-torre-rack-de-3000va-2700w-8cont\/#breadcrumb\",\"itemListElement\":[{\"@type\":\"ListItem\",\"position\":1,\"name\":\"Inicio\",\"item\":\"https:\/\/compuviper.mx\/tienda\/\"},{\"@type\":\"ListItem\",\"position\":2,\"name\":\"Productos\",\"item\":\"https:\/\/compuviper.mx\/tienda\/productos\/\"},{\"@type\":\"ListItem\",\"position\":3,\"name\":\"Energia\",\"item\":\"https:\/\/compuviper.mx\/tienda\/categoria-producto\/energia\/\"},{\"@type\":\"ListItem\",\"position\":4,\"name\":\"No Break\",\"item\":\"https:\/\/compuviper.mx\/tienda\/categoria-producto\/energia\/no-break\/\"},{\"@type\":\"ListItem\",\"position\":5,\"name\":\"Cdp Upo11-3rt Ups Online Torre\/rack De 3000va\/2700w 8cont\"}]},{\"@type\":\"WebSite\",\"@id\":\"https:\/\/compuviper.mx\/tienda\/#website\",\"url\":\"https:\/\/compuviper.mx\/tienda\/\",\"name\":\"Compuviper\",\"description\":\"Proveedor de Computadoras, Laptops, Servidores, Monitores, Puntos de Venta, Teclados,   Impresoras, T\u00f3ner, C\u00e1maras de Seguridad y m\u00e1s en tu tienda en l\u00ednea\",\"publisher\":{\"@id\":\"https:\/\/compuviper.mx\/tienda\/#organization\"},\"potentialAction\":[{\"@type\":\"SearchAction\",\"target\":{\"@type\":\"EntryPoint\",\"urlTemplate\":\"https:\/\/compuviper.mx\/tienda\/?s={search_term_string}\"},\"query-input\":\"required name=search_term_string\"}],\"inLanguage\":\"es-MX\"},{\"@type\":\"Organization\",\"@id\":\"https:\/\/compuviper.mx\/tienda\/#organization\",\"name\":\"Compuviper\",\"url\":\"https:\/\/compuviper.mx\/tienda\/\",\"logo\":{\"@type\":\"ImageObject\",\"inLanguage\":\"es-MX\",\"@id\":\"https:\/\/compuviper.mx\/tienda\/#\/schema\/logo\/image\/\",\"url\":\"https:\/\/compuviper.mx\/tienda\/wp-content\/uploads\/2021\/08\/Logo-Compuviper-10.png\",\"contentUrl\":\"https:\/\/compuviper.mx\/tienda\/wp-content\/uploads\/2021\/08\/Logo-Compuviper-10.png\",\"width\":1000,\"height\":500,\"caption\":\"Compuviper\"},\"image\":{\"@id\":\"https:\/\/compuviper.mx\/tienda\/#\/schema\/logo\/image\/\"},\"sameAs\":[\"https:\/\/www.facebook.com\/compuviper\",\"https:\/\/www.youtube.com\/channel\/UCf73dERp9Y3cfOq7q8BhLjA?view_as=subscriber\"]}]}<\/script>\n<meta property=\"product:brand\" content=\"CDP\" \/>\n<meta property=\"product:price:amount\" content=\"18966\" \/>\n<meta property=\"product:price:currency\" content=\"MXN\" \/>\n<meta property=\"og:availability\" content=\"instock\" \/>\n<meta property=\"product:availability\" content=\"instock\" \/>\n<meta property=\"product:retailer_item_id\" content=\"UPO11-3RT\" \/>\n<meta property=\"product:condition\" content=\"new\" \/>\n<!-- \/ Yoast SEO plugin. -->","yoast_head_json":{"title":"[ Cdp ] &#129351; Upo11-3rt Ups Online Torre\/rack De 3000va\/2700w 8cont","description":"Compra Upo11-3rt Ups Online Torre\/rack De 3000va\/2700w 8cont + Env\u00edo a domicilio + Pago seguro + Garant\u00eda","robots":{"index":"index","follow":"follow","max-snippet":"max-snippet:-1","max-image-preview":"max-image-preview:large","max-video-preview":"max-video-preview:-1"},"canonical":"https:\/\/compuviper.mx\/tienda\/producto\/cdp-upo11-3rt-ups-online-torre-rack-de-3000va-2700w-8cont\/","og_locale":"es_MX","og_type":"article","og_title":"[ Cdp ] &#129351; Upo11-3rt Ups Online Torre\/rack De 3000va\/2700w 8cont","og_description":"Compra Upo11-3rt Ups Online Torre\/rack De 3000va\/2700w 8cont + Env\u00edo a domicilio + Pago seguro + Garant\u00eda","og_url":"https:\/\/compuviper.mx\/tienda\/producto\/cdp-upo11-3rt-ups-online-torre-rack-de-3000va-2700w-8cont\/","og_site_name":"Compuviper","article_publisher":"https:\/\/www.facebook.com\/compuviper","og_image":[{"width":200,"height":200,"url":"https:\/\/compuviper.mx\/tienda\/wp-content\/uploads\/2023\/12\/Ups-online-cdp-3000va2700w-upo11-3rt-torrerackdoble-conversion8-terminales-nema-5-15rca-nema-l5-30p.jpg","type":"image\/jpeg"}],"twitter_card":"summary_large_image","twitter_misc":{"Precio":"&#36;18,966 con IVA","Availability":"In stock"},"schema":{"@context":"https:\/\/schema.org","@graph":[{"@type":"WebPage","@id":"https:\/\/compuviper.mx\/tienda\/producto\/cdp-upo11-3rt-ups-online-torre-rack-de-3000va-2700w-8cont\/","url":"https:\/\/compuviper.mx\/tienda\/producto\/cdp-upo11-3rt-ups-online-torre-rack-de-3000va-2700w-8cont\/","name":"[ Cdp ] &#129351; Upo11-3rt Ups Online Torre\/rack De 3000va\/2700w 8cont","isPartOf":{"@id":"https:\/\/compuviper.mx\/tienda\/#website"},"datePublished":"2026-04-29T06:18:08+00:00","dateModified":"2026-04-29T06:18:08+00:00","description":"Compra Upo11-3rt Ups Online Torre\/rack De 3000va\/2700w 8cont + Env\u00edo a domicilio + Pago seguro + Garant\u00eda","breadcrumb":{"@id":"https:\/\/compuviper.mx\/tienda\/producto\/cdp-upo11-3rt-ups-online-torre-rack-de-3000va-2700w-8cont\/#breadcrumb"},"inLanguage":"es-MX","potentialAction":[{"@type":"ReadAction","target":["https:\/\/compuviper.mx\/tienda\/producto\/cdp-upo11-3rt-ups-online-torre-rack-de-3000va-2700w-8cont\/"]}]},{"@type":"BreadcrumbList","@id":"https:\/\/compuviper.mx\/tienda\/producto\/cdp-upo11-3rt-ups-online-torre-rack-de-3000va-2700w-8cont\/#breadcrumb","itemListElement":[{"@type":"ListItem","position":1,"name":"Inicio","item":"https:\/\/compuviper.mx\/tienda\/"},{"@type":"ListItem","position":2,"name":"Productos","item":"https:\/\/compuviper.mx\/tienda\/productos\/"},{"@type":"ListItem","position":3,"name":"Energia","item":"https:\/\/compuviper.mx\/tienda\/categoria-producto\/energia\/"},{"@type":"ListItem","position":4,"name":"No Break","item":"https:\/\/compuviper.mx\/tienda\/categoria-producto\/energia\/no-break\/"},{"@type":"ListItem","position":5,"name":"Cdp Upo11-3rt Ups Online Torre\/rack De 3000va\/2700w 8cont"}]},{"@type":"WebSite","@id":"https:\/\/compuviper.mx\/tienda\/#website","url":"https:\/\/compuviper.mx\/tienda\/","name":"Compuviper","description":"Proveedor de Computadoras, Laptops, Servidores, Monitores, Puntos de Venta, Teclados,   Impresoras, T\u00f3ner, C\u00e1maras de Seguridad y m\u00e1s en tu tienda en l\u00ednea","publisher":{"@id":"https:\/\/compuviper.mx\/tienda\/#organization"},"potentialAction":[{"@type":"SearchAction","target":{"@type":"EntryPoint","urlTemplate":"https:\/\/compuviper.mx\/tienda\/?s={search_term_string}"},"query-input":"required name=search_term_string"}],"inLanguage":"es-MX"},{"@type":"Organization","@id":"https:\/\/compuviper.mx\/tienda\/#organization","name":"Compuviper","url":"https:\/\/compuviper.mx\/tienda\/","logo":{"@type":"ImageObject","inLanguage":"es-MX","@id":"https:\/\/compuviper.mx\/tienda\/#\/schema\/logo\/image\/","url":"https:\/\/compuviper.mx\/tienda\/wp-content\/uploads\/2021\/08\/Logo-Compuviper-10.png","contentUrl":"https:\/\/compuviper.mx\/tienda\/wp-content\/uploads\/2021\/08\/Logo-Compuviper-10.png","width":1000,"height":500,"caption":"Compuviper"},"image":{"@id":"https:\/\/compuviper.mx\/tienda\/#\/schema\/logo\/image\/"},"sameAs":["https:\/\/www.facebook.com\/compuviper","https:\/\/www.youtube.com\/channel\/UCf73dERp9Y3cfOq7q8BhLjA?view_as=subscriber"]}]},"product_brand":"CDP","product_price_amount":"18966","product_price_currency":"MXN","og_availability":"instock","product_availability":"instock","product_retailer_item_id":"UPO11-3RT","product_condition":"new"},"_links":{"self":[{"href":"https:\/\/compuviper.mx\/tienda\/wp-json\/wp\/v2\/product\/217414"}],"collection":[{"href":"https:\/\/compuviper.mx\/tienda\/wp-json\/wp\/v2\/product"}],"about":[{"href":"https:\/\/compuviper.mx\/tienda\/wp-json\/wp\/v2\/types\/product"}],"replies":[{"embeddable":true,"href":"https:\/\/compuviper.mx\/tienda\/wp-json\/wp\/v2\/comments?post=217414"}],"wp:featuredmedia":[{"embeddable":true,"href":"https:\/\/compuviper.mx\/tienda\/wp-json\/wp\/v2\/media\/217415"}],"wp:attachment":[{"href":"https:\/\/compuviper.mx\/tienda\/wp-json\/wp\/v2\/media?parent=217414"}],"wp:term":[{"taxonomy":"product_cat","embeddable":true,"href":"https:\/\/compuviper.mx\/tienda\/wp-json\/wp\/v2\/product_cat?post=217414"},{"taxonomy":"product_tag","embeddable":true,"href":"https:\/\/compuviper.mx\/tienda\/wp-json\/wp\/v2\/product_tag?post=217414"}],"curies":[{"name":"wp","href":"https:\/\/api.w.org\/{rel}","templated":true}]}}