{"id":217406,"date":"2026-04-07T00:24:35","date_gmt":"2026-04-07T06:24:35","guid":{"rendered":"https:\/\/compuviper.mx\/tienda\/producto\/apc-smt2200c-smart-ups-with-smartconnect-remote-monitoringpure-sine-wave-backup-surge-protection\/"},"modified":"2026-04-07T00:24:35","modified_gmt":"2026-04-07T06:24:35","slug":"apc-smt2200c-smart-ups-2200va-pantalla-lcd-120v-con-smartconnect","status":"publish","type":"product","link":"https:\/\/compuviper.mx\/tienda\/producto\/apc-smt2200c-smart-ups-2200va-pantalla-lcd-120v-con-smartconnect\/","title":{"rendered":"Apc Smt2200c  Smart-ups, 2200va, Pantalla Lcd, 120v, Con Smartconnect"},"content":{"rendered":"<table class=\"descripcion\">\n<tr>\n<td>Output<\/td>\n<\/tr>\n<tr>\n<td>Output power capacity<\/td>\n<\/tr>\n<tr>\n<td>1.92 kwatts \/\u00a01.92 kva<\/td>\n<\/tr>\n<tr>\n<td>Max configurable power (watts)<\/td>\n<\/tr>\n<tr>\n<td>1.98 kwatts \/\u00a02.2 kva<\/td>\n<\/tr>\n<tr>\n<td>Nominal output voltage<\/td>\n<\/tr>\n<tr>\n<td>120v<\/td>\n<\/tr>\n<tr>\n<td>Output voltage distortion<\/td>\n<\/tr>\n<tr>\n<td>Less than 5%<\/td>\n<\/tr>\n<tr>\n<td>Output frequency (sync to mains)<\/td>\n<\/tr>\n<tr>\n<td>50\/60hz +\/- 3 hz<\/td>\n<\/tr>\n<tr>\n<td>Other output voltages<\/td>\n<\/tr>\n<tr>\n<td>110, 127<\/td>\n<\/tr>\n<tr>\n<td>Topology<\/td>\n<\/tr>\n<tr>\n<td>Line interactive<\/td>\n<\/tr>\n<tr>\n<td>Waveform type<\/td>\n<\/tr>\n<tr>\n<td>Sine wave<\/td>\n<\/tr>\n<tr>\n<td>Output connections<\/td>\n<\/tr>\n<tr>\n<td>(2) nema 5-20r (battery backup)<\/td>\n<\/tr>\n<tr>\n<td>(8) nema 5-15r (battery backup)<\/td>\n<\/tr>\n<tr>\n<td>Transfer time<\/td>\n<\/tr>\n<tr>\n<td>6ms typical : 10ms maximum<\/td>\n<\/tr>\n<tr>\n<td>Input<\/td>\n<\/tr>\n<tr>\n<td>Nominal input voltage<\/td>\n<\/tr>\n<tr>\n<td>120v<\/td>\n<\/tr>\n<tr>\n<td>Input frequency<\/td>\n<\/tr>\n<tr>\n<td>50\/60 hz +\/- 3 hz (auto sensing)<\/td>\n<\/tr>\n<tr>\n<td>Input connections<\/td>\n<\/tr>\n<tr>\n<td>Nema 5-20p<\/td>\n<\/tr>\n<tr>\n<td>Cord length<\/td>\n<\/tr>\n<tr>\n<td>1.83meters<\/td>\n<\/tr>\n<tr>\n<td>Input voltage range for main operations<\/td>\n<\/tr>\n<tr>\n<td>82 &#8211; 144v<\/td>\n<\/tr>\n<tr>\n<td>Input voltage adjustable range for mains operation<\/td>\n<\/tr>\n<tr>\n<td>75 &#8211; 154v<\/td>\n<\/tr>\n<tr>\n<td>Number of power cords<\/td>\n<\/tr>\n<tr>\n<td>1<\/td>\n<\/tr>\n<tr>\n<td>Other input voltages<\/td>\n<\/tr>\n<tr>\n<td>110, 127<\/td>\n<\/tr>\n<tr>\n<td>Batteries  and  runtime<\/td>\n<\/tr>\n<tr>\n<td>Battery type<\/td>\n<\/tr>\n<tr>\n<td>Maintenance-free sealed lead-acid battery with suspended electrolyte : leakproof<\/td>\n<\/tr>\n<tr>\n<td>Typical recharge time<\/td>\n<\/tr>\n<tr>\n<td>3hour(s)<\/td>\n<\/tr>\n<tr>\n<td>Replacement battery<\/td>\n<\/tr>\n<tr>\n<td>Rbc55<\/td>\n<\/tr>\n<tr>\n<td>Expected battery life (years)<\/td>\n<\/tr>\n<tr>\n<td>43588<\/td>\n<\/tr>\n<tr>\n<td>Rbc quantity<\/td>\n<\/tr>\n<tr>\n<td>1<\/td>\n<\/tr>\n<\/table>\n","protected":false},"excerpt":{"rendered":"<p>Smart-ups de apc con smartconnect remote monitoring, pure sine wave backup  and  surge protection (smt2200c. Protecci\u00f3n de energ\u00eda de red inteligente y eficiente desde el nivel de entrada hasta el tiempo de ejecuci\u00f3n escalable. Ups ideal para servidores, puntos de venta, enrutadores, conmutadores, concentradores y otros dispositivos de red.<\/p>\n","protected":false},"featured_media":217407,"comment_status":"open","ping_status":"open","template":"","meta":[],"product_cat":[1508,1691],"product_tag":[1694],"acf":[],"yoast_head":"<!-- This site is optimized with the Yoast SEO plugin v21.7 - https:\/\/yoast.com\/wordpress\/plugins\/seo\/ -->\n<title>[ Apc ] &#129351; Smt2200c Smart-ups, 2200va, Pantalla Lcd, 120v, Con Smartconnect<\/title>\n<meta name=\"description\" content=\"Compra Smt2200c Smart-ups, 2200va, Pantalla Lcd, 120v, Con Smartconnect + Env\u00edo a domicilio + Pago seguro + Garant\u00eda\" \/>\n<meta name=\"robots\" content=\"index, follow, max-snippet:-1, max-image-preview:large, max-video-preview:-1\" \/>\n<link rel=\"canonical\" href=\"https:\/\/compuviper.mx\/tienda\/producto\/apc-smt2200c-smart-ups-2200va-pantalla-lcd-120v-con-smartconnect\/\" \/>\n<meta property=\"og:locale\" content=\"es_MX\" \/>\n<meta property=\"og:type\" content=\"article\" \/>\n<meta property=\"og:title\" content=\"[ Apc ] &#129351; Smt2200c Smart-ups, 2200va, Pantalla Lcd, 120v, Con Smartconnect\" \/>\n<meta property=\"og:description\" content=\"Compra Smt2200c Smart-ups, 2200va, Pantalla Lcd, 120v, Con Smartconnect + Env\u00edo a domicilio + Pago seguro + Garant\u00eda\" \/>\n<meta property=\"og:url\" content=\"https:\/\/compuviper.mx\/tienda\/producto\/apc-smt2200c-smart-ups-2200va-pantalla-lcd-120v-con-smartconnect\/\" \/>\n<meta property=\"og:site_name\" content=\"Compuviper\" \/>\n<meta property=\"article:publisher\" content=\"https:\/\/www.facebook.com\/compuviper\" \/>\n<meta property=\"og:image\" content=\"https:\/\/compuviper.mx\/tienda\/wp-content\/uploads\/2023\/12\/Apc-smart-ups-with-smartconnect-remote-monitoringpure-sine-wave-backup-surge-protection.jpg\" \/>\n\t<meta property=\"og:image:width\" content=\"200\" \/>\n\t<meta property=\"og:image:height\" content=\"200\" \/>\n\t<meta property=\"og:image:type\" content=\"image\/jpeg\" \/>\n<meta name=\"twitter:card\" content=\"summary_large_image\" \/>\n<meta name=\"twitter:label1\" content=\"Precio\" \/>\n\t<meta name=\"twitter:data1\" content=\"&#36;22,563 con IVA\" \/>\n\t<meta name=\"twitter:label2\" content=\"Availability\" \/>\n\t<meta name=\"twitter:data2\" content=\"Out of stock\" \/>\n<script type=\"application\/ld+json\" class=\"yoast-schema-graph\">{\"@context\":\"https:\/\/schema.org\",\"@graph\":[{\"@type\":\"WebPage\",\"@id\":\"https:\/\/compuviper.mx\/tienda\/producto\/apc-smt2200c-smart-ups-2200va-pantalla-lcd-120v-con-smartconnect\/\",\"url\":\"https:\/\/compuviper.mx\/tienda\/producto\/apc-smt2200c-smart-ups-2200va-pantalla-lcd-120v-con-smartconnect\/\",\"name\":\"[ Apc ] &#129351; Smt2200c Smart-ups, 2200va, Pantalla Lcd, 120v, Con Smartconnect\",\"isPartOf\":{\"@id\":\"https:\/\/compuviper.mx\/tienda\/#website\"},\"datePublished\":\"2026-04-07T06:24:35+00:00\",\"dateModified\":\"2026-04-07T06:24:35+00:00\",\"description\":\"Compra Smt2200c Smart-ups, 2200va, Pantalla Lcd, 120v, Con Smartconnect + Env\u00edo a domicilio + Pago seguro + Garant\u00eda\",\"breadcrumb\":{\"@id\":\"https:\/\/compuviper.mx\/tienda\/producto\/apc-smt2200c-smart-ups-2200va-pantalla-lcd-120v-con-smartconnect\/#breadcrumb\"},\"inLanguage\":\"es-MX\",\"potentialAction\":[{\"@type\":\"ReadAction\",\"target\":[\"https:\/\/compuviper.mx\/tienda\/producto\/apc-smt2200c-smart-ups-2200va-pantalla-lcd-120v-con-smartconnect\/\"]}]},{\"@type\":\"BreadcrumbList\",\"@id\":\"https:\/\/compuviper.mx\/tienda\/producto\/apc-smt2200c-smart-ups-2200va-pantalla-lcd-120v-con-smartconnect\/#breadcrumb\",\"itemListElement\":[{\"@type\":\"ListItem\",\"position\":1,\"name\":\"Inicio\",\"item\":\"https:\/\/compuviper.mx\/tienda\/\"},{\"@type\":\"ListItem\",\"position\":2,\"name\":\"Productos\",\"item\":\"https:\/\/compuviper.mx\/tienda\/productos\/\"},{\"@type\":\"ListItem\",\"position\":3,\"name\":\"Energia\",\"item\":\"https:\/\/compuviper.mx\/tienda\/categoria-producto\/energia\/\"},{\"@type\":\"ListItem\",\"position\":4,\"name\":\"No Break\",\"item\":\"https:\/\/compuviper.mx\/tienda\/categoria-producto\/energia\/no-break\/\"},{\"@type\":\"ListItem\",\"position\":5,\"name\":\"Apc Smt2200c Smart-ups, 2200va, Pantalla Lcd, 120v, Con Smartconnect\"}]},{\"@type\":\"WebSite\",\"@id\":\"https:\/\/compuviper.mx\/tienda\/#website\",\"url\":\"https:\/\/compuviper.mx\/tienda\/\",\"name\":\"Compuviper\",\"description\":\"Proveedor de Computadoras, Laptops, Servidores, Monitores, Puntos de Venta, Teclados,   Impresoras, T\u00f3ner, C\u00e1maras de Seguridad y m\u00e1s en tu tienda en l\u00ednea\",\"publisher\":{\"@id\":\"https:\/\/compuviper.mx\/tienda\/#organization\"},\"potentialAction\":[{\"@type\":\"SearchAction\",\"target\":{\"@type\":\"EntryPoint\",\"urlTemplate\":\"https:\/\/compuviper.mx\/tienda\/?s={search_term_string}\"},\"query-input\":\"required name=search_term_string\"}],\"inLanguage\":\"es-MX\"},{\"@type\":\"Organization\",\"@id\":\"https:\/\/compuviper.mx\/tienda\/#organization\",\"name\":\"Compuviper\",\"url\":\"https:\/\/compuviper.mx\/tienda\/\",\"logo\":{\"@type\":\"ImageObject\",\"inLanguage\":\"es-MX\",\"@id\":\"https:\/\/compuviper.mx\/tienda\/#\/schema\/logo\/image\/\",\"url\":\"https:\/\/compuviper.mx\/tienda\/wp-content\/uploads\/2021\/08\/Logo-Compuviper-10.png\",\"contentUrl\":\"https:\/\/compuviper.mx\/tienda\/wp-content\/uploads\/2021\/08\/Logo-Compuviper-10.png\",\"width\":1000,\"height\":500,\"caption\":\"Compuviper\"},\"image\":{\"@id\":\"https:\/\/compuviper.mx\/tienda\/#\/schema\/logo\/image\/\"},\"sameAs\":[\"https:\/\/www.facebook.com\/compuviper\",\"https:\/\/www.youtube.com\/channel\/UCf73dERp9Y3cfOq7q8BhLjA?view_as=subscriber\"]}]}<\/script>\n<meta property=\"product:brand\" content=\"APC\" \/>\n<meta property=\"product:price:amount\" content=\"22563\" \/>\n<meta property=\"product:price:currency\" content=\"MXN\" \/>\n<meta property=\"og:availability\" content=\"out of stock\" \/>\n<meta property=\"product:availability\" content=\"out of stock\" \/>\n<meta property=\"product:retailer_item_id\" content=\"SMT2200C\" \/>\n<meta property=\"product:condition\" content=\"new\" \/>\n<!-- \/ Yoast SEO plugin. -->","yoast_head_json":{"title":"[ Apc ] &#129351; Smt2200c Smart-ups, 2200va, Pantalla Lcd, 120v, Con Smartconnect","description":"Compra Smt2200c Smart-ups, 2200va, Pantalla Lcd, 120v, Con Smartconnect + Env\u00edo a domicilio + Pago seguro + Garant\u00eda","robots":{"index":"index","follow":"follow","max-snippet":"max-snippet:-1","max-image-preview":"max-image-preview:large","max-video-preview":"max-video-preview:-1"},"canonical":"https:\/\/compuviper.mx\/tienda\/producto\/apc-smt2200c-smart-ups-2200va-pantalla-lcd-120v-con-smartconnect\/","og_locale":"es_MX","og_type":"article","og_title":"[ Apc ] &#129351; Smt2200c Smart-ups, 2200va, Pantalla Lcd, 120v, Con Smartconnect","og_description":"Compra Smt2200c Smart-ups, 2200va, Pantalla Lcd, 120v, Con Smartconnect + Env\u00edo a domicilio + Pago seguro + Garant\u00eda","og_url":"https:\/\/compuviper.mx\/tienda\/producto\/apc-smt2200c-smart-ups-2200va-pantalla-lcd-120v-con-smartconnect\/","og_site_name":"Compuviper","article_publisher":"https:\/\/www.facebook.com\/compuviper","og_image":[{"width":200,"height":200,"url":"https:\/\/compuviper.mx\/tienda\/wp-content\/uploads\/2023\/12\/Apc-smart-ups-with-smartconnect-remote-monitoringpure-sine-wave-backup-surge-protection.jpg","type":"image\/jpeg"}],"twitter_card":"summary_large_image","twitter_misc":{"Precio":"&#36;22,563 con IVA","Availability":"Out of stock"},"schema":{"@context":"https:\/\/schema.org","@graph":[{"@type":"WebPage","@id":"https:\/\/compuviper.mx\/tienda\/producto\/apc-smt2200c-smart-ups-2200va-pantalla-lcd-120v-con-smartconnect\/","url":"https:\/\/compuviper.mx\/tienda\/producto\/apc-smt2200c-smart-ups-2200va-pantalla-lcd-120v-con-smartconnect\/","name":"[ Apc ] &#129351; Smt2200c Smart-ups, 2200va, Pantalla Lcd, 120v, Con Smartconnect","isPartOf":{"@id":"https:\/\/compuviper.mx\/tienda\/#website"},"datePublished":"2026-04-07T06:24:35+00:00","dateModified":"2026-04-07T06:24:35+00:00","description":"Compra Smt2200c Smart-ups, 2200va, Pantalla Lcd, 120v, Con Smartconnect + Env\u00edo a domicilio + Pago seguro + Garant\u00eda","breadcrumb":{"@id":"https:\/\/compuviper.mx\/tienda\/producto\/apc-smt2200c-smart-ups-2200va-pantalla-lcd-120v-con-smartconnect\/#breadcrumb"},"inLanguage":"es-MX","potentialAction":[{"@type":"ReadAction","target":["https:\/\/compuviper.mx\/tienda\/producto\/apc-smt2200c-smart-ups-2200va-pantalla-lcd-120v-con-smartconnect\/"]}]},{"@type":"BreadcrumbList","@id":"https:\/\/compuviper.mx\/tienda\/producto\/apc-smt2200c-smart-ups-2200va-pantalla-lcd-120v-con-smartconnect\/#breadcrumb","itemListElement":[{"@type":"ListItem","position":1,"name":"Inicio","item":"https:\/\/compuviper.mx\/tienda\/"},{"@type":"ListItem","position":2,"name":"Productos","item":"https:\/\/compuviper.mx\/tienda\/productos\/"},{"@type":"ListItem","position":3,"name":"Energia","item":"https:\/\/compuviper.mx\/tienda\/categoria-producto\/energia\/"},{"@type":"ListItem","position":4,"name":"No Break","item":"https:\/\/compuviper.mx\/tienda\/categoria-producto\/energia\/no-break\/"},{"@type":"ListItem","position":5,"name":"Apc Smt2200c Smart-ups, 2200va, Pantalla Lcd, 120v, Con Smartconnect"}]},{"@type":"WebSite","@id":"https:\/\/compuviper.mx\/tienda\/#website","url":"https:\/\/compuviper.mx\/tienda\/","name":"Compuviper","description":"Proveedor de Computadoras, Laptops, Servidores, Monitores, Puntos de Venta, Teclados,   Impresoras, T\u00f3ner, C\u00e1maras de Seguridad y m\u00e1s en tu tienda en l\u00ednea","publisher":{"@id":"https:\/\/compuviper.mx\/tienda\/#organization"},"potentialAction":[{"@type":"SearchAction","target":{"@type":"EntryPoint","urlTemplate":"https:\/\/compuviper.mx\/tienda\/?s={search_term_string}"},"query-input":"required name=search_term_string"}],"inLanguage":"es-MX"},{"@type":"Organization","@id":"https:\/\/compuviper.mx\/tienda\/#organization","name":"Compuviper","url":"https:\/\/compuviper.mx\/tienda\/","logo":{"@type":"ImageObject","inLanguage":"es-MX","@id":"https:\/\/compuviper.mx\/tienda\/#\/schema\/logo\/image\/","url":"https:\/\/compuviper.mx\/tienda\/wp-content\/uploads\/2021\/08\/Logo-Compuviper-10.png","contentUrl":"https:\/\/compuviper.mx\/tienda\/wp-content\/uploads\/2021\/08\/Logo-Compuviper-10.png","width":1000,"height":500,"caption":"Compuviper"},"image":{"@id":"https:\/\/compuviper.mx\/tienda\/#\/schema\/logo\/image\/"},"sameAs":["https:\/\/www.facebook.com\/compuviper","https:\/\/www.youtube.com\/channel\/UCf73dERp9Y3cfOq7q8BhLjA?view_as=subscriber"]}]},"product_brand":"APC","product_price_amount":"22563","product_price_currency":"MXN","og_availability":"out of stock","product_availability":"out of stock","product_retailer_item_id":"SMT2200C","product_condition":"new"},"_links":{"self":[{"href":"https:\/\/compuviper.mx\/tienda\/wp-json\/wp\/v2\/product\/217406"}],"collection":[{"href":"https:\/\/compuviper.mx\/tienda\/wp-json\/wp\/v2\/product"}],"about":[{"href":"https:\/\/compuviper.mx\/tienda\/wp-json\/wp\/v2\/types\/product"}],"replies":[{"embeddable":true,"href":"https:\/\/compuviper.mx\/tienda\/wp-json\/wp\/v2\/comments?post=217406"}],"wp:featuredmedia":[{"embeddable":true,"href":"https:\/\/compuviper.mx\/tienda\/wp-json\/wp\/v2\/media\/217407"}],"wp:attachment":[{"href":"https:\/\/compuviper.mx\/tienda\/wp-json\/wp\/v2\/media?parent=217406"}],"wp:term":[{"taxonomy":"product_cat","embeddable":true,"href":"https:\/\/compuviper.mx\/tienda\/wp-json\/wp\/v2\/product_cat?post=217406"},{"taxonomy":"product_tag","embeddable":true,"href":"https:\/\/compuviper.mx\/tienda\/wp-json\/wp\/v2\/product_tag?post=217406"}],"curies":[{"name":"wp","href":"https:\/\/api.w.org\/{rel}","templated":true}]}}