{"id":217386,"date":"2026-04-02T00:26:03","date_gmt":"2026-04-02T06:26:03","guid":{"rendered":"https:\/\/compuviper.mx\/tienda\/producto\/apc-br1500m2-lm-unidad-back-ups-pro-br-1500-va-10-tomas-de-salida-2-puertos-usb-de-carga-avr-interfaz-lcd-lam\/"},"modified":"2026-04-02T00:26:04","modified_gmt":"2026-04-02T06:26:04","slug":"apc-br1500m2-lm-unidad-back-ups-pro-br-1500-va-10-tomas-de-salida-2-puertos-usb-de-carga-avr-interfaz-lcd-lam","status":"publish","type":"product","link":"https:\/\/compuviper.mx\/tienda\/producto\/apc-br1500m2-lm-unidad-back-ups-pro-br-1500-va-10-tomas-de-salida-2-puertos-usb-de-carga-avr-interfaz-lcd-lam\/","title":{"rendered":"Apc Br1500m2-lm Unidad Back Ups Pro Br 1500 Va, 10 Tomas De Salida, 2 Puertos Usb De Carga, Avr, Interfaz Lcd, Lam"},"content":{"rendered":"<table class=\"descripcion\">\n<tr>\n<td>Salida<\/td>\n<\/tr>\n<tr>\n<td>Capacidad de potencia de salida<\/td>\n<\/tr>\n<tr>\n<td> 900vatios \/ 1.5 kva<\/td>\n<\/tr>\n<tr>\n<td>M\u00e1xima potencia configurable (vatios)<\/td>\n<\/tr>\n<tr>\n<td> 900vatios \/ 1.5 kva<\/td>\n<\/tr>\n<tr>\n<td>Tensi\u00f3n de salida nominal<\/td>\n<\/tr>\n<tr>\n<td> 120v<\/td>\n<\/tr>\n<tr>\n<td>Frequencia de salida (sincronizada con la red)<\/td>\n<\/tr>\n<tr>\n<td> 50\/60 hz +\/-1 hz<\/td>\n<\/tr>\n<tr>\n<td>Tipo de forma de onda<\/td>\n<\/tr>\n<tr>\n<td> aproximaci\u00f3n acompasada de una onda sinusoidal<\/td>\n<\/tr>\n<tr>\n<td>Conexiones de salida<\/td>\n<\/tr>\n<tr>\n<td>(6) nema 5-15r (respaldo de bater\u00eda)<\/td>\n<\/tr>\n<tr>\n<td>(4) nema 5-15r (selector_surgetitle)<\/td>\n<\/tr>\n<tr>\n<td>Duraci\u00f3n de transferencia<\/td>\n<\/tr>\n<tr>\n<td> 8ms typical : 10 ms maximum<\/td>\n<\/tr>\n<tr>\n<td>Entrada<\/td>\n<\/tr>\n<tr>\n<td>Entrada de voltaje<\/td>\n<\/tr>\n<tr>\n<td> 120v<\/td>\n<\/tr>\n<tr>\n<td>Frecuencia de entrada<\/td>\n<\/tr>\n<tr>\n<td> 50\/60 hz +\/- 3 hz (autosensible)<\/td>\n<\/tr>\n<tr>\n<td>Tipo de enchufe<\/td>\n<\/tr>\n<tr>\n<td> nema 5-15p<\/td>\n<\/tr>\n<tr>\n<td>Longitud del cable<\/td>\n<\/tr>\n<tr>\n<td> 1.83metros<\/td>\n<\/tr>\n<tr>\n<td>Variaci\u00f3n de tensi\u00f3n de entrada para operaciones principales<\/td>\n<\/tr>\n<tr>\n<td> 88 &#8211; 147v<\/td>\n<\/tr>\n<tr>\n<td>Cantidad de cables de alimentaci\u00f3n<\/td>\n<\/tr>\n<tr>\n<td> 1<\/td>\n<\/tr>\n<tr>\n<td>Corriente m\u00e1xima de entrada<\/td>\n<\/tr>\n<tr>\n<td> 12.0a<\/td>\n<\/tr>\n<tr>\n<td>Bater\u00edas y autonom\u00eda<\/td>\n<\/tr>\n<tr>\n<td>Tipo de bater\u00eda:<\/td>\n<\/tr>\n<tr>\n<td> bater\u00eda sellada de plomo sin necesidad de mantenci\u00f3n con electrolito suspendido: a prueba de filtraci\u00f3n<\/td>\n<\/tr>\n<tr>\n<td>Bater\u00edas pre-instaladas<\/td>\n<\/tr>\n<tr>\n<td> 1<\/td>\n<\/tr>\n<tr>\n<td>Tiempo de recarga t\u00edpico<\/td>\n<\/tr>\n<tr>\n<td> 16hora(s)<\/td>\n<\/tr>\n<tr>\n<td>Vida \u00fatil esperada de las bater\u00edas (a\u00f1os)<\/td>\n<\/tr>\n<tr>\n<td> 3 &#8211; 5<\/td>\n<\/tr>\n<tr>\n<td>Cantidad de cartuchos de bater\u00eda de recambio<\/td>\n<\/tr>\n<tr>\n<td> 2<\/td>\n<\/tr>\n<tr>\n<td>Autonom\u00eda<\/td>\n<\/tr>\n<tr>\n<td>Ver gr\u00e1fico de autonom\u00eda<\/td>\n<\/tr>\n<tr>\n<td>Ver cuadro de autonom\u00eda<\/td>\n<\/tr>\n<tr>\n<td>Comunicaciones y manejo<\/td>\n<\/tr>\n<tr>\n<td>Interface port(s)<\/td>\n<\/tr>\n<tr>\n<td> usb<\/td>\n<\/tr>\n<tr>\n<td>Panel de control<\/td>\n<\/tr>\n<tr>\n<td> estatus multifuncional lcd y consola con control<\/td>\n<\/tr>\n<tr>\n<td>Alarma audible<\/td>\n<\/tr>\n<tr>\n<td> alarma de bater\u00eda encendida: alarma distintiva de carga de bater\u00eda baja: alarma de sobrecarga de tono continuo<\/td>\n<\/tr>\n<tr>\n<td>Protecci\u00f3n contra ruidos y sobre tensiones<\/td>\n<\/tr>\n<tr>\n<td>R\u00e9gimen nominal de sobretensiones<\/td>\n<\/tr>\n<tr>\n<td> 1080joules<\/td>\n<\/tr>\n<tr>\n<td>Protecci\u00f3n para l\u00edneas de datos<\/td>\n<\/tr>\n<tr>\n<td> protecci\u00f3n para ethernet rj45 10\/100\/1000 base t, cable coaxial para catv\/satv\/m\u00f3dem\/audio-video (con conector coaxial)<\/td>\n<\/tr>\n<tr>\n<td>Filtrado<\/td>\n<\/tr>\n<tr>\n<td> full time multi-pole noise filtering :5% of ieee surge let-through : zero clamping response time: instantaneous<\/td>\n<\/tr>\n<tr>\n<td>F\u00edsico<\/td>\n<\/tr>\n<tr>\n<td>Dimensiones de altura m\u00e1xima<\/td>\n<\/tr>\n<tr>\n<td> 260mm , 26.0cm<\/td>\n<\/tr>\n<tr>\n<td>Dimensiones de anchura m\u00e1xima<\/td>\n<\/tr>\n<tr>\n<td> 100mm , 10.0cm<\/td>\n<\/tr>\n<tr>\n<td>Dimensiones de profundidad m\u00e1xima<\/td>\n<\/tr>\n<tr>\n<td> 368mm , 36.8cm<\/td>\n<\/tr>\n<tr>\n<td>Peso neto<\/td>\n<\/tr>\n<tr>\n<td> 12.5kg<\/td>\n<\/tr>\n<tr>\n<td>Peso de embarque<\/td>\n<\/tr>\n<tr>\n<td> 14.2kg<\/td>\n<\/tr>\n<tr>\n<td>Altura del bulto<\/td>\n<\/tr>\n<tr>\n<td> 380mm , 38.0cm<\/td>\n<\/tr>\n<tr>\n<td>Ancho del bulto<\/td>\n<\/tr>\n<tr>\n<td> 241mm , 24.1cm<\/td>\n<\/tr>\n<tr>\n<td>Profundidad del bulto<\/td>\n<\/tr>\n<tr>\n<td> 500mm , 50.0cm<\/td>\n<\/tr>\n<tr>\n<td>Color<\/td>\n<\/tr>\n<tr>\n<td> black<\/td>\n<\/tr>\n<tr>\n<td>Unidades de sobreembalaje<\/td>\n<\/tr>\n<tr>\n<td> 1.0<\/td>\n<\/tr>\n<tr>\n<td>Peso del sobreembalaje<\/td>\n<\/tr>\n<tr>\n<td> 14.2<\/td>\n<\/tr>\n<tr>\n<td>Unidades por tarima<\/td>\n<\/tr>\n<tr>\n<td> 16.0<\/td>\n<\/tr>\n<tr>\n<td>C\u00f3digos scc<\/td>\n<\/tr>\n<tr>\n<td> 1073130433783 3<\/td>\n<\/tr>\n<tr>\n<td>Ambiental<\/td>\n<\/tr>\n<tr>\n<td>Temperatura de operaci\u00f3n<\/td>\n<\/tr>\n<tr>\n<td> 0 &#8211; 40 \u00b0c<\/td>\n<\/tr>\n<tr>\n<td>Humedad relativa de operaci\u00f3n<\/td>\n<\/tr>\n<tr>\n<td> 0 &#8211; 95 (non-condensing) %<\/td>\n<\/tr>\n<tr>\n<td>Elevaci\u00f3n de operaci\u00f3n<\/td>\n<\/tr>\n<tr>\n<td> 0-3000metros<\/td>\n<\/tr>\n<tr>\n<td>Temperatura de almacenamiento<\/td>\n<\/tr>\n<tr>\n<td> -15 &#8211; 40 \u00b0c<\/td>\n<\/tr>\n<tr>\n<td>Humedad relativa de almacenamiento<\/td>\n<\/tr>\n<tr>\n<td> 0 &#8211; 95 (non-condensing) %<\/td>\n<\/tr>\n<tr>\n<td>Elevaci\u00f3n de almacenamiento<\/td>\n<\/tr>\n<tr>\n<td> 0-3000metros<\/td>\n<\/tr>\n<tr>\n<td>Ruido audible a 1 metro de la superficie de la unidad<\/td>\n<\/tr>\n<tr>\n<td> 45.0dba<\/td>\n<\/tr>\n<\/table>\n","protected":false},"excerpt":{"rendered":"<p>Unidad back ups pro br 1500 va, 10 tomas de salida, 2 puertos usb de carga, avr, interfaz lcd, lam. Alarmas sonoras. Ofrece notificaciones sobre cambios en las condiciones de las unidades ups y de la compa\u00f1\u00eda el\u00e9ctrica. Autodiagn\u00f3stico autom\u00e1tico. Garantiza la detecci\u00f3n anticipada de posibles problemas mediante la realizaci\u00f3n de diagn\u00f3sticos peri\u00f3dicos de los componentes de las unidades ups. Respaldo de bater\u00edas y protecci\u00f3n contra sobretensiones. Las tomas de salida proveen gran autonom\u00eda para equipos de puerta de enlace de red y otros dispositivos de bajo consumo, lo que brinda varias horas de acceso a internet durante cortes en el suministro. Reemplazo de bater\u00edas sin herramientas. Permite reemplazar las bater\u00edas f\u00e1cil y r\u00e1pidamente. Boost avr (regulaci\u00f3n autom\u00e1tica de tensi\u00f3n. Prolonga la vida \u00fatil de las bater\u00edas y maximiza el tiempo de autonom\u00eda al corregir las bajadas de tensi\u00f3n sin descargar la bater\u00eda. Indicador de fallas en el cableado de la instalaci\u00f3n. Este indicador led informa a los usuarios sobre posibles problemas de cableado en la instalaci\u00f3n el\u00e9ctrica que puedan resultar peligrosos. Protecci\u00f3n contra sobrecargas de l\u00edneas de datos. Proporciona protecci\u00f3n a los equipos conectados contra sobretensiones en las l\u00edneas de datos. Filtro de interferencias emi y rfi. Reduce los ruidos de l\u00ednea que pueden causar p\u00e9rdidas de datos y errores de teclado. Certificaci\u00f3n energy star para unidades ups. Establece que la eficiencia de la ups est\u00e1 en el 25% superior del mercado en virtud de pruebas llevadas a cabo por terceros. Bater\u00edas reemplazables en caliente. Garantiza que llegue un suministro puro e ininterrumpido a los equipos protegidos durante el recambio de bater\u00edas. Pantalla gr\u00e1fica lcd. Diagramas de esquema y de texto que muestran modos de operaci\u00f3n, par\u00e1metros del sistema y alarmas. Garant\u00eda de recuperaci\u00f3n de datos de por vida. Le brinda tranquilidad al ofrecerle servicios profesionales de recuperaci\u00f3n de datos en caso de p\u00e9rdidas debidas a fallas de la unidad. Compatibilidad de powerchute personal edition con sistemas operativos. Este software admite diversos sistemas operativos y procesadores.<\/p>\n","protected":false},"featured_media":217387,"comment_status":"open","ping_status":"open","template":"","meta":[],"product_cat":[1508,1691],"product_tag":[1694],"acf":[],"yoast_head":"<!-- This site is optimized with the Yoast SEO plugin v21.7 - https:\/\/yoast.com\/wordpress\/plugins\/seo\/ -->\n<title>[ Apc ] &#129351; Br1500m2-lm Unidad Back Ups Pro Br 1500 Va, 10 Tomas De Salida, 2 Puertos Usb De Carga, Avr, Interfaz Lcd, Lam<\/title>\n<meta name=\"description\" content=\"Compra Br1500m2-lm Unidad Back Ups Pro Br 1500 Va, 10 Tomas De Salida, 2 Puertos Usb De Carga, Avr, Interfaz Lcd, Lam + Env\u00edo a domicilio + Pago seguro + Garant\u00eda\" \/>\n<meta name=\"robots\" content=\"index, follow, max-snippet:-1, max-image-preview:large, max-video-preview:-1\" \/>\n<link rel=\"canonical\" href=\"https:\/\/compuviper.mx\/tienda\/producto\/apc-br1500m2-lm-unidad-back-ups-pro-br-1500-va-10-tomas-de-salida-2-puertos-usb-de-carga-avr-interfaz-lcd-lam\/\" \/>\n<meta property=\"og:locale\" content=\"es_MX\" \/>\n<meta property=\"og:type\" content=\"article\" \/>\n<meta property=\"og:title\" content=\"[ Apc ] &#129351; Br1500m2-lm Unidad Back Ups Pro Br 1500 Va, 10 Tomas De Salida, 2 Puertos Usb De Carga, Avr, Interfaz Lcd, Lam\" \/>\n<meta property=\"og:description\" content=\"Compra Br1500m2-lm Unidad Back Ups Pro Br 1500 Va, 10 Tomas De Salida, 2 Puertos Usb De Carga, Avr, Interfaz Lcd, Lam + Env\u00edo a domicilio + Pago seguro + Garant\u00eda\" \/>\n<meta property=\"og:url\" content=\"https:\/\/compuviper.mx\/tienda\/producto\/apc-br1500m2-lm-unidad-back-ups-pro-br-1500-va-10-tomas-de-salida-2-puertos-usb-de-carga-avr-interfaz-lcd-lam\/\" \/>\n<meta property=\"og:site_name\" content=\"Compuviper\" \/>\n<meta property=\"article:publisher\" content=\"https:\/\/www.facebook.com\/compuviper\" \/>\n<meta property=\"article:modified_time\" content=\"2026-04-02T06:26:04+00:00\" \/>\n<meta property=\"og:image\" content=\"https:\/\/compuviper.mx\/tienda\/wp-content\/uploads\/2023\/12\/Unidad-back-ups-pro-br-1500-va-10-tomas-de-salida-2-puertos-usb-de-carga-avr-interfaz-lcd-lam.jpg\" \/>\n\t<meta property=\"og:image:width\" content=\"200\" \/>\n\t<meta property=\"og:image:height\" content=\"200\" \/>\n\t<meta property=\"og:image:type\" content=\"image\/jpeg\" \/>\n<meta name=\"twitter:card\" content=\"summary_large_image\" \/>\n<meta name=\"twitter:label1\" content=\"Precio\" \/>\n\t<meta name=\"twitter:data1\" content=\"&#36;5,567 con IVA\" \/>\n\t<meta name=\"twitter:label2\" content=\"Availability\" \/>\n\t<meta name=\"twitter:data2\" content=\"In stock\" \/>\n<script type=\"application\/ld+json\" class=\"yoast-schema-graph\">{\"@context\":\"https:\/\/schema.org\",\"@graph\":[{\"@type\":\"WebPage\",\"@id\":\"https:\/\/compuviper.mx\/tienda\/producto\/apc-br1500m2-lm-unidad-back-ups-pro-br-1500-va-10-tomas-de-salida-2-puertos-usb-de-carga-avr-interfaz-lcd-lam\/\",\"url\":\"https:\/\/compuviper.mx\/tienda\/producto\/apc-br1500m2-lm-unidad-back-ups-pro-br-1500-va-10-tomas-de-salida-2-puertos-usb-de-carga-avr-interfaz-lcd-lam\/\",\"name\":\"[ Apc ] &#129351; Br1500m2-lm Unidad Back Ups Pro Br 1500 Va, 10 Tomas De Salida, 2 Puertos Usb De Carga, Avr, Interfaz Lcd, Lam\",\"isPartOf\":{\"@id\":\"https:\/\/compuviper.mx\/tienda\/#website\"},\"datePublished\":\"2026-04-02T06:26:03+00:00\",\"dateModified\":\"2026-04-02T06:26:04+00:00\",\"description\":\"Compra Br1500m2-lm Unidad Back Ups Pro Br 1500 Va, 10 Tomas De Salida, 2 Puertos Usb De Carga, Avr, Interfaz Lcd, Lam + Env\u00edo a domicilio + Pago seguro + Garant\u00eda\",\"breadcrumb\":{\"@id\":\"https:\/\/compuviper.mx\/tienda\/producto\/apc-br1500m2-lm-unidad-back-ups-pro-br-1500-va-10-tomas-de-salida-2-puertos-usb-de-carga-avr-interfaz-lcd-lam\/#breadcrumb\"},\"inLanguage\":\"es-MX\",\"potentialAction\":[{\"@type\":\"ReadAction\",\"target\":[\"https:\/\/compuviper.mx\/tienda\/producto\/apc-br1500m2-lm-unidad-back-ups-pro-br-1500-va-10-tomas-de-salida-2-puertos-usb-de-carga-avr-interfaz-lcd-lam\/\"]}]},{\"@type\":\"BreadcrumbList\",\"@id\":\"https:\/\/compuviper.mx\/tienda\/producto\/apc-br1500m2-lm-unidad-back-ups-pro-br-1500-va-10-tomas-de-salida-2-puertos-usb-de-carga-avr-interfaz-lcd-lam\/#breadcrumb\",\"itemListElement\":[{\"@type\":\"ListItem\",\"position\":1,\"name\":\"Inicio\",\"item\":\"https:\/\/compuviper.mx\/tienda\/\"},{\"@type\":\"ListItem\",\"position\":2,\"name\":\"Productos\",\"item\":\"https:\/\/compuviper.mx\/tienda\/productos\/\"},{\"@type\":\"ListItem\",\"position\":3,\"name\":\"Energia\",\"item\":\"https:\/\/compuviper.mx\/tienda\/categoria-producto\/energia\/\"},{\"@type\":\"ListItem\",\"position\":4,\"name\":\"No Break\",\"item\":\"https:\/\/compuviper.mx\/tienda\/categoria-producto\/energia\/no-break\/\"},{\"@type\":\"ListItem\",\"position\":5,\"name\":\"Apc Br1500m2-lm Unidad Back Ups Pro Br 1500 Va, 10 Tomas De Salida, 2 Puertos Usb De Carga, Avr, Interfaz Lcd, Lam\"}]},{\"@type\":\"WebSite\",\"@id\":\"https:\/\/compuviper.mx\/tienda\/#website\",\"url\":\"https:\/\/compuviper.mx\/tienda\/\",\"name\":\"Compuviper\",\"description\":\"Proveedor de Computadoras, Laptops, Servidores, Monitores, Puntos de Venta, Teclados,   Impresoras, T\u00f3ner, C\u00e1maras de Seguridad y m\u00e1s en tu tienda en l\u00ednea\",\"publisher\":{\"@id\":\"https:\/\/compuviper.mx\/tienda\/#organization\"},\"potentialAction\":[{\"@type\":\"SearchAction\",\"target\":{\"@type\":\"EntryPoint\",\"urlTemplate\":\"https:\/\/compuviper.mx\/tienda\/?s={search_term_string}\"},\"query-input\":\"required name=search_term_string\"}],\"inLanguage\":\"es-MX\"},{\"@type\":\"Organization\",\"@id\":\"https:\/\/compuviper.mx\/tienda\/#organization\",\"name\":\"Compuviper\",\"url\":\"https:\/\/compuviper.mx\/tienda\/\",\"logo\":{\"@type\":\"ImageObject\",\"inLanguage\":\"es-MX\",\"@id\":\"https:\/\/compuviper.mx\/tienda\/#\/schema\/logo\/image\/\",\"url\":\"https:\/\/compuviper.mx\/tienda\/wp-content\/uploads\/2021\/08\/Logo-Compuviper-10.png\",\"contentUrl\":\"https:\/\/compuviper.mx\/tienda\/wp-content\/uploads\/2021\/08\/Logo-Compuviper-10.png\",\"width\":1000,\"height\":500,\"caption\":\"Compuviper\"},\"image\":{\"@id\":\"https:\/\/compuviper.mx\/tienda\/#\/schema\/logo\/image\/\"},\"sameAs\":[\"https:\/\/www.facebook.com\/compuviper\",\"https:\/\/www.youtube.com\/channel\/UCf73dERp9Y3cfOq7q8BhLjA?view_as=subscriber\"]}]}<\/script>\n<meta property=\"product:brand\" content=\"APC\" \/>\n<meta property=\"product:price:amount\" content=\"5567\" \/>\n<meta property=\"product:price:currency\" content=\"MXN\" \/>\n<meta property=\"og:availability\" content=\"instock\" \/>\n<meta property=\"product:availability\" content=\"instock\" \/>\n<meta property=\"product:retailer_item_id\" content=\"BR1500M2-LM\" \/>\n<meta property=\"product:condition\" content=\"new\" \/>\n<!-- \/ Yoast SEO plugin. -->","yoast_head_json":{"title":"[ Apc ] &#129351; Br1500m2-lm Unidad Back Ups Pro Br 1500 Va, 10 Tomas De Salida, 2 Puertos Usb De Carga, Avr, Interfaz Lcd, Lam","description":"Compra Br1500m2-lm Unidad Back Ups Pro Br 1500 Va, 10 Tomas De Salida, 2 Puertos Usb De Carga, Avr, Interfaz Lcd, Lam + Env\u00edo a domicilio + Pago seguro + Garant\u00eda","robots":{"index":"index","follow":"follow","max-snippet":"max-snippet:-1","max-image-preview":"max-image-preview:large","max-video-preview":"max-video-preview:-1"},"canonical":"https:\/\/compuviper.mx\/tienda\/producto\/apc-br1500m2-lm-unidad-back-ups-pro-br-1500-va-10-tomas-de-salida-2-puertos-usb-de-carga-avr-interfaz-lcd-lam\/","og_locale":"es_MX","og_type":"article","og_title":"[ Apc ] &#129351; Br1500m2-lm Unidad Back Ups Pro Br 1500 Va, 10 Tomas De Salida, 2 Puertos Usb De Carga, Avr, Interfaz Lcd, Lam","og_description":"Compra Br1500m2-lm Unidad Back Ups Pro Br 1500 Va, 10 Tomas De Salida, 2 Puertos Usb De Carga, Avr, Interfaz Lcd, Lam + Env\u00edo a domicilio + Pago seguro + Garant\u00eda","og_url":"https:\/\/compuviper.mx\/tienda\/producto\/apc-br1500m2-lm-unidad-back-ups-pro-br-1500-va-10-tomas-de-salida-2-puertos-usb-de-carga-avr-interfaz-lcd-lam\/","og_site_name":"Compuviper","article_publisher":"https:\/\/www.facebook.com\/compuviper","article_modified_time":"2026-04-02T06:26:04+00:00","og_image":[{"width":200,"height":200,"url":"https:\/\/compuviper.mx\/tienda\/wp-content\/uploads\/2023\/12\/Unidad-back-ups-pro-br-1500-va-10-tomas-de-salida-2-puertos-usb-de-carga-avr-interfaz-lcd-lam.jpg","type":"image\/jpeg"}],"twitter_card":"summary_large_image","twitter_misc":{"Precio":"&#36;5,567 con IVA","Availability":"In stock"},"schema":{"@context":"https:\/\/schema.org","@graph":[{"@type":"WebPage","@id":"https:\/\/compuviper.mx\/tienda\/producto\/apc-br1500m2-lm-unidad-back-ups-pro-br-1500-va-10-tomas-de-salida-2-puertos-usb-de-carga-avr-interfaz-lcd-lam\/","url":"https:\/\/compuviper.mx\/tienda\/producto\/apc-br1500m2-lm-unidad-back-ups-pro-br-1500-va-10-tomas-de-salida-2-puertos-usb-de-carga-avr-interfaz-lcd-lam\/","name":"[ Apc ] &#129351; Br1500m2-lm Unidad Back Ups Pro Br 1500 Va, 10 Tomas De Salida, 2 Puertos Usb De Carga, Avr, Interfaz Lcd, Lam","isPartOf":{"@id":"https:\/\/compuviper.mx\/tienda\/#website"},"datePublished":"2026-04-02T06:26:03+00:00","dateModified":"2026-04-02T06:26:04+00:00","description":"Compra Br1500m2-lm Unidad Back Ups Pro Br 1500 Va, 10 Tomas De Salida, 2 Puertos Usb De Carga, Avr, Interfaz Lcd, Lam + Env\u00edo a domicilio + Pago seguro + Garant\u00eda","breadcrumb":{"@id":"https:\/\/compuviper.mx\/tienda\/producto\/apc-br1500m2-lm-unidad-back-ups-pro-br-1500-va-10-tomas-de-salida-2-puertos-usb-de-carga-avr-interfaz-lcd-lam\/#breadcrumb"},"inLanguage":"es-MX","potentialAction":[{"@type":"ReadAction","target":["https:\/\/compuviper.mx\/tienda\/producto\/apc-br1500m2-lm-unidad-back-ups-pro-br-1500-va-10-tomas-de-salida-2-puertos-usb-de-carga-avr-interfaz-lcd-lam\/"]}]},{"@type":"BreadcrumbList","@id":"https:\/\/compuviper.mx\/tienda\/producto\/apc-br1500m2-lm-unidad-back-ups-pro-br-1500-va-10-tomas-de-salida-2-puertos-usb-de-carga-avr-interfaz-lcd-lam\/#breadcrumb","itemListElement":[{"@type":"ListItem","position":1,"name":"Inicio","item":"https:\/\/compuviper.mx\/tienda\/"},{"@type":"ListItem","position":2,"name":"Productos","item":"https:\/\/compuviper.mx\/tienda\/productos\/"},{"@type":"ListItem","position":3,"name":"Energia","item":"https:\/\/compuviper.mx\/tienda\/categoria-producto\/energia\/"},{"@type":"ListItem","position":4,"name":"No Break","item":"https:\/\/compuviper.mx\/tienda\/categoria-producto\/energia\/no-break\/"},{"@type":"ListItem","position":5,"name":"Apc Br1500m2-lm Unidad Back Ups Pro Br 1500 Va, 10 Tomas De Salida, 2 Puertos Usb De Carga, Avr, Interfaz Lcd, Lam"}]},{"@type":"WebSite","@id":"https:\/\/compuviper.mx\/tienda\/#website","url":"https:\/\/compuviper.mx\/tienda\/","name":"Compuviper","description":"Proveedor de Computadoras, Laptops, Servidores, Monitores, Puntos de Venta, Teclados,   Impresoras, T\u00f3ner, C\u00e1maras de Seguridad y m\u00e1s en tu tienda en l\u00ednea","publisher":{"@id":"https:\/\/compuviper.mx\/tienda\/#organization"},"potentialAction":[{"@type":"SearchAction","target":{"@type":"EntryPoint","urlTemplate":"https:\/\/compuviper.mx\/tienda\/?s={search_term_string}"},"query-input":"required name=search_term_string"}],"inLanguage":"es-MX"},{"@type":"Organization","@id":"https:\/\/compuviper.mx\/tienda\/#organization","name":"Compuviper","url":"https:\/\/compuviper.mx\/tienda\/","logo":{"@type":"ImageObject","inLanguage":"es-MX","@id":"https:\/\/compuviper.mx\/tienda\/#\/schema\/logo\/image\/","url":"https:\/\/compuviper.mx\/tienda\/wp-content\/uploads\/2021\/08\/Logo-Compuviper-10.png","contentUrl":"https:\/\/compuviper.mx\/tienda\/wp-content\/uploads\/2021\/08\/Logo-Compuviper-10.png","width":1000,"height":500,"caption":"Compuviper"},"image":{"@id":"https:\/\/compuviper.mx\/tienda\/#\/schema\/logo\/image\/"},"sameAs":["https:\/\/www.facebook.com\/compuviper","https:\/\/www.youtube.com\/channel\/UCf73dERp9Y3cfOq7q8BhLjA?view_as=subscriber"]}]},"product_brand":"APC","product_price_amount":"5567","product_price_currency":"MXN","og_availability":"instock","product_availability":"instock","product_retailer_item_id":"BR1500M2-LM","product_condition":"new"},"_links":{"self":[{"href":"https:\/\/compuviper.mx\/tienda\/wp-json\/wp\/v2\/product\/217386"}],"collection":[{"href":"https:\/\/compuviper.mx\/tienda\/wp-json\/wp\/v2\/product"}],"about":[{"href":"https:\/\/compuviper.mx\/tienda\/wp-json\/wp\/v2\/types\/product"}],"replies":[{"embeddable":true,"href":"https:\/\/compuviper.mx\/tienda\/wp-json\/wp\/v2\/comments?post=217386"}],"wp:featuredmedia":[{"embeddable":true,"href":"https:\/\/compuviper.mx\/tienda\/wp-json\/wp\/v2\/media\/217387"}],"wp:attachment":[{"href":"https:\/\/compuviper.mx\/tienda\/wp-json\/wp\/v2\/media?parent=217386"}],"wp:term":[{"taxonomy":"product_cat","embeddable":true,"href":"https:\/\/compuviper.mx\/tienda\/wp-json\/wp\/v2\/product_cat?post=217386"},{"taxonomy":"product_tag","embeddable":true,"href":"https:\/\/compuviper.mx\/tienda\/wp-json\/wp\/v2\/product_tag?post=217386"}],"curies":[{"name":"wp","href":"https:\/\/api.w.org\/{rel}","templated":true}]}}