{"id":217336,"date":"2026-04-07T00:24:15","date_gmt":"2026-04-07T06:24:15","guid":{"rendered":"https:\/\/compuviper.mx\/tienda\/producto\/apc-be850m2-lm-no-break-back-ups-es-850va-450-watts-2-usb-charging-ports-120v\/"},"modified":"2026-04-07T00:24:16","modified_gmt":"2026-04-07T06:24:16","slug":"apc-be850m2-lm-no-break-back-ups-es-850va-450-watts-2-usb-charging-ports-120v","status":"publish","type":"product","link":"https:\/\/compuviper.mx\/tienda\/producto\/apc-be850m2-lm-no-break-back-ups-es-850va-450-watts-2-usb-charging-ports-120v\/","title":{"rendered":"Apc Be850m2-lm No Break  Back-ups Es 850va\/ 450 Watts 2 Usb Charging Ports 120v"},"content":{"rendered":"<table class=\"descripcion\">\n<tr>\n<td>Salida<\/td>\n<\/tr>\n<tr>\n<td>Capacidad de potencia de salida<\/td>\n<\/tr>\n<tr>\n<td>450 watts \/ 850va<\/td>\n<\/tr>\n<tr>\n<td>M\u00e1xima potencia configurable (watts)<\/td>\n<\/tr>\n<tr>\n<td>450watts \/ 850va<\/td>\n<\/tr>\n<tr>\n<td>Tensi\u00f3n de salida nominal<\/td>\n<\/tr>\n<tr>\n<td>120v<\/td>\n<\/tr>\n<tr>\n<td>Frequencia de salida (sincronizada con la red)<\/td>\n<\/tr>\n<tr>\n<td>50\/60hz +\/- 3 hz<\/td>\n<\/tr>\n<tr>\n<td>Topolog\u00eda<\/td>\n<\/tr>\n<tr>\n<td>De reserva<\/td>\n<\/tr>\n<tr>\n<td>Tipo de forma de onda<\/td>\n<\/tr>\n<tr>\n<td>Aproximaci\u00f3n acompasada de una onda sinusoidal<\/td>\n<\/tr>\n<tr>\n<td>Conexiones de salida<\/td>\n<\/tr>\n<tr>\n<td>(6) nema 5-15r (respaldo de bater\u00eda)<\/td>\n<\/tr>\n<tr>\n<td>(3) nema 5-15r (selector_surgetitle)<\/td>\n<\/tr>\n<tr>\n<td>Duraci\u00f3n de transferencia<\/td>\n<\/tr>\n<tr>\n<td>6ms typical : 10ms maximum<\/td>\n<\/tr>\n<tr>\n<td>Entrada<\/td>\n<\/tr>\n<tr>\n<td>Entrada de voltaje<\/td>\n<\/tr>\n<tr>\n<td>120v<\/td>\n<\/tr>\n<tr>\n<td>Frecuencia de entrada<\/td>\n<\/tr>\n<tr>\n<td>50\/60 hz +\/- 3 hz (autosensible)<\/td>\n<\/tr>\n<tr>\n<td>Tipo de enchufe<\/td>\n<\/tr>\n<tr>\n<td>Nema 5-15p<\/td>\n<\/tr>\n<tr>\n<td>Longitud del cable<\/td>\n<\/tr>\n<tr>\n<td>1.52metros<\/td>\n<\/tr>\n<tr>\n<td>Variaci\u00f3n de tensi\u00f3n de entrada para operaciones principales<\/td>\n<\/tr>\n<tr>\n<td>92 &#8211; 139v<\/td>\n<\/tr>\n<tr>\n<td>Cantidad de cables de alimentaci\u00f3n<\/td>\n<\/tr>\n<tr>\n<td>1<\/td>\n<\/tr>\n<tr>\n<td>Bater\u00edas y autonom\u00eda<\/td>\n<\/tr>\n<tr>\n<td>Tipo de bater\u00eda:<\/td>\n<\/tr>\n<tr>\n<td>Bater\u00eda sellada de plomo sin necesidad de mantenci\u00f3n con electrolito suspendido: a prueba de filtraci\u00f3n<\/td>\n<\/tr>\n<tr>\n<td>Tiempo de recarga t\u00edpico<\/td>\n<\/tr>\n<tr>\n<td>8hora(s)<\/td>\n<\/tr>\n<tr>\n<td>Vida \u00fatil esperada de las bater\u00edas (a\u00f1os)<\/td>\n<\/tr>\n<tr>\n<td>2 &#8211; 5<\/td>\n<\/tr>\n<\/table>\n","protected":false},"excerpt":{"rendered":"<p>Be850m2-lm. Apc back-ups es 850va, 2 usb puertos de carga, 120v. Posibilidad de ajuste del nivel de sensibilidad a la tensi\u00f3n. Ofrece la posibilidad de adaptar la ups para ofrecer un rendimiento \u00f3ptimo con aplicaciones de generadores o en entornos energ\u00e9ticos espec\u00edficos. Alarmas sonoras. Ofrece notificaciones sobre cambios en las condiciones de las unidades ups y de la compa\u00f1\u00eda el\u00e9ctrica. Autodiagn\u00f3stico autom\u00e1tico. Garantiza la detecci\u00f3n anticipada de posibles problemas mediante la realizaci\u00f3n de diagn\u00f3sticos peri\u00f3dicos de los componentes de las unidades ups. Notificaci\u00f3n sobre fallas de la bater\u00eda. Analiza las bater\u00edas a fin de advertir anticipadamente en caso de fallas posibles, lo que garantiza que el mantenimiento preventivo sea oportuno. Indicador de fallas en el cableado de la instalaci\u00f3n. Este indicador led informa a los usuarios sobre posibles problemas de cableado en la instalaci\u00f3n el\u00e9ctrica que puedan resultar peligrosos. Capacidad de arranque en fr\u00edo. Proporciona alimentaci\u00f3n temporaria a trav\u00e9s de la bater\u00eda cuando se interrumpe el suministro de la red. Notificaci\u00f3n de desconexi\u00f3n de bater\u00edas. Advierte cuando una bater\u00eda no se encuentra disponible para ofrecer suministro de respaldo. Bater\u00edas reemplazables en caliente. Garantiza que llegue un suministro puro e ininterrumpido a los equipos protegidos durante el recambio de bater\u00edas. Reemplazo de bater\u00edas simple. Aumenta la disponibilidad de la unidad ups mediante el reemplazo de bater\u00edas r\u00e1pido y sencillo. Espaciado del bloque de transformador. Conecte los enchufes de un transformador voluminoso sin tapar otras tomas de salida. Conectividad usb. Proporciona administraci\u00f3n de la unidad ups a trav\u00e9s de puertos usb.<\/p>\n","protected":false},"featured_media":217337,"comment_status":"open","ping_status":"open","template":"","meta":[],"product_cat":[1508,1691],"product_tag":[1694],"acf":[],"yoast_head":"<!-- This site is optimized with the Yoast SEO plugin v21.7 - https:\/\/yoast.com\/wordpress\/plugins\/seo\/ -->\n<title>[ Apc ] &#129351; Be850m2-lm No Break Back-ups Es 850va\/ 450 Watts 2 Usb Charging Ports 120v<\/title>\n<meta name=\"description\" content=\"Compra Be850m2-lm No Break Back-ups Es 850va\/ 450 Watts 2 Usb Charging Ports 120v + Env\u00edo a domicilio + Pago seguro + Garant\u00eda\" \/>\n<meta name=\"robots\" content=\"index, follow, max-snippet:-1, max-image-preview:large, max-video-preview:-1\" \/>\n<link rel=\"canonical\" href=\"https:\/\/compuviper.mx\/tienda\/producto\/apc-be850m2-lm-no-break-back-ups-es-850va-450-watts-2-usb-charging-ports-120v\/\" \/>\n<meta property=\"og:locale\" content=\"es_MX\" \/>\n<meta property=\"og:type\" content=\"article\" \/>\n<meta property=\"og:title\" content=\"[ Apc ] &#129351; Be850m2-lm No Break Back-ups Es 850va\/ 450 Watts 2 Usb Charging Ports 120v\" \/>\n<meta property=\"og:description\" content=\"Compra Be850m2-lm No Break Back-ups Es 850va\/ 450 Watts 2 Usb Charging Ports 120v + Env\u00edo a domicilio + Pago seguro + Garant\u00eda\" \/>\n<meta property=\"og:url\" content=\"https:\/\/compuviper.mx\/tienda\/producto\/apc-be850m2-lm-no-break-back-ups-es-850va-450-watts-2-usb-charging-ports-120v\/\" \/>\n<meta property=\"og:site_name\" content=\"Compuviper\" \/>\n<meta property=\"article:publisher\" content=\"https:\/\/www.facebook.com\/compuviper\" \/>\n<meta property=\"article:modified_time\" content=\"2026-04-07T06:24:16+00:00\" \/>\n<meta property=\"og:image\" content=\"https:\/\/compuviper.mx\/tienda\/wp-content\/uploads\/2023\/12\/No-break-apc-back-ups-es-850va-450-watts-2-usb-charging-ports-120v.jpg\" \/>\n\t<meta property=\"og:image:width\" content=\"200\" \/>\n\t<meta property=\"og:image:height\" content=\"200\" \/>\n\t<meta property=\"og:image:type\" content=\"image\/jpeg\" \/>\n<meta name=\"twitter:card\" content=\"summary_large_image\" \/>\n<meta name=\"twitter:label1\" content=\"Precio\" \/>\n\t<meta name=\"twitter:data1\" content=\"&#36;2,406 con IVA\" \/>\n\t<meta name=\"twitter:label2\" content=\"Availability\" \/>\n\t<meta name=\"twitter:data2\" content=\"In stock\" \/>\n<script type=\"application\/ld+json\" class=\"yoast-schema-graph\">{\"@context\":\"https:\/\/schema.org\",\"@graph\":[{\"@type\":\"WebPage\",\"@id\":\"https:\/\/compuviper.mx\/tienda\/producto\/apc-be850m2-lm-no-break-back-ups-es-850va-450-watts-2-usb-charging-ports-120v\/\",\"url\":\"https:\/\/compuviper.mx\/tienda\/producto\/apc-be850m2-lm-no-break-back-ups-es-850va-450-watts-2-usb-charging-ports-120v\/\",\"name\":\"[ Apc ] &#129351; Be850m2-lm No Break Back-ups Es 850va\/ 450 Watts 2 Usb Charging Ports 120v\",\"isPartOf\":{\"@id\":\"https:\/\/compuviper.mx\/tienda\/#website\"},\"datePublished\":\"2026-04-07T06:24:15+00:00\",\"dateModified\":\"2026-04-07T06:24:16+00:00\",\"description\":\"Compra Be850m2-lm No Break Back-ups Es 850va\/ 450 Watts 2 Usb Charging Ports 120v + Env\u00edo a domicilio + Pago seguro + Garant\u00eda\",\"breadcrumb\":{\"@id\":\"https:\/\/compuviper.mx\/tienda\/producto\/apc-be850m2-lm-no-break-back-ups-es-850va-450-watts-2-usb-charging-ports-120v\/#breadcrumb\"},\"inLanguage\":\"es-MX\",\"potentialAction\":[{\"@type\":\"ReadAction\",\"target\":[\"https:\/\/compuviper.mx\/tienda\/producto\/apc-be850m2-lm-no-break-back-ups-es-850va-450-watts-2-usb-charging-ports-120v\/\"]}]},{\"@type\":\"BreadcrumbList\",\"@id\":\"https:\/\/compuviper.mx\/tienda\/producto\/apc-be850m2-lm-no-break-back-ups-es-850va-450-watts-2-usb-charging-ports-120v\/#breadcrumb\",\"itemListElement\":[{\"@type\":\"ListItem\",\"position\":1,\"name\":\"Inicio\",\"item\":\"https:\/\/compuviper.mx\/tienda\/\"},{\"@type\":\"ListItem\",\"position\":2,\"name\":\"Productos\",\"item\":\"https:\/\/compuviper.mx\/tienda\/productos\/\"},{\"@type\":\"ListItem\",\"position\":3,\"name\":\"Energia\",\"item\":\"https:\/\/compuviper.mx\/tienda\/categoria-producto\/energia\/\"},{\"@type\":\"ListItem\",\"position\":4,\"name\":\"No Break\",\"item\":\"https:\/\/compuviper.mx\/tienda\/categoria-producto\/energia\/no-break\/\"},{\"@type\":\"ListItem\",\"position\":5,\"name\":\"Apc Be850m2-lm No Break Back-ups Es 850va\/ 450 Watts 2 Usb Charging Ports 120v\"}]},{\"@type\":\"WebSite\",\"@id\":\"https:\/\/compuviper.mx\/tienda\/#website\",\"url\":\"https:\/\/compuviper.mx\/tienda\/\",\"name\":\"Compuviper\",\"description\":\"Proveedor de Computadoras, Laptops, Servidores, Monitores, Puntos de Venta, Teclados,   Impresoras, T\u00f3ner, C\u00e1maras de Seguridad y m\u00e1s en tu tienda en l\u00ednea\",\"publisher\":{\"@id\":\"https:\/\/compuviper.mx\/tienda\/#organization\"},\"potentialAction\":[{\"@type\":\"SearchAction\",\"target\":{\"@type\":\"EntryPoint\",\"urlTemplate\":\"https:\/\/compuviper.mx\/tienda\/?s={search_term_string}\"},\"query-input\":\"required name=search_term_string\"}],\"inLanguage\":\"es-MX\"},{\"@type\":\"Organization\",\"@id\":\"https:\/\/compuviper.mx\/tienda\/#organization\",\"name\":\"Compuviper\",\"url\":\"https:\/\/compuviper.mx\/tienda\/\",\"logo\":{\"@type\":\"ImageObject\",\"inLanguage\":\"es-MX\",\"@id\":\"https:\/\/compuviper.mx\/tienda\/#\/schema\/logo\/image\/\",\"url\":\"https:\/\/compuviper.mx\/tienda\/wp-content\/uploads\/2021\/08\/Logo-Compuviper-10.png\",\"contentUrl\":\"https:\/\/compuviper.mx\/tienda\/wp-content\/uploads\/2021\/08\/Logo-Compuviper-10.png\",\"width\":1000,\"height\":500,\"caption\":\"Compuviper\"},\"image\":{\"@id\":\"https:\/\/compuviper.mx\/tienda\/#\/schema\/logo\/image\/\"},\"sameAs\":[\"https:\/\/www.facebook.com\/compuviper\",\"https:\/\/www.youtube.com\/channel\/UCf73dERp9Y3cfOq7q8BhLjA?view_as=subscriber\"]}]}<\/script>\n<meta property=\"product:brand\" content=\"APC\" \/>\n<meta property=\"product:price:amount\" content=\"2406\" \/>\n<meta property=\"product:price:currency\" content=\"MXN\" \/>\n<meta property=\"og:availability\" content=\"instock\" \/>\n<meta property=\"product:availability\" content=\"instock\" \/>\n<meta property=\"product:retailer_item_id\" content=\"BE850M2-LM\" \/>\n<meta property=\"product:condition\" content=\"new\" \/>\n<!-- \/ Yoast SEO plugin. -->","yoast_head_json":{"title":"[ Apc ] &#129351; Be850m2-lm No Break Back-ups Es 850va\/ 450 Watts 2 Usb Charging Ports 120v","description":"Compra Be850m2-lm No Break Back-ups Es 850va\/ 450 Watts 2 Usb Charging Ports 120v + Env\u00edo a domicilio + Pago seguro + Garant\u00eda","robots":{"index":"index","follow":"follow","max-snippet":"max-snippet:-1","max-image-preview":"max-image-preview:large","max-video-preview":"max-video-preview:-1"},"canonical":"https:\/\/compuviper.mx\/tienda\/producto\/apc-be850m2-lm-no-break-back-ups-es-850va-450-watts-2-usb-charging-ports-120v\/","og_locale":"es_MX","og_type":"article","og_title":"[ Apc ] &#129351; Be850m2-lm No Break Back-ups Es 850va\/ 450 Watts 2 Usb Charging Ports 120v","og_description":"Compra Be850m2-lm No Break Back-ups Es 850va\/ 450 Watts 2 Usb Charging Ports 120v + Env\u00edo a domicilio + Pago seguro + Garant\u00eda","og_url":"https:\/\/compuviper.mx\/tienda\/producto\/apc-be850m2-lm-no-break-back-ups-es-850va-450-watts-2-usb-charging-ports-120v\/","og_site_name":"Compuviper","article_publisher":"https:\/\/www.facebook.com\/compuviper","article_modified_time":"2026-04-07T06:24:16+00:00","og_image":[{"width":200,"height":200,"url":"https:\/\/compuviper.mx\/tienda\/wp-content\/uploads\/2023\/12\/No-break-apc-back-ups-es-850va-450-watts-2-usb-charging-ports-120v.jpg","type":"image\/jpeg"}],"twitter_card":"summary_large_image","twitter_misc":{"Precio":"&#36;2,406 con IVA","Availability":"In stock"},"schema":{"@context":"https:\/\/schema.org","@graph":[{"@type":"WebPage","@id":"https:\/\/compuviper.mx\/tienda\/producto\/apc-be850m2-lm-no-break-back-ups-es-850va-450-watts-2-usb-charging-ports-120v\/","url":"https:\/\/compuviper.mx\/tienda\/producto\/apc-be850m2-lm-no-break-back-ups-es-850va-450-watts-2-usb-charging-ports-120v\/","name":"[ Apc ] &#129351; Be850m2-lm No Break Back-ups Es 850va\/ 450 Watts 2 Usb Charging Ports 120v","isPartOf":{"@id":"https:\/\/compuviper.mx\/tienda\/#website"},"datePublished":"2026-04-07T06:24:15+00:00","dateModified":"2026-04-07T06:24:16+00:00","description":"Compra Be850m2-lm No Break Back-ups Es 850va\/ 450 Watts 2 Usb Charging Ports 120v + Env\u00edo a domicilio + Pago seguro + Garant\u00eda","breadcrumb":{"@id":"https:\/\/compuviper.mx\/tienda\/producto\/apc-be850m2-lm-no-break-back-ups-es-850va-450-watts-2-usb-charging-ports-120v\/#breadcrumb"},"inLanguage":"es-MX","potentialAction":[{"@type":"ReadAction","target":["https:\/\/compuviper.mx\/tienda\/producto\/apc-be850m2-lm-no-break-back-ups-es-850va-450-watts-2-usb-charging-ports-120v\/"]}]},{"@type":"BreadcrumbList","@id":"https:\/\/compuviper.mx\/tienda\/producto\/apc-be850m2-lm-no-break-back-ups-es-850va-450-watts-2-usb-charging-ports-120v\/#breadcrumb","itemListElement":[{"@type":"ListItem","position":1,"name":"Inicio","item":"https:\/\/compuviper.mx\/tienda\/"},{"@type":"ListItem","position":2,"name":"Productos","item":"https:\/\/compuviper.mx\/tienda\/productos\/"},{"@type":"ListItem","position":3,"name":"Energia","item":"https:\/\/compuviper.mx\/tienda\/categoria-producto\/energia\/"},{"@type":"ListItem","position":4,"name":"No Break","item":"https:\/\/compuviper.mx\/tienda\/categoria-producto\/energia\/no-break\/"},{"@type":"ListItem","position":5,"name":"Apc Be850m2-lm No Break Back-ups Es 850va\/ 450 Watts 2 Usb Charging Ports 120v"}]},{"@type":"WebSite","@id":"https:\/\/compuviper.mx\/tienda\/#website","url":"https:\/\/compuviper.mx\/tienda\/","name":"Compuviper","description":"Proveedor de Computadoras, Laptops, Servidores, Monitores, Puntos de Venta, Teclados,   Impresoras, T\u00f3ner, C\u00e1maras de Seguridad y m\u00e1s en tu tienda en l\u00ednea","publisher":{"@id":"https:\/\/compuviper.mx\/tienda\/#organization"},"potentialAction":[{"@type":"SearchAction","target":{"@type":"EntryPoint","urlTemplate":"https:\/\/compuviper.mx\/tienda\/?s={search_term_string}"},"query-input":"required name=search_term_string"}],"inLanguage":"es-MX"},{"@type":"Organization","@id":"https:\/\/compuviper.mx\/tienda\/#organization","name":"Compuviper","url":"https:\/\/compuviper.mx\/tienda\/","logo":{"@type":"ImageObject","inLanguage":"es-MX","@id":"https:\/\/compuviper.mx\/tienda\/#\/schema\/logo\/image\/","url":"https:\/\/compuviper.mx\/tienda\/wp-content\/uploads\/2021\/08\/Logo-Compuviper-10.png","contentUrl":"https:\/\/compuviper.mx\/tienda\/wp-content\/uploads\/2021\/08\/Logo-Compuviper-10.png","width":1000,"height":500,"caption":"Compuviper"},"image":{"@id":"https:\/\/compuviper.mx\/tienda\/#\/schema\/logo\/image\/"},"sameAs":["https:\/\/www.facebook.com\/compuviper","https:\/\/www.youtube.com\/channel\/UCf73dERp9Y3cfOq7q8BhLjA?view_as=subscriber"]}]},"product_brand":"APC","product_price_amount":"2406","product_price_currency":"MXN","og_availability":"instock","product_availability":"instock","product_retailer_item_id":"BE850M2-LM","product_condition":"new"},"_links":{"self":[{"href":"https:\/\/compuviper.mx\/tienda\/wp-json\/wp\/v2\/product\/217336"}],"collection":[{"href":"https:\/\/compuviper.mx\/tienda\/wp-json\/wp\/v2\/product"}],"about":[{"href":"https:\/\/compuviper.mx\/tienda\/wp-json\/wp\/v2\/types\/product"}],"replies":[{"embeddable":true,"href":"https:\/\/compuviper.mx\/tienda\/wp-json\/wp\/v2\/comments?post=217336"}],"wp:featuredmedia":[{"embeddable":true,"href":"https:\/\/compuviper.mx\/tienda\/wp-json\/wp\/v2\/media\/217337"}],"wp:attachment":[{"href":"https:\/\/compuviper.mx\/tienda\/wp-json\/wp\/v2\/media?parent=217336"}],"wp:term":[{"taxonomy":"product_cat","embeddable":true,"href":"https:\/\/compuviper.mx\/tienda\/wp-json\/wp\/v2\/product_cat?post=217336"},{"taxonomy":"product_tag","embeddable":true,"href":"https:\/\/compuviper.mx\/tienda\/wp-json\/wp\/v2\/product_tag?post=217336"}],"curies":[{"name":"wp","href":"https:\/\/api.w.org\/{rel}","templated":true}]}}