{"id":217288,"date":"2026-04-07T00:24:03","date_gmt":"2026-04-07T06:24:03","guid":{"rendered":"https:\/\/compuviper.mx\/tienda\/producto\/smartbitt-sbbp3krto-banco-de-baterias-externo-12-12v-9ah-para-sbol3krt2u-1\/"},"modified":"2026-04-07T00:24:03","modified_gmt":"2026-04-07T06:24:03","slug":"smartbitt-sbbp3krto-banco-de-baterias-externo-6-12v-9ah-para-sbol3krt-1-y-sbnb3200proii","status":"publish","type":"product","link":"https:\/\/compuviper.mx\/tienda\/producto\/smartbitt-sbbp3krto-banco-de-baterias-externo-6-12v-9ah-para-sbol3krt-1-y-sbnb3200proii\/","title":{"rendered":"Smartbitt Sbbp3krto Banco De Baterias Externo     (6* 12v\/9ah), Para Sbol3krt-1 Y Sbnb3200proii)"},"content":{"rendered":"<table class=\"descripcion\">\n<tr>\n<td>Banco de bater\u00edas externo smartbitt (12 x 12v\/9ah), para sbol3krt2u-1<\/td>\n<\/tr>\n<\/table>\n","protected":false},"excerpt":{"rendered":"<p>Estas bater\u00edas han sido desarrolladas teniendo en cuenta las m\u00e1s criticas condiciones clim\u00e1ticas, lo que las hace especialmente adecuadas para pr\u00e1cticamente cualquier condici\u00f3n ambiental en cualquier parte del mundo. La bater\u00eda incorpora un innovado dise\u00f1o de apilamiento de las placas, lo que asegura un rendimiento constante y son ideales para nuestra l\u00edneas de ups. Las bater\u00edas han sido dise\u00f1adas para proporcionar sus respectivas capacidades nominales desde el primer d\u00eda de uso. Los m\u00f3dulos de ventilaci\u00f3n especialmente dise\u00f1ados ayudan para su \u00f3ptimo mantenimiento t\u00e9rmico<\/p>\n","protected":false},"featured_media":217289,"comment_status":"open","ping_status":"open","template":"","meta":[],"product_cat":[1508,1511],"product_tag":[1583],"acf":[],"yoast_head":"<!-- This site is optimized with the Yoast SEO plugin v21.7 - https:\/\/yoast.com\/wordpress\/plugins\/seo\/ -->\n<title>[ Smartbitt ] &#129351; Sbbp3krto Banco De Baterias Externo (6* 12v\/9ah), Para Sbol3krt-1 Y Sbnb3200proii)<\/title>\n<meta name=\"description\" content=\"Compra Sbbp3krto Banco De Baterias Externo (6* 12v\/9ah), Para Sbol3krt-1 Y Sbnb3200proii) + Env\u00edo a domicilio + Pago seguro + Garant\u00eda\" \/>\n<meta name=\"robots\" content=\"index, follow, max-snippet:-1, max-image-preview:large, max-video-preview:-1\" \/>\n<link rel=\"canonical\" href=\"https:\/\/compuviper.mx\/tienda\/producto\/smartbitt-sbbp3krto-banco-de-baterias-externo-6-12v-9ah-para-sbol3krt-1-y-sbnb3200proii\/\" \/>\n<meta property=\"og:locale\" content=\"es_MX\" \/>\n<meta property=\"og:type\" content=\"article\" \/>\n<meta property=\"og:title\" content=\"[ Smartbitt ] &#129351; Sbbp3krto Banco De Baterias Externo (6* 12v\/9ah), Para Sbol3krt-1 Y Sbnb3200proii)\" \/>\n<meta property=\"og:description\" content=\"Compra Sbbp3krto Banco De Baterias Externo (6* 12v\/9ah), Para Sbol3krt-1 Y Sbnb3200proii) + Env\u00edo a domicilio + Pago seguro + Garant\u00eda\" \/>\n<meta property=\"og:url\" content=\"https:\/\/compuviper.mx\/tienda\/producto\/smartbitt-sbbp3krto-banco-de-baterias-externo-6-12v-9ah-para-sbol3krt-1-y-sbnb3200proii\/\" \/>\n<meta property=\"og:site_name\" content=\"Compuviper\" \/>\n<meta property=\"article:publisher\" content=\"https:\/\/www.facebook.com\/compuviper\" \/>\n<meta property=\"og:image\" content=\"https:\/\/compuviper.mx\/tienda\/wp-content\/uploads\/2023\/12\/Smartbitt-banco-de-baterias-externo-12-12v9ah-para-sbol3krt2u-1.jpg\" \/>\n\t<meta property=\"og:image:width\" content=\"200\" \/>\n\t<meta property=\"og:image:height\" content=\"200\" \/>\n\t<meta property=\"og:image:type\" content=\"image\/jpeg\" \/>\n<meta name=\"twitter:card\" content=\"summary_large_image\" \/>\n<meta name=\"twitter:label1\" content=\"Precio\" \/>\n\t<meta name=\"twitter:data1\" content=\"&#36;3,130 con IVA\" \/>\n\t<meta name=\"twitter:label2\" content=\"Availability\" \/>\n\t<meta name=\"twitter:data2\" content=\"On backorder\" \/>\n<script type=\"application\/ld+json\" class=\"yoast-schema-graph\">{\"@context\":\"https:\/\/schema.org\",\"@graph\":[{\"@type\":\"WebPage\",\"@id\":\"https:\/\/compuviper.mx\/tienda\/producto\/smartbitt-sbbp3krto-banco-de-baterias-externo-6-12v-9ah-para-sbol3krt-1-y-sbnb3200proii\/\",\"url\":\"https:\/\/compuviper.mx\/tienda\/producto\/smartbitt-sbbp3krto-banco-de-baterias-externo-6-12v-9ah-para-sbol3krt-1-y-sbnb3200proii\/\",\"name\":\"[ Smartbitt ] &#129351; Sbbp3krto Banco De Baterias Externo (6* 12v\/9ah), Para Sbol3krt-1 Y Sbnb3200proii)\",\"isPartOf\":{\"@id\":\"https:\/\/compuviper.mx\/tienda\/#website\"},\"datePublished\":\"2026-04-07T06:24:03+00:00\",\"dateModified\":\"2026-04-07T06:24:03+00:00\",\"description\":\"Compra Sbbp3krto Banco De Baterias Externo (6* 12v\/9ah), Para Sbol3krt-1 Y Sbnb3200proii) + Env\u00edo a domicilio + Pago seguro + Garant\u00eda\",\"breadcrumb\":{\"@id\":\"https:\/\/compuviper.mx\/tienda\/producto\/smartbitt-sbbp3krto-banco-de-baterias-externo-6-12v-9ah-para-sbol3krt-1-y-sbnb3200proii\/#breadcrumb\"},\"inLanguage\":\"es-MX\",\"potentialAction\":[{\"@type\":\"ReadAction\",\"target\":[\"https:\/\/compuviper.mx\/tienda\/producto\/smartbitt-sbbp3krto-banco-de-baterias-externo-6-12v-9ah-para-sbol3krt-1-y-sbnb3200proii\/\"]}]},{\"@type\":\"BreadcrumbList\",\"@id\":\"https:\/\/compuviper.mx\/tienda\/producto\/smartbitt-sbbp3krto-banco-de-baterias-externo-6-12v-9ah-para-sbol3krt-1-y-sbnb3200proii\/#breadcrumb\",\"itemListElement\":[{\"@type\":\"ListItem\",\"position\":1,\"name\":\"Inicio\",\"item\":\"https:\/\/compuviper.mx\/tienda\/\"},{\"@type\":\"ListItem\",\"position\":2,\"name\":\"Productos\",\"item\":\"https:\/\/compuviper.mx\/tienda\/productos\/\"},{\"@type\":\"ListItem\",\"position\":3,\"name\":\"Energia\",\"item\":\"https:\/\/compuviper.mx\/tienda\/categoria-producto\/energia\/\"},{\"@type\":\"ListItem\",\"position\":4,\"name\":\"Bateria\",\"item\":\"https:\/\/compuviper.mx\/tienda\/categoria-producto\/energia\/bateria\/\"},{\"@type\":\"ListItem\",\"position\":5,\"name\":\"Smartbitt Sbbp3krto Banco De Baterias Externo (6* 12v\/9ah), Para Sbol3krt-1 Y Sbnb3200proii)\"}]},{\"@type\":\"WebSite\",\"@id\":\"https:\/\/compuviper.mx\/tienda\/#website\",\"url\":\"https:\/\/compuviper.mx\/tienda\/\",\"name\":\"Compuviper\",\"description\":\"Proveedor de Computadoras, Laptops, Servidores, Monitores, Puntos de Venta, Teclados,   Impresoras, T\u00f3ner, C\u00e1maras de Seguridad y m\u00e1s en tu tienda en l\u00ednea\",\"publisher\":{\"@id\":\"https:\/\/compuviper.mx\/tienda\/#organization\"},\"potentialAction\":[{\"@type\":\"SearchAction\",\"target\":{\"@type\":\"EntryPoint\",\"urlTemplate\":\"https:\/\/compuviper.mx\/tienda\/?s={search_term_string}\"},\"query-input\":\"required name=search_term_string\"}],\"inLanguage\":\"es-MX\"},{\"@type\":\"Organization\",\"@id\":\"https:\/\/compuviper.mx\/tienda\/#organization\",\"name\":\"Compuviper\",\"url\":\"https:\/\/compuviper.mx\/tienda\/\",\"logo\":{\"@type\":\"ImageObject\",\"inLanguage\":\"es-MX\",\"@id\":\"https:\/\/compuviper.mx\/tienda\/#\/schema\/logo\/image\/\",\"url\":\"https:\/\/compuviper.mx\/tienda\/wp-content\/uploads\/2021\/08\/Logo-Compuviper-10.png\",\"contentUrl\":\"https:\/\/compuviper.mx\/tienda\/wp-content\/uploads\/2021\/08\/Logo-Compuviper-10.png\",\"width\":1000,\"height\":500,\"caption\":\"Compuviper\"},\"image\":{\"@id\":\"https:\/\/compuviper.mx\/tienda\/#\/schema\/logo\/image\/\"},\"sameAs\":[\"https:\/\/www.facebook.com\/compuviper\",\"https:\/\/www.youtube.com\/channel\/UCf73dERp9Y3cfOq7q8BhLjA?view_as=subscriber\"]}]}<\/script>\n<meta property=\"product:brand\" content=\"SMARTBITT\" \/>\n<meta property=\"product:price:amount\" content=\"3130\" \/>\n<meta property=\"product:price:currency\" content=\"MXN\" \/>\n<meta property=\"og:availability\" content=\"backorder\" \/>\n<meta property=\"product:availability\" content=\"available for order\" \/>\n<meta property=\"product:retailer_item_id\" content=\"SBBP3KRTO\" \/>\n<meta property=\"product:condition\" content=\"new\" \/>\n<!-- \/ Yoast SEO plugin. -->","yoast_head_json":{"title":"[ Smartbitt ] &#129351; Sbbp3krto Banco De Baterias Externo (6* 12v\/9ah), Para Sbol3krt-1 Y Sbnb3200proii)","description":"Compra Sbbp3krto Banco De Baterias Externo (6* 12v\/9ah), Para Sbol3krt-1 Y Sbnb3200proii) + Env\u00edo a domicilio + Pago seguro + Garant\u00eda","robots":{"index":"index","follow":"follow","max-snippet":"max-snippet:-1","max-image-preview":"max-image-preview:large","max-video-preview":"max-video-preview:-1"},"canonical":"https:\/\/compuviper.mx\/tienda\/producto\/smartbitt-sbbp3krto-banco-de-baterias-externo-6-12v-9ah-para-sbol3krt-1-y-sbnb3200proii\/","og_locale":"es_MX","og_type":"article","og_title":"[ Smartbitt ] &#129351; Sbbp3krto Banco De Baterias Externo (6* 12v\/9ah), Para Sbol3krt-1 Y Sbnb3200proii)","og_description":"Compra Sbbp3krto Banco De Baterias Externo (6* 12v\/9ah), Para Sbol3krt-1 Y Sbnb3200proii) + Env\u00edo a domicilio + Pago seguro + Garant\u00eda","og_url":"https:\/\/compuviper.mx\/tienda\/producto\/smartbitt-sbbp3krto-banco-de-baterias-externo-6-12v-9ah-para-sbol3krt-1-y-sbnb3200proii\/","og_site_name":"Compuviper","article_publisher":"https:\/\/www.facebook.com\/compuviper","og_image":[{"width":200,"height":200,"url":"https:\/\/compuviper.mx\/tienda\/wp-content\/uploads\/2023\/12\/Smartbitt-banco-de-baterias-externo-12-12v9ah-para-sbol3krt2u-1.jpg","type":"image\/jpeg"}],"twitter_card":"summary_large_image","twitter_misc":{"Precio":"&#36;3,130 con IVA","Availability":"On backorder"},"schema":{"@context":"https:\/\/schema.org","@graph":[{"@type":"WebPage","@id":"https:\/\/compuviper.mx\/tienda\/producto\/smartbitt-sbbp3krto-banco-de-baterias-externo-6-12v-9ah-para-sbol3krt-1-y-sbnb3200proii\/","url":"https:\/\/compuviper.mx\/tienda\/producto\/smartbitt-sbbp3krto-banco-de-baterias-externo-6-12v-9ah-para-sbol3krt-1-y-sbnb3200proii\/","name":"[ Smartbitt ] &#129351; Sbbp3krto Banco De Baterias Externo (6* 12v\/9ah), Para Sbol3krt-1 Y Sbnb3200proii)","isPartOf":{"@id":"https:\/\/compuviper.mx\/tienda\/#website"},"datePublished":"2026-04-07T06:24:03+00:00","dateModified":"2026-04-07T06:24:03+00:00","description":"Compra Sbbp3krto Banco De Baterias Externo (6* 12v\/9ah), Para Sbol3krt-1 Y Sbnb3200proii) + Env\u00edo a domicilio + Pago seguro + Garant\u00eda","breadcrumb":{"@id":"https:\/\/compuviper.mx\/tienda\/producto\/smartbitt-sbbp3krto-banco-de-baterias-externo-6-12v-9ah-para-sbol3krt-1-y-sbnb3200proii\/#breadcrumb"},"inLanguage":"es-MX","potentialAction":[{"@type":"ReadAction","target":["https:\/\/compuviper.mx\/tienda\/producto\/smartbitt-sbbp3krto-banco-de-baterias-externo-6-12v-9ah-para-sbol3krt-1-y-sbnb3200proii\/"]}]},{"@type":"BreadcrumbList","@id":"https:\/\/compuviper.mx\/tienda\/producto\/smartbitt-sbbp3krto-banco-de-baterias-externo-6-12v-9ah-para-sbol3krt-1-y-sbnb3200proii\/#breadcrumb","itemListElement":[{"@type":"ListItem","position":1,"name":"Inicio","item":"https:\/\/compuviper.mx\/tienda\/"},{"@type":"ListItem","position":2,"name":"Productos","item":"https:\/\/compuviper.mx\/tienda\/productos\/"},{"@type":"ListItem","position":3,"name":"Energia","item":"https:\/\/compuviper.mx\/tienda\/categoria-producto\/energia\/"},{"@type":"ListItem","position":4,"name":"Bateria","item":"https:\/\/compuviper.mx\/tienda\/categoria-producto\/energia\/bateria\/"},{"@type":"ListItem","position":5,"name":"Smartbitt Sbbp3krto Banco De Baterias Externo (6* 12v\/9ah), Para Sbol3krt-1 Y Sbnb3200proii)"}]},{"@type":"WebSite","@id":"https:\/\/compuviper.mx\/tienda\/#website","url":"https:\/\/compuviper.mx\/tienda\/","name":"Compuviper","description":"Proveedor de Computadoras, Laptops, Servidores, Monitores, Puntos de Venta, Teclados,   Impresoras, T\u00f3ner, C\u00e1maras de Seguridad y m\u00e1s en tu tienda en l\u00ednea","publisher":{"@id":"https:\/\/compuviper.mx\/tienda\/#organization"},"potentialAction":[{"@type":"SearchAction","target":{"@type":"EntryPoint","urlTemplate":"https:\/\/compuviper.mx\/tienda\/?s={search_term_string}"},"query-input":"required name=search_term_string"}],"inLanguage":"es-MX"},{"@type":"Organization","@id":"https:\/\/compuviper.mx\/tienda\/#organization","name":"Compuviper","url":"https:\/\/compuviper.mx\/tienda\/","logo":{"@type":"ImageObject","inLanguage":"es-MX","@id":"https:\/\/compuviper.mx\/tienda\/#\/schema\/logo\/image\/","url":"https:\/\/compuviper.mx\/tienda\/wp-content\/uploads\/2021\/08\/Logo-Compuviper-10.png","contentUrl":"https:\/\/compuviper.mx\/tienda\/wp-content\/uploads\/2021\/08\/Logo-Compuviper-10.png","width":1000,"height":500,"caption":"Compuviper"},"image":{"@id":"https:\/\/compuviper.mx\/tienda\/#\/schema\/logo\/image\/"},"sameAs":["https:\/\/www.facebook.com\/compuviper","https:\/\/www.youtube.com\/channel\/UCf73dERp9Y3cfOq7q8BhLjA?view_as=subscriber"]}]},"product_brand":"SMARTBITT","product_price_amount":"3130","product_price_currency":"MXN","og_availability":"backorder","product_availability":"available for order","product_retailer_item_id":"SBBP3KRTO","product_condition":"new"},"_links":{"self":[{"href":"https:\/\/compuviper.mx\/tienda\/wp-json\/wp\/v2\/product\/217288"}],"collection":[{"href":"https:\/\/compuviper.mx\/tienda\/wp-json\/wp\/v2\/product"}],"about":[{"href":"https:\/\/compuviper.mx\/tienda\/wp-json\/wp\/v2\/types\/product"}],"replies":[{"embeddable":true,"href":"https:\/\/compuviper.mx\/tienda\/wp-json\/wp\/v2\/comments?post=217288"}],"wp:featuredmedia":[{"embeddable":true,"href":"https:\/\/compuviper.mx\/tienda\/wp-json\/wp\/v2\/media\/217289"}],"wp:attachment":[{"href":"https:\/\/compuviper.mx\/tienda\/wp-json\/wp\/v2\/media?parent=217288"}],"wp:term":[{"taxonomy":"product_cat","embeddable":true,"href":"https:\/\/compuviper.mx\/tienda\/wp-json\/wp\/v2\/product_cat?post=217288"},{"taxonomy":"product_tag","embeddable":true,"href":"https:\/\/compuviper.mx\/tienda\/wp-json\/wp\/v2\/product_tag?post=217288"}],"curies":[{"name":"wp","href":"https:\/\/api.w.org\/{rel}","templated":true}]}}