{"id":217284,"date":"2026-04-07T00:24:01","date_gmt":"2026-04-07T06:24:01","guid":{"rendered":"https:\/\/compuviper.mx\/tienda\/producto\/apc-srt2200rmxla-smart-ups-srt2200va-rm-120v-50-60hz-3-hz\/"},"modified":"2026-04-07T00:24:02","modified_gmt":"2026-04-07T06:24:02","slug":"apc-srt2200rmxla-smart-ups-srt2200va-rm-120v-50-60hz-3-hz","status":"publish","type":"product","link":"https:\/\/compuviper.mx\/tienda\/producto\/apc-srt2200rmxla-smart-ups-srt2200va-rm-120v-50-60hz-3-hz\/","title":{"rendered":"Apc Srt2200rmxla Smart-ups  Srt2200va Rm 120v 50\/60hz \/- 3 Hz"},"content":{"rendered":"<table class=\"descripcion\">\n<tr>\n<td>Salida<\/td>\n<\/tr>\n<tr>\n<td>Capacidad de potencia de salida: 1.8 kvatios\/2.2kva<\/td>\n<\/tr>\n<tr>\n<td>Tension de salida nominal: 120v<\/td>\n<\/tr>\n<tr>\n<td>Distorsion de tension de salida: menos que 2<\/td>\n<\/tr>\n<tr>\n<td>Frecuencia de salida: 50\/60hz \/- 3 hz<\/td>\n<\/tr>\n<tr>\n<td>Factor de cresta de carga: 3 : 1<\/td>\n<\/tr>\n<tr>\n<td>Tipologia: doble conversion en linea<\/td>\n<\/tr>\n<tr>\n<td>Tipo de forma de onda: onda senoidal pura<\/td>\n<\/tr>\n<tr>\n<td>Conexiones de salida:<\/td>\n<\/tr>\n<tr>\n<td>6 nema 5-20r respaldo de bateria<\/td>\n<\/tr>\n<tr>\n<td>1 nema l5-20r respaldo de bateria<\/td>\n<\/tr>\n<tr>\n<td>Desviacion: desviacion incorporada<\/td>\n<\/tr>\n<tr>\n<td>Entrada<\/td>\n<\/tr>\n<tr>\n<td>Entrada de voltaje: 120v<\/td>\n<\/tr>\n<tr>\n<td>Frecuencia de entrada: 40 &#8211; 70 hz<\/td>\n<\/tr>\n<tr>\n<td>Tipo de enchufe: nema 5-20p<\/td>\n<\/tr>\n<tr>\n<td>Longitud de cable: 1.83metros<\/td>\n<\/tr>\n<tr>\n<td>Cantidad de cables de alimentacion: 1<\/td>\n<\/tr>\n<tr>\n<td>Baterias y autonomia<\/td>\n<\/tr>\n<tr>\n<td>Tipo de bateria: bateria sellada de plomo sin necesidad de mantencin con electrolito suspendido a prueba de filtracion.<\/td>\n<\/tr>\n<tr>\n<td>Baterias pre-instaladas: 1<\/td>\n<\/tr>\n<tr>\n<td>Tiempo de recarga tipico: 3 horas.<\/td>\n<\/tr>\n<tr>\n<td>Bateria de recambio: apcrbc141<\/td>\n<\/tr>\n<tr>\n<td>Vida util esperada de las baterias: 3-5 aos<\/td>\n<\/tr>\n<tr>\n<td>Cantidad de carturchos de bateria de recambio: 1<\/td>\n<\/tr>\n<\/table>\n","protected":false},"excerpt":{"rendered":"<p>Analiza las baterias a fin de advertir anticipadamente en caso de fallas posibles, lo que garantiza que el mantenimiento preventivo sea oportuno. Modo eco. Modo de funcionamiento que permite saltear los componentes electricos en buenas condiciones energeticas que no se estan utilizando para lograr un alto nivel de eficiencia operativa sin sacrificar la proteccion. Pantalla lcd. Muestra modo de operacion, parametros del sistema y alarmas. Convertible en rack o torre.<\/p>\n","protected":false},"featured_media":217285,"comment_status":"open","ping_status":"open","template":"","meta":[],"product_cat":[1508,1691],"product_tag":[1694],"acf":[],"yoast_head":"<!-- This site is optimized with the Yoast SEO plugin v21.7 - https:\/\/yoast.com\/wordpress\/plugins\/seo\/ -->\n<title>[ Apc ] &#129351; Srt2200rmxla Smart-ups Srt2200va Rm 120v 50\/60hz \/- 3 Hz<\/title>\n<meta name=\"description\" content=\"Compra Srt2200rmxla Smart-ups Srt2200va Rm 120v 50\/60hz \/- 3 Hz + Env\u00edo a domicilio + Pago seguro + Garant\u00eda\" \/>\n<meta name=\"robots\" content=\"index, follow, max-snippet:-1, max-image-preview:large, max-video-preview:-1\" \/>\n<link rel=\"canonical\" href=\"https:\/\/compuviper.mx\/tienda\/producto\/apc-srt2200rmxla-smart-ups-srt2200va-rm-120v-50-60hz-3-hz\/\" \/>\n<meta property=\"og:locale\" content=\"es_MX\" \/>\n<meta property=\"og:type\" content=\"article\" \/>\n<meta property=\"og:title\" content=\"[ Apc ] &#129351; Srt2200rmxla Smart-ups Srt2200va Rm 120v 50\/60hz \/- 3 Hz\" \/>\n<meta property=\"og:description\" content=\"Compra Srt2200rmxla Smart-ups Srt2200va Rm 120v 50\/60hz \/- 3 Hz + Env\u00edo a domicilio + Pago seguro + Garant\u00eda\" \/>\n<meta property=\"og:url\" content=\"https:\/\/compuviper.mx\/tienda\/producto\/apc-srt2200rmxla-smart-ups-srt2200va-rm-120v-50-60hz-3-hz\/\" \/>\n<meta property=\"og:site_name\" content=\"Compuviper\" \/>\n<meta property=\"article:publisher\" content=\"https:\/\/www.facebook.com\/compuviper\" \/>\n<meta property=\"article:modified_time\" content=\"2026-04-07T06:24:02+00:00\" \/>\n<meta property=\"og:image\" content=\"https:\/\/compuviper.mx\/tienda\/wp-content\/uploads\/2023\/12\/Smart-ups-apc-srt2200va-rm-120v-5060hz-3-hz.jpg\" \/>\n\t<meta property=\"og:image:width\" content=\"200\" \/>\n\t<meta property=\"og:image:height\" content=\"200\" \/>\n\t<meta property=\"og:image:type\" content=\"image\/jpeg\" \/>\n<meta name=\"twitter:card\" content=\"summary_large_image\" \/>\n<meta name=\"twitter:label1\" content=\"Precio\" \/>\n\t<meta name=\"twitter:data1\" content=\"&#36;26,347 &#36;24,131 con IVA\" \/>\n\t<meta name=\"twitter:label2\" content=\"Availability\" \/>\n\t<meta name=\"twitter:data2\" content=\"Out of stock\" \/>\n<script type=\"application\/ld+json\" class=\"yoast-schema-graph\">{\"@context\":\"https:\/\/schema.org\",\"@graph\":[{\"@type\":\"WebPage\",\"@id\":\"https:\/\/compuviper.mx\/tienda\/producto\/apc-srt2200rmxla-smart-ups-srt2200va-rm-120v-50-60hz-3-hz\/\",\"url\":\"https:\/\/compuviper.mx\/tienda\/producto\/apc-srt2200rmxla-smart-ups-srt2200va-rm-120v-50-60hz-3-hz\/\",\"name\":\"[ Apc ] &#129351; Srt2200rmxla Smart-ups Srt2200va Rm 120v 50\/60hz \/- 3 Hz\",\"isPartOf\":{\"@id\":\"https:\/\/compuviper.mx\/tienda\/#website\"},\"datePublished\":\"2026-04-07T06:24:01+00:00\",\"dateModified\":\"2026-04-07T06:24:02+00:00\",\"description\":\"Compra Srt2200rmxla Smart-ups Srt2200va Rm 120v 50\/60hz \/- 3 Hz + Env\u00edo a domicilio + Pago seguro + Garant\u00eda\",\"breadcrumb\":{\"@id\":\"https:\/\/compuviper.mx\/tienda\/producto\/apc-srt2200rmxla-smart-ups-srt2200va-rm-120v-50-60hz-3-hz\/#breadcrumb\"},\"inLanguage\":\"es-MX\",\"potentialAction\":[{\"@type\":\"ReadAction\",\"target\":[\"https:\/\/compuviper.mx\/tienda\/producto\/apc-srt2200rmxla-smart-ups-srt2200va-rm-120v-50-60hz-3-hz\/\"]}]},{\"@type\":\"BreadcrumbList\",\"@id\":\"https:\/\/compuviper.mx\/tienda\/producto\/apc-srt2200rmxla-smart-ups-srt2200va-rm-120v-50-60hz-3-hz\/#breadcrumb\",\"itemListElement\":[{\"@type\":\"ListItem\",\"position\":1,\"name\":\"Inicio\",\"item\":\"https:\/\/compuviper.mx\/tienda\/\"},{\"@type\":\"ListItem\",\"position\":2,\"name\":\"Productos\",\"item\":\"https:\/\/compuviper.mx\/tienda\/productos\/\"},{\"@type\":\"ListItem\",\"position\":3,\"name\":\"Energia\",\"item\":\"https:\/\/compuviper.mx\/tienda\/categoria-producto\/energia\/\"},{\"@type\":\"ListItem\",\"position\":4,\"name\":\"No Break\",\"item\":\"https:\/\/compuviper.mx\/tienda\/categoria-producto\/energia\/no-break\/\"},{\"@type\":\"ListItem\",\"position\":5,\"name\":\"Apc Srt2200rmxla Smart-ups Srt2200va Rm 120v 50\/60hz \/- 3 Hz\"}]},{\"@type\":\"WebSite\",\"@id\":\"https:\/\/compuviper.mx\/tienda\/#website\",\"url\":\"https:\/\/compuviper.mx\/tienda\/\",\"name\":\"Compuviper\",\"description\":\"Proveedor de Computadoras, Laptops, Servidores, Monitores, Puntos de Venta, Teclados,   Impresoras, T\u00f3ner, C\u00e1maras de Seguridad y m\u00e1s en tu tienda en l\u00ednea\",\"publisher\":{\"@id\":\"https:\/\/compuviper.mx\/tienda\/#organization\"},\"potentialAction\":[{\"@type\":\"SearchAction\",\"target\":{\"@type\":\"EntryPoint\",\"urlTemplate\":\"https:\/\/compuviper.mx\/tienda\/?s={search_term_string}\"},\"query-input\":\"required name=search_term_string\"}],\"inLanguage\":\"es-MX\"},{\"@type\":\"Organization\",\"@id\":\"https:\/\/compuviper.mx\/tienda\/#organization\",\"name\":\"Compuviper\",\"url\":\"https:\/\/compuviper.mx\/tienda\/\",\"logo\":{\"@type\":\"ImageObject\",\"inLanguage\":\"es-MX\",\"@id\":\"https:\/\/compuviper.mx\/tienda\/#\/schema\/logo\/image\/\",\"url\":\"https:\/\/compuviper.mx\/tienda\/wp-content\/uploads\/2021\/08\/Logo-Compuviper-10.png\",\"contentUrl\":\"https:\/\/compuviper.mx\/tienda\/wp-content\/uploads\/2021\/08\/Logo-Compuviper-10.png\",\"width\":1000,\"height\":500,\"caption\":\"Compuviper\"},\"image\":{\"@id\":\"https:\/\/compuviper.mx\/tienda\/#\/schema\/logo\/image\/\"},\"sameAs\":[\"https:\/\/www.facebook.com\/compuviper\",\"https:\/\/www.youtube.com\/channel\/UCf73dERp9Y3cfOq7q8BhLjA?view_as=subscriber\"]}]}<\/script>\n<meta property=\"product:brand\" content=\"APC\" \/>\n<meta property=\"product:price:amount\" content=\"24131\" \/>\n<meta property=\"product:price:currency\" content=\"MXN\" \/>\n<meta property=\"og:availability\" content=\"out of stock\" \/>\n<meta property=\"product:availability\" content=\"out of stock\" \/>\n<meta property=\"product:retailer_item_id\" content=\"SRT2200RMXLA\" \/>\n<meta property=\"product:condition\" content=\"new\" \/>\n<!-- \/ Yoast SEO plugin. -->","yoast_head_json":{"title":"[ Apc ] &#129351; Srt2200rmxla Smart-ups Srt2200va Rm 120v 50\/60hz \/- 3 Hz","description":"Compra Srt2200rmxla Smart-ups Srt2200va Rm 120v 50\/60hz \/- 3 Hz + Env\u00edo a domicilio + Pago seguro + Garant\u00eda","robots":{"index":"index","follow":"follow","max-snippet":"max-snippet:-1","max-image-preview":"max-image-preview:large","max-video-preview":"max-video-preview:-1"},"canonical":"https:\/\/compuviper.mx\/tienda\/producto\/apc-srt2200rmxla-smart-ups-srt2200va-rm-120v-50-60hz-3-hz\/","og_locale":"es_MX","og_type":"article","og_title":"[ Apc ] &#129351; Srt2200rmxla Smart-ups Srt2200va Rm 120v 50\/60hz \/- 3 Hz","og_description":"Compra Srt2200rmxla Smart-ups Srt2200va Rm 120v 50\/60hz \/- 3 Hz + Env\u00edo a domicilio + Pago seguro + Garant\u00eda","og_url":"https:\/\/compuviper.mx\/tienda\/producto\/apc-srt2200rmxla-smart-ups-srt2200va-rm-120v-50-60hz-3-hz\/","og_site_name":"Compuviper","article_publisher":"https:\/\/www.facebook.com\/compuviper","article_modified_time":"2026-04-07T06:24:02+00:00","og_image":[{"width":200,"height":200,"url":"https:\/\/compuviper.mx\/tienda\/wp-content\/uploads\/2023\/12\/Smart-ups-apc-srt2200va-rm-120v-5060hz-3-hz.jpg","type":"image\/jpeg"}],"twitter_card":"summary_large_image","twitter_misc":{"Precio":"&#36;26,347 &#36;24,131 con IVA","Availability":"Out of stock"},"schema":{"@context":"https:\/\/schema.org","@graph":[{"@type":"WebPage","@id":"https:\/\/compuviper.mx\/tienda\/producto\/apc-srt2200rmxla-smart-ups-srt2200va-rm-120v-50-60hz-3-hz\/","url":"https:\/\/compuviper.mx\/tienda\/producto\/apc-srt2200rmxla-smart-ups-srt2200va-rm-120v-50-60hz-3-hz\/","name":"[ Apc ] &#129351; Srt2200rmxla Smart-ups Srt2200va Rm 120v 50\/60hz \/- 3 Hz","isPartOf":{"@id":"https:\/\/compuviper.mx\/tienda\/#website"},"datePublished":"2026-04-07T06:24:01+00:00","dateModified":"2026-04-07T06:24:02+00:00","description":"Compra Srt2200rmxla Smart-ups Srt2200va Rm 120v 50\/60hz \/- 3 Hz + Env\u00edo a domicilio + Pago seguro + Garant\u00eda","breadcrumb":{"@id":"https:\/\/compuviper.mx\/tienda\/producto\/apc-srt2200rmxla-smart-ups-srt2200va-rm-120v-50-60hz-3-hz\/#breadcrumb"},"inLanguage":"es-MX","potentialAction":[{"@type":"ReadAction","target":["https:\/\/compuviper.mx\/tienda\/producto\/apc-srt2200rmxla-smart-ups-srt2200va-rm-120v-50-60hz-3-hz\/"]}]},{"@type":"BreadcrumbList","@id":"https:\/\/compuviper.mx\/tienda\/producto\/apc-srt2200rmxla-smart-ups-srt2200va-rm-120v-50-60hz-3-hz\/#breadcrumb","itemListElement":[{"@type":"ListItem","position":1,"name":"Inicio","item":"https:\/\/compuviper.mx\/tienda\/"},{"@type":"ListItem","position":2,"name":"Productos","item":"https:\/\/compuviper.mx\/tienda\/productos\/"},{"@type":"ListItem","position":3,"name":"Energia","item":"https:\/\/compuviper.mx\/tienda\/categoria-producto\/energia\/"},{"@type":"ListItem","position":4,"name":"No Break","item":"https:\/\/compuviper.mx\/tienda\/categoria-producto\/energia\/no-break\/"},{"@type":"ListItem","position":5,"name":"Apc Srt2200rmxla Smart-ups Srt2200va Rm 120v 50\/60hz \/- 3 Hz"}]},{"@type":"WebSite","@id":"https:\/\/compuviper.mx\/tienda\/#website","url":"https:\/\/compuviper.mx\/tienda\/","name":"Compuviper","description":"Proveedor de Computadoras, Laptops, Servidores, Monitores, Puntos de Venta, Teclados,   Impresoras, T\u00f3ner, C\u00e1maras de Seguridad y m\u00e1s en tu tienda en l\u00ednea","publisher":{"@id":"https:\/\/compuviper.mx\/tienda\/#organization"},"potentialAction":[{"@type":"SearchAction","target":{"@type":"EntryPoint","urlTemplate":"https:\/\/compuviper.mx\/tienda\/?s={search_term_string}"},"query-input":"required name=search_term_string"}],"inLanguage":"es-MX"},{"@type":"Organization","@id":"https:\/\/compuviper.mx\/tienda\/#organization","name":"Compuviper","url":"https:\/\/compuviper.mx\/tienda\/","logo":{"@type":"ImageObject","inLanguage":"es-MX","@id":"https:\/\/compuviper.mx\/tienda\/#\/schema\/logo\/image\/","url":"https:\/\/compuviper.mx\/tienda\/wp-content\/uploads\/2021\/08\/Logo-Compuviper-10.png","contentUrl":"https:\/\/compuviper.mx\/tienda\/wp-content\/uploads\/2021\/08\/Logo-Compuviper-10.png","width":1000,"height":500,"caption":"Compuviper"},"image":{"@id":"https:\/\/compuviper.mx\/tienda\/#\/schema\/logo\/image\/"},"sameAs":["https:\/\/www.facebook.com\/compuviper","https:\/\/www.youtube.com\/channel\/UCf73dERp9Y3cfOq7q8BhLjA?view_as=subscriber"]}]},"product_brand":"APC","product_price_amount":"24131","product_price_currency":"MXN","og_availability":"out of stock","product_availability":"out of stock","product_retailer_item_id":"SRT2200RMXLA","product_condition":"new"},"_links":{"self":[{"href":"https:\/\/compuviper.mx\/tienda\/wp-json\/wp\/v2\/product\/217284"}],"collection":[{"href":"https:\/\/compuviper.mx\/tienda\/wp-json\/wp\/v2\/product"}],"about":[{"href":"https:\/\/compuviper.mx\/tienda\/wp-json\/wp\/v2\/types\/product"}],"replies":[{"embeddable":true,"href":"https:\/\/compuviper.mx\/tienda\/wp-json\/wp\/v2\/comments?post=217284"}],"wp:featuredmedia":[{"embeddable":true,"href":"https:\/\/compuviper.mx\/tienda\/wp-json\/wp\/v2\/media\/217285"}],"wp:attachment":[{"href":"https:\/\/compuviper.mx\/tienda\/wp-json\/wp\/v2\/media?parent=217284"}],"wp:term":[{"taxonomy":"product_cat","embeddable":true,"href":"https:\/\/compuviper.mx\/tienda\/wp-json\/wp\/v2\/product_cat?post=217284"},{"taxonomy":"product_tag","embeddable":true,"href":"https:\/\/compuviper.mx\/tienda\/wp-json\/wp\/v2\/product_tag?post=217284"}],"curies":[{"name":"wp","href":"https:\/\/api.w.org\/{rel}","templated":true}]}}