{"id":217206,"date":"2026-04-07T00:23:42","date_gmt":"2026-04-07T06:23:42","guid":{"rendered":"https:\/\/compuviper.mx\/tienda\/producto\/apc-srt5ktf-transformador-salida-208v-a-120v-torre-para-smart-ups-srt\/"},"modified":"2026-04-07T00:23:42","modified_gmt":"2026-04-07T06:23:42","slug":"apc-srt5ktf-transformador-salida-208v-a-120v-torre-para-smart-ups-srt","status":"publish","type":"product","link":"https:\/\/compuviper.mx\/tienda\/producto\/apc-srt5ktf-transformador-salida-208v-a-120v-torre-para-smart-ups-srt\/","title":{"rendered":"Apc Srt5ktf Transformador  Salida 208v A 120v Torre Para Smart-ups Srt"},"content":{"rendered":"<table class=\"descripcion\">\n<tr>\n<td>Salida<\/td>\n<\/tr>\n<tr>\n<td>Tensi\u00f3n de salida nominal: 120v , 208v<\/td>\n<\/tr>\n<tr>\n<td>Siempre en tomacorrientes: 12<\/td>\n<\/tr>\n<tr>\n<td>Consumo m\u00e1ximo total de corriente: 5000<\/td>\n<\/tr>\n<tr>\n<td>Output connections:<\/td>\n<\/tr>\n<tr>\n<td>(8) nema 5-20r (respaldo de bater\u00eda)<\/td>\n<\/tr>\n<tr>\n<td>(1) nema l6-30r (respaldo de bater\u00eda)<\/td>\n<\/tr>\n<tr>\n<td>(1) nema l14-30r (respaldo de bater\u00eda)<\/td>\n<\/tr>\n<tr>\n<td>(2) nema l6-20r (respaldo de bater\u00eda)<\/td>\n<\/tr>\n<tr>\n<td>Entrada<\/td>\n<\/tr>\n<tr>\n<td>Entrada de voltaje 208v<\/td>\n<\/tr>\n<tr>\n<td>Frecuencia de entrada 50\/60 hz<\/td>\n<\/tr>\n<tr>\n<td>Tipo de enchufe nema l6-30p<\/td>\n<\/tr>\n<tr>\n<td>Longitud del cable 0.91 metros<\/td>\n<\/tr>\n<tr>\n<td>Cantidad de cables de alimentaci\u00f3n 1<\/td>\n<\/tr>\n<\/table>\n","protected":false},"excerpt":{"rendered":"<p>Transformador reductor colocado contra la corriente del sistema de ups para evitar torrentes de corriente de entrada y la saturaci\u00f3n, y as\u00ed evitar la necesidad de un transformador sobredimensionado.<\/p>\n","protected":false},"featured_media":217207,"comment_status":"open","ping_status":"open","template":"","meta":[],"product_cat":[1508,1948],"product_tag":[1694],"acf":[],"yoast_head":"<!-- This site is optimized with the Yoast SEO plugin v21.7 - https:\/\/yoast.com\/wordpress\/plugins\/seo\/ -->\n<title>[ Apc ] &#129351; Srt5ktf Transformador Salida 208v A 120v Torre Para Smart-ups Srt<\/title>\n<meta name=\"description\" content=\"Compra Srt5ktf Transformador Salida 208v A 120v Torre Para Smart-ups Srt + Env\u00edo a domicilio + Pago seguro + Garant\u00eda\" \/>\n<meta name=\"robots\" content=\"index, follow, max-snippet:-1, max-image-preview:large, max-video-preview:-1\" \/>\n<link rel=\"canonical\" href=\"https:\/\/compuviper.mx\/tienda\/producto\/apc-srt5ktf-transformador-salida-208v-a-120v-torre-para-smart-ups-srt\/\" \/>\n<meta property=\"og:locale\" content=\"es_MX\" \/>\n<meta property=\"og:type\" content=\"article\" \/>\n<meta property=\"og:title\" content=\"[ Apc ] &#129351; Srt5ktf Transformador Salida 208v A 120v Torre Para Smart-ups Srt\" \/>\n<meta property=\"og:description\" content=\"Compra Srt5ktf Transformador Salida 208v A 120v Torre Para Smart-ups Srt + Env\u00edo a domicilio + Pago seguro + Garant\u00eda\" \/>\n<meta property=\"og:url\" content=\"https:\/\/compuviper.mx\/tienda\/producto\/apc-srt5ktf-transformador-salida-208v-a-120v-torre-para-smart-ups-srt\/\" \/>\n<meta property=\"og:site_name\" content=\"Compuviper\" \/>\n<meta property=\"article:publisher\" content=\"https:\/\/www.facebook.com\/compuviper\" \/>\n<meta property=\"og:image\" content=\"https:\/\/compuviper.mx\/tienda\/wp-content\/uploads\/2023\/12\/Transformador-apc-salida-208v-a-120v-torre-para-smart-ups-srt.jpg\" \/>\n\t<meta property=\"og:image:width\" content=\"200\" \/>\n\t<meta property=\"og:image:height\" content=\"200\" \/>\n\t<meta property=\"og:image:type\" content=\"image\/jpeg\" \/>\n<meta name=\"twitter:card\" content=\"summary_large_image\" \/>\n<meta name=\"twitter:label1\" content=\"Precio\" \/>\n\t<meta name=\"twitter:data1\" content=\"&#36;18,213 &#36;17,849 con IVA\" \/>\n\t<meta name=\"twitter:label2\" content=\"Availability\" \/>\n\t<meta name=\"twitter:data2\" content=\"Out of stock\" \/>\n<script type=\"application\/ld+json\" class=\"yoast-schema-graph\">{\"@context\":\"https:\/\/schema.org\",\"@graph\":[{\"@type\":\"WebPage\",\"@id\":\"https:\/\/compuviper.mx\/tienda\/producto\/apc-srt5ktf-transformador-salida-208v-a-120v-torre-para-smart-ups-srt\/\",\"url\":\"https:\/\/compuviper.mx\/tienda\/producto\/apc-srt5ktf-transformador-salida-208v-a-120v-torre-para-smart-ups-srt\/\",\"name\":\"[ Apc ] &#129351; Srt5ktf Transformador Salida 208v A 120v Torre Para Smart-ups Srt\",\"isPartOf\":{\"@id\":\"https:\/\/compuviper.mx\/tienda\/#website\"},\"datePublished\":\"2026-04-07T06:23:42+00:00\",\"dateModified\":\"2026-04-07T06:23:42+00:00\",\"description\":\"Compra Srt5ktf Transformador Salida 208v A 120v Torre Para Smart-ups Srt + Env\u00edo a domicilio + Pago seguro + Garant\u00eda\",\"breadcrumb\":{\"@id\":\"https:\/\/compuviper.mx\/tienda\/producto\/apc-srt5ktf-transformador-salida-208v-a-120v-torre-para-smart-ups-srt\/#breadcrumb\"},\"inLanguage\":\"es-MX\",\"potentialAction\":[{\"@type\":\"ReadAction\",\"target\":[\"https:\/\/compuviper.mx\/tienda\/producto\/apc-srt5ktf-transformador-salida-208v-a-120v-torre-para-smart-ups-srt\/\"]}]},{\"@type\":\"BreadcrumbList\",\"@id\":\"https:\/\/compuviper.mx\/tienda\/producto\/apc-srt5ktf-transformador-salida-208v-a-120v-torre-para-smart-ups-srt\/#breadcrumb\",\"itemListElement\":[{\"@type\":\"ListItem\",\"position\":1,\"name\":\"Inicio\",\"item\":\"https:\/\/compuviper.mx\/tienda\/\"},{\"@type\":\"ListItem\",\"position\":2,\"name\":\"Productos\",\"item\":\"https:\/\/compuviper.mx\/tienda\/productos\/\"},{\"@type\":\"ListItem\",\"position\":3,\"name\":\"Energia\",\"item\":\"https:\/\/compuviper.mx\/tienda\/categoria-producto\/energia\/\"},{\"@type\":\"ListItem\",\"position\":4,\"name\":\"Transformador\",\"item\":\"https:\/\/compuviper.mx\/tienda\/categoria-producto\/energia\/transformador\/\"},{\"@type\":\"ListItem\",\"position\":5,\"name\":\"Apc Srt5ktf Transformador Salida 208v A 120v Torre Para Smart-ups Srt\"}]},{\"@type\":\"WebSite\",\"@id\":\"https:\/\/compuviper.mx\/tienda\/#website\",\"url\":\"https:\/\/compuviper.mx\/tienda\/\",\"name\":\"Compuviper\",\"description\":\"Proveedor de Computadoras, Laptops, Servidores, Monitores, Puntos de Venta, Teclados,   Impresoras, T\u00f3ner, C\u00e1maras de Seguridad y m\u00e1s en tu tienda en l\u00ednea\",\"publisher\":{\"@id\":\"https:\/\/compuviper.mx\/tienda\/#organization\"},\"potentialAction\":[{\"@type\":\"SearchAction\",\"target\":{\"@type\":\"EntryPoint\",\"urlTemplate\":\"https:\/\/compuviper.mx\/tienda\/?s={search_term_string}\"},\"query-input\":\"required name=search_term_string\"}],\"inLanguage\":\"es-MX\"},{\"@type\":\"Organization\",\"@id\":\"https:\/\/compuviper.mx\/tienda\/#organization\",\"name\":\"Compuviper\",\"url\":\"https:\/\/compuviper.mx\/tienda\/\",\"logo\":{\"@type\":\"ImageObject\",\"inLanguage\":\"es-MX\",\"@id\":\"https:\/\/compuviper.mx\/tienda\/#\/schema\/logo\/image\/\",\"url\":\"https:\/\/compuviper.mx\/tienda\/wp-content\/uploads\/2021\/08\/Logo-Compuviper-10.png\",\"contentUrl\":\"https:\/\/compuviper.mx\/tienda\/wp-content\/uploads\/2021\/08\/Logo-Compuviper-10.png\",\"width\":1000,\"height\":500,\"caption\":\"Compuviper\"},\"image\":{\"@id\":\"https:\/\/compuviper.mx\/tienda\/#\/schema\/logo\/image\/\"},\"sameAs\":[\"https:\/\/www.facebook.com\/compuviper\",\"https:\/\/www.youtube.com\/channel\/UCf73dERp9Y3cfOq7q8BhLjA?view_as=subscriber\"]}]}<\/script>\n<meta property=\"product:brand\" content=\"APC\" \/>\n<meta property=\"product:price:amount\" content=\"17849\" \/>\n<meta property=\"product:price:currency\" content=\"MXN\" \/>\n<meta property=\"og:availability\" content=\"out of stock\" \/>\n<meta property=\"product:availability\" content=\"out of stock\" \/>\n<meta property=\"product:retailer_item_id\" content=\"SRT5KTF\" \/>\n<meta property=\"product:condition\" content=\"new\" \/>\n<!-- \/ Yoast SEO plugin. -->","yoast_head_json":{"title":"[ Apc ] &#129351; Srt5ktf Transformador Salida 208v A 120v Torre Para Smart-ups Srt","description":"Compra Srt5ktf Transformador Salida 208v A 120v Torre Para Smart-ups Srt + Env\u00edo a domicilio + Pago seguro + Garant\u00eda","robots":{"index":"index","follow":"follow","max-snippet":"max-snippet:-1","max-image-preview":"max-image-preview:large","max-video-preview":"max-video-preview:-1"},"canonical":"https:\/\/compuviper.mx\/tienda\/producto\/apc-srt5ktf-transformador-salida-208v-a-120v-torre-para-smart-ups-srt\/","og_locale":"es_MX","og_type":"article","og_title":"[ Apc ] &#129351; Srt5ktf Transformador Salida 208v A 120v Torre Para Smart-ups Srt","og_description":"Compra Srt5ktf Transformador Salida 208v A 120v Torre Para Smart-ups Srt + Env\u00edo a domicilio + Pago seguro + Garant\u00eda","og_url":"https:\/\/compuviper.mx\/tienda\/producto\/apc-srt5ktf-transformador-salida-208v-a-120v-torre-para-smart-ups-srt\/","og_site_name":"Compuviper","article_publisher":"https:\/\/www.facebook.com\/compuviper","og_image":[{"width":200,"height":200,"url":"https:\/\/compuviper.mx\/tienda\/wp-content\/uploads\/2023\/12\/Transformador-apc-salida-208v-a-120v-torre-para-smart-ups-srt.jpg","type":"image\/jpeg"}],"twitter_card":"summary_large_image","twitter_misc":{"Precio":"&#36;18,213 &#36;17,849 con IVA","Availability":"Out of stock"},"schema":{"@context":"https:\/\/schema.org","@graph":[{"@type":"WebPage","@id":"https:\/\/compuviper.mx\/tienda\/producto\/apc-srt5ktf-transformador-salida-208v-a-120v-torre-para-smart-ups-srt\/","url":"https:\/\/compuviper.mx\/tienda\/producto\/apc-srt5ktf-transformador-salida-208v-a-120v-torre-para-smart-ups-srt\/","name":"[ Apc ] &#129351; Srt5ktf Transformador Salida 208v A 120v Torre Para Smart-ups Srt","isPartOf":{"@id":"https:\/\/compuviper.mx\/tienda\/#website"},"datePublished":"2026-04-07T06:23:42+00:00","dateModified":"2026-04-07T06:23:42+00:00","description":"Compra Srt5ktf Transformador Salida 208v A 120v Torre Para Smart-ups Srt + Env\u00edo a domicilio + Pago seguro + Garant\u00eda","breadcrumb":{"@id":"https:\/\/compuviper.mx\/tienda\/producto\/apc-srt5ktf-transformador-salida-208v-a-120v-torre-para-smart-ups-srt\/#breadcrumb"},"inLanguage":"es-MX","potentialAction":[{"@type":"ReadAction","target":["https:\/\/compuviper.mx\/tienda\/producto\/apc-srt5ktf-transformador-salida-208v-a-120v-torre-para-smart-ups-srt\/"]}]},{"@type":"BreadcrumbList","@id":"https:\/\/compuviper.mx\/tienda\/producto\/apc-srt5ktf-transformador-salida-208v-a-120v-torre-para-smart-ups-srt\/#breadcrumb","itemListElement":[{"@type":"ListItem","position":1,"name":"Inicio","item":"https:\/\/compuviper.mx\/tienda\/"},{"@type":"ListItem","position":2,"name":"Productos","item":"https:\/\/compuviper.mx\/tienda\/productos\/"},{"@type":"ListItem","position":3,"name":"Energia","item":"https:\/\/compuviper.mx\/tienda\/categoria-producto\/energia\/"},{"@type":"ListItem","position":4,"name":"Transformador","item":"https:\/\/compuviper.mx\/tienda\/categoria-producto\/energia\/transformador\/"},{"@type":"ListItem","position":5,"name":"Apc Srt5ktf Transformador Salida 208v A 120v Torre Para Smart-ups Srt"}]},{"@type":"WebSite","@id":"https:\/\/compuviper.mx\/tienda\/#website","url":"https:\/\/compuviper.mx\/tienda\/","name":"Compuviper","description":"Proveedor de Computadoras, Laptops, Servidores, Monitores, Puntos de Venta, Teclados,   Impresoras, T\u00f3ner, C\u00e1maras de Seguridad y m\u00e1s en tu tienda en l\u00ednea","publisher":{"@id":"https:\/\/compuviper.mx\/tienda\/#organization"},"potentialAction":[{"@type":"SearchAction","target":{"@type":"EntryPoint","urlTemplate":"https:\/\/compuviper.mx\/tienda\/?s={search_term_string}"},"query-input":"required name=search_term_string"}],"inLanguage":"es-MX"},{"@type":"Organization","@id":"https:\/\/compuviper.mx\/tienda\/#organization","name":"Compuviper","url":"https:\/\/compuviper.mx\/tienda\/","logo":{"@type":"ImageObject","inLanguage":"es-MX","@id":"https:\/\/compuviper.mx\/tienda\/#\/schema\/logo\/image\/","url":"https:\/\/compuviper.mx\/tienda\/wp-content\/uploads\/2021\/08\/Logo-Compuviper-10.png","contentUrl":"https:\/\/compuviper.mx\/tienda\/wp-content\/uploads\/2021\/08\/Logo-Compuviper-10.png","width":1000,"height":500,"caption":"Compuviper"},"image":{"@id":"https:\/\/compuviper.mx\/tienda\/#\/schema\/logo\/image\/"},"sameAs":["https:\/\/www.facebook.com\/compuviper","https:\/\/www.youtube.com\/channel\/UCf73dERp9Y3cfOq7q8BhLjA?view_as=subscriber"]}]},"product_brand":"APC","product_price_amount":"17849","product_price_currency":"MXN","og_availability":"out of stock","product_availability":"out of stock","product_retailer_item_id":"SRT5KTF","product_condition":"new"},"_links":{"self":[{"href":"https:\/\/compuviper.mx\/tienda\/wp-json\/wp\/v2\/product\/217206"}],"collection":[{"href":"https:\/\/compuviper.mx\/tienda\/wp-json\/wp\/v2\/product"}],"about":[{"href":"https:\/\/compuviper.mx\/tienda\/wp-json\/wp\/v2\/types\/product"}],"replies":[{"embeddable":true,"href":"https:\/\/compuviper.mx\/tienda\/wp-json\/wp\/v2\/comments?post=217206"}],"wp:featuredmedia":[{"embeddable":true,"href":"https:\/\/compuviper.mx\/tienda\/wp-json\/wp\/v2\/media\/217207"}],"wp:attachment":[{"href":"https:\/\/compuviper.mx\/tienda\/wp-json\/wp\/v2\/media?parent=217206"}],"wp:term":[{"taxonomy":"product_cat","embeddable":true,"href":"https:\/\/compuviper.mx\/tienda\/wp-json\/wp\/v2\/product_cat?post=217206"},{"taxonomy":"product_tag","embeddable":true,"href":"https:\/\/compuviper.mx\/tienda\/wp-json\/wp\/v2\/product_tag?post=217206"}],"curies":[{"name":"wp","href":"https:\/\/api.w.org\/{rel}","templated":true}]}}