{"id":217053,"date":"2026-04-18T00:25:42","date_gmt":"2026-04-18T06:25:42","guid":{"rendered":"https:\/\/compuviper.mx\/tienda\/producto\/dahua-dh-xvr1b04h-i-dvr-4-canales-5-mp-lite-wizsense-cooper-i-h-265-4-canales2-ip-o-hasta-6-canales-ip-4-canales-con-smd-plus-busqueda-inteligente-humanos-y-vehiculos-codificacin-inteligen\/"},"modified":"2026-04-18T00:25:42","modified_gmt":"2026-04-18T06:25:42","slug":"dahua-dh-xvr1b04h-i6939554919282-dvr-4-canales-5-mp-lite-wizsense-cooper-i-h-265-4-canales2-ip-o-hasta-6-canales-ip-4-canales-con-smd-plus-busqueda-inteligente-humanos-y-vehiculos-codificacin","status":"publish","type":"product","link":"https:\/\/compuviper.mx\/tienda\/producto\/dahua-dh-xvr1b04h-i6939554919282-dvr-4-canales-5-mp-lite-wizsense-cooper-i-h-265-4-canales2-ip-o-hasta-6-canales-ip-4-canales-con-smd-plus-busqueda-inteligente-humanos-y-vehiculos-codificacin\/","title":{"rendered":"Dahua Dh-xvr1b04h-i,6939554919282 Dvr  4 Canales 5 Mp Lite\/ Wizsense\/ Cooper-i\/ H.265\/ 4 Canales2 Ip O Hasta 6 Canales Ip\/ 4 Canales Con Smd Plus\/ Busqueda Inteligente Humanos Y Vehiculos\/ Codificacin Inteligen"},"content":{"rendered":"<table class=\"descripcion\">\n<tr>\n<td>Compresi\u00f3n de video de doble flujo h.265 + \/ h.265.<\/td>\n<\/tr>\n<tr>\n<td>Admite codificaci\u00f3n ai de canal completo.<\/td>\n<\/tr>\n<tr>\n<td>Admite entradas de video hdcvi \/ ahd \/ tvi \/ cvbs \/ ip.<\/td>\n<\/tr>\n<tr>\n<td>Soporta hasta 5mp lite en c\u00e1maras hdcvi.<\/td>\n<\/tr>\n<tr>\n<td>Se pueden agregar hasta 2 c\u00e1maras ip ( 6mp m\u00e1ximo ).<\/td>\n<\/tr>\n<tr>\n<td>Larga distancia de transmisi\u00f3n por cable coaxial.<\/td>\n<\/tr>\n<tr>\n<td>Soporta hasta 4 canales smd plus.<\/td>\n<\/tr>\n<tr>\n<td>Codificaci\u00f3n inteligente.<\/td>\n<\/tr>\n<tr>\n<td>Interfaz monitor 1 hdmi, 1 vga.<\/td>\n<\/tr>\n<tr>\n<td>Interfaz red 1 puerto rj-45 (100 mb).<\/td>\n<\/tr>\n<tr>\n<td>Max. acceso de usuario 128.<\/td>\n<\/tr>\n<tr>\n<td>1 puerto sata, hasta 6 tb de capacidad.<\/td>\n<\/tr>\n<tr>\n<td>Peso neto sin disco duro 0.57 kg.<\/td>\n<\/tr>\n<tr>\n<td>Dimensiones 198.3 mm \u00d7 203.4 mm \u00d7 41.5 mm.<\/td>\n<\/tr>\n<\/table>\n","protected":false},"excerpt":{"rendered":"<p>El xvr1b04h-i es un dvr cooper con smd plus que pertenece a la serie wizsense con inteligencia artificial, est\u00e1 dise\u00f1ado para reducir las tasas de falsas alarmas y los costos de vigilancia humana, lo que brinda un gran valor a los clientes en busca de productos con alarma precisa para personas \/ veh\u00edculos para elevar el nivel de seguridad de varias instalaciones interiores y exteriores. Este grabador soporta 4 canales hdcvi 5mp lite m\u00e1s 2 canales ip ( 6mp m\u00e1ximo ) 4 canales smd plus y una codificaci\u00f3n inteligente en sus 8 canales. El grabador xvr1b04h-i incorpora la funci\u00f3n denominada smart motion detection plus, que es una actualizaci\u00f3n de la versi\u00f3n de smd que mejora en gran medida la precisi\u00f3n de la alarma al cargar algoritmos de aprendizaje profundo. Analiza formas de personas y veh\u00edculos basado en la detecci\u00f3n de movimiento y env\u00edos de alarmas solo cuando la persona y el veh\u00edculo se detecten.<\/p>\n","protected":false},"featured_media":217054,"comment_status":"open","ping_status":"open","template":"","meta":[],"product_cat":[1689,1690],"product_tag":[1555],"acf":[],"yoast_head":"<!-- This site is optimized with the Yoast SEO plugin v21.7 - https:\/\/yoast.com\/wordpress\/plugins\/seo\/ -->\n<title>[ Dahua ] &#129351; Dh-xvr1b04h-i,6939554919282 Dvr 4 Canales 5 Mp Lite\/ Wizsense\/ Cooper-i\/ H.265\/ 4 Canales2 Ip O Hasta 6 Canales Ip\/ 4 Canales Con Smd Plus\/ Busqueda Inteligente Humanos Y Vehiculos\/ Codificacin Inteligen<\/title>\n<meta name=\"description\" content=\"Compra Dh-xvr1b04h-i,6939554919282 Dvr 4 Canales 5 Mp Lite\/ Wizsense\/ Cooper-i\/ H.265\/ 4 Canales2 Ip O Hasta 6 Canales Ip\/ 4 Canales Con Smd Plus\/ Busqueda Inteligente Humanos Y Vehiculos\/ Codificacin Inteligen + Env\u00edo a domicilio + Pago seguro + Garant\u00eda\" \/>\n<meta name=\"robots\" content=\"index, follow, max-snippet:-1, max-image-preview:large, max-video-preview:-1\" \/>\n<link rel=\"canonical\" href=\"https:\/\/compuviper.mx\/tienda\/producto\/dahua-dh-xvr1b04h-i6939554919282-dvr-4-canales-5-mp-lite-wizsense-cooper-i-h-265-4-canales2-ip-o-hasta-6-canales-ip-4-canales-con-smd-plus-busqueda-inteligente-humanos-y-vehiculos-codificacin\/\" \/>\n<meta property=\"og:locale\" content=\"es_MX\" \/>\n<meta property=\"og:type\" content=\"article\" \/>\n<meta property=\"og:title\" content=\"[ Dahua ] &#129351; Dh-xvr1b04h-i,6939554919282 Dvr 4 Canales 5 Mp Lite\/ Wizsense\/ Cooper-i\/ H.265\/ 4 Canales2 Ip O Hasta 6 Canales Ip\/ 4 Canales Con Smd Plus\/ Busqueda Inteligente Humanos Y Vehiculos\/ Codificacin Inteligen\" \/>\n<meta property=\"og:description\" content=\"Compra Dh-xvr1b04h-i,6939554919282 Dvr 4 Canales 5 Mp Lite\/ Wizsense\/ Cooper-i\/ H.265\/ 4 Canales2 Ip O Hasta 6 Canales Ip\/ 4 Canales Con Smd Plus\/ Busqueda Inteligente Humanos Y Vehiculos\/ Codificacin Inteligen + Env\u00edo a domicilio + Pago seguro + Garant\u00eda\" \/>\n<meta property=\"og:url\" content=\"https:\/\/compuviper.mx\/tienda\/producto\/dahua-dh-xvr1b04h-i6939554919282-dvr-4-canales-5-mp-lite-wizsense-cooper-i-h-265-4-canales2-ip-o-hasta-6-canales-ip-4-canales-con-smd-plus-busqueda-inteligente-humanos-y-vehiculos-codificacin\/\" \/>\n<meta property=\"og:site_name\" content=\"Compuviper\" \/>\n<meta property=\"article:publisher\" content=\"https:\/\/www.facebook.com\/compuviper\" \/>\n<meta property=\"og:image\" content=\"https:\/\/compuviper.mx\/tienda\/wp-content\/uploads\/2023\/12\/Dvr-dahua-4-canales-5-mp-lite-wizsense-cooper-i-h.265-4-canales2-ip-o-hasta-6-canales-ip-4-canales-con-smd-plus-busqueda-inteligente-humanos-y-vehiculos-codificacin-inteligen.jpg\" \/>\n\t<meta property=\"og:image:width\" content=\"200\" \/>\n\t<meta property=\"og:image:height\" content=\"200\" \/>\n\t<meta property=\"og:image:type\" content=\"image\/jpeg\" \/>\n<meta name=\"twitter:card\" content=\"summary_large_image\" \/>\n<meta name=\"twitter:label1\" content=\"Precio\" \/>\n\t<meta name=\"twitter:data1\" content=\"&#36;927 con IVA\" \/>\n\t<meta name=\"twitter:label2\" content=\"Availability\" \/>\n\t<meta name=\"twitter:data2\" content=\"In stock\" \/>\n<script type=\"application\/ld+json\" class=\"yoast-schema-graph\">{\"@context\":\"https:\/\/schema.org\",\"@graph\":[{\"@type\":\"WebPage\",\"@id\":\"https:\/\/compuviper.mx\/tienda\/producto\/dahua-dh-xvr1b04h-i6939554919282-dvr-4-canales-5-mp-lite-wizsense-cooper-i-h-265-4-canales2-ip-o-hasta-6-canales-ip-4-canales-con-smd-plus-busqueda-inteligente-humanos-y-vehiculos-codificacin\/\",\"url\":\"https:\/\/compuviper.mx\/tienda\/producto\/dahua-dh-xvr1b04h-i6939554919282-dvr-4-canales-5-mp-lite-wizsense-cooper-i-h-265-4-canales2-ip-o-hasta-6-canales-ip-4-canales-con-smd-plus-busqueda-inteligente-humanos-y-vehiculos-codificacin\/\",\"name\":\"[ Dahua ] &#129351; Dh-xvr1b04h-i,6939554919282 Dvr 4 Canales 5 Mp Lite\/ Wizsense\/ Cooper-i\/ H.265\/ 4 Canales2 Ip O Hasta 6 Canales Ip\/ 4 Canales Con Smd Plus\/ Busqueda Inteligente Humanos Y Vehiculos\/ Codificacin Inteligen\",\"isPartOf\":{\"@id\":\"https:\/\/compuviper.mx\/tienda\/#website\"},\"datePublished\":\"2026-04-18T06:25:42+00:00\",\"dateModified\":\"2026-04-18T06:25:42+00:00\",\"description\":\"Compra Dh-xvr1b04h-i,6939554919282 Dvr 4 Canales 5 Mp Lite\/ Wizsense\/ Cooper-i\/ H.265\/ 4 Canales2 Ip O Hasta 6 Canales Ip\/ 4 Canales Con Smd Plus\/ Busqueda Inteligente Humanos Y Vehiculos\/ Codificacin Inteligen + Env\u00edo a domicilio + Pago seguro + Garant\u00eda\",\"breadcrumb\":{\"@id\":\"https:\/\/compuviper.mx\/tienda\/producto\/dahua-dh-xvr1b04h-i6939554919282-dvr-4-canales-5-mp-lite-wizsense-cooper-i-h-265-4-canales2-ip-o-hasta-6-canales-ip-4-canales-con-smd-plus-busqueda-inteligente-humanos-y-vehiculos-codificacin\/#breadcrumb\"},\"inLanguage\":\"es-MX\",\"potentialAction\":[{\"@type\":\"ReadAction\",\"target\":[\"https:\/\/compuviper.mx\/tienda\/producto\/dahua-dh-xvr1b04h-i6939554919282-dvr-4-canales-5-mp-lite-wizsense-cooper-i-h-265-4-canales2-ip-o-hasta-6-canales-ip-4-canales-con-smd-plus-busqueda-inteligente-humanos-y-vehiculos-codificacin\/\"]}]},{\"@type\":\"BreadcrumbList\",\"@id\":\"https:\/\/compuviper.mx\/tienda\/producto\/dahua-dh-xvr1b04h-i6939554919282-dvr-4-canales-5-mp-lite-wizsense-cooper-i-h-265-4-canales2-ip-o-hasta-6-canales-ip-4-canales-con-smd-plus-busqueda-inteligente-humanos-y-vehiculos-codificacin\/#breadcrumb\",\"itemListElement\":[{\"@type\":\"ListItem\",\"position\":1,\"name\":\"Inicio\",\"item\":\"https:\/\/compuviper.mx\/tienda\/\"},{\"@type\":\"ListItem\",\"position\":2,\"name\":\"Productos\",\"item\":\"https:\/\/compuviper.mx\/tienda\/productos\/\"},{\"@type\":\"ListItem\",\"position\":3,\"name\":\"Videograbadores\",\"item\":\"https:\/\/compuviper.mx\/tienda\/categoria-producto\/videograbadores\/\"},{\"@type\":\"ListItem\",\"position\":4,\"name\":\"Dvr\",\"item\":\"https:\/\/compuviper.mx\/tienda\/categoria-producto\/videograbadores\/dvr\/\"},{\"@type\":\"ListItem\",\"position\":5,\"name\":\"Dahua Dh-xvr1b04h-i,6939554919282 Dvr 4 Canales 5 Mp Lite\/ Wizsense\/ Cooper-i\/ H.265\/ 4 Canales2 Ip O Hasta 6 Canales Ip\/ 4 Canales Con Smd Plus\/ Busqueda Inteligente Humanos Y Vehiculos\/ Codificacin Inteligen\"}]},{\"@type\":\"WebSite\",\"@id\":\"https:\/\/compuviper.mx\/tienda\/#website\",\"url\":\"https:\/\/compuviper.mx\/tienda\/\",\"name\":\"Compuviper\",\"description\":\"Proveedor de Computadoras, Laptops, Servidores, Monitores, Puntos de Venta, Teclados,   Impresoras, T\u00f3ner, C\u00e1maras de Seguridad y m\u00e1s en tu tienda en l\u00ednea\",\"publisher\":{\"@id\":\"https:\/\/compuviper.mx\/tienda\/#organization\"},\"potentialAction\":[{\"@type\":\"SearchAction\",\"target\":{\"@type\":\"EntryPoint\",\"urlTemplate\":\"https:\/\/compuviper.mx\/tienda\/?s={search_term_string}\"},\"query-input\":\"required name=search_term_string\"}],\"inLanguage\":\"es-MX\"},{\"@type\":\"Organization\",\"@id\":\"https:\/\/compuviper.mx\/tienda\/#organization\",\"name\":\"Compuviper\",\"url\":\"https:\/\/compuviper.mx\/tienda\/\",\"logo\":{\"@type\":\"ImageObject\",\"inLanguage\":\"es-MX\",\"@id\":\"https:\/\/compuviper.mx\/tienda\/#\/schema\/logo\/image\/\",\"url\":\"https:\/\/compuviper.mx\/tienda\/wp-content\/uploads\/2021\/08\/Logo-Compuviper-10.png\",\"contentUrl\":\"https:\/\/compuviper.mx\/tienda\/wp-content\/uploads\/2021\/08\/Logo-Compuviper-10.png\",\"width\":1000,\"height\":500,\"caption\":\"Compuviper\"},\"image\":{\"@id\":\"https:\/\/compuviper.mx\/tienda\/#\/schema\/logo\/image\/\"},\"sameAs\":[\"https:\/\/www.facebook.com\/compuviper\",\"https:\/\/www.youtube.com\/channel\/UCf73dERp9Y3cfOq7q8BhLjA?view_as=subscriber\"]}]}<\/script>\n<meta property=\"product:brand\" content=\"DAHUA\" \/>\n<meta property=\"product:price:amount\" content=\"927\" \/>\n<meta property=\"product:price:currency\" content=\"MXN\" \/>\n<meta property=\"og:availability\" content=\"instock\" \/>\n<meta property=\"product:availability\" content=\"instock\" \/>\n<meta property=\"product:retailer_item_id\" content=\"DH-XVR1B04H-I,6939554919282\" \/>\n<meta property=\"product:condition\" content=\"new\" \/>\n<!-- \/ Yoast SEO plugin. -->","yoast_head_json":{"title":"[ Dahua ] &#129351; Dh-xvr1b04h-i,6939554919282 Dvr 4 Canales 5 Mp Lite\/ Wizsense\/ Cooper-i\/ H.265\/ 4 Canales2 Ip O Hasta 6 Canales Ip\/ 4 Canales Con Smd Plus\/ Busqueda Inteligente Humanos Y Vehiculos\/ Codificacin Inteligen","description":"Compra Dh-xvr1b04h-i,6939554919282 Dvr 4 Canales 5 Mp Lite\/ Wizsense\/ Cooper-i\/ H.265\/ 4 Canales2 Ip O Hasta 6 Canales Ip\/ 4 Canales Con Smd Plus\/ Busqueda Inteligente Humanos Y Vehiculos\/ Codificacin Inteligen + Env\u00edo a domicilio + Pago seguro + Garant\u00eda","robots":{"index":"index","follow":"follow","max-snippet":"max-snippet:-1","max-image-preview":"max-image-preview:large","max-video-preview":"max-video-preview:-1"},"canonical":"https:\/\/compuviper.mx\/tienda\/producto\/dahua-dh-xvr1b04h-i6939554919282-dvr-4-canales-5-mp-lite-wizsense-cooper-i-h-265-4-canales2-ip-o-hasta-6-canales-ip-4-canales-con-smd-plus-busqueda-inteligente-humanos-y-vehiculos-codificacin\/","og_locale":"es_MX","og_type":"article","og_title":"[ Dahua ] &#129351; Dh-xvr1b04h-i,6939554919282 Dvr 4 Canales 5 Mp Lite\/ Wizsense\/ Cooper-i\/ H.265\/ 4 Canales2 Ip O Hasta 6 Canales Ip\/ 4 Canales Con Smd Plus\/ Busqueda Inteligente Humanos Y Vehiculos\/ Codificacin Inteligen","og_description":"Compra Dh-xvr1b04h-i,6939554919282 Dvr 4 Canales 5 Mp Lite\/ Wizsense\/ Cooper-i\/ H.265\/ 4 Canales2 Ip O Hasta 6 Canales Ip\/ 4 Canales Con Smd Plus\/ Busqueda Inteligente Humanos Y Vehiculos\/ Codificacin Inteligen + Env\u00edo a domicilio + Pago seguro + Garant\u00eda","og_url":"https:\/\/compuviper.mx\/tienda\/producto\/dahua-dh-xvr1b04h-i6939554919282-dvr-4-canales-5-mp-lite-wizsense-cooper-i-h-265-4-canales2-ip-o-hasta-6-canales-ip-4-canales-con-smd-plus-busqueda-inteligente-humanos-y-vehiculos-codificacin\/","og_site_name":"Compuviper","article_publisher":"https:\/\/www.facebook.com\/compuviper","og_image":[{"width":200,"height":200,"url":"https:\/\/compuviper.mx\/tienda\/wp-content\/uploads\/2023\/12\/Dvr-dahua-4-canales-5-mp-lite-wizsense-cooper-i-h.265-4-canales2-ip-o-hasta-6-canales-ip-4-canales-con-smd-plus-busqueda-inteligente-humanos-y-vehiculos-codificacin-inteligen.jpg","type":"image\/jpeg"}],"twitter_card":"summary_large_image","twitter_misc":{"Precio":"&#36;927 con IVA","Availability":"In stock"},"schema":{"@context":"https:\/\/schema.org","@graph":[{"@type":"WebPage","@id":"https:\/\/compuviper.mx\/tienda\/producto\/dahua-dh-xvr1b04h-i6939554919282-dvr-4-canales-5-mp-lite-wizsense-cooper-i-h-265-4-canales2-ip-o-hasta-6-canales-ip-4-canales-con-smd-plus-busqueda-inteligente-humanos-y-vehiculos-codificacin\/","url":"https:\/\/compuviper.mx\/tienda\/producto\/dahua-dh-xvr1b04h-i6939554919282-dvr-4-canales-5-mp-lite-wizsense-cooper-i-h-265-4-canales2-ip-o-hasta-6-canales-ip-4-canales-con-smd-plus-busqueda-inteligente-humanos-y-vehiculos-codificacin\/","name":"[ Dahua ] &#129351; Dh-xvr1b04h-i,6939554919282 Dvr 4 Canales 5 Mp Lite\/ Wizsense\/ Cooper-i\/ H.265\/ 4 Canales2 Ip O Hasta 6 Canales Ip\/ 4 Canales Con Smd Plus\/ Busqueda Inteligente Humanos Y Vehiculos\/ Codificacin Inteligen","isPartOf":{"@id":"https:\/\/compuviper.mx\/tienda\/#website"},"datePublished":"2026-04-18T06:25:42+00:00","dateModified":"2026-04-18T06:25:42+00:00","description":"Compra Dh-xvr1b04h-i,6939554919282 Dvr 4 Canales 5 Mp Lite\/ Wizsense\/ Cooper-i\/ H.265\/ 4 Canales2 Ip O Hasta 6 Canales Ip\/ 4 Canales Con Smd Plus\/ Busqueda Inteligente Humanos Y Vehiculos\/ Codificacin Inteligen + Env\u00edo a domicilio + Pago seguro + Garant\u00eda","breadcrumb":{"@id":"https:\/\/compuviper.mx\/tienda\/producto\/dahua-dh-xvr1b04h-i6939554919282-dvr-4-canales-5-mp-lite-wizsense-cooper-i-h-265-4-canales2-ip-o-hasta-6-canales-ip-4-canales-con-smd-plus-busqueda-inteligente-humanos-y-vehiculos-codificacin\/#breadcrumb"},"inLanguage":"es-MX","potentialAction":[{"@type":"ReadAction","target":["https:\/\/compuviper.mx\/tienda\/producto\/dahua-dh-xvr1b04h-i6939554919282-dvr-4-canales-5-mp-lite-wizsense-cooper-i-h-265-4-canales2-ip-o-hasta-6-canales-ip-4-canales-con-smd-plus-busqueda-inteligente-humanos-y-vehiculos-codificacin\/"]}]},{"@type":"BreadcrumbList","@id":"https:\/\/compuviper.mx\/tienda\/producto\/dahua-dh-xvr1b04h-i6939554919282-dvr-4-canales-5-mp-lite-wizsense-cooper-i-h-265-4-canales2-ip-o-hasta-6-canales-ip-4-canales-con-smd-plus-busqueda-inteligente-humanos-y-vehiculos-codificacin\/#breadcrumb","itemListElement":[{"@type":"ListItem","position":1,"name":"Inicio","item":"https:\/\/compuviper.mx\/tienda\/"},{"@type":"ListItem","position":2,"name":"Productos","item":"https:\/\/compuviper.mx\/tienda\/productos\/"},{"@type":"ListItem","position":3,"name":"Videograbadores","item":"https:\/\/compuviper.mx\/tienda\/categoria-producto\/videograbadores\/"},{"@type":"ListItem","position":4,"name":"Dvr","item":"https:\/\/compuviper.mx\/tienda\/categoria-producto\/videograbadores\/dvr\/"},{"@type":"ListItem","position":5,"name":"Dahua Dh-xvr1b04h-i,6939554919282 Dvr 4 Canales 5 Mp Lite\/ Wizsense\/ Cooper-i\/ H.265\/ 4 Canales2 Ip O Hasta 6 Canales Ip\/ 4 Canales Con Smd Plus\/ Busqueda Inteligente Humanos Y Vehiculos\/ Codificacin Inteligen"}]},{"@type":"WebSite","@id":"https:\/\/compuviper.mx\/tienda\/#website","url":"https:\/\/compuviper.mx\/tienda\/","name":"Compuviper","description":"Proveedor de Computadoras, Laptops, Servidores, Monitores, Puntos de Venta, Teclados,   Impresoras, T\u00f3ner, C\u00e1maras de Seguridad y m\u00e1s en tu tienda en l\u00ednea","publisher":{"@id":"https:\/\/compuviper.mx\/tienda\/#organization"},"potentialAction":[{"@type":"SearchAction","target":{"@type":"EntryPoint","urlTemplate":"https:\/\/compuviper.mx\/tienda\/?s={search_term_string}"},"query-input":"required name=search_term_string"}],"inLanguage":"es-MX"},{"@type":"Organization","@id":"https:\/\/compuviper.mx\/tienda\/#organization","name":"Compuviper","url":"https:\/\/compuviper.mx\/tienda\/","logo":{"@type":"ImageObject","inLanguage":"es-MX","@id":"https:\/\/compuviper.mx\/tienda\/#\/schema\/logo\/image\/","url":"https:\/\/compuviper.mx\/tienda\/wp-content\/uploads\/2021\/08\/Logo-Compuviper-10.png","contentUrl":"https:\/\/compuviper.mx\/tienda\/wp-content\/uploads\/2021\/08\/Logo-Compuviper-10.png","width":1000,"height":500,"caption":"Compuviper"},"image":{"@id":"https:\/\/compuviper.mx\/tienda\/#\/schema\/logo\/image\/"},"sameAs":["https:\/\/www.facebook.com\/compuviper","https:\/\/www.youtube.com\/channel\/UCf73dERp9Y3cfOq7q8BhLjA?view_as=subscriber"]}]},"product_brand":"DAHUA","product_price_amount":"927","product_price_currency":"MXN","og_availability":"instock","product_availability":"instock","product_retailer_item_id":"DH-XVR1B04H-I,6939554919282","product_condition":"new"},"_links":{"self":[{"href":"https:\/\/compuviper.mx\/tienda\/wp-json\/wp\/v2\/product\/217053"}],"collection":[{"href":"https:\/\/compuviper.mx\/tienda\/wp-json\/wp\/v2\/product"}],"about":[{"href":"https:\/\/compuviper.mx\/tienda\/wp-json\/wp\/v2\/types\/product"}],"replies":[{"embeddable":true,"href":"https:\/\/compuviper.mx\/tienda\/wp-json\/wp\/v2\/comments?post=217053"}],"wp:featuredmedia":[{"embeddable":true,"href":"https:\/\/compuviper.mx\/tienda\/wp-json\/wp\/v2\/media\/217054"}],"wp:attachment":[{"href":"https:\/\/compuviper.mx\/tienda\/wp-json\/wp\/v2\/media?parent=217053"}],"wp:term":[{"taxonomy":"product_cat","embeddable":true,"href":"https:\/\/compuviper.mx\/tienda\/wp-json\/wp\/v2\/product_cat?post=217053"},{"taxonomy":"product_tag","embeddable":true,"href":"https:\/\/compuviper.mx\/tienda\/wp-json\/wp\/v2\/product_tag?post=217053"}],"curies":[{"name":"wp","href":"https:\/\/api.w.org\/{rel}","templated":true}]}}