{"id":217021,"date":"2026-04-23T00:12:01","date_gmt":"2026-04-23T06:12:01","guid":{"rendered":"https:\/\/compuviper.mx\/tienda\/producto\/hikvision-ids-2cd7a46g0-izhsc-bala-ip-4-megapixeles-lente-mot-2-8-12-mm-30-mts-ir-exir-ik10-reconocimiento-facial-wdr-140-db-deepinview-bsqueda-por-atributos-heat-map-acusense\/"},"modified":"2026-04-23T00:12:01","modified_gmt":"2026-04-23T06:12:01","slug":"hikvision-ids-2cd7a46g0-izhsc-bala-ip-4-megapixeles-lente-mot-2-8-12-mm-30-mts-ir-exir-ik10-reconocimiento-facial-wdr-140-db-deepinview-bsqueda-por-atributos-heat-map-acusense","status":"publish","type":"product","link":"https:\/\/compuviper.mx\/tienda\/producto\/hikvision-ids-2cd7a46g0-izhsc-bala-ip-4-megapixeles-lente-mot-2-8-12-mm-30-mts-ir-exir-ik10-reconocimiento-facial-wdr-140-db-deepinview-bsqueda-por-atributos-heat-map-acusense\/","title":{"rendered":"Hikvision Ids-2cd7a46g0-izhs(c) Bala Ip 4 Megapixeles   Lente Mot. 2.8 &#8211; 12 Mm \/ 30 Mts Ir Exir \/ Ik10 \/ Reconocimiento Facial \/ Wdr 140 Db \/ Deepinview \/ B?squeda Por Atributos \/ Heat Map \/ Acusense \/"},"content":{"rendered":"<table class=\"descripcion\">\n<tr>\n<td>Caracteristicas principales:<\/td>\n<\/tr>\n<tr>\n<td>Compresion de video: h.265+ \/ h.265 \/ h.264+ \/ h.264.<\/td>\n<\/tr>\n<tr>\n<td>Lente motorizado: 2.8 a 12 mm (114.5\u00b0 a 41.8\u00b0).<\/td>\n<\/tr>\n<tr>\n<td>Velocidad del shutter: 1 s a 100.000 s, soporta slow shutter.<\/td>\n<\/tr>\n<tr>\n<td>Iluminacion minima darkfighter  and #9789; :0.001 lux @(f1.2,agc on).<\/td>\n<\/tr>\n<tr>\n<td>Distancia de ir: 50 mts ir exir.<\/td>\n<\/tr>\n<tr>\n<td>1 puerto de red: 10 \/ 100 \/ 1000 mbps.<\/td>\n<\/tr>\n<tr>\n<td>Soporta micro sd de hasta 256 gb (no incluida).<\/td>\n<\/tr>\n<tr>\n<td>Resolucion maxima: 60hz: 30fps (2560 \u00d7 1440, 1920 \u00d7 1080, 1280 \u00d7 720).<\/td>\n<\/tr>\n<tr>\n<td>Funciones: wdr real 140 db \/ blc \/ hlc \/ 3d dnr \/ defog \/ eis.<\/td>\n<\/tr>\n<tr>\n<td>Protocolos: onvif (profile s, profile g, profile t) \/ isapi \/ sdk \/ isup<\/td>\n<\/tr>\n<tr>\n<td>Caracteristicas fisicas y electricas:<\/td>\n<\/tr>\n<tr>\n<td>Dimensiones: 144 \u00d7 347 mm.<\/td>\n<\/tr>\n<tr>\n<td>Consumo \/ alimentacion: 12 vcc \/ poe (802.3 at) \/ 18 watts.<\/td>\n<\/tr>\n<tr>\n<td>Proteccion: ip67 ( interior \/ exterior).<\/td>\n<\/tr>\n<tr>\n<td>Antivandalico: ik10.<\/td>\n<\/tr>\n<tr>\n<td>Peso: 1920 gramos.<\/td>\n<\/tr>\n<tr>\n<td>Garantia: 5 a\u00f1os.<\/td>\n<\/tr>\n<\/table>\n","protected":false},"excerpt":{"rendered":"<p>Caracteristicas destacadas. Reconocimiento facial. Con algoritmos integrados basados en aprendizaje profundo, la camara puede dar la mejor toma de la cara de un objetivo a traves de la detecci\u00f3n,seguimiento, captura, calificacion y selecci\u00f3n. La camara captura la cara y emite las caracteristicas, como el sexo, la edad y expresion. Proteccion perimetral. Con algoritmos integrados de deteccion y clasificacion de objetivos basados en aprendizaje profundo, la camara lleva a cabo el deber de proteccion del perimetro, control de las acciones de cruce de linea, intrusion, entrada y salida de la region. Los algoritmos filtra en gran medida la alarma erronea causada por la interferencia de hojas, luces, animales, banderas, etc. Deteccion de atributos. Con los algoritmos de aprendizaje profundo incorporados, la camara detecta y captura la cara, el cuerpo humano, el vehiculo en el region especificada y genera las caracteristicas, como genero, edad, color superior y tipo de vehiculo.<\/p>\n","protected":false},"featured_media":233919,"comment_status":"open","ping_status":"open","template":"","meta":[],"product_cat":[1608,1681],"product_tag":[1595],"acf":[],"yoast_head":"<!-- This site is optimized with the Yoast SEO plugin v21.7 - https:\/\/yoast.com\/wordpress\/plugins\/seo\/ -->\n<title>[ Hikvision ] &#129351; Ids-2cd7a46g0-izhs(c) Bala Ip 4 Megapixeles Lente Mot. 2.8 - 12 Mm \/ 30 Mts Ir Exir \/ Ik10 \/ Reconocimiento Facial \/ Wdr 140 Db \/ Deepinview \/ B\u00fasqueda Por Atributos \/ Heat Map \/ Acusense \/<\/title>\n<meta name=\"description\" content=\"Compra Ids-2cd7a46g0-izhs(c) Bala Ip 4 Megapixeles Lente Mot. 2.8 - 12 Mm \/ 30 Mts Ir Exir \/ Ik10 \/ Reconocimiento Facial \/ Wdr 140 Db \/ Deepinview \/ B\u00fasqueda Por Atributos \/ Heat Map \/ Acusense \/ + Env\u00edo a domicilio + Pago seguro + Garant\u00eda\" \/>\n<meta name=\"robots\" content=\"index, follow, max-snippet:-1, max-image-preview:large, max-video-preview:-1\" \/>\n<link rel=\"canonical\" href=\"https:\/\/compuviper.mx\/tienda\/producto\/hikvision-ids-2cd7a46g0-izhsc-bala-ip-4-megapixeles-lente-mot-2-8-12-mm-30-mts-ir-exir-ik10-reconocimiento-facial-wdr-140-db-deepinview-bsqueda-por-atributos-heat-map-acusense\/\" \/>\n<meta property=\"og:locale\" content=\"es_MX\" \/>\n<meta property=\"og:type\" content=\"article\" \/>\n<meta property=\"og:title\" content=\"[ Hikvision ] &#129351; Ids-2cd7a46g0-izhs(c) Bala Ip 4 Megapixeles Lente Mot. 2.8 - 12 Mm \/ 30 Mts Ir Exir \/ Ik10 \/ Reconocimiento Facial \/ Wdr 140 Db \/ Deepinview \/ B\u00fasqueda Por Atributos \/ Heat Map \/ Acusense \/\" \/>\n<meta property=\"og:description\" content=\"Compra Ids-2cd7a46g0-izhs(c) Bala Ip 4 Megapixeles Lente Mot. 2.8 - 12 Mm \/ 30 Mts Ir Exir \/ Ik10 \/ Reconocimiento Facial \/ Wdr 140 Db \/ Deepinview \/ B\u00fasqueda Por Atributos \/ Heat Map \/ Acusense \/ + Env\u00edo a domicilio + Pago seguro + Garant\u00eda\" \/>\n<meta property=\"og:url\" content=\"https:\/\/compuviper.mx\/tienda\/producto\/hikvision-ids-2cd7a46g0-izhsc-bala-ip-4-megapixeles-lente-mot-2-8-12-mm-30-mts-ir-exir-ik10-reconocimiento-facial-wdr-140-db-deepinview-bsqueda-por-atributos-heat-map-acusense\/\" \/>\n<meta property=\"og:site_name\" content=\"Compuviper\" \/>\n<meta property=\"article:publisher\" content=\"https:\/\/www.facebook.com\/compuviper\" \/>\n<meta property=\"og:image\" content=\"https:\/\/compuviper.mx\/tienda\/wp-content\/uploads\/2024\/05\/Bala-ip-4-megapixeles-hikvision-ids-2cd7a46g0-izhsc-lente-mot.-2.8-12-mm-30-mts-ir-exir-ik10-reconocimiento-facial-wdr-140-db-deepinview-busqueda-por-atributos-heat-map-acusense.jpg\" \/>\n\t<meta property=\"og:image:width\" content=\"200\" \/>\n\t<meta property=\"og:image:height\" content=\"200\" \/>\n\t<meta property=\"og:image:type\" content=\"image\/jpeg\" \/>\n<meta name=\"twitter:card\" content=\"summary_large_image\" \/>\n<meta name=\"twitter:label1\" content=\"Precio\" \/>\n\t<meta name=\"twitter:data1\" content=\"&#36;12,847 con IVA\" \/>\n\t<meta name=\"twitter:label2\" content=\"Availability\" \/>\n\t<meta name=\"twitter:data2\" content=\"On backorder\" \/>\n<script type=\"application\/ld+json\" class=\"yoast-schema-graph\">{\"@context\":\"https:\/\/schema.org\",\"@graph\":[{\"@type\":\"WebPage\",\"@id\":\"https:\/\/compuviper.mx\/tienda\/producto\/hikvision-ids-2cd7a46g0-izhsc-bala-ip-4-megapixeles-lente-mot-2-8-12-mm-30-mts-ir-exir-ik10-reconocimiento-facial-wdr-140-db-deepinview-bsqueda-por-atributos-heat-map-acusense\/\",\"url\":\"https:\/\/compuviper.mx\/tienda\/producto\/hikvision-ids-2cd7a46g0-izhsc-bala-ip-4-megapixeles-lente-mot-2-8-12-mm-30-mts-ir-exir-ik10-reconocimiento-facial-wdr-140-db-deepinview-bsqueda-por-atributos-heat-map-acusense\/\",\"name\":\"[ Hikvision ] &#129351; Ids-2cd7a46g0-izhs(c) Bala Ip 4 Megapixeles Lente Mot. 2.8 - 12 Mm \/ 30 Mts Ir Exir \/ Ik10 \/ Reconocimiento Facial \/ Wdr 140 Db \/ Deepinview \/ B\u00fasqueda Por Atributos \/ Heat Map \/ Acusense \/\",\"isPartOf\":{\"@id\":\"https:\/\/compuviper.mx\/tienda\/#website\"},\"datePublished\":\"2026-04-23T06:12:01+00:00\",\"dateModified\":\"2026-04-23T06:12:01+00:00\",\"description\":\"Compra Ids-2cd7a46g0-izhs(c) Bala Ip 4 Megapixeles Lente Mot. 2.8 - 12 Mm \/ 30 Mts Ir Exir \/ Ik10 \/ Reconocimiento Facial \/ Wdr 140 Db \/ Deepinview \/ B\u00fasqueda Por Atributos \/ Heat Map \/ Acusense \/ + Env\u00edo a domicilio + Pago seguro + Garant\u00eda\",\"breadcrumb\":{\"@id\":\"https:\/\/compuviper.mx\/tienda\/producto\/hikvision-ids-2cd7a46g0-izhsc-bala-ip-4-megapixeles-lente-mot-2-8-12-mm-30-mts-ir-exir-ik10-reconocimiento-facial-wdr-140-db-deepinview-bsqueda-por-atributos-heat-map-acusense\/#breadcrumb\"},\"inLanguage\":\"es-MX\",\"potentialAction\":[{\"@type\":\"ReadAction\",\"target\":[\"https:\/\/compuviper.mx\/tienda\/producto\/hikvision-ids-2cd7a46g0-izhsc-bala-ip-4-megapixeles-lente-mot-2-8-12-mm-30-mts-ir-exir-ik10-reconocimiento-facial-wdr-140-db-deepinview-bsqueda-por-atributos-heat-map-acusense\/\"]}]},{\"@type\":\"BreadcrumbList\",\"@id\":\"https:\/\/compuviper.mx\/tienda\/producto\/hikvision-ids-2cd7a46g0-izhsc-bala-ip-4-megapixeles-lente-mot-2-8-12-mm-30-mts-ir-exir-ik10-reconocimiento-facial-wdr-140-db-deepinview-bsqueda-por-atributos-heat-map-acusense\/#breadcrumb\",\"itemListElement\":[{\"@type\":\"ListItem\",\"position\":1,\"name\":\"Inicio\",\"item\":\"https:\/\/compuviper.mx\/tienda\/\"},{\"@type\":\"ListItem\",\"position\":2,\"name\":\"Productos\",\"item\":\"https:\/\/compuviper.mx\/tienda\/productos\/\"},{\"@type\":\"ListItem\",\"position\":3,\"name\":\"Camaras\",\"item\":\"https:\/\/compuviper.mx\/tienda\/categoria-producto\/camaras-2\/\"},{\"@type\":\"ListItem\",\"position\":4,\"name\":\"Camara De Videovigilancia\",\"item\":\"https:\/\/compuviper.mx\/tienda\/categoria-producto\/camaras-2\/camara-de-videovigilancia\/\"},{\"@type\":\"ListItem\",\"position\":5,\"name\":\"Hikvision Ids-2cd7a46g0-izhs(c) Bala Ip 4 Megapixeles Lente Mot. 2.8 &#8211; 12 Mm \/ 30 Mts Ir Exir \/ Ik10 \/ Reconocimiento Facial \/ Wdr 140 Db \/ Deepinview \/ B?squeda Por Atributos \/ Heat Map \/ Acusense \/\"}]},{\"@type\":\"WebSite\",\"@id\":\"https:\/\/compuviper.mx\/tienda\/#website\",\"url\":\"https:\/\/compuviper.mx\/tienda\/\",\"name\":\"Compuviper\",\"description\":\"Proveedor de Computadoras, Laptops, Servidores, Monitores, Puntos de Venta, Teclados,   Impresoras, T\u00f3ner, C\u00e1maras de Seguridad y m\u00e1s en tu tienda en l\u00ednea\",\"publisher\":{\"@id\":\"https:\/\/compuviper.mx\/tienda\/#organization\"},\"potentialAction\":[{\"@type\":\"SearchAction\",\"target\":{\"@type\":\"EntryPoint\",\"urlTemplate\":\"https:\/\/compuviper.mx\/tienda\/?s={search_term_string}\"},\"query-input\":\"required name=search_term_string\"}],\"inLanguage\":\"es-MX\"},{\"@type\":\"Organization\",\"@id\":\"https:\/\/compuviper.mx\/tienda\/#organization\",\"name\":\"Compuviper\",\"url\":\"https:\/\/compuviper.mx\/tienda\/\",\"logo\":{\"@type\":\"ImageObject\",\"inLanguage\":\"es-MX\",\"@id\":\"https:\/\/compuviper.mx\/tienda\/#\/schema\/logo\/image\/\",\"url\":\"https:\/\/compuviper.mx\/tienda\/wp-content\/uploads\/2021\/08\/Logo-Compuviper-10.png\",\"contentUrl\":\"https:\/\/compuviper.mx\/tienda\/wp-content\/uploads\/2021\/08\/Logo-Compuviper-10.png\",\"width\":1000,\"height\":500,\"caption\":\"Compuviper\"},\"image\":{\"@id\":\"https:\/\/compuviper.mx\/tienda\/#\/schema\/logo\/image\/\"},\"sameAs\":[\"https:\/\/www.facebook.com\/compuviper\",\"https:\/\/www.youtube.com\/channel\/UCf73dERp9Y3cfOq7q8BhLjA?view_as=subscriber\"]}]}<\/script>\n<meta property=\"product:brand\" content=\"HIKVISION\" \/>\n<meta property=\"product:price:amount\" content=\"12847\" \/>\n<meta property=\"product:price:currency\" content=\"MXN\" \/>\n<meta property=\"og:availability\" content=\"backorder\" \/>\n<meta property=\"product:availability\" content=\"available for order\" \/>\n<meta property=\"product:retailer_item_id\" content=\"IDS-2CD7A46G0-IZHS(C)\" \/>\n<meta property=\"product:condition\" content=\"new\" \/>\n<!-- \/ Yoast SEO plugin. -->","yoast_head_json":{"title":"[ Hikvision ] &#129351; Ids-2cd7a46g0-izhs(c) Bala Ip 4 Megapixeles Lente Mot. 2.8 - 12 Mm \/ 30 Mts Ir Exir \/ Ik10 \/ Reconocimiento Facial \/ Wdr 140 Db \/ Deepinview \/ B\u00fasqueda Por Atributos \/ Heat Map \/ Acusense \/","description":"Compra Ids-2cd7a46g0-izhs(c) Bala Ip 4 Megapixeles Lente Mot. 2.8 - 12 Mm \/ 30 Mts Ir Exir \/ Ik10 \/ Reconocimiento Facial \/ Wdr 140 Db \/ Deepinview \/ B\u00fasqueda Por Atributos \/ Heat Map \/ Acusense \/ + Env\u00edo a domicilio + Pago seguro + Garant\u00eda","robots":{"index":"index","follow":"follow","max-snippet":"max-snippet:-1","max-image-preview":"max-image-preview:large","max-video-preview":"max-video-preview:-1"},"canonical":"https:\/\/compuviper.mx\/tienda\/producto\/hikvision-ids-2cd7a46g0-izhsc-bala-ip-4-megapixeles-lente-mot-2-8-12-mm-30-mts-ir-exir-ik10-reconocimiento-facial-wdr-140-db-deepinview-bsqueda-por-atributos-heat-map-acusense\/","og_locale":"es_MX","og_type":"article","og_title":"[ Hikvision ] &#129351; Ids-2cd7a46g0-izhs(c) Bala Ip 4 Megapixeles Lente Mot. 2.8 - 12 Mm \/ 30 Mts Ir Exir \/ Ik10 \/ Reconocimiento Facial \/ Wdr 140 Db \/ Deepinview \/ B\u00fasqueda Por Atributos \/ Heat Map \/ Acusense \/","og_description":"Compra Ids-2cd7a46g0-izhs(c) Bala Ip 4 Megapixeles Lente Mot. 2.8 - 12 Mm \/ 30 Mts Ir Exir \/ Ik10 \/ Reconocimiento Facial \/ Wdr 140 Db \/ Deepinview \/ B\u00fasqueda Por Atributos \/ Heat Map \/ Acusense \/ + Env\u00edo a domicilio + Pago seguro + Garant\u00eda","og_url":"https:\/\/compuviper.mx\/tienda\/producto\/hikvision-ids-2cd7a46g0-izhsc-bala-ip-4-megapixeles-lente-mot-2-8-12-mm-30-mts-ir-exir-ik10-reconocimiento-facial-wdr-140-db-deepinview-bsqueda-por-atributos-heat-map-acusense\/","og_site_name":"Compuviper","article_publisher":"https:\/\/www.facebook.com\/compuviper","og_image":[{"width":200,"height":200,"url":"https:\/\/compuviper.mx\/tienda\/wp-content\/uploads\/2024\/05\/Bala-ip-4-megapixeles-hikvision-ids-2cd7a46g0-izhsc-lente-mot.-2.8-12-mm-30-mts-ir-exir-ik10-reconocimiento-facial-wdr-140-db-deepinview-busqueda-por-atributos-heat-map-acusense.jpg","type":"image\/jpeg"}],"twitter_card":"summary_large_image","twitter_misc":{"Precio":"&#36;12,847 con IVA","Availability":"On backorder"},"schema":{"@context":"https:\/\/schema.org","@graph":[{"@type":"WebPage","@id":"https:\/\/compuviper.mx\/tienda\/producto\/hikvision-ids-2cd7a46g0-izhsc-bala-ip-4-megapixeles-lente-mot-2-8-12-mm-30-mts-ir-exir-ik10-reconocimiento-facial-wdr-140-db-deepinview-bsqueda-por-atributos-heat-map-acusense\/","url":"https:\/\/compuviper.mx\/tienda\/producto\/hikvision-ids-2cd7a46g0-izhsc-bala-ip-4-megapixeles-lente-mot-2-8-12-mm-30-mts-ir-exir-ik10-reconocimiento-facial-wdr-140-db-deepinview-bsqueda-por-atributos-heat-map-acusense\/","name":"[ Hikvision ] &#129351; Ids-2cd7a46g0-izhs(c) Bala Ip 4 Megapixeles Lente Mot. 2.8 - 12 Mm \/ 30 Mts Ir Exir \/ Ik10 \/ Reconocimiento Facial \/ Wdr 140 Db \/ Deepinview \/ B\u00fasqueda Por Atributos \/ Heat Map \/ Acusense \/","isPartOf":{"@id":"https:\/\/compuviper.mx\/tienda\/#website"},"datePublished":"2026-04-23T06:12:01+00:00","dateModified":"2026-04-23T06:12:01+00:00","description":"Compra Ids-2cd7a46g0-izhs(c) Bala Ip 4 Megapixeles Lente Mot. 2.8 - 12 Mm \/ 30 Mts Ir Exir \/ Ik10 \/ Reconocimiento Facial \/ Wdr 140 Db \/ Deepinview \/ B\u00fasqueda Por Atributos \/ Heat Map \/ Acusense \/ + Env\u00edo a domicilio + Pago seguro + Garant\u00eda","breadcrumb":{"@id":"https:\/\/compuviper.mx\/tienda\/producto\/hikvision-ids-2cd7a46g0-izhsc-bala-ip-4-megapixeles-lente-mot-2-8-12-mm-30-mts-ir-exir-ik10-reconocimiento-facial-wdr-140-db-deepinview-bsqueda-por-atributos-heat-map-acusense\/#breadcrumb"},"inLanguage":"es-MX","potentialAction":[{"@type":"ReadAction","target":["https:\/\/compuviper.mx\/tienda\/producto\/hikvision-ids-2cd7a46g0-izhsc-bala-ip-4-megapixeles-lente-mot-2-8-12-mm-30-mts-ir-exir-ik10-reconocimiento-facial-wdr-140-db-deepinview-bsqueda-por-atributos-heat-map-acusense\/"]}]},{"@type":"BreadcrumbList","@id":"https:\/\/compuviper.mx\/tienda\/producto\/hikvision-ids-2cd7a46g0-izhsc-bala-ip-4-megapixeles-lente-mot-2-8-12-mm-30-mts-ir-exir-ik10-reconocimiento-facial-wdr-140-db-deepinview-bsqueda-por-atributos-heat-map-acusense\/#breadcrumb","itemListElement":[{"@type":"ListItem","position":1,"name":"Inicio","item":"https:\/\/compuviper.mx\/tienda\/"},{"@type":"ListItem","position":2,"name":"Productos","item":"https:\/\/compuviper.mx\/tienda\/productos\/"},{"@type":"ListItem","position":3,"name":"Camaras","item":"https:\/\/compuviper.mx\/tienda\/categoria-producto\/camaras-2\/"},{"@type":"ListItem","position":4,"name":"Camara De Videovigilancia","item":"https:\/\/compuviper.mx\/tienda\/categoria-producto\/camaras-2\/camara-de-videovigilancia\/"},{"@type":"ListItem","position":5,"name":"Hikvision Ids-2cd7a46g0-izhs(c) Bala Ip 4 Megapixeles Lente Mot. 2.8 &#8211; 12 Mm \/ 30 Mts Ir Exir \/ Ik10 \/ Reconocimiento Facial \/ Wdr 140 Db \/ Deepinview \/ B?squeda Por Atributos \/ Heat Map \/ Acusense \/"}]},{"@type":"WebSite","@id":"https:\/\/compuviper.mx\/tienda\/#website","url":"https:\/\/compuviper.mx\/tienda\/","name":"Compuviper","description":"Proveedor de Computadoras, Laptops, Servidores, Monitores, Puntos de Venta, Teclados,   Impresoras, T\u00f3ner, C\u00e1maras de Seguridad y m\u00e1s en tu tienda en l\u00ednea","publisher":{"@id":"https:\/\/compuviper.mx\/tienda\/#organization"},"potentialAction":[{"@type":"SearchAction","target":{"@type":"EntryPoint","urlTemplate":"https:\/\/compuviper.mx\/tienda\/?s={search_term_string}"},"query-input":"required name=search_term_string"}],"inLanguage":"es-MX"},{"@type":"Organization","@id":"https:\/\/compuviper.mx\/tienda\/#organization","name":"Compuviper","url":"https:\/\/compuviper.mx\/tienda\/","logo":{"@type":"ImageObject","inLanguage":"es-MX","@id":"https:\/\/compuviper.mx\/tienda\/#\/schema\/logo\/image\/","url":"https:\/\/compuviper.mx\/tienda\/wp-content\/uploads\/2021\/08\/Logo-Compuviper-10.png","contentUrl":"https:\/\/compuviper.mx\/tienda\/wp-content\/uploads\/2021\/08\/Logo-Compuviper-10.png","width":1000,"height":500,"caption":"Compuviper"},"image":{"@id":"https:\/\/compuviper.mx\/tienda\/#\/schema\/logo\/image\/"},"sameAs":["https:\/\/www.facebook.com\/compuviper","https:\/\/www.youtube.com\/channel\/UCf73dERp9Y3cfOq7q8BhLjA?view_as=subscriber"]}]},"product_brand":"HIKVISION","product_price_amount":"12847","product_price_currency":"MXN","og_availability":"backorder","product_availability":"available for order","product_retailer_item_id":"IDS-2CD7A46G0-IZHS(C)","product_condition":"new"},"_links":{"self":[{"href":"https:\/\/compuviper.mx\/tienda\/wp-json\/wp\/v2\/product\/217021"}],"collection":[{"href":"https:\/\/compuviper.mx\/tienda\/wp-json\/wp\/v2\/product"}],"about":[{"href":"https:\/\/compuviper.mx\/tienda\/wp-json\/wp\/v2\/types\/product"}],"replies":[{"embeddable":true,"href":"https:\/\/compuviper.mx\/tienda\/wp-json\/wp\/v2\/comments?post=217021"}],"wp:featuredmedia":[{"embeddable":true,"href":"https:\/\/compuviper.mx\/tienda\/wp-json\/wp\/v2\/media\/233919"}],"wp:attachment":[{"href":"https:\/\/compuviper.mx\/tienda\/wp-json\/wp\/v2\/media?parent=217021"}],"wp:term":[{"taxonomy":"product_cat","embeddable":true,"href":"https:\/\/compuviper.mx\/tienda\/wp-json\/wp\/v2\/product_cat?post=217021"},{"taxonomy":"product_tag","embeddable":true,"href":"https:\/\/compuviper.mx\/tienda\/wp-json\/wp\/v2\/product_tag?post=217021"}],"curies":[{"name":"wp","href":"https:\/\/api.w.org\/{rel}","templated":true}]}}