{"id":216962,"date":"2026-04-23T00:11:48","date_gmt":"2026-04-23T06:11:48","guid":{"rendered":"https:\/\/compuviper.mx\/tienda\/producto\/hikvision-ipc-b140hc-camara-ip-bala-hilook-by-4-megapixel-30-mts-ir-exterior-ip67-poe-wdr-120-db-lente-2-8-mm-h-265-onvif\/"},"modified":"2026-04-23T00:11:49","modified_gmt":"2026-04-23T06:11:49","slug":"hikvision-ipc-b140hc-camara-ip-bala-hilook-by-4-megapixel-30-mts-ir-exterior-ip67-poe-wdr-120-db-lente-2-8-mm-h-265-onvif","status":"publish","type":"product","link":"https:\/\/compuviper.mx\/tienda\/producto\/hikvision-ipc-b140hc-camara-ip-bala-hilook-by-4-megapixel-30-mts-ir-exterior-ip67-poe-wdr-120-db-lente-2-8-mm-h-265-onvif\/","title":{"rendered":"Hikvision Ipc-b140h(c) Camara Ip Bala Hilook By   4 Megapixel \/ 30 Mts Ir \/ Exterior Ip67 \/ Poe \/ Wdr 120 Db \/ Lente 2.8 Mm \/ H.265+ \/ Onvif"},"content":{"rendered":"<table class=\"descripcion\">\n<tr>\n<td>Caracter\u00edsticas principales:<\/td>\n<\/tr>\n<tr>\n<td>    resoluci\u00f3n maxima: 4 megapixel (2560 \u00d7 1440).<\/td>\n<\/tr>\n<tr>\n<td>    iluminaci\u00f3n m\u00ednima: color 0.0028 lux @ (f2.0, agc on).<\/td>\n<\/tr>\n<tr>\n<td>    d\u00eda \/ noche real (filtro icr).<\/td>\n<\/tr>\n<tr>\n<td>    distancia focal: 2.8 mm ( angulo de vision 98\u00ba ).<\/td>\n<\/tr>\n<tr>\n<td>    distancia de infrarrojo: 30 mts smart ir.<\/td>\n<\/tr>\n<tr>\n<td>    funciones normales: wdr 120db \/ blc \/ hlc \/ 3d dnr \/ roi.<\/td>\n<\/tr>\n<tr>\n<td>    compresi\u00f3n: h.265+ \/ h.265 \/ h.264+ \/ h.264.<\/td>\n<\/tr>\n<tr>\n<td>    compatible con la plataforma de hik-connect (https:\/\/appstore.hikvision.com\/).<\/td>\n<\/tr>\n<tr>\n<td>Caracter\u00edsticas f\u00edsicas y el\u00e9ctricas:<\/td>\n<\/tr>\n<tr>\n<td>    alimentaci\u00f3n: 12 vcc \/ 6.5 w \/ poe (802.3 af).<\/td>\n<\/tr>\n<tr>\n<td>    temperatura de operaci\u00f3n: -30\u00b0c a 60\u00b0c \/ humedad al 95% m\u00e1ximo.<\/td>\n<\/tr>\n<tr>\n<td>    uso en exterior: ip67.<\/td>\n<\/tr>\n<tr>\n<td>    protecci\u00f3n contra sobretensiones y protecci\u00f3n contra voltajes transitorios.<\/td>\n<\/tr>\n<tr>\n<td>    dimensiones: 181.4 x 71.4 x 66.7 mm<\/td>\n<\/tr>\n<tr>\n<td>    fabricado en material de metal y policarbonato.<\/td>\n<\/tr>\n<tr>\n<td>    peso: 270 gramos.<\/td>\n<\/tr>\n<tr>\n<td>    garant\u00eda: 2 a\u00f1os.<\/td>\n<\/tr>\n<tr>\n<td>Accesorios:<\/td>\n<\/tr>\n<tr>\n<td>    caja de conexiones, modelo: ds-1280zj-xs<\/td>\n<\/tr>\n<\/table>\n","protected":false},"excerpt":{"rendered":"<p>Caracter\u00edsticas destacadas.     Main stream: 20fps (2560 \u00d7 1440, 2304 \u00d7 1296, 1920 \u00d7 1080, 1280 \u00d7 720).     Sub steam:  20fps (640 \u00d7 480, 640 \u00d7 360, 320 \u00d7 240).     Soporta hasta 6 usuarios simult\u00e1neos.     Entradas de alarma: n\/a.     Salidas de alarma: n\/a.     Entradas de audio: n\/a.     Salidas de audio: n\/a.     Puerto de red: 1 (10 \/ 100 mbps ).     Soporta onvif (profile s) \/ isapi \/ sdk.<\/p>\n","protected":false},"featured_media":216963,"comment_status":"open","ping_status":"open","template":"","meta":[],"product_cat":[1608,1681],"product_tag":[1595],"acf":[],"yoast_head":"<!-- This site is optimized with the Yoast SEO plugin v21.7 - https:\/\/yoast.com\/wordpress\/plugins\/seo\/ -->\n<title>[ Hikvision ] &#129351; Ipc-b140h(c) Camara Ip Bala Hilook By 4 Megapixel \/ 30 Mts Ir \/ Exterior Ip67 \/ Poe \/ Wdr 120 Db \/ Lente 2.8 Mm \/ H.265+ \/ Onvif<\/title>\n<meta name=\"description\" content=\"Compra Ipc-b140h(c) Camara Ip Bala Hilook By 4 Megapixel \/ 30 Mts Ir \/ Exterior Ip67 \/ Poe \/ Wdr 120 Db \/ Lente 2.8 Mm \/ H.265+ \/ Onvif + Env\u00edo a domicilio + Pago seguro + Garant\u00eda\" \/>\n<meta name=\"robots\" content=\"index, follow, max-snippet:-1, max-image-preview:large, max-video-preview:-1\" \/>\n<link rel=\"canonical\" href=\"https:\/\/compuviper.mx\/tienda\/producto\/hikvision-ipc-b140hc-camara-ip-bala-hilook-by-4-megapixel-30-mts-ir-exterior-ip67-poe-wdr-120-db-lente-2-8-mm-h-265-onvif\/\" \/>\n<meta property=\"og:locale\" content=\"es_MX\" \/>\n<meta property=\"og:type\" content=\"article\" \/>\n<meta property=\"og:title\" content=\"[ Hikvision ] &#129351; Ipc-b140h(c) Camara Ip Bala Hilook By 4 Megapixel \/ 30 Mts Ir \/ Exterior Ip67 \/ Poe \/ Wdr 120 Db \/ Lente 2.8 Mm \/ H.265+ \/ Onvif\" \/>\n<meta property=\"og:description\" content=\"Compra Ipc-b140h(c) Camara Ip Bala Hilook By 4 Megapixel \/ 30 Mts Ir \/ Exterior Ip67 \/ Poe \/ Wdr 120 Db \/ Lente 2.8 Mm \/ H.265+ \/ Onvif + Env\u00edo a domicilio + Pago seguro + Garant\u00eda\" \/>\n<meta property=\"og:url\" content=\"https:\/\/compuviper.mx\/tienda\/producto\/hikvision-ipc-b140hc-camara-ip-bala-hilook-by-4-megapixel-30-mts-ir-exterior-ip67-poe-wdr-120-db-lente-2-8-mm-h-265-onvif\/\" \/>\n<meta property=\"og:site_name\" content=\"Compuviper\" \/>\n<meta property=\"article:publisher\" content=\"https:\/\/www.facebook.com\/compuviper\" \/>\n<meta property=\"article:modified_time\" content=\"2026-04-23T06:11:49+00:00\" \/>\n<meta property=\"og:image\" content=\"https:\/\/compuviper.mx\/tienda\/wp-content\/uploads\/2023\/12\/Camara-ip-bala-hilook-by-hikvision-ipc-b140hc-4-megapixel-30-mts-ir-exterior-ip67-poe-wdr-120-db-lente-2.8-mm-h.265-onvif.jpg\" \/>\n\t<meta property=\"og:image:width\" content=\"200\" \/>\n\t<meta property=\"og:image:height\" content=\"200\" \/>\n\t<meta property=\"og:image:type\" content=\"image\/jpeg\" \/>\n<meta name=\"twitter:card\" content=\"summary_large_image\" \/>\n<meta name=\"twitter:label1\" content=\"Precio\" \/>\n\t<meta name=\"twitter:data1\" content=\"&#36;1,100 con IVA\" \/>\n\t<meta name=\"twitter:label2\" content=\"Availability\" \/>\n\t<meta name=\"twitter:data2\" content=\"On backorder\" \/>\n<script type=\"application\/ld+json\" class=\"yoast-schema-graph\">{\"@context\":\"https:\/\/schema.org\",\"@graph\":[{\"@type\":\"WebPage\",\"@id\":\"https:\/\/compuviper.mx\/tienda\/producto\/hikvision-ipc-b140hc-camara-ip-bala-hilook-by-4-megapixel-30-mts-ir-exterior-ip67-poe-wdr-120-db-lente-2-8-mm-h-265-onvif\/\",\"url\":\"https:\/\/compuviper.mx\/tienda\/producto\/hikvision-ipc-b140hc-camara-ip-bala-hilook-by-4-megapixel-30-mts-ir-exterior-ip67-poe-wdr-120-db-lente-2-8-mm-h-265-onvif\/\",\"name\":\"[ Hikvision ] &#129351; Ipc-b140h(c) Camara Ip Bala Hilook By 4 Megapixel \/ 30 Mts Ir \/ Exterior Ip67 \/ Poe \/ Wdr 120 Db \/ Lente 2.8 Mm \/ H.265+ \/ Onvif\",\"isPartOf\":{\"@id\":\"https:\/\/compuviper.mx\/tienda\/#website\"},\"datePublished\":\"2026-04-23T06:11:48+00:00\",\"dateModified\":\"2026-04-23T06:11:49+00:00\",\"description\":\"Compra Ipc-b140h(c) Camara Ip Bala Hilook By 4 Megapixel \/ 30 Mts Ir \/ Exterior Ip67 \/ Poe \/ Wdr 120 Db \/ Lente 2.8 Mm \/ H.265+ \/ Onvif + Env\u00edo a domicilio + Pago seguro + Garant\u00eda\",\"breadcrumb\":{\"@id\":\"https:\/\/compuviper.mx\/tienda\/producto\/hikvision-ipc-b140hc-camara-ip-bala-hilook-by-4-megapixel-30-mts-ir-exterior-ip67-poe-wdr-120-db-lente-2-8-mm-h-265-onvif\/#breadcrumb\"},\"inLanguage\":\"es-MX\",\"potentialAction\":[{\"@type\":\"ReadAction\",\"target\":[\"https:\/\/compuviper.mx\/tienda\/producto\/hikvision-ipc-b140hc-camara-ip-bala-hilook-by-4-megapixel-30-mts-ir-exterior-ip67-poe-wdr-120-db-lente-2-8-mm-h-265-onvif\/\"]}]},{\"@type\":\"BreadcrumbList\",\"@id\":\"https:\/\/compuviper.mx\/tienda\/producto\/hikvision-ipc-b140hc-camara-ip-bala-hilook-by-4-megapixel-30-mts-ir-exterior-ip67-poe-wdr-120-db-lente-2-8-mm-h-265-onvif\/#breadcrumb\",\"itemListElement\":[{\"@type\":\"ListItem\",\"position\":1,\"name\":\"Inicio\",\"item\":\"https:\/\/compuviper.mx\/tienda\/\"},{\"@type\":\"ListItem\",\"position\":2,\"name\":\"Productos\",\"item\":\"https:\/\/compuviper.mx\/tienda\/productos\/\"},{\"@type\":\"ListItem\",\"position\":3,\"name\":\"Camaras\",\"item\":\"https:\/\/compuviper.mx\/tienda\/categoria-producto\/camaras-2\/\"},{\"@type\":\"ListItem\",\"position\":4,\"name\":\"Camara De Videovigilancia\",\"item\":\"https:\/\/compuviper.mx\/tienda\/categoria-producto\/camaras-2\/camara-de-videovigilancia\/\"},{\"@type\":\"ListItem\",\"position\":5,\"name\":\"Hikvision Ipc-b140h(c) Camara Ip Bala Hilook By 4 Megapixel \/ 30 Mts Ir \/ Exterior Ip67 \/ Poe \/ Wdr 120 Db \/ Lente 2.8 Mm \/ H.265+ \/ Onvif\"}]},{\"@type\":\"WebSite\",\"@id\":\"https:\/\/compuviper.mx\/tienda\/#website\",\"url\":\"https:\/\/compuviper.mx\/tienda\/\",\"name\":\"Compuviper\",\"description\":\"Proveedor de Computadoras, Laptops, Servidores, Monitores, Puntos de Venta, Teclados,   Impresoras, T\u00f3ner, C\u00e1maras de Seguridad y m\u00e1s en tu tienda en l\u00ednea\",\"publisher\":{\"@id\":\"https:\/\/compuviper.mx\/tienda\/#organization\"},\"potentialAction\":[{\"@type\":\"SearchAction\",\"target\":{\"@type\":\"EntryPoint\",\"urlTemplate\":\"https:\/\/compuviper.mx\/tienda\/?s={search_term_string}\"},\"query-input\":\"required name=search_term_string\"}],\"inLanguage\":\"es-MX\"},{\"@type\":\"Organization\",\"@id\":\"https:\/\/compuviper.mx\/tienda\/#organization\",\"name\":\"Compuviper\",\"url\":\"https:\/\/compuviper.mx\/tienda\/\",\"logo\":{\"@type\":\"ImageObject\",\"inLanguage\":\"es-MX\",\"@id\":\"https:\/\/compuviper.mx\/tienda\/#\/schema\/logo\/image\/\",\"url\":\"https:\/\/compuviper.mx\/tienda\/wp-content\/uploads\/2021\/08\/Logo-Compuviper-10.png\",\"contentUrl\":\"https:\/\/compuviper.mx\/tienda\/wp-content\/uploads\/2021\/08\/Logo-Compuviper-10.png\",\"width\":1000,\"height\":500,\"caption\":\"Compuviper\"},\"image\":{\"@id\":\"https:\/\/compuviper.mx\/tienda\/#\/schema\/logo\/image\/\"},\"sameAs\":[\"https:\/\/www.facebook.com\/compuviper\",\"https:\/\/www.youtube.com\/channel\/UCf73dERp9Y3cfOq7q8BhLjA?view_as=subscriber\"]}]}<\/script>\n<meta property=\"product:brand\" content=\"HIKVISION\" \/>\n<meta property=\"product:price:amount\" content=\"1100\" \/>\n<meta property=\"product:price:currency\" content=\"MXN\" \/>\n<meta property=\"og:availability\" content=\"backorder\" \/>\n<meta property=\"product:availability\" content=\"available for order\" \/>\n<meta property=\"product:retailer_item_id\" content=\"IPC-B140H(C)\" \/>\n<meta property=\"product:condition\" content=\"new\" \/>\n<!-- \/ Yoast SEO plugin. -->","yoast_head_json":{"title":"[ Hikvision ] &#129351; Ipc-b140h(c) Camara Ip Bala Hilook By 4 Megapixel \/ 30 Mts Ir \/ Exterior Ip67 \/ Poe \/ Wdr 120 Db \/ Lente 2.8 Mm \/ H.265+ \/ Onvif","description":"Compra Ipc-b140h(c) Camara Ip Bala Hilook By 4 Megapixel \/ 30 Mts Ir \/ Exterior Ip67 \/ Poe \/ Wdr 120 Db \/ Lente 2.8 Mm \/ H.265+ \/ Onvif + Env\u00edo a domicilio + Pago seguro + Garant\u00eda","robots":{"index":"index","follow":"follow","max-snippet":"max-snippet:-1","max-image-preview":"max-image-preview:large","max-video-preview":"max-video-preview:-1"},"canonical":"https:\/\/compuviper.mx\/tienda\/producto\/hikvision-ipc-b140hc-camara-ip-bala-hilook-by-4-megapixel-30-mts-ir-exterior-ip67-poe-wdr-120-db-lente-2-8-mm-h-265-onvif\/","og_locale":"es_MX","og_type":"article","og_title":"[ Hikvision ] &#129351; Ipc-b140h(c) Camara Ip Bala Hilook By 4 Megapixel \/ 30 Mts Ir \/ Exterior Ip67 \/ Poe \/ Wdr 120 Db \/ Lente 2.8 Mm \/ H.265+ \/ Onvif","og_description":"Compra Ipc-b140h(c) Camara Ip Bala Hilook By 4 Megapixel \/ 30 Mts Ir \/ Exterior Ip67 \/ Poe \/ Wdr 120 Db \/ Lente 2.8 Mm \/ H.265+ \/ Onvif + Env\u00edo a domicilio + Pago seguro + Garant\u00eda","og_url":"https:\/\/compuviper.mx\/tienda\/producto\/hikvision-ipc-b140hc-camara-ip-bala-hilook-by-4-megapixel-30-mts-ir-exterior-ip67-poe-wdr-120-db-lente-2-8-mm-h-265-onvif\/","og_site_name":"Compuviper","article_publisher":"https:\/\/www.facebook.com\/compuviper","article_modified_time":"2026-04-23T06:11:49+00:00","og_image":[{"width":200,"height":200,"url":"https:\/\/compuviper.mx\/tienda\/wp-content\/uploads\/2023\/12\/Camara-ip-bala-hilook-by-hikvision-ipc-b140hc-4-megapixel-30-mts-ir-exterior-ip67-poe-wdr-120-db-lente-2.8-mm-h.265-onvif.jpg","type":"image\/jpeg"}],"twitter_card":"summary_large_image","twitter_misc":{"Precio":"&#36;1,100 con IVA","Availability":"On backorder"},"schema":{"@context":"https:\/\/schema.org","@graph":[{"@type":"WebPage","@id":"https:\/\/compuviper.mx\/tienda\/producto\/hikvision-ipc-b140hc-camara-ip-bala-hilook-by-4-megapixel-30-mts-ir-exterior-ip67-poe-wdr-120-db-lente-2-8-mm-h-265-onvif\/","url":"https:\/\/compuviper.mx\/tienda\/producto\/hikvision-ipc-b140hc-camara-ip-bala-hilook-by-4-megapixel-30-mts-ir-exterior-ip67-poe-wdr-120-db-lente-2-8-mm-h-265-onvif\/","name":"[ Hikvision ] &#129351; Ipc-b140h(c) Camara Ip Bala Hilook By 4 Megapixel \/ 30 Mts Ir \/ Exterior Ip67 \/ Poe \/ Wdr 120 Db \/ Lente 2.8 Mm \/ H.265+ \/ Onvif","isPartOf":{"@id":"https:\/\/compuviper.mx\/tienda\/#website"},"datePublished":"2026-04-23T06:11:48+00:00","dateModified":"2026-04-23T06:11:49+00:00","description":"Compra Ipc-b140h(c) Camara Ip Bala Hilook By 4 Megapixel \/ 30 Mts Ir \/ Exterior Ip67 \/ Poe \/ Wdr 120 Db \/ Lente 2.8 Mm \/ H.265+ \/ Onvif + Env\u00edo a domicilio + Pago seguro + Garant\u00eda","breadcrumb":{"@id":"https:\/\/compuviper.mx\/tienda\/producto\/hikvision-ipc-b140hc-camara-ip-bala-hilook-by-4-megapixel-30-mts-ir-exterior-ip67-poe-wdr-120-db-lente-2-8-mm-h-265-onvif\/#breadcrumb"},"inLanguage":"es-MX","potentialAction":[{"@type":"ReadAction","target":["https:\/\/compuviper.mx\/tienda\/producto\/hikvision-ipc-b140hc-camara-ip-bala-hilook-by-4-megapixel-30-mts-ir-exterior-ip67-poe-wdr-120-db-lente-2-8-mm-h-265-onvif\/"]}]},{"@type":"BreadcrumbList","@id":"https:\/\/compuviper.mx\/tienda\/producto\/hikvision-ipc-b140hc-camara-ip-bala-hilook-by-4-megapixel-30-mts-ir-exterior-ip67-poe-wdr-120-db-lente-2-8-mm-h-265-onvif\/#breadcrumb","itemListElement":[{"@type":"ListItem","position":1,"name":"Inicio","item":"https:\/\/compuviper.mx\/tienda\/"},{"@type":"ListItem","position":2,"name":"Productos","item":"https:\/\/compuviper.mx\/tienda\/productos\/"},{"@type":"ListItem","position":3,"name":"Camaras","item":"https:\/\/compuviper.mx\/tienda\/categoria-producto\/camaras-2\/"},{"@type":"ListItem","position":4,"name":"Camara De Videovigilancia","item":"https:\/\/compuviper.mx\/tienda\/categoria-producto\/camaras-2\/camara-de-videovigilancia\/"},{"@type":"ListItem","position":5,"name":"Hikvision Ipc-b140h(c) Camara Ip Bala Hilook By 4 Megapixel \/ 30 Mts Ir \/ Exterior Ip67 \/ Poe \/ Wdr 120 Db \/ Lente 2.8 Mm \/ H.265+ \/ Onvif"}]},{"@type":"WebSite","@id":"https:\/\/compuviper.mx\/tienda\/#website","url":"https:\/\/compuviper.mx\/tienda\/","name":"Compuviper","description":"Proveedor de Computadoras, Laptops, Servidores, Monitores, Puntos de Venta, Teclados,   Impresoras, T\u00f3ner, C\u00e1maras de Seguridad y m\u00e1s en tu tienda en l\u00ednea","publisher":{"@id":"https:\/\/compuviper.mx\/tienda\/#organization"},"potentialAction":[{"@type":"SearchAction","target":{"@type":"EntryPoint","urlTemplate":"https:\/\/compuviper.mx\/tienda\/?s={search_term_string}"},"query-input":"required name=search_term_string"}],"inLanguage":"es-MX"},{"@type":"Organization","@id":"https:\/\/compuviper.mx\/tienda\/#organization","name":"Compuviper","url":"https:\/\/compuviper.mx\/tienda\/","logo":{"@type":"ImageObject","inLanguage":"es-MX","@id":"https:\/\/compuviper.mx\/tienda\/#\/schema\/logo\/image\/","url":"https:\/\/compuviper.mx\/tienda\/wp-content\/uploads\/2021\/08\/Logo-Compuviper-10.png","contentUrl":"https:\/\/compuviper.mx\/tienda\/wp-content\/uploads\/2021\/08\/Logo-Compuviper-10.png","width":1000,"height":500,"caption":"Compuviper"},"image":{"@id":"https:\/\/compuviper.mx\/tienda\/#\/schema\/logo\/image\/"},"sameAs":["https:\/\/www.facebook.com\/compuviper","https:\/\/www.youtube.com\/channel\/UCf73dERp9Y3cfOq7q8BhLjA?view_as=subscriber"]}]},"product_brand":"HIKVISION","product_price_amount":"1100","product_price_currency":"MXN","og_availability":"backorder","product_availability":"available for order","product_retailer_item_id":"IPC-B140H(C)","product_condition":"new"},"_links":{"self":[{"href":"https:\/\/compuviper.mx\/tienda\/wp-json\/wp\/v2\/product\/216962"}],"collection":[{"href":"https:\/\/compuviper.mx\/tienda\/wp-json\/wp\/v2\/product"}],"about":[{"href":"https:\/\/compuviper.mx\/tienda\/wp-json\/wp\/v2\/types\/product"}],"replies":[{"embeddable":true,"href":"https:\/\/compuviper.mx\/tienda\/wp-json\/wp\/v2\/comments?post=216962"}],"wp:featuredmedia":[{"embeddable":true,"href":"https:\/\/compuviper.mx\/tienda\/wp-json\/wp\/v2\/media\/216963"}],"wp:attachment":[{"href":"https:\/\/compuviper.mx\/tienda\/wp-json\/wp\/v2\/media?parent=216962"}],"wp:term":[{"taxonomy":"product_cat","embeddable":true,"href":"https:\/\/compuviper.mx\/tienda\/wp-json\/wp\/v2\/product_cat?post=216962"},{"taxonomy":"product_tag","embeddable":true,"href":"https:\/\/compuviper.mx\/tienda\/wp-json\/wp\/v2\/product_tag?post=216962"}],"curies":[{"name":"wp","href":"https:\/\/api.w.org\/{rel}","templated":true}]}}