{"id":216928,"date":"2026-04-23T00:11:45","date_gmt":"2026-04-23T06:11:45","guid":{"rendered":"https:\/\/compuviper.mx\/tienda\/producto\/hikvision-ds-2ce16d0t-lfs-camara-turbohd-2-megapixeles-luz-dual-ir-luz-blancagran-angular-101-lente-2-8-mm-30-mts-ir-exir-20-mts-luz-blanca-exterior-ip67-4-tecnologas-micrfono-int\/"},"modified":"2026-04-23T00:11:45","modified_gmt":"2026-04-23T06:11:45","slug":"hikvision-ds-2ce16d0t-lfs-camara-turbohd-2-megapixeles-luz-dual-ir-luz-blancagran-angular-101-lente-2-8-mm-30-mts-ir-exir-20-mts-luz-blanca-exterior-ip67-4-tecnologas-micrfono-int","status":"publish","type":"product","link":"https:\/\/compuviper.mx\/tienda\/producto\/hikvision-ds-2ce16d0t-lfs-camara-turbohd-2-megapixeles-luz-dual-ir-luz-blancagran-angular-101-lente-2-8-mm-30-mts-ir-exir-20-mts-luz-blanca-exterior-ip67-4-tecnologas-micrfono-int\/","title":{"rendered":"Hikvision Ds-2ce16d0t-lfs Camara Turbohd 2 Megapixeles   Luz Dual (ir + Luz Blanca)gran Angular 101? \/ Lente 2.8 Mm \/ 30 Mts Ir Exir \/ 20 Mts Luz Blanca \/ Exterior Ip67 \/ 4 Tecnolog?as \/ Micr?fono Inte"},"content":{"rendered":"<table class=\"descripcion\">\n<tr>\n<td>Caracter\u00edsticas principales:<\/td>\n<\/tr>\n<tr>\n<td>    resoluci\u00f3n m\u00e1xima: 2 megapixel (1920 x 1080).<\/td>\n<\/tr>\n<tr>\n<td>    lente fijo: 2.8 mm (angulo de visi\u00f3n 101\u00b0).<\/td>\n<\/tr>\n<tr>\n<td>    30 mts smart ir (vision nocturna).<\/td>\n<\/tr>\n<tr>\n<td>    20 mts luz blanca<\/td>\n<\/tr>\n<tr>\n<td>    soporta las 4 tecnolog\u00edas del mercado (tvi \/ ahd \/ cvi \/ cvbs).<\/td>\n<\/tr>\n<tr>\n<td>    dwdr.<\/td>\n<\/tr>\n<tr>\n<td>    soporta coaxitron.<\/td>\n<\/tr>\n<tr>\n<td>    nota: el audio por coaxitron se env\u00eda \u00fanicamente por tecnolog\u00eda tvi.<\/td>\n<\/tr>\n<tr>\n<td>Caracter\u00edsticas f\u00edsicas y el\u00e9ctricas:<\/td>\n<\/tr>\n<tr>\n<td>    alimentaci\u00f3n \/ consumo: 12 vcc \/ 3.3 watts.<\/td>\n<\/tr>\n<tr>\n<td>    protecci\u00f3n: ip67 (interior \/ exterior).<\/td>\n<\/tr>\n<tr>\n<td>    fabricada en metal.<\/td>\n<\/tr>\n<tr>\n<td>    peso: 266 gramos.<\/td>\n<\/tr>\n<tr>\n<td>    garant\u00eda: 2 a\u00f1os.<\/td>\n<\/tr>\n<tr>\n<td>Accesorios:<\/td>\n<\/tr>\n<tr>\n<td>    caja de conexiones, modelo: ds-1280zj-xs<\/td>\n<\/tr>\n<\/table>\n","protected":false},"excerpt":{"rendered":"<p>Caracter\u00edsticas destacadas. La c\u00e1mara cuenta con un micr\u00f3fono interconstruido, el cual no requiere cables adicionales para poder transmitir el audio. La funci\u00f3n de luz dual (dual light) permite que la c\u00e1mara cuando este en modo noche (con ir encendido) pueda activar su luz blanca para grabar a color cuando ocurra un evento (detecci\u00f3n de movimiento, cruce de linea, entrada de area). La comunicaci\u00f3n de activar luz blanca unicamente funciona en modo tvi (turbohd) y con grabadores con versiones de firmware 4.26 o superior.<\/p>\n","protected":false},"featured_media":216929,"comment_status":"open","ping_status":"open","template":"","meta":[],"product_cat":[1681,1608],"product_tag":[1595],"acf":[],"yoast_head":"<!-- This site is optimized with the Yoast SEO plugin v21.7 - https:\/\/yoast.com\/wordpress\/plugins\/seo\/ -->\n<title>[ Hikvision ] &#129351; Ds-2ce16d0t-lfs Camara Turbohd 2 Megapixeles Luz Dual (ir + Luz Blanca)gran Angular 101\u00b0 \/ Lente 2.8 Mm \/ 30 Mts Ir Exir \/ 20 Mts Luz Blanca \/ Exterior Ip67 \/ 4 Tecnolog\u00edas \/ Micr\u00f3fono Inte<\/title>\n<meta name=\"description\" content=\"Compra Ds-2ce16d0t-lfs Camara Turbohd 2 Megapixeles Luz Dual (ir + Luz Blanca)gran Angular 101\u00b0 \/ Lente 2.8 Mm \/ 30 Mts Ir Exir \/ 20 Mts Luz Blanca \/ Exterior Ip67 \/ 4 Tecnolog\u00edas \/ Micr\u00f3fono Inte + Env\u00edo a domicilio + Pago seguro + Garant\u00eda\" \/>\n<meta name=\"robots\" content=\"index, follow, max-snippet:-1, max-image-preview:large, max-video-preview:-1\" \/>\n<link rel=\"canonical\" href=\"https:\/\/compuviper.mx\/tienda\/producto\/hikvision-ds-2ce16d0t-lfs-camara-turbohd-2-megapixeles-luz-dual-ir-luz-blancagran-angular-101-lente-2-8-mm-30-mts-ir-exir-20-mts-luz-blanca-exterior-ip67-4-tecnologas-micrfono-int\/\" \/>\n<meta property=\"og:locale\" content=\"es_MX\" \/>\n<meta property=\"og:type\" content=\"article\" \/>\n<meta property=\"og:title\" content=\"[ Hikvision ] &#129351; Ds-2ce16d0t-lfs Camara Turbohd 2 Megapixeles Luz Dual (ir + Luz Blanca)gran Angular 101\u00b0 \/ Lente 2.8 Mm \/ 30 Mts Ir Exir \/ 20 Mts Luz Blanca \/ Exterior Ip67 \/ 4 Tecnolog\u00edas \/ Micr\u00f3fono Inte\" \/>\n<meta property=\"og:description\" content=\"Compra Ds-2ce16d0t-lfs Camara Turbohd 2 Megapixeles Luz Dual (ir + Luz Blanca)gran Angular 101\u00b0 \/ Lente 2.8 Mm \/ 30 Mts Ir Exir \/ 20 Mts Luz Blanca \/ Exterior Ip67 \/ 4 Tecnolog\u00edas \/ Micr\u00f3fono Inte + Env\u00edo a domicilio + Pago seguro + Garant\u00eda\" \/>\n<meta property=\"og:url\" content=\"https:\/\/compuviper.mx\/tienda\/producto\/hikvision-ds-2ce16d0t-lfs-camara-turbohd-2-megapixeles-luz-dual-ir-luz-blancagran-angular-101-lente-2-8-mm-30-mts-ir-exir-20-mts-luz-blanca-exterior-ip67-4-tecnologas-micrfono-int\/\" \/>\n<meta property=\"og:site_name\" content=\"Compuviper\" \/>\n<meta property=\"article:publisher\" content=\"https:\/\/www.facebook.com\/compuviper\" \/>\n<meta property=\"og:image\" content=\"https:\/\/compuviper.mx\/tienda\/wp-content\/uploads\/2023\/12\/Camara-turbohd-2-megapixeles-hikvision-ds-2ce16d0t-lfs-luz-dual-ir-luz-blancagran-angular-101\u00b0-lente-2.8-mm-30-mts-ir-exir-20-mts-luz-blanca-exterior-ip67-4-tecnologias-microfono-inte.jpg\" \/>\n\t<meta property=\"og:image:width\" content=\"200\" \/>\n\t<meta property=\"og:image:height\" content=\"200\" \/>\n\t<meta property=\"og:image:type\" content=\"image\/jpeg\" \/>\n<meta name=\"twitter:card\" content=\"summary_large_image\" \/>\n<meta name=\"twitter:label1\" content=\"Precio\" \/>\n\t<meta name=\"twitter:data1\" content=\"&#36;569 con IVA\" \/>\n\t<meta name=\"twitter:label2\" content=\"Availability\" \/>\n\t<meta name=\"twitter:data2\" content=\"Out of stock\" \/>\n<script type=\"application\/ld+json\" class=\"yoast-schema-graph\">{\"@context\":\"https:\/\/schema.org\",\"@graph\":[{\"@type\":\"WebPage\",\"@id\":\"https:\/\/compuviper.mx\/tienda\/producto\/hikvision-ds-2ce16d0t-lfs-camara-turbohd-2-megapixeles-luz-dual-ir-luz-blancagran-angular-101-lente-2-8-mm-30-mts-ir-exir-20-mts-luz-blanca-exterior-ip67-4-tecnologas-micrfono-int\/\",\"url\":\"https:\/\/compuviper.mx\/tienda\/producto\/hikvision-ds-2ce16d0t-lfs-camara-turbohd-2-megapixeles-luz-dual-ir-luz-blancagran-angular-101-lente-2-8-mm-30-mts-ir-exir-20-mts-luz-blanca-exterior-ip67-4-tecnologas-micrfono-int\/\",\"name\":\"[ Hikvision ] &#129351; Ds-2ce16d0t-lfs Camara Turbohd 2 Megapixeles Luz Dual (ir + Luz Blanca)gran Angular 101\u00b0 \/ Lente 2.8 Mm \/ 30 Mts Ir Exir \/ 20 Mts Luz Blanca \/ Exterior Ip67 \/ 4 Tecnolog\u00edas \/ Micr\u00f3fono Inte\",\"isPartOf\":{\"@id\":\"https:\/\/compuviper.mx\/tienda\/#website\"},\"datePublished\":\"2026-04-23T06:11:45+00:00\",\"dateModified\":\"2026-04-23T06:11:45+00:00\",\"description\":\"Compra Ds-2ce16d0t-lfs Camara Turbohd 2 Megapixeles Luz Dual (ir + Luz Blanca)gran Angular 101\u00b0 \/ Lente 2.8 Mm \/ 30 Mts Ir Exir \/ 20 Mts Luz Blanca \/ Exterior Ip67 \/ 4 Tecnolog\u00edas \/ Micr\u00f3fono Inte + Env\u00edo a domicilio + Pago seguro + Garant\u00eda\",\"breadcrumb\":{\"@id\":\"https:\/\/compuviper.mx\/tienda\/producto\/hikvision-ds-2ce16d0t-lfs-camara-turbohd-2-megapixeles-luz-dual-ir-luz-blancagran-angular-101-lente-2-8-mm-30-mts-ir-exir-20-mts-luz-blanca-exterior-ip67-4-tecnologas-micrfono-int\/#breadcrumb\"},\"inLanguage\":\"es-MX\",\"potentialAction\":[{\"@type\":\"ReadAction\",\"target\":[\"https:\/\/compuviper.mx\/tienda\/producto\/hikvision-ds-2ce16d0t-lfs-camara-turbohd-2-megapixeles-luz-dual-ir-luz-blancagran-angular-101-lente-2-8-mm-30-mts-ir-exir-20-mts-luz-blanca-exterior-ip67-4-tecnologas-micrfono-int\/\"]}]},{\"@type\":\"BreadcrumbList\",\"@id\":\"https:\/\/compuviper.mx\/tienda\/producto\/hikvision-ds-2ce16d0t-lfs-camara-turbohd-2-megapixeles-luz-dual-ir-luz-blancagran-angular-101-lente-2-8-mm-30-mts-ir-exir-20-mts-luz-blanca-exterior-ip67-4-tecnologas-micrfono-int\/#breadcrumb\",\"itemListElement\":[{\"@type\":\"ListItem\",\"position\":1,\"name\":\"Inicio\",\"item\":\"https:\/\/compuviper.mx\/tienda\/\"},{\"@type\":\"ListItem\",\"position\":2,\"name\":\"Productos\",\"item\":\"https:\/\/compuviper.mx\/tienda\/productos\/\"},{\"@type\":\"ListItem\",\"position\":3,\"name\":\"Camaras\",\"item\":\"https:\/\/compuviper.mx\/tienda\/categoria-producto\/camaras-2\/\"},{\"@type\":\"ListItem\",\"position\":4,\"name\":\"Camara De Videovigilancia\",\"item\":\"https:\/\/compuviper.mx\/tienda\/categoria-producto\/camaras-2\/camara-de-videovigilancia\/\"},{\"@type\":\"ListItem\",\"position\":5,\"name\":\"Hikvision Ds-2ce16d0t-lfs Camara Turbohd 2 Megapixeles Luz Dual (ir + Luz Blanca)gran Angular 101? \/ Lente 2.8 Mm \/ 30 Mts Ir Exir \/ 20 Mts Luz Blanca \/ Exterior Ip67 \/ 4 Tecnolog?as \/ Micr?fono Inte\"}]},{\"@type\":\"WebSite\",\"@id\":\"https:\/\/compuviper.mx\/tienda\/#website\",\"url\":\"https:\/\/compuviper.mx\/tienda\/\",\"name\":\"Compuviper\",\"description\":\"Proveedor de Computadoras, Laptops, Servidores, Monitores, Puntos de Venta, Teclados,   Impresoras, T\u00f3ner, C\u00e1maras de Seguridad y m\u00e1s en tu tienda en l\u00ednea\",\"publisher\":{\"@id\":\"https:\/\/compuviper.mx\/tienda\/#organization\"},\"potentialAction\":[{\"@type\":\"SearchAction\",\"target\":{\"@type\":\"EntryPoint\",\"urlTemplate\":\"https:\/\/compuviper.mx\/tienda\/?s={search_term_string}\"},\"query-input\":\"required name=search_term_string\"}],\"inLanguage\":\"es-MX\"},{\"@type\":\"Organization\",\"@id\":\"https:\/\/compuviper.mx\/tienda\/#organization\",\"name\":\"Compuviper\",\"url\":\"https:\/\/compuviper.mx\/tienda\/\",\"logo\":{\"@type\":\"ImageObject\",\"inLanguage\":\"es-MX\",\"@id\":\"https:\/\/compuviper.mx\/tienda\/#\/schema\/logo\/image\/\",\"url\":\"https:\/\/compuviper.mx\/tienda\/wp-content\/uploads\/2021\/08\/Logo-Compuviper-10.png\",\"contentUrl\":\"https:\/\/compuviper.mx\/tienda\/wp-content\/uploads\/2021\/08\/Logo-Compuviper-10.png\",\"width\":1000,\"height\":500,\"caption\":\"Compuviper\"},\"image\":{\"@id\":\"https:\/\/compuviper.mx\/tienda\/#\/schema\/logo\/image\/\"},\"sameAs\":[\"https:\/\/www.facebook.com\/compuviper\",\"https:\/\/www.youtube.com\/channel\/UCf73dERp9Y3cfOq7q8BhLjA?view_as=subscriber\"]}]}<\/script>\n<meta property=\"product:brand\" content=\"HIKVISION\" \/>\n<meta property=\"product:price:amount\" content=\"569\" \/>\n<meta property=\"product:price:currency\" content=\"MXN\" \/>\n<meta property=\"og:availability\" content=\"out of stock\" \/>\n<meta property=\"product:availability\" content=\"out of stock\" \/>\n<meta property=\"product:retailer_item_id\" content=\"DS-2CE16D0T-LFS\" \/>\n<meta property=\"product:condition\" content=\"new\" \/>\n<!-- \/ Yoast SEO plugin. -->","yoast_head_json":{"title":"[ Hikvision ] &#129351; Ds-2ce16d0t-lfs Camara Turbohd 2 Megapixeles Luz Dual (ir + Luz Blanca)gran Angular 101\u00b0 \/ Lente 2.8 Mm \/ 30 Mts Ir Exir \/ 20 Mts Luz Blanca \/ Exterior Ip67 \/ 4 Tecnolog\u00edas \/ Micr\u00f3fono Inte","description":"Compra Ds-2ce16d0t-lfs Camara Turbohd 2 Megapixeles Luz Dual (ir + Luz Blanca)gran Angular 101\u00b0 \/ Lente 2.8 Mm \/ 30 Mts Ir Exir \/ 20 Mts Luz Blanca \/ Exterior Ip67 \/ 4 Tecnolog\u00edas \/ Micr\u00f3fono Inte + Env\u00edo a domicilio + Pago seguro + Garant\u00eda","robots":{"index":"index","follow":"follow","max-snippet":"max-snippet:-1","max-image-preview":"max-image-preview:large","max-video-preview":"max-video-preview:-1"},"canonical":"https:\/\/compuviper.mx\/tienda\/producto\/hikvision-ds-2ce16d0t-lfs-camara-turbohd-2-megapixeles-luz-dual-ir-luz-blancagran-angular-101-lente-2-8-mm-30-mts-ir-exir-20-mts-luz-blanca-exterior-ip67-4-tecnologas-micrfono-int\/","og_locale":"es_MX","og_type":"article","og_title":"[ Hikvision ] &#129351; Ds-2ce16d0t-lfs Camara Turbohd 2 Megapixeles Luz Dual (ir + Luz Blanca)gran Angular 101\u00b0 \/ Lente 2.8 Mm \/ 30 Mts Ir Exir \/ 20 Mts Luz Blanca \/ Exterior Ip67 \/ 4 Tecnolog\u00edas \/ Micr\u00f3fono Inte","og_description":"Compra Ds-2ce16d0t-lfs Camara Turbohd 2 Megapixeles Luz Dual (ir + Luz Blanca)gran Angular 101\u00b0 \/ Lente 2.8 Mm \/ 30 Mts Ir Exir \/ 20 Mts Luz Blanca \/ Exterior Ip67 \/ 4 Tecnolog\u00edas \/ Micr\u00f3fono Inte + Env\u00edo a domicilio + Pago seguro + Garant\u00eda","og_url":"https:\/\/compuviper.mx\/tienda\/producto\/hikvision-ds-2ce16d0t-lfs-camara-turbohd-2-megapixeles-luz-dual-ir-luz-blancagran-angular-101-lente-2-8-mm-30-mts-ir-exir-20-mts-luz-blanca-exterior-ip67-4-tecnologas-micrfono-int\/","og_site_name":"Compuviper","article_publisher":"https:\/\/www.facebook.com\/compuviper","og_image":[{"width":200,"height":200,"url":"https:\/\/compuviper.mx\/tienda\/wp-content\/uploads\/2023\/12\/Camara-turbohd-2-megapixeles-hikvision-ds-2ce16d0t-lfs-luz-dual-ir-luz-blancagran-angular-101\u00b0-lente-2.8-mm-30-mts-ir-exir-20-mts-luz-blanca-exterior-ip67-4-tecnologias-microfono-inte.jpg","type":"image\/jpeg"}],"twitter_card":"summary_large_image","twitter_misc":{"Precio":"&#36;569 con IVA","Availability":"Out of stock"},"schema":{"@context":"https:\/\/schema.org","@graph":[{"@type":"WebPage","@id":"https:\/\/compuviper.mx\/tienda\/producto\/hikvision-ds-2ce16d0t-lfs-camara-turbohd-2-megapixeles-luz-dual-ir-luz-blancagran-angular-101-lente-2-8-mm-30-mts-ir-exir-20-mts-luz-blanca-exterior-ip67-4-tecnologas-micrfono-int\/","url":"https:\/\/compuviper.mx\/tienda\/producto\/hikvision-ds-2ce16d0t-lfs-camara-turbohd-2-megapixeles-luz-dual-ir-luz-blancagran-angular-101-lente-2-8-mm-30-mts-ir-exir-20-mts-luz-blanca-exterior-ip67-4-tecnologas-micrfono-int\/","name":"[ Hikvision ] &#129351; Ds-2ce16d0t-lfs Camara Turbohd 2 Megapixeles Luz Dual (ir + Luz Blanca)gran Angular 101\u00b0 \/ Lente 2.8 Mm \/ 30 Mts Ir Exir \/ 20 Mts Luz Blanca \/ Exterior Ip67 \/ 4 Tecnolog\u00edas \/ Micr\u00f3fono Inte","isPartOf":{"@id":"https:\/\/compuviper.mx\/tienda\/#website"},"datePublished":"2026-04-23T06:11:45+00:00","dateModified":"2026-04-23T06:11:45+00:00","description":"Compra Ds-2ce16d0t-lfs Camara Turbohd 2 Megapixeles Luz Dual (ir + Luz Blanca)gran Angular 101\u00b0 \/ Lente 2.8 Mm \/ 30 Mts Ir Exir \/ 20 Mts Luz Blanca \/ Exterior Ip67 \/ 4 Tecnolog\u00edas \/ Micr\u00f3fono Inte + Env\u00edo a domicilio + Pago seguro + Garant\u00eda","breadcrumb":{"@id":"https:\/\/compuviper.mx\/tienda\/producto\/hikvision-ds-2ce16d0t-lfs-camara-turbohd-2-megapixeles-luz-dual-ir-luz-blancagran-angular-101-lente-2-8-mm-30-mts-ir-exir-20-mts-luz-blanca-exterior-ip67-4-tecnologas-micrfono-int\/#breadcrumb"},"inLanguage":"es-MX","potentialAction":[{"@type":"ReadAction","target":["https:\/\/compuviper.mx\/tienda\/producto\/hikvision-ds-2ce16d0t-lfs-camara-turbohd-2-megapixeles-luz-dual-ir-luz-blancagran-angular-101-lente-2-8-mm-30-mts-ir-exir-20-mts-luz-blanca-exterior-ip67-4-tecnologas-micrfono-int\/"]}]},{"@type":"BreadcrumbList","@id":"https:\/\/compuviper.mx\/tienda\/producto\/hikvision-ds-2ce16d0t-lfs-camara-turbohd-2-megapixeles-luz-dual-ir-luz-blancagran-angular-101-lente-2-8-mm-30-mts-ir-exir-20-mts-luz-blanca-exterior-ip67-4-tecnologas-micrfono-int\/#breadcrumb","itemListElement":[{"@type":"ListItem","position":1,"name":"Inicio","item":"https:\/\/compuviper.mx\/tienda\/"},{"@type":"ListItem","position":2,"name":"Productos","item":"https:\/\/compuviper.mx\/tienda\/productos\/"},{"@type":"ListItem","position":3,"name":"Camaras","item":"https:\/\/compuviper.mx\/tienda\/categoria-producto\/camaras-2\/"},{"@type":"ListItem","position":4,"name":"Camara De Videovigilancia","item":"https:\/\/compuviper.mx\/tienda\/categoria-producto\/camaras-2\/camara-de-videovigilancia\/"},{"@type":"ListItem","position":5,"name":"Hikvision Ds-2ce16d0t-lfs Camara Turbohd 2 Megapixeles Luz Dual (ir + Luz Blanca)gran Angular 101? \/ Lente 2.8 Mm \/ 30 Mts Ir Exir \/ 20 Mts Luz Blanca \/ Exterior Ip67 \/ 4 Tecnolog?as \/ Micr?fono Inte"}]},{"@type":"WebSite","@id":"https:\/\/compuviper.mx\/tienda\/#website","url":"https:\/\/compuviper.mx\/tienda\/","name":"Compuviper","description":"Proveedor de Computadoras, Laptops, Servidores, Monitores, Puntos de Venta, Teclados,   Impresoras, T\u00f3ner, C\u00e1maras de Seguridad y m\u00e1s en tu tienda en l\u00ednea","publisher":{"@id":"https:\/\/compuviper.mx\/tienda\/#organization"},"potentialAction":[{"@type":"SearchAction","target":{"@type":"EntryPoint","urlTemplate":"https:\/\/compuviper.mx\/tienda\/?s={search_term_string}"},"query-input":"required name=search_term_string"}],"inLanguage":"es-MX"},{"@type":"Organization","@id":"https:\/\/compuviper.mx\/tienda\/#organization","name":"Compuviper","url":"https:\/\/compuviper.mx\/tienda\/","logo":{"@type":"ImageObject","inLanguage":"es-MX","@id":"https:\/\/compuviper.mx\/tienda\/#\/schema\/logo\/image\/","url":"https:\/\/compuviper.mx\/tienda\/wp-content\/uploads\/2021\/08\/Logo-Compuviper-10.png","contentUrl":"https:\/\/compuviper.mx\/tienda\/wp-content\/uploads\/2021\/08\/Logo-Compuviper-10.png","width":1000,"height":500,"caption":"Compuviper"},"image":{"@id":"https:\/\/compuviper.mx\/tienda\/#\/schema\/logo\/image\/"},"sameAs":["https:\/\/www.facebook.com\/compuviper","https:\/\/www.youtube.com\/channel\/UCf73dERp9Y3cfOq7q8BhLjA?view_as=subscriber"]}]},"product_brand":"HIKVISION","product_price_amount":"569","product_price_currency":"MXN","og_availability":"out of stock","product_availability":"out of stock","product_retailer_item_id":"DS-2CE16D0T-LFS","product_condition":"new"},"_links":{"self":[{"href":"https:\/\/compuviper.mx\/tienda\/wp-json\/wp\/v2\/product\/216928"}],"collection":[{"href":"https:\/\/compuviper.mx\/tienda\/wp-json\/wp\/v2\/product"}],"about":[{"href":"https:\/\/compuviper.mx\/tienda\/wp-json\/wp\/v2\/types\/product"}],"replies":[{"embeddable":true,"href":"https:\/\/compuviper.mx\/tienda\/wp-json\/wp\/v2\/comments?post=216928"}],"wp:featuredmedia":[{"embeddable":true,"href":"https:\/\/compuviper.mx\/tienda\/wp-json\/wp\/v2\/media\/216929"}],"wp:attachment":[{"href":"https:\/\/compuviper.mx\/tienda\/wp-json\/wp\/v2\/media?parent=216928"}],"wp:term":[{"taxonomy":"product_cat","embeddable":true,"href":"https:\/\/compuviper.mx\/tienda\/wp-json\/wp\/v2\/product_cat?post=216928"},{"taxonomy":"product_tag","embeddable":true,"href":"https:\/\/compuviper.mx\/tienda\/wp-json\/wp\/v2\/product_tag?post=216928"}],"curies":[{"name":"wp","href":"https:\/\/api.w.org\/{rel}","templated":true}]}}