{"id":216876,"date":"2026-04-18T00:16:56","date_gmt":"2026-04-18T06:16:56","guid":{"rendered":"https:\/\/compuviper.mx\/tienda\/producto\/tp-link-tapo-c420s2-camara-wifi-tp-link-kit-2-camaras-para-exterior-con-bateria-recargable-resolucion-2k-1080p-ip65-a-prueba-de-agua-vision-nocturna-audio-bidireccional\/"},"modified":"2026-04-18T00:16:57","modified_gmt":"2026-04-18T06:16:57","slug":"tp-link-tapo-c420s2-camara-wifi-tp-link-kit-2-camaras-para-exterior-con-bateria-recargable-resolucion-2k-1080p-ip65-a-prueba-de-agua-vision-nocturna-audio-bidireccional","status":"publish","type":"product","link":"https:\/\/compuviper.mx\/tienda\/producto\/tp-link-tapo-c420s2-camara-wifi-tp-link-kit-2-camaras-para-exterior-con-bateria-recargable-resolucion-2k-1080p-ip65-a-prueba-de-agua-vision-nocturna-audio-bidireccional\/","title":{"rendered":"Tp Link Tapo C420s2 Camara Wifi Tp-link  Kit 2 Camaras Para Exterior Con Bateria Recargable Resolucion 2k 1080p Ip65 A Prueba De Agua Vision Nocturna Audio Bidireccional"},"content":{"rendered":"<table class=\"descripcion\">\n<tr>\n<td>Camara<\/td>\n<\/tr>\n<tr>\n<td>Sensor de imagen 1\/3\u0093<\/td>\n<\/tr>\n<tr>\n<td>Resoluci\u00f3n 2k qhd (2560 \u00d7 1440 px)<\/td>\n<\/tr>\n<tr>\n<td>Lens f\/no: 1,61\u00b110%; distancia focal: 3,18 mm \u00b1 5%<\/td>\n<\/tr>\n<tr>\n<td>Viewing angle 113\u00b0<\/td>\n<\/tr>\n<tr>\n<td>Night vision led ir de 850 nm hasta 49 pies\/15 m<\/td>\n<\/tr>\n<tr>\n<td>Network<\/td>\n<\/tr>\n<tr>\n<td>Protocolo wi-fi  ieee 802.11b\/g\/n, 2.4 ghz<\/td>\n<\/tr>\n<tr>\n<td>Protocolo tcp\/ip, icmp, dns, https, tcp, udp<\/td>\n<\/tr>\n<tr>\n<td>Frecuencia 2.4 ghz<\/td>\n<\/tr>\n<tr>\n<td>Wireless security wpa\/wpa2-psk<\/td>\n<\/tr>\n<tr>\n<td>Notificaciones de actividad<\/td>\n<\/tr>\n<tr>\n<td>Disparador de entrada detecci\u00f3n de movimiento, persona<\/td>\n<\/tr>\n<tr>\n<td>Detecci\u00f3n, detecci\u00f3n de mascotas, detecci\u00f3n de veh\u00edculos.<\/td>\n<\/tr>\n<tr>\n<td>Notificaci\u00f3n de salida notificaci\u00f3n, instant\u00e1nea (tapo care), clips (tapo<\/td>\n<\/tr>\n<tr>\n<td>Cuidado).<\/td>\n<\/tr>\n<tr>\n<td>Ambiente<\/td>\n<\/tr>\n<tr>\n<td>Temperatura en funcionamiento -20 and #8451;~45 and #8451;(-4\u00b0f ~113 \u00b0f )<\/td>\n<\/tr>\n<tr>\n<td>Temperatura en almacenamiento -20 and #8451;~60 and #8451; (-4\u00b0f~140\u00b0f)<\/td>\n<\/tr>\n<tr>\n<td>Humedad en funcionamiento 10%~90%hr, sin condensaci\u00f3n<\/td>\n<\/tr>\n<tr>\n<td>Humedad en almacenamiento 5%~90%hr, sin condensaci\u00f3n<\/td>\n<\/tr>\n<tr>\n<td>Contenidos del paquete<\/td>\n<\/tr>\n<tr>\n<td>Contenido del paquete c\u00e1maras tapo c420 (bater\u00eda incluida)<\/td>\n<\/tr>\n<tr>\n<td>Nodo tapo h200<\/td>\n<\/tr>\n<tr>\n<td>Adaptador usb<\/td>\n<\/tr>\n<tr>\n<td>Cable adaptador usb<\/td>\n<\/tr>\n<tr>\n<td>Adaptador de corriente cc<\/td>\n<\/tr>\n<tr>\n<td>Tornillos de montaje<\/td>\n<\/tr>\n<tr>\n<td>Plantillas de montaje<\/td>\n<\/tr>\n<tr>\n<td>Soportes de c\u00e1mara<\/td>\n<\/tr>\n<tr>\n<td>Gu\u00eda de inicio r\u00e1pido<\/td>\n<\/tr>\n<tr>\n<td>Cable ethernet rj45<\/td>\n<\/tr>\n<tr>\n<td>Hardware<\/td>\n<\/tr>\n<tr>\n<td>Bot\u00f3n bot\u00f3n de la c\u00e1mara: bot\u00f3n restablecer\/sync<\/td>\n<\/tr>\n<tr>\n<td>Bot\u00f3n del concentrador: bot\u00f3n de reinicio; bot\u00f3n sincronizar<\/td>\n<\/tr>\n<tr>\n<td>Led indicador indicador led de la c\u00e1mara: led del sistema<\/td>\n<\/tr>\n<tr>\n<td>Indicador led del concentrador: led del sistema<\/td>\n<\/tr>\n<tr>\n<td>Entrada del adaptador entrada del adaptador de c\u00e1mara: 100-240 v, 50\/60 hz<\/td>\n<\/tr>\n<tr>\n<td>Entrada del adaptador de concentrador: 100-240 v, 50\/60 hz, 0,3 a<\/td>\n<\/tr>\n<tr>\n<td>Salida del adaptador salida del adaptador de c\u00e1mara: 5,0 v, 1,0 a<\/td>\n<\/tr>\n<tr>\n<td>Salida del adaptador de concentrador: 9.0v, 0.85a<\/td>\n<\/tr>\n<tr>\n<td>Dimensiones (w x d x h) dimensiones de la c\u00e1mara: 4,35 x 2,52 x 2,52 pulgadas.<\/td>\n<\/tr>\n<tr>\n<td>(110,6*64,2*64,2mm)<\/td>\n<\/tr>\n<tr>\n<td>Dimensiones del cubo (largo x ancho x alto): 2,8 x 2,8 x 1,2 pulg.<\/td>\n<\/tr>\n<tr>\n<td>(71,45*71,45*31,25mm)<\/td>\n<\/tr>\n<tr>\n<td>Video\/imagen<\/td>\n<\/tr>\n<tr>\n<td>Compresi\u00f3n de video h.264<\/td>\n<\/tr>\n<tr>\n<td>Frame rate  and  resolutions 15\/20 fps<\/td>\n<\/tr>\n<tr>\n<td>Video streaming 2k qhd<\/td>\n<\/tr>\n<tr>\n<td>Audio<\/td>\n<\/tr>\n<tr>\n<td>Comunicaci\u00f3n de audio audio bidireccional<\/td>\n<\/tr>\n<tr>\n<td>Audio input  and  output micr\u00f3fono y altavoz integrados<\/td>\n<\/tr>\n<\/table>\n","protected":false},"excerpt":{"rendered":"<p>Sistema de c\u00e1maras wi-fi de vigilancia inteligente con bater\u00eda. \u0095 grabaci\u00f3n de v\u00eddeo 2k qhd. Videos y fotos m\u00e1s n\u00edtidos con alta resoluci\u00f3n 2560 \u00d7 1440 px. \u0095 bater\u00eda de larga duraci\u00f3n 180 d\u00edas(1). Gracias a su reducido consumo solo tendr\u00e1s que recargarlas dos veces al a\u00f1o. \u0095 visi\u00f3n nocturna a todo color. Graba videos con alta calidad de imagen y colores n\u00edtidos incluso de noche. \u0095 detecci\u00f3n ai de movimiento con notificaciones. La c\u00e1mara manda una notificaci\u00f3n al m\u00f3vil al detectar un movimiento sospechoso. \u0095 instalaci\u00f3n sin cables. Gracias a la bater\u00eda incorporada podr\u00e1s colocar las c\u00e1maras en cualquier lugar sin depender de las tomas suministro el\u00e9ctrico. \u0095 alarma con luz y sonido. Si la c\u00e1mara detecta un comportamiento sospechosos activa la alarma de luz y sonido para disuadir la amenaza. \u0095 sonido bidireccional. Permite la comunicaci\u00f3n a trav\u00e9s del micr\u00f3fono y altavoz integrados en las c\u00e1maras. \u0095 almacenamiento seguro. Guarda los v\u00eddeos en una tarjeta microsd(2) de hasta 256gb o utilizando los servicios de almacenamiento en la nube tapo care(3). \u0095 resistente al agua y al polvo ip65. Las c\u00e1maras est\u00e1s herm\u00e9ticamente sellado frente al agua y el polvo.<\/p>\n","protected":false},"featured_media":216877,"comment_status":"open","ping_status":"open","template":"","meta":[],"product_cat":[2319,1811],"product_tag":[1562],"acf":[],"yoast_head":"<!-- This site is optimized with the Yoast SEO plugin v21.7 - https:\/\/yoast.com\/wordpress\/plugins\/seo\/ -->\n<title>[ Tp Link ] &#129351; Tapo C420s2 Camara Wifi Tp-link Kit 2 Camaras Para Exterior Con Bateria Recargable Resolucion 2k 1080p Ip65 A Prueba De Agua Vision Nocturna Audio Bidireccional<\/title>\n<meta name=\"description\" content=\"Compra Tapo C420s2 Camara Wifi Tp-link Kit 2 Camaras Para Exterior Con Bateria Recargable Resolucion 2k 1080p Ip65 A Prueba De Agua Vision Nocturna Audio Bidireccional + Env\u00edo a domicilio + Pago seguro + Garant\u00eda\" \/>\n<meta name=\"robots\" content=\"index, follow, max-snippet:-1, max-image-preview:large, max-video-preview:-1\" \/>\n<link rel=\"canonical\" href=\"https:\/\/compuviper.mx\/tienda\/producto\/tp-link-tapo-c420s2-camara-wifi-tp-link-kit-2-camaras-para-exterior-con-bateria-recargable-resolucion-2k-1080p-ip65-a-prueba-de-agua-vision-nocturna-audio-bidireccional\/\" \/>\n<meta property=\"og:locale\" content=\"es_MX\" \/>\n<meta property=\"og:type\" content=\"article\" \/>\n<meta property=\"og:title\" content=\"[ Tp Link ] &#129351; Tapo C420s2 Camara Wifi Tp-link Kit 2 Camaras Para Exterior Con Bateria Recargable Resolucion 2k 1080p Ip65 A Prueba De Agua Vision Nocturna Audio Bidireccional\" \/>\n<meta property=\"og:description\" content=\"Compra Tapo C420s2 Camara Wifi Tp-link Kit 2 Camaras Para Exterior Con Bateria Recargable Resolucion 2k 1080p Ip65 A Prueba De Agua Vision Nocturna Audio Bidireccional + Env\u00edo a domicilio + Pago seguro + Garant\u00eda\" \/>\n<meta property=\"og:url\" content=\"https:\/\/compuviper.mx\/tienda\/producto\/tp-link-tapo-c420s2-camara-wifi-tp-link-kit-2-camaras-para-exterior-con-bateria-recargable-resolucion-2k-1080p-ip65-a-prueba-de-agua-vision-nocturna-audio-bidireccional\/\" \/>\n<meta property=\"og:site_name\" content=\"Compuviper\" \/>\n<meta property=\"article:publisher\" content=\"https:\/\/www.facebook.com\/compuviper\" \/>\n<meta property=\"article:modified_time\" content=\"2026-04-18T06:16:57+00:00\" \/>\n<meta property=\"og:image\" content=\"https:\/\/compuviper.mx\/tienda\/wp-content\/uploads\/2023\/12\/Camara-wifi-tp-link-tapo-c420s2-kit-2-camaras-para-exterior-con-bateria-recargable-resolucion-2k-1080p-ip65-a-prueba-de-agua-vision-nocturna-audio-bidireccional.jpg\" \/>\n\t<meta property=\"og:image:width\" content=\"200\" \/>\n\t<meta property=\"og:image:height\" content=\"200\" \/>\n\t<meta property=\"og:image:type\" content=\"image\/jpeg\" \/>\n<meta name=\"twitter:card\" content=\"summary_large_image\" \/>\n<meta name=\"twitter:label1\" content=\"Precio\" \/>\n\t<meta name=\"twitter:data1\" content=\"&#36;2,788 con IVA\" \/>\n\t<meta name=\"twitter:label2\" content=\"Availability\" \/>\n\t<meta name=\"twitter:data2\" content=\"In stock\" \/>\n<script type=\"application\/ld+json\" class=\"yoast-schema-graph\">{\"@context\":\"https:\/\/schema.org\",\"@graph\":[{\"@type\":\"WebPage\",\"@id\":\"https:\/\/compuviper.mx\/tienda\/producto\/tp-link-tapo-c420s2-camara-wifi-tp-link-kit-2-camaras-para-exterior-con-bateria-recargable-resolucion-2k-1080p-ip65-a-prueba-de-agua-vision-nocturna-audio-bidireccional\/\",\"url\":\"https:\/\/compuviper.mx\/tienda\/producto\/tp-link-tapo-c420s2-camara-wifi-tp-link-kit-2-camaras-para-exterior-con-bateria-recargable-resolucion-2k-1080p-ip65-a-prueba-de-agua-vision-nocturna-audio-bidireccional\/\",\"name\":\"[ Tp Link ] &#129351; Tapo C420s2 Camara Wifi Tp-link Kit 2 Camaras Para Exterior Con Bateria Recargable Resolucion 2k 1080p Ip65 A Prueba De Agua Vision Nocturna Audio Bidireccional\",\"isPartOf\":{\"@id\":\"https:\/\/compuviper.mx\/tienda\/#website\"},\"datePublished\":\"2026-04-18T06:16:56+00:00\",\"dateModified\":\"2026-04-18T06:16:57+00:00\",\"description\":\"Compra Tapo C420s2 Camara Wifi Tp-link Kit 2 Camaras Para Exterior Con Bateria Recargable Resolucion 2k 1080p Ip65 A Prueba De Agua Vision Nocturna Audio Bidireccional + Env\u00edo a domicilio + Pago seguro + Garant\u00eda\",\"breadcrumb\":{\"@id\":\"https:\/\/compuviper.mx\/tienda\/producto\/tp-link-tapo-c420s2-camara-wifi-tp-link-kit-2-camaras-para-exterior-con-bateria-recargable-resolucion-2k-1080p-ip65-a-prueba-de-agua-vision-nocturna-audio-bidireccional\/#breadcrumb\"},\"inLanguage\":\"es-MX\",\"potentialAction\":[{\"@type\":\"ReadAction\",\"target\":[\"https:\/\/compuviper.mx\/tienda\/producto\/tp-link-tapo-c420s2-camara-wifi-tp-link-kit-2-camaras-para-exterior-con-bateria-recargable-resolucion-2k-1080p-ip65-a-prueba-de-agua-vision-nocturna-audio-bidireccional\/\"]}]},{\"@type\":\"BreadcrumbList\",\"@id\":\"https:\/\/compuviper.mx\/tienda\/producto\/tp-link-tapo-c420s2-camara-wifi-tp-link-kit-2-camaras-para-exterior-con-bateria-recargable-resolucion-2k-1080p-ip65-a-prueba-de-agua-vision-nocturna-audio-bidireccional\/#breadcrumb\",\"itemListElement\":[{\"@type\":\"ListItem\",\"position\":1,\"name\":\"Inicio\",\"item\":\"https:\/\/compuviper.mx\/tienda\/\"},{\"@type\":\"ListItem\",\"position\":2,\"name\":\"Productos\",\"item\":\"https:\/\/compuviper.mx\/tienda\/productos\/\"},{\"@type\":\"ListItem\",\"position\":3,\"name\":\"Smart Home\",\"item\":\"https:\/\/compuviper.mx\/tienda\/categoria-producto\/smart-home\/\"},{\"@type\":\"ListItem\",\"position\":4,\"name\":\"Battery Camera\",\"item\":\"https:\/\/compuviper.mx\/tienda\/categoria-producto\/smart-home\/battery-camera\/\"},{\"@type\":\"ListItem\",\"position\":5,\"name\":\"Tp Link Tapo C420s2 Camara Wifi Tp-link Kit 2 Camaras Para Exterior Con Bateria Recargable Resolucion 2k 1080p Ip65 A Prueba De Agua Vision Nocturna Audio Bidireccional\"}]},{\"@type\":\"WebSite\",\"@id\":\"https:\/\/compuviper.mx\/tienda\/#website\",\"url\":\"https:\/\/compuviper.mx\/tienda\/\",\"name\":\"Compuviper\",\"description\":\"Proveedor de Computadoras, Laptops, Servidores, Monitores, Puntos de Venta, Teclados,   Impresoras, T\u00f3ner, C\u00e1maras de Seguridad y m\u00e1s en tu tienda en l\u00ednea\",\"publisher\":{\"@id\":\"https:\/\/compuviper.mx\/tienda\/#organization\"},\"potentialAction\":[{\"@type\":\"SearchAction\",\"target\":{\"@type\":\"EntryPoint\",\"urlTemplate\":\"https:\/\/compuviper.mx\/tienda\/?s={search_term_string}\"},\"query-input\":\"required name=search_term_string\"}],\"inLanguage\":\"es-MX\"},{\"@type\":\"Organization\",\"@id\":\"https:\/\/compuviper.mx\/tienda\/#organization\",\"name\":\"Compuviper\",\"url\":\"https:\/\/compuviper.mx\/tienda\/\",\"logo\":{\"@type\":\"ImageObject\",\"inLanguage\":\"es-MX\",\"@id\":\"https:\/\/compuviper.mx\/tienda\/#\/schema\/logo\/image\/\",\"url\":\"https:\/\/compuviper.mx\/tienda\/wp-content\/uploads\/2021\/08\/Logo-Compuviper-10.png\",\"contentUrl\":\"https:\/\/compuviper.mx\/tienda\/wp-content\/uploads\/2021\/08\/Logo-Compuviper-10.png\",\"width\":1000,\"height\":500,\"caption\":\"Compuviper\"},\"image\":{\"@id\":\"https:\/\/compuviper.mx\/tienda\/#\/schema\/logo\/image\/\"},\"sameAs\":[\"https:\/\/www.facebook.com\/compuviper\",\"https:\/\/www.youtube.com\/channel\/UCf73dERp9Y3cfOq7q8BhLjA?view_as=subscriber\"]}]}<\/script>\n<meta property=\"product:brand\" content=\"TP LINK\" \/>\n<meta property=\"product:price:amount\" content=\"2788\" \/>\n<meta property=\"product:price:currency\" content=\"MXN\" \/>\n<meta property=\"og:availability\" content=\"instock\" \/>\n<meta property=\"product:availability\" content=\"instock\" \/>\n<meta property=\"product:retailer_item_id\" content=\"TAPO C420S2\" \/>\n<meta property=\"product:condition\" content=\"new\" \/>\n<!-- \/ Yoast SEO plugin. -->","yoast_head_json":{"title":"[ Tp Link ] &#129351; Tapo C420s2 Camara Wifi Tp-link Kit 2 Camaras Para Exterior Con Bateria Recargable Resolucion 2k 1080p Ip65 A Prueba De Agua Vision Nocturna Audio Bidireccional","description":"Compra Tapo C420s2 Camara Wifi Tp-link Kit 2 Camaras Para Exterior Con Bateria Recargable Resolucion 2k 1080p Ip65 A Prueba De Agua Vision Nocturna Audio Bidireccional + Env\u00edo a domicilio + Pago seguro + Garant\u00eda","robots":{"index":"index","follow":"follow","max-snippet":"max-snippet:-1","max-image-preview":"max-image-preview:large","max-video-preview":"max-video-preview:-1"},"canonical":"https:\/\/compuviper.mx\/tienda\/producto\/tp-link-tapo-c420s2-camara-wifi-tp-link-kit-2-camaras-para-exterior-con-bateria-recargable-resolucion-2k-1080p-ip65-a-prueba-de-agua-vision-nocturna-audio-bidireccional\/","og_locale":"es_MX","og_type":"article","og_title":"[ Tp Link ] &#129351; Tapo C420s2 Camara Wifi Tp-link Kit 2 Camaras Para Exterior Con Bateria Recargable Resolucion 2k 1080p Ip65 A Prueba De Agua Vision Nocturna Audio Bidireccional","og_description":"Compra Tapo C420s2 Camara Wifi Tp-link Kit 2 Camaras Para Exterior Con Bateria Recargable Resolucion 2k 1080p Ip65 A Prueba De Agua Vision Nocturna Audio Bidireccional + Env\u00edo a domicilio + Pago seguro + Garant\u00eda","og_url":"https:\/\/compuviper.mx\/tienda\/producto\/tp-link-tapo-c420s2-camara-wifi-tp-link-kit-2-camaras-para-exterior-con-bateria-recargable-resolucion-2k-1080p-ip65-a-prueba-de-agua-vision-nocturna-audio-bidireccional\/","og_site_name":"Compuviper","article_publisher":"https:\/\/www.facebook.com\/compuviper","article_modified_time":"2026-04-18T06:16:57+00:00","og_image":[{"width":200,"height":200,"url":"https:\/\/compuviper.mx\/tienda\/wp-content\/uploads\/2023\/12\/Camara-wifi-tp-link-tapo-c420s2-kit-2-camaras-para-exterior-con-bateria-recargable-resolucion-2k-1080p-ip65-a-prueba-de-agua-vision-nocturna-audio-bidireccional.jpg","type":"image\/jpeg"}],"twitter_card":"summary_large_image","twitter_misc":{"Precio":"&#36;2,788 con IVA","Availability":"In stock"},"schema":{"@context":"https:\/\/schema.org","@graph":[{"@type":"WebPage","@id":"https:\/\/compuviper.mx\/tienda\/producto\/tp-link-tapo-c420s2-camara-wifi-tp-link-kit-2-camaras-para-exterior-con-bateria-recargable-resolucion-2k-1080p-ip65-a-prueba-de-agua-vision-nocturna-audio-bidireccional\/","url":"https:\/\/compuviper.mx\/tienda\/producto\/tp-link-tapo-c420s2-camara-wifi-tp-link-kit-2-camaras-para-exterior-con-bateria-recargable-resolucion-2k-1080p-ip65-a-prueba-de-agua-vision-nocturna-audio-bidireccional\/","name":"[ Tp Link ] &#129351; Tapo C420s2 Camara Wifi Tp-link Kit 2 Camaras Para Exterior Con Bateria Recargable Resolucion 2k 1080p Ip65 A Prueba De Agua Vision Nocturna Audio Bidireccional","isPartOf":{"@id":"https:\/\/compuviper.mx\/tienda\/#website"},"datePublished":"2026-04-18T06:16:56+00:00","dateModified":"2026-04-18T06:16:57+00:00","description":"Compra Tapo C420s2 Camara Wifi Tp-link Kit 2 Camaras Para Exterior Con Bateria Recargable Resolucion 2k 1080p Ip65 A Prueba De Agua Vision Nocturna Audio Bidireccional + Env\u00edo a domicilio + Pago seguro + Garant\u00eda","breadcrumb":{"@id":"https:\/\/compuviper.mx\/tienda\/producto\/tp-link-tapo-c420s2-camara-wifi-tp-link-kit-2-camaras-para-exterior-con-bateria-recargable-resolucion-2k-1080p-ip65-a-prueba-de-agua-vision-nocturna-audio-bidireccional\/#breadcrumb"},"inLanguage":"es-MX","potentialAction":[{"@type":"ReadAction","target":["https:\/\/compuviper.mx\/tienda\/producto\/tp-link-tapo-c420s2-camara-wifi-tp-link-kit-2-camaras-para-exterior-con-bateria-recargable-resolucion-2k-1080p-ip65-a-prueba-de-agua-vision-nocturna-audio-bidireccional\/"]}]},{"@type":"BreadcrumbList","@id":"https:\/\/compuviper.mx\/tienda\/producto\/tp-link-tapo-c420s2-camara-wifi-tp-link-kit-2-camaras-para-exterior-con-bateria-recargable-resolucion-2k-1080p-ip65-a-prueba-de-agua-vision-nocturna-audio-bidireccional\/#breadcrumb","itemListElement":[{"@type":"ListItem","position":1,"name":"Inicio","item":"https:\/\/compuviper.mx\/tienda\/"},{"@type":"ListItem","position":2,"name":"Productos","item":"https:\/\/compuviper.mx\/tienda\/productos\/"},{"@type":"ListItem","position":3,"name":"Smart Home","item":"https:\/\/compuviper.mx\/tienda\/categoria-producto\/smart-home\/"},{"@type":"ListItem","position":4,"name":"Battery Camera","item":"https:\/\/compuviper.mx\/tienda\/categoria-producto\/smart-home\/battery-camera\/"},{"@type":"ListItem","position":5,"name":"Tp Link Tapo C420s2 Camara Wifi Tp-link Kit 2 Camaras Para Exterior Con Bateria Recargable Resolucion 2k 1080p Ip65 A Prueba De Agua Vision Nocturna Audio Bidireccional"}]},{"@type":"WebSite","@id":"https:\/\/compuviper.mx\/tienda\/#website","url":"https:\/\/compuviper.mx\/tienda\/","name":"Compuviper","description":"Proveedor de Computadoras, Laptops, Servidores, Monitores, Puntos de Venta, Teclados,   Impresoras, T\u00f3ner, C\u00e1maras de Seguridad y m\u00e1s en tu tienda en l\u00ednea","publisher":{"@id":"https:\/\/compuviper.mx\/tienda\/#organization"},"potentialAction":[{"@type":"SearchAction","target":{"@type":"EntryPoint","urlTemplate":"https:\/\/compuviper.mx\/tienda\/?s={search_term_string}"},"query-input":"required name=search_term_string"}],"inLanguage":"es-MX"},{"@type":"Organization","@id":"https:\/\/compuviper.mx\/tienda\/#organization","name":"Compuviper","url":"https:\/\/compuviper.mx\/tienda\/","logo":{"@type":"ImageObject","inLanguage":"es-MX","@id":"https:\/\/compuviper.mx\/tienda\/#\/schema\/logo\/image\/","url":"https:\/\/compuviper.mx\/tienda\/wp-content\/uploads\/2021\/08\/Logo-Compuviper-10.png","contentUrl":"https:\/\/compuviper.mx\/tienda\/wp-content\/uploads\/2021\/08\/Logo-Compuviper-10.png","width":1000,"height":500,"caption":"Compuviper"},"image":{"@id":"https:\/\/compuviper.mx\/tienda\/#\/schema\/logo\/image\/"},"sameAs":["https:\/\/www.facebook.com\/compuviper","https:\/\/www.youtube.com\/channel\/UCf73dERp9Y3cfOq7q8BhLjA?view_as=subscriber"]}]},"product_brand":"TP LINK","product_price_amount":"2788","product_price_currency":"MXN","og_availability":"instock","product_availability":"instock","product_retailer_item_id":"TAPO C420S2","product_condition":"new"},"_links":{"self":[{"href":"https:\/\/compuviper.mx\/tienda\/wp-json\/wp\/v2\/product\/216876"}],"collection":[{"href":"https:\/\/compuviper.mx\/tienda\/wp-json\/wp\/v2\/product"}],"about":[{"href":"https:\/\/compuviper.mx\/tienda\/wp-json\/wp\/v2\/types\/product"}],"replies":[{"embeddable":true,"href":"https:\/\/compuviper.mx\/tienda\/wp-json\/wp\/v2\/comments?post=216876"}],"wp:featuredmedia":[{"embeddable":true,"href":"https:\/\/compuviper.mx\/tienda\/wp-json\/wp\/v2\/media\/216877"}],"wp:attachment":[{"href":"https:\/\/compuviper.mx\/tienda\/wp-json\/wp\/v2\/media?parent=216876"}],"wp:term":[{"taxonomy":"product_cat","embeddable":true,"href":"https:\/\/compuviper.mx\/tienda\/wp-json\/wp\/v2\/product_cat?post=216876"},{"taxonomy":"product_tag","embeddable":true,"href":"https:\/\/compuviper.mx\/tienda\/wp-json\/wp\/v2\/product_tag?post=216876"}],"curies":[{"name":"wp","href":"https:\/\/api.w.org\/{rel}","templated":true}]}}