{"id":216611,"date":"2026-04-23T00:11:15","date_gmt":"2026-04-23T06:11:15","guid":{"rendered":"https:\/\/compuviper.mx\/tienda\/producto\/dahua-dh-hac-hdw3200gn-m-0360b-s5-camara-mini-domo-1080p-especial-para-dvr-movil-lente-de-3-6mm-angulo-de-83-grados-microfono-integrado-ir-20mts-shock-proof-ip67\/"},"modified":"2026-04-23T00:11:15","modified_gmt":"2026-04-23T06:11:15","slug":"dahua-dh-hac-hdw3200gn-m-0360b-s5-camara-mini-domo-1080p-especial-para-dvr-movil-lente-de-3-6mm-angulo-de-83-grados-microfono-integrado-ir-20mts-shock-proof-ip67","status":"publish","type":"product","link":"https:\/\/compuviper.mx\/tienda\/producto\/dahua-dh-hac-hdw3200gn-m-0360b-s5-camara-mini-domo-1080p-especial-para-dvr-movil-lente-de-3-6mm-angulo-de-83-grados-microfono-integrado-ir-20mts-shock-proof-ip67\/","title":{"rendered":"Dahua Dh-hac-hdw3200gn-m-0360b-s5 Camara  Mini Domo 1080p \/ Especial Para Dvr Movil \/ Lente De 3.6mm\/ Angulo De 83 Grados\/ Microfono Integrado\/ Ir 20mts\/ Shock-proof\/ Ip67\/"},"content":{"rendered":"<table class=\"descripcion\">\n<tr>\n<td>1 \/ 2.7 cmos 2 megap\u00edxeles.<\/td>\n<\/tr>\n<tr>\n<td>Hdcvi de salida (conector de aviaci\u00f3n).<\/td>\n<\/tr>\n<tr>\n<td>Lente fijo 3.6mm.<\/td>\n<\/tr>\n<tr>\n<td>\u00e1ngulo de visi\u00f3n 84\u00ba.<\/td>\n<\/tr>\n<tr>\n<td>M\u00e1s distancia ir leds 20 metros, smart ir.<\/td>\n<\/tr>\n<tr>\n<td>Micr\u00f3fono integrado.<\/td>\n<\/tr>\n<tr>\n<td>Fuente de alimentaci\u00f3n 12 v dc \u00b1 30%.<\/td>\n<\/tr>\n<tr>\n<td>Consumo de energ\u00eda m\u00e1x 2.3w.<\/td>\n<\/tr>\n<tr>\n<td>Temperatura de operaci\u00f3n -40\u00bac a 60\u00bac.<\/td>\n<\/tr>\n<tr>\n<td>\u00edndice de protecci\u00f3n ip67.<\/td>\n<\/tr>\n<tr>\n<td>Material metal.<\/td>\n<\/tr>\n<tr>\n<td>Peso 0.17 kg.<\/td>\n<\/tr>\n<\/table>\n","protected":false},"excerpt":{"rendered":"<p>La c\u00e1mara hdw3200g-m es una c\u00e1mara de seguridad dise\u00f1ada especialmente para dvr m\u00f3vil, cuenta con una resoluci\u00f3n de 2 megap\u00edxeles (1920&#215;1080) lo que nos brinda una gran calidad de imagen,  una de las ventajas que nos proporciona este modelo es que tendremos una visi\u00f3n de 84 grados con su lente de 3.6mm. Adem\u00e1s cuenta con un \u00edndice de protecci\u00f3n ip67. La alta resoluci\u00f3n de la c\u00e1mara nos permite apreciar una excelente calidad de imagen y colores reales para una mejor soluci\u00f3n de video vigilancia que las c\u00e1maras convencionales an\u00e1logas.<\/p>\n","protected":false},"featured_media":216612,"comment_status":"open","ping_status":"open","template":"","meta":[],"product_cat":[1608,1681],"product_tag":[1555],"acf":[],"yoast_head":"<!-- This site is optimized with the Yoast SEO plugin v21.7 - https:\/\/yoast.com\/wordpress\/plugins\/seo\/ -->\n<title>[ Dahua ] &#129351; Dh-hac-hdw3200gn-m-0360b-s5 Camara Mini Domo 1080p \/ Especial Para Dvr Movil \/ Lente De 3.6mm\/ Angulo De 83 Grados\/ Microfono Integrado\/ Ir 20mts\/ Shock-proof\/ Ip67\/<\/title>\n<meta name=\"description\" content=\"Compra Dh-hac-hdw3200gn-m-0360b-s5 Camara Mini Domo 1080p \/ Especial Para Dvr Movil \/ Lente De 3.6mm\/ Angulo De 83 Grados\/ Microfono Integrado\/ Ir 20mts\/ Shock-proof\/ Ip67\/ + Env\u00edo a domicilio + Pago seguro + Garant\u00eda\" \/>\n<meta name=\"robots\" content=\"index, follow, max-snippet:-1, max-image-preview:large, max-video-preview:-1\" \/>\n<link rel=\"canonical\" href=\"https:\/\/compuviper.mx\/tienda\/producto\/dahua-dh-hac-hdw3200gn-m-0360b-s5-camara-mini-domo-1080p-especial-para-dvr-movil-lente-de-3-6mm-angulo-de-83-grados-microfono-integrado-ir-20mts-shock-proof-ip67\/\" \/>\n<meta property=\"og:locale\" content=\"es_MX\" \/>\n<meta property=\"og:type\" content=\"article\" \/>\n<meta property=\"og:title\" content=\"[ Dahua ] &#129351; Dh-hac-hdw3200gn-m-0360b-s5 Camara Mini Domo 1080p \/ Especial Para Dvr Movil \/ Lente De 3.6mm\/ Angulo De 83 Grados\/ Microfono Integrado\/ Ir 20mts\/ Shock-proof\/ Ip67\/\" \/>\n<meta property=\"og:description\" content=\"Compra Dh-hac-hdw3200gn-m-0360b-s5 Camara Mini Domo 1080p \/ Especial Para Dvr Movil \/ Lente De 3.6mm\/ Angulo De 83 Grados\/ Microfono Integrado\/ Ir 20mts\/ Shock-proof\/ Ip67\/ + Env\u00edo a domicilio + Pago seguro + Garant\u00eda\" \/>\n<meta property=\"og:url\" content=\"https:\/\/compuviper.mx\/tienda\/producto\/dahua-dh-hac-hdw3200gn-m-0360b-s5-camara-mini-domo-1080p-especial-para-dvr-movil-lente-de-3-6mm-angulo-de-83-grados-microfono-integrado-ir-20mts-shock-proof-ip67\/\" \/>\n<meta property=\"og:site_name\" content=\"Compuviper\" \/>\n<meta property=\"article:publisher\" content=\"https:\/\/www.facebook.com\/compuviper\" \/>\n<meta property=\"og:image\" content=\"https:\/\/compuviper.mx\/tienda\/wp-content\/uploads\/2023\/12\/Camara-dahua-mini-domo-1080p-especial-para-dvr-movil-dahua-lente-de-3.6mm-angulo-de-83-grados-microfono-integrado-ir-20mts-shock-proof-ip67.jpg\" \/>\n\t<meta property=\"og:image:width\" content=\"200\" \/>\n\t<meta property=\"og:image:height\" content=\"200\" \/>\n\t<meta property=\"og:image:type\" content=\"image\/jpeg\" \/>\n<meta name=\"twitter:card\" content=\"summary_large_image\" \/>\n<meta name=\"twitter:label1\" content=\"Precio\" \/>\n\t<meta name=\"twitter:data1\" content=\"&#36;848 con IVA\" \/>\n\t<meta name=\"twitter:label2\" content=\"Availability\" \/>\n\t<meta name=\"twitter:data2\" content=\"On backorder\" \/>\n<script type=\"application\/ld+json\" class=\"yoast-schema-graph\">{\"@context\":\"https:\/\/schema.org\",\"@graph\":[{\"@type\":\"WebPage\",\"@id\":\"https:\/\/compuviper.mx\/tienda\/producto\/dahua-dh-hac-hdw3200gn-m-0360b-s5-camara-mini-domo-1080p-especial-para-dvr-movil-lente-de-3-6mm-angulo-de-83-grados-microfono-integrado-ir-20mts-shock-proof-ip67\/\",\"url\":\"https:\/\/compuviper.mx\/tienda\/producto\/dahua-dh-hac-hdw3200gn-m-0360b-s5-camara-mini-domo-1080p-especial-para-dvr-movil-lente-de-3-6mm-angulo-de-83-grados-microfono-integrado-ir-20mts-shock-proof-ip67\/\",\"name\":\"[ Dahua ] &#129351; Dh-hac-hdw3200gn-m-0360b-s5 Camara Mini Domo 1080p \/ Especial Para Dvr Movil \/ Lente De 3.6mm\/ Angulo De 83 Grados\/ Microfono Integrado\/ Ir 20mts\/ Shock-proof\/ Ip67\/\",\"isPartOf\":{\"@id\":\"https:\/\/compuviper.mx\/tienda\/#website\"},\"datePublished\":\"2026-04-23T06:11:15+00:00\",\"dateModified\":\"2026-04-23T06:11:15+00:00\",\"description\":\"Compra Dh-hac-hdw3200gn-m-0360b-s5 Camara Mini Domo 1080p \/ Especial Para Dvr Movil \/ Lente De 3.6mm\/ Angulo De 83 Grados\/ Microfono Integrado\/ Ir 20mts\/ Shock-proof\/ Ip67\/ + Env\u00edo a domicilio + Pago seguro + Garant\u00eda\",\"breadcrumb\":{\"@id\":\"https:\/\/compuviper.mx\/tienda\/producto\/dahua-dh-hac-hdw3200gn-m-0360b-s5-camara-mini-domo-1080p-especial-para-dvr-movil-lente-de-3-6mm-angulo-de-83-grados-microfono-integrado-ir-20mts-shock-proof-ip67\/#breadcrumb\"},\"inLanguage\":\"es-MX\",\"potentialAction\":[{\"@type\":\"ReadAction\",\"target\":[\"https:\/\/compuviper.mx\/tienda\/producto\/dahua-dh-hac-hdw3200gn-m-0360b-s5-camara-mini-domo-1080p-especial-para-dvr-movil-lente-de-3-6mm-angulo-de-83-grados-microfono-integrado-ir-20mts-shock-proof-ip67\/\"]}]},{\"@type\":\"BreadcrumbList\",\"@id\":\"https:\/\/compuviper.mx\/tienda\/producto\/dahua-dh-hac-hdw3200gn-m-0360b-s5-camara-mini-domo-1080p-especial-para-dvr-movil-lente-de-3-6mm-angulo-de-83-grados-microfono-integrado-ir-20mts-shock-proof-ip67\/#breadcrumb\",\"itemListElement\":[{\"@type\":\"ListItem\",\"position\":1,\"name\":\"Inicio\",\"item\":\"https:\/\/compuviper.mx\/tienda\/\"},{\"@type\":\"ListItem\",\"position\":2,\"name\":\"Productos\",\"item\":\"https:\/\/compuviper.mx\/tienda\/productos\/\"},{\"@type\":\"ListItem\",\"position\":3,\"name\":\"Camaras\",\"item\":\"https:\/\/compuviper.mx\/tienda\/categoria-producto\/camaras-2\/\"},{\"@type\":\"ListItem\",\"position\":4,\"name\":\"Camara De Videovigilancia\",\"item\":\"https:\/\/compuviper.mx\/tienda\/categoria-producto\/camaras-2\/camara-de-videovigilancia\/\"},{\"@type\":\"ListItem\",\"position\":5,\"name\":\"Dahua Dh-hac-hdw3200gn-m-0360b-s5 Camara Mini Domo 1080p \/ Especial Para Dvr Movil \/ Lente De 3.6mm\/ Angulo De 83 Grados\/ Microfono Integrado\/ Ir 20mts\/ Shock-proof\/ Ip67\/\"}]},{\"@type\":\"WebSite\",\"@id\":\"https:\/\/compuviper.mx\/tienda\/#website\",\"url\":\"https:\/\/compuviper.mx\/tienda\/\",\"name\":\"Compuviper\",\"description\":\"Proveedor de Computadoras, Laptops, Servidores, Monitores, Puntos de Venta, Teclados,   Impresoras, T\u00f3ner, C\u00e1maras de Seguridad y m\u00e1s en tu tienda en l\u00ednea\",\"publisher\":{\"@id\":\"https:\/\/compuviper.mx\/tienda\/#organization\"},\"potentialAction\":[{\"@type\":\"SearchAction\",\"target\":{\"@type\":\"EntryPoint\",\"urlTemplate\":\"https:\/\/compuviper.mx\/tienda\/?s={search_term_string}\"},\"query-input\":\"required name=search_term_string\"}],\"inLanguage\":\"es-MX\"},{\"@type\":\"Organization\",\"@id\":\"https:\/\/compuviper.mx\/tienda\/#organization\",\"name\":\"Compuviper\",\"url\":\"https:\/\/compuviper.mx\/tienda\/\",\"logo\":{\"@type\":\"ImageObject\",\"inLanguage\":\"es-MX\",\"@id\":\"https:\/\/compuviper.mx\/tienda\/#\/schema\/logo\/image\/\",\"url\":\"https:\/\/compuviper.mx\/tienda\/wp-content\/uploads\/2021\/08\/Logo-Compuviper-10.png\",\"contentUrl\":\"https:\/\/compuviper.mx\/tienda\/wp-content\/uploads\/2021\/08\/Logo-Compuviper-10.png\",\"width\":1000,\"height\":500,\"caption\":\"Compuviper\"},\"image\":{\"@id\":\"https:\/\/compuviper.mx\/tienda\/#\/schema\/logo\/image\/\"},\"sameAs\":[\"https:\/\/www.facebook.com\/compuviper\",\"https:\/\/www.youtube.com\/channel\/UCf73dERp9Y3cfOq7q8BhLjA?view_as=subscriber\"]}]}<\/script>\n<meta property=\"product:brand\" content=\"DAHUA\" \/>\n<meta property=\"product:price:amount\" content=\"848\" \/>\n<meta property=\"product:price:currency\" content=\"MXN\" \/>\n<meta property=\"og:availability\" content=\"backorder\" \/>\n<meta property=\"product:availability\" content=\"available for order\" \/>\n<meta property=\"product:retailer_item_id\" content=\"DH-HAC-HDW3200GN-M-0360B-S5\" \/>\n<meta property=\"product:condition\" content=\"new\" \/>\n<!-- \/ Yoast SEO plugin. -->","yoast_head_json":{"title":"[ Dahua ] &#129351; Dh-hac-hdw3200gn-m-0360b-s5 Camara Mini Domo 1080p \/ Especial Para Dvr Movil \/ Lente De 3.6mm\/ Angulo De 83 Grados\/ Microfono Integrado\/ Ir 20mts\/ Shock-proof\/ Ip67\/","description":"Compra Dh-hac-hdw3200gn-m-0360b-s5 Camara Mini Domo 1080p \/ Especial Para Dvr Movil \/ Lente De 3.6mm\/ Angulo De 83 Grados\/ Microfono Integrado\/ Ir 20mts\/ Shock-proof\/ Ip67\/ + Env\u00edo a domicilio + Pago seguro + Garant\u00eda","robots":{"index":"index","follow":"follow","max-snippet":"max-snippet:-1","max-image-preview":"max-image-preview:large","max-video-preview":"max-video-preview:-1"},"canonical":"https:\/\/compuviper.mx\/tienda\/producto\/dahua-dh-hac-hdw3200gn-m-0360b-s5-camara-mini-domo-1080p-especial-para-dvr-movil-lente-de-3-6mm-angulo-de-83-grados-microfono-integrado-ir-20mts-shock-proof-ip67\/","og_locale":"es_MX","og_type":"article","og_title":"[ Dahua ] &#129351; Dh-hac-hdw3200gn-m-0360b-s5 Camara Mini Domo 1080p \/ Especial Para Dvr Movil \/ Lente De 3.6mm\/ Angulo De 83 Grados\/ Microfono Integrado\/ Ir 20mts\/ Shock-proof\/ Ip67\/","og_description":"Compra Dh-hac-hdw3200gn-m-0360b-s5 Camara Mini Domo 1080p \/ Especial Para Dvr Movil \/ Lente De 3.6mm\/ Angulo De 83 Grados\/ Microfono Integrado\/ Ir 20mts\/ Shock-proof\/ Ip67\/ + Env\u00edo a domicilio + Pago seguro + Garant\u00eda","og_url":"https:\/\/compuviper.mx\/tienda\/producto\/dahua-dh-hac-hdw3200gn-m-0360b-s5-camara-mini-domo-1080p-especial-para-dvr-movil-lente-de-3-6mm-angulo-de-83-grados-microfono-integrado-ir-20mts-shock-proof-ip67\/","og_site_name":"Compuviper","article_publisher":"https:\/\/www.facebook.com\/compuviper","og_image":[{"width":200,"height":200,"url":"https:\/\/compuviper.mx\/tienda\/wp-content\/uploads\/2023\/12\/Camara-dahua-mini-domo-1080p-especial-para-dvr-movil-dahua-lente-de-3.6mm-angulo-de-83-grados-microfono-integrado-ir-20mts-shock-proof-ip67.jpg","type":"image\/jpeg"}],"twitter_card":"summary_large_image","twitter_misc":{"Precio":"&#36;848 con IVA","Availability":"On backorder"},"schema":{"@context":"https:\/\/schema.org","@graph":[{"@type":"WebPage","@id":"https:\/\/compuviper.mx\/tienda\/producto\/dahua-dh-hac-hdw3200gn-m-0360b-s5-camara-mini-domo-1080p-especial-para-dvr-movil-lente-de-3-6mm-angulo-de-83-grados-microfono-integrado-ir-20mts-shock-proof-ip67\/","url":"https:\/\/compuviper.mx\/tienda\/producto\/dahua-dh-hac-hdw3200gn-m-0360b-s5-camara-mini-domo-1080p-especial-para-dvr-movil-lente-de-3-6mm-angulo-de-83-grados-microfono-integrado-ir-20mts-shock-proof-ip67\/","name":"[ Dahua ] &#129351; Dh-hac-hdw3200gn-m-0360b-s5 Camara Mini Domo 1080p \/ Especial Para Dvr Movil \/ Lente De 3.6mm\/ Angulo De 83 Grados\/ Microfono Integrado\/ Ir 20mts\/ Shock-proof\/ Ip67\/","isPartOf":{"@id":"https:\/\/compuviper.mx\/tienda\/#website"},"datePublished":"2026-04-23T06:11:15+00:00","dateModified":"2026-04-23T06:11:15+00:00","description":"Compra Dh-hac-hdw3200gn-m-0360b-s5 Camara Mini Domo 1080p \/ Especial Para Dvr Movil \/ Lente De 3.6mm\/ Angulo De 83 Grados\/ Microfono Integrado\/ Ir 20mts\/ Shock-proof\/ Ip67\/ + Env\u00edo a domicilio + Pago seguro + Garant\u00eda","breadcrumb":{"@id":"https:\/\/compuviper.mx\/tienda\/producto\/dahua-dh-hac-hdw3200gn-m-0360b-s5-camara-mini-domo-1080p-especial-para-dvr-movil-lente-de-3-6mm-angulo-de-83-grados-microfono-integrado-ir-20mts-shock-proof-ip67\/#breadcrumb"},"inLanguage":"es-MX","potentialAction":[{"@type":"ReadAction","target":["https:\/\/compuviper.mx\/tienda\/producto\/dahua-dh-hac-hdw3200gn-m-0360b-s5-camara-mini-domo-1080p-especial-para-dvr-movil-lente-de-3-6mm-angulo-de-83-grados-microfono-integrado-ir-20mts-shock-proof-ip67\/"]}]},{"@type":"BreadcrumbList","@id":"https:\/\/compuviper.mx\/tienda\/producto\/dahua-dh-hac-hdw3200gn-m-0360b-s5-camara-mini-domo-1080p-especial-para-dvr-movil-lente-de-3-6mm-angulo-de-83-grados-microfono-integrado-ir-20mts-shock-proof-ip67\/#breadcrumb","itemListElement":[{"@type":"ListItem","position":1,"name":"Inicio","item":"https:\/\/compuviper.mx\/tienda\/"},{"@type":"ListItem","position":2,"name":"Productos","item":"https:\/\/compuviper.mx\/tienda\/productos\/"},{"@type":"ListItem","position":3,"name":"Camaras","item":"https:\/\/compuviper.mx\/tienda\/categoria-producto\/camaras-2\/"},{"@type":"ListItem","position":4,"name":"Camara De Videovigilancia","item":"https:\/\/compuviper.mx\/tienda\/categoria-producto\/camaras-2\/camara-de-videovigilancia\/"},{"@type":"ListItem","position":5,"name":"Dahua Dh-hac-hdw3200gn-m-0360b-s5 Camara Mini Domo 1080p \/ Especial Para Dvr Movil \/ Lente De 3.6mm\/ Angulo De 83 Grados\/ Microfono Integrado\/ Ir 20mts\/ Shock-proof\/ Ip67\/"}]},{"@type":"WebSite","@id":"https:\/\/compuviper.mx\/tienda\/#website","url":"https:\/\/compuviper.mx\/tienda\/","name":"Compuviper","description":"Proveedor de Computadoras, Laptops, Servidores, Monitores, Puntos de Venta, Teclados,   Impresoras, T\u00f3ner, C\u00e1maras de Seguridad y m\u00e1s en tu tienda en l\u00ednea","publisher":{"@id":"https:\/\/compuviper.mx\/tienda\/#organization"},"potentialAction":[{"@type":"SearchAction","target":{"@type":"EntryPoint","urlTemplate":"https:\/\/compuviper.mx\/tienda\/?s={search_term_string}"},"query-input":"required name=search_term_string"}],"inLanguage":"es-MX"},{"@type":"Organization","@id":"https:\/\/compuviper.mx\/tienda\/#organization","name":"Compuviper","url":"https:\/\/compuviper.mx\/tienda\/","logo":{"@type":"ImageObject","inLanguage":"es-MX","@id":"https:\/\/compuviper.mx\/tienda\/#\/schema\/logo\/image\/","url":"https:\/\/compuviper.mx\/tienda\/wp-content\/uploads\/2021\/08\/Logo-Compuviper-10.png","contentUrl":"https:\/\/compuviper.mx\/tienda\/wp-content\/uploads\/2021\/08\/Logo-Compuviper-10.png","width":1000,"height":500,"caption":"Compuviper"},"image":{"@id":"https:\/\/compuviper.mx\/tienda\/#\/schema\/logo\/image\/"},"sameAs":["https:\/\/www.facebook.com\/compuviper","https:\/\/www.youtube.com\/channel\/UCf73dERp9Y3cfOq7q8BhLjA?view_as=subscriber"]}]},"product_brand":"DAHUA","product_price_amount":"848","product_price_currency":"MXN","og_availability":"backorder","product_availability":"available for order","product_retailer_item_id":"DH-HAC-HDW3200GN-M-0360B-S5","product_condition":"new"},"_links":{"self":[{"href":"https:\/\/compuviper.mx\/tienda\/wp-json\/wp\/v2\/product\/216611"}],"collection":[{"href":"https:\/\/compuviper.mx\/tienda\/wp-json\/wp\/v2\/product"}],"about":[{"href":"https:\/\/compuviper.mx\/tienda\/wp-json\/wp\/v2\/types\/product"}],"replies":[{"embeddable":true,"href":"https:\/\/compuviper.mx\/tienda\/wp-json\/wp\/v2\/comments?post=216611"}],"wp:featuredmedia":[{"embeddable":true,"href":"https:\/\/compuviper.mx\/tienda\/wp-json\/wp\/v2\/media\/216612"}],"wp:attachment":[{"href":"https:\/\/compuviper.mx\/tienda\/wp-json\/wp\/v2\/media?parent=216611"}],"wp:term":[{"taxonomy":"product_cat","embeddable":true,"href":"https:\/\/compuviper.mx\/tienda\/wp-json\/wp\/v2\/product_cat?post=216611"},{"taxonomy":"product_tag","embeddable":true,"href":"https:\/\/compuviper.mx\/tienda\/wp-json\/wp\/v2\/product_tag?post=216611"}],"curies":[{"name":"wp","href":"https:\/\/api.w.org\/{rel}","templated":true}]}}