{"id":216539,"date":"2026-04-23T00:11:12","date_gmt":"2026-04-23T06:11:12","guid":{"rendered":"https:\/\/compuviper.mx\/tienda\/producto\/dahua-dh-ipc-hfw1431t1n-zs-2812-s4-camara-ip-bullet-de-4-megapixeles-lente-motorizado-de-2-8-a-12mm-h-265-ir-de-50-metros-wdr-3d-dnr-ranura-para-microsd-ip67-poe\/"},"modified":"2026-04-23T00:11:12","modified_gmt":"2026-04-23T06:11:12","slug":"dahua-dh-ipc-hfw1431t1n-zs-2812-s4-camara-ip-bullet-de-4-megapixeles-lente-motorizado-de-2-8-a-12mm-h-265-ir-de-50-metros-wdr-3d-dnr-ranura-para-microsd-ip67-poe","status":"publish","type":"product","link":"https:\/\/compuviper.mx\/tienda\/producto\/dahua-dh-ipc-hfw1431t1n-zs-2812-s4-camara-ip-bullet-de-4-megapixeles-lente-motorizado-de-2-8-a-12mm-h-265-ir-de-50-metros-wdr-3d-dnr-ranura-para-microsd-ip67-poe\/","title":{"rendered":"Dahua Dh-ipc-hfw1431t1n-zs-2812-s4 Camara Ip  Bullet De 4 Megapixeles\/ Lente Motorizado De 2.8 A 12mm\/ H.265\/ Ir De 50 Metros\/ Wdr, 3d Dnr\/ Ranura Para Microsd\/ Ip67\/ Poe"},"content":{"rendered":"<table class=\"descripcion\">\n<tr>\n<td>\u00b7 sensor de imagen cmos de 4mp, 1\/3 \u0094, baja iluminaci\u00f3n, alta definici\u00f3n de imagen<\/td>\n<\/tr>\n<tr>\n<td>\u00b7 emite 4mp (2560 \u00d7 1440) a 25\/30 fps y admite m\u00e1x. 4mp (2688 \u00d7 1520) a 20 fps<\/td>\n<\/tr>\n<tr>\n<td>\u00b7 c\u00f3dec h.265, alta tasa de compresi\u00f3n, tasa de bits ultrabaja led ir incorporado, m\u00e1x. ir distancia: 50 m<\/td>\n<\/tr>\n<tr>\n<td>\u00b7 roi, smart h.264 \/ h.265, codificaci\u00f3n flexible, aplicable a varios entornos de ancho de banda y almacenamiento<\/td>\n<\/tr>\n<tr>\n<td>\u00b7 cambio de imagen, wdr, 3d dnr, hlc, blc, marca de agua digital, aplicable a varias escenas de monitoreo<\/td>\n<\/tr>\n<tr>\n<td>\u00b7 detecci\u00f3n de anomal\u00edas: detecci\u00f3n de movimiento, manipulaci\u00f3n de video, sin sd tarjeta, tarjeta sd llena, error de tarjeta sd, desconexi\u00f3n de red, conflicto de ip, acceso ilegal, detecci\u00f3n de voltaje<\/td>\n<\/tr>\n<tr>\n<td>\u00b7 soporta m\u00e1x. tarjeta sd de 256 gb<\/td>\n<\/tr>\n<tr>\n<td>\u00b7 soporte de alimentaci\u00f3n de 12v dc \/ poe<\/td>\n<\/tr>\n<tr>\n<td>\u00b7 protecci\u00f3n ip67<\/td>\n<\/tr>\n<tr>\n<td>.material: metal y pl\u00e1stico<\/td>\n<\/tr>\n<\/table>\n","protected":false},"excerpt":{"rendered":"<p>Con caracter\u00edsticas de instalaci\u00f3n simple, f\u00e1cil operaci\u00f3n y alta relaci\u00f3n rendimiento-costo, la c\u00e1mara de la serie dahua entry es aplicable a escenas de tama\u00f1o mediano, como casas \/ residencias, tiendas minoristas peque\u00f1as tiendas y otras peque\u00f1as y medianas empresas.<\/p>\n","protected":false},"featured_media":216540,"comment_status":"open","ping_status":"open","template":"","meta":[],"product_cat":[1608,1681],"product_tag":[1555],"acf":[],"yoast_head":"<!-- This site is optimized with the Yoast SEO plugin v21.7 - https:\/\/yoast.com\/wordpress\/plugins\/seo\/ -->\n<title>[ Dahua ] &#129351; Dh-ipc-hfw1431t1n-zs-2812-s4 Camara Ip Bullet De 4 Megapixeles\/ Lente Motorizado De 2.8 A 12mm\/ H.265\/ Ir De 50 Metros\/ Wdr, 3d Dnr\/ Ranura Para Microsd\/ Ip67\/ Poe<\/title>\n<meta name=\"description\" content=\"Compra Dh-ipc-hfw1431t1n-zs-2812-s4 Camara Ip Bullet De 4 Megapixeles\/ Lente Motorizado De 2.8 A 12mm\/ H.265\/ Ir De 50 Metros\/ Wdr, 3d Dnr\/ Ranura Para Microsd\/ Ip67\/ Poe + Env\u00edo a domicilio + Pago seguro + Garant\u00eda\" \/>\n<meta name=\"robots\" content=\"index, follow, max-snippet:-1, max-image-preview:large, max-video-preview:-1\" \/>\n<link rel=\"canonical\" href=\"https:\/\/compuviper.mx\/tienda\/producto\/dahua-dh-ipc-hfw1431t1n-zs-2812-s4-camara-ip-bullet-de-4-megapixeles-lente-motorizado-de-2-8-a-12mm-h-265-ir-de-50-metros-wdr-3d-dnr-ranura-para-microsd-ip67-poe\/\" \/>\n<meta property=\"og:locale\" content=\"es_MX\" \/>\n<meta property=\"og:type\" content=\"article\" \/>\n<meta property=\"og:title\" content=\"[ Dahua ] &#129351; Dh-ipc-hfw1431t1n-zs-2812-s4 Camara Ip Bullet De 4 Megapixeles\/ Lente Motorizado De 2.8 A 12mm\/ H.265\/ Ir De 50 Metros\/ Wdr, 3d Dnr\/ Ranura Para Microsd\/ Ip67\/ Poe\" \/>\n<meta property=\"og:description\" content=\"Compra Dh-ipc-hfw1431t1n-zs-2812-s4 Camara Ip Bullet De 4 Megapixeles\/ Lente Motorizado De 2.8 A 12mm\/ H.265\/ Ir De 50 Metros\/ Wdr, 3d Dnr\/ Ranura Para Microsd\/ Ip67\/ Poe + Env\u00edo a domicilio + Pago seguro + Garant\u00eda\" \/>\n<meta property=\"og:url\" content=\"https:\/\/compuviper.mx\/tienda\/producto\/dahua-dh-ipc-hfw1431t1n-zs-2812-s4-camara-ip-bullet-de-4-megapixeles-lente-motorizado-de-2-8-a-12mm-h-265-ir-de-50-metros-wdr-3d-dnr-ranura-para-microsd-ip67-poe\/\" \/>\n<meta property=\"og:site_name\" content=\"Compuviper\" \/>\n<meta property=\"article:publisher\" content=\"https:\/\/www.facebook.com\/compuviper\" \/>\n<meta property=\"og:image\" content=\"https:\/\/compuviper.mx\/tienda\/wp-content\/uploads\/2023\/12\/Camara-ip-dahua-bullet-de-4-megapixeles-lente-motorizado-de-2.8-a-12mm-h.265-ir-de-50-metros-wdr-3d-dnr-ranura-para-microsd-ip67-poe.jpg\" \/>\n\t<meta property=\"og:image:width\" content=\"200\" \/>\n\t<meta property=\"og:image:height\" content=\"200\" \/>\n\t<meta property=\"og:image:type\" content=\"image\/jpeg\" \/>\n<meta name=\"twitter:card\" content=\"summary_large_image\" \/>\n<meta name=\"twitter:label1\" content=\"Precio\" \/>\n\t<meta name=\"twitter:data1\" content=\"&#36;1,775 con IVA\" \/>\n\t<meta name=\"twitter:label2\" content=\"Availability\" \/>\n\t<meta name=\"twitter:data2\" content=\"Out of stock\" \/>\n<script type=\"application\/ld+json\" class=\"yoast-schema-graph\">{\"@context\":\"https:\/\/schema.org\",\"@graph\":[{\"@type\":\"WebPage\",\"@id\":\"https:\/\/compuviper.mx\/tienda\/producto\/dahua-dh-ipc-hfw1431t1n-zs-2812-s4-camara-ip-bullet-de-4-megapixeles-lente-motorizado-de-2-8-a-12mm-h-265-ir-de-50-metros-wdr-3d-dnr-ranura-para-microsd-ip67-poe\/\",\"url\":\"https:\/\/compuviper.mx\/tienda\/producto\/dahua-dh-ipc-hfw1431t1n-zs-2812-s4-camara-ip-bullet-de-4-megapixeles-lente-motorizado-de-2-8-a-12mm-h-265-ir-de-50-metros-wdr-3d-dnr-ranura-para-microsd-ip67-poe\/\",\"name\":\"[ Dahua ] &#129351; Dh-ipc-hfw1431t1n-zs-2812-s4 Camara Ip Bullet De 4 Megapixeles\/ Lente Motorizado De 2.8 A 12mm\/ H.265\/ Ir De 50 Metros\/ Wdr, 3d Dnr\/ Ranura Para Microsd\/ Ip67\/ Poe\",\"isPartOf\":{\"@id\":\"https:\/\/compuviper.mx\/tienda\/#website\"},\"datePublished\":\"2026-04-23T06:11:12+00:00\",\"dateModified\":\"2026-04-23T06:11:12+00:00\",\"description\":\"Compra Dh-ipc-hfw1431t1n-zs-2812-s4 Camara Ip Bullet De 4 Megapixeles\/ Lente Motorizado De 2.8 A 12mm\/ H.265\/ Ir De 50 Metros\/ Wdr, 3d Dnr\/ Ranura Para Microsd\/ Ip67\/ Poe + Env\u00edo a domicilio + Pago seguro + Garant\u00eda\",\"breadcrumb\":{\"@id\":\"https:\/\/compuviper.mx\/tienda\/producto\/dahua-dh-ipc-hfw1431t1n-zs-2812-s4-camara-ip-bullet-de-4-megapixeles-lente-motorizado-de-2-8-a-12mm-h-265-ir-de-50-metros-wdr-3d-dnr-ranura-para-microsd-ip67-poe\/#breadcrumb\"},\"inLanguage\":\"es-MX\",\"potentialAction\":[{\"@type\":\"ReadAction\",\"target\":[\"https:\/\/compuviper.mx\/tienda\/producto\/dahua-dh-ipc-hfw1431t1n-zs-2812-s4-camara-ip-bullet-de-4-megapixeles-lente-motorizado-de-2-8-a-12mm-h-265-ir-de-50-metros-wdr-3d-dnr-ranura-para-microsd-ip67-poe\/\"]}]},{\"@type\":\"BreadcrumbList\",\"@id\":\"https:\/\/compuviper.mx\/tienda\/producto\/dahua-dh-ipc-hfw1431t1n-zs-2812-s4-camara-ip-bullet-de-4-megapixeles-lente-motorizado-de-2-8-a-12mm-h-265-ir-de-50-metros-wdr-3d-dnr-ranura-para-microsd-ip67-poe\/#breadcrumb\",\"itemListElement\":[{\"@type\":\"ListItem\",\"position\":1,\"name\":\"Inicio\",\"item\":\"https:\/\/compuviper.mx\/tienda\/\"},{\"@type\":\"ListItem\",\"position\":2,\"name\":\"Productos\",\"item\":\"https:\/\/compuviper.mx\/tienda\/productos\/\"},{\"@type\":\"ListItem\",\"position\":3,\"name\":\"Camaras\",\"item\":\"https:\/\/compuviper.mx\/tienda\/categoria-producto\/camaras-2\/\"},{\"@type\":\"ListItem\",\"position\":4,\"name\":\"Camara De Videovigilancia\",\"item\":\"https:\/\/compuviper.mx\/tienda\/categoria-producto\/camaras-2\/camara-de-videovigilancia\/\"},{\"@type\":\"ListItem\",\"position\":5,\"name\":\"Dahua Dh-ipc-hfw1431t1n-zs-2812-s4 Camara Ip Bullet De 4 Megapixeles\/ Lente Motorizado De 2.8 A 12mm\/ H.265\/ Ir De 50 Metros\/ Wdr, 3d Dnr\/ Ranura Para Microsd\/ Ip67\/ Poe\"}]},{\"@type\":\"WebSite\",\"@id\":\"https:\/\/compuviper.mx\/tienda\/#website\",\"url\":\"https:\/\/compuviper.mx\/tienda\/\",\"name\":\"Compuviper\",\"description\":\"Proveedor de Computadoras, Laptops, Servidores, Monitores, Puntos de Venta, Teclados,   Impresoras, T\u00f3ner, C\u00e1maras de Seguridad y m\u00e1s en tu tienda en l\u00ednea\",\"publisher\":{\"@id\":\"https:\/\/compuviper.mx\/tienda\/#organization\"},\"potentialAction\":[{\"@type\":\"SearchAction\",\"target\":{\"@type\":\"EntryPoint\",\"urlTemplate\":\"https:\/\/compuviper.mx\/tienda\/?s={search_term_string}\"},\"query-input\":\"required name=search_term_string\"}],\"inLanguage\":\"es-MX\"},{\"@type\":\"Organization\",\"@id\":\"https:\/\/compuviper.mx\/tienda\/#organization\",\"name\":\"Compuviper\",\"url\":\"https:\/\/compuviper.mx\/tienda\/\",\"logo\":{\"@type\":\"ImageObject\",\"inLanguage\":\"es-MX\",\"@id\":\"https:\/\/compuviper.mx\/tienda\/#\/schema\/logo\/image\/\",\"url\":\"https:\/\/compuviper.mx\/tienda\/wp-content\/uploads\/2021\/08\/Logo-Compuviper-10.png\",\"contentUrl\":\"https:\/\/compuviper.mx\/tienda\/wp-content\/uploads\/2021\/08\/Logo-Compuviper-10.png\",\"width\":1000,\"height\":500,\"caption\":\"Compuviper\"},\"image\":{\"@id\":\"https:\/\/compuviper.mx\/tienda\/#\/schema\/logo\/image\/\"},\"sameAs\":[\"https:\/\/www.facebook.com\/compuviper\",\"https:\/\/www.youtube.com\/channel\/UCf73dERp9Y3cfOq7q8BhLjA?view_as=subscriber\"]}]}<\/script>\n<meta property=\"product:brand\" content=\"DAHUA\" \/>\n<meta property=\"product:price:amount\" content=\"1775\" \/>\n<meta property=\"product:price:currency\" content=\"MXN\" \/>\n<meta property=\"og:availability\" content=\"out of stock\" \/>\n<meta property=\"product:availability\" content=\"out of stock\" \/>\n<meta property=\"product:retailer_item_id\" content=\"DH-IPC-HFW1431T1N-ZS-2812-S4\" \/>\n<meta property=\"product:condition\" content=\"new\" \/>\n<!-- \/ Yoast SEO plugin. -->","yoast_head_json":{"title":"[ Dahua ] &#129351; Dh-ipc-hfw1431t1n-zs-2812-s4 Camara Ip Bullet De 4 Megapixeles\/ Lente Motorizado De 2.8 A 12mm\/ H.265\/ Ir De 50 Metros\/ Wdr, 3d Dnr\/ Ranura Para Microsd\/ Ip67\/ Poe","description":"Compra Dh-ipc-hfw1431t1n-zs-2812-s4 Camara Ip Bullet De 4 Megapixeles\/ Lente Motorizado De 2.8 A 12mm\/ H.265\/ Ir De 50 Metros\/ Wdr, 3d Dnr\/ Ranura Para Microsd\/ Ip67\/ Poe + Env\u00edo a domicilio + Pago seguro + Garant\u00eda","robots":{"index":"index","follow":"follow","max-snippet":"max-snippet:-1","max-image-preview":"max-image-preview:large","max-video-preview":"max-video-preview:-1"},"canonical":"https:\/\/compuviper.mx\/tienda\/producto\/dahua-dh-ipc-hfw1431t1n-zs-2812-s4-camara-ip-bullet-de-4-megapixeles-lente-motorizado-de-2-8-a-12mm-h-265-ir-de-50-metros-wdr-3d-dnr-ranura-para-microsd-ip67-poe\/","og_locale":"es_MX","og_type":"article","og_title":"[ Dahua ] &#129351; Dh-ipc-hfw1431t1n-zs-2812-s4 Camara Ip Bullet De 4 Megapixeles\/ Lente Motorizado De 2.8 A 12mm\/ H.265\/ Ir De 50 Metros\/ Wdr, 3d Dnr\/ Ranura Para Microsd\/ Ip67\/ Poe","og_description":"Compra Dh-ipc-hfw1431t1n-zs-2812-s4 Camara Ip Bullet De 4 Megapixeles\/ Lente Motorizado De 2.8 A 12mm\/ H.265\/ Ir De 50 Metros\/ Wdr, 3d Dnr\/ Ranura Para Microsd\/ Ip67\/ Poe + Env\u00edo a domicilio + Pago seguro + Garant\u00eda","og_url":"https:\/\/compuviper.mx\/tienda\/producto\/dahua-dh-ipc-hfw1431t1n-zs-2812-s4-camara-ip-bullet-de-4-megapixeles-lente-motorizado-de-2-8-a-12mm-h-265-ir-de-50-metros-wdr-3d-dnr-ranura-para-microsd-ip67-poe\/","og_site_name":"Compuviper","article_publisher":"https:\/\/www.facebook.com\/compuviper","og_image":[{"width":200,"height":200,"url":"https:\/\/compuviper.mx\/tienda\/wp-content\/uploads\/2023\/12\/Camara-ip-dahua-bullet-de-4-megapixeles-lente-motorizado-de-2.8-a-12mm-h.265-ir-de-50-metros-wdr-3d-dnr-ranura-para-microsd-ip67-poe.jpg","type":"image\/jpeg"}],"twitter_card":"summary_large_image","twitter_misc":{"Precio":"&#36;1,775 con IVA","Availability":"Out of stock"},"schema":{"@context":"https:\/\/schema.org","@graph":[{"@type":"WebPage","@id":"https:\/\/compuviper.mx\/tienda\/producto\/dahua-dh-ipc-hfw1431t1n-zs-2812-s4-camara-ip-bullet-de-4-megapixeles-lente-motorizado-de-2-8-a-12mm-h-265-ir-de-50-metros-wdr-3d-dnr-ranura-para-microsd-ip67-poe\/","url":"https:\/\/compuviper.mx\/tienda\/producto\/dahua-dh-ipc-hfw1431t1n-zs-2812-s4-camara-ip-bullet-de-4-megapixeles-lente-motorizado-de-2-8-a-12mm-h-265-ir-de-50-metros-wdr-3d-dnr-ranura-para-microsd-ip67-poe\/","name":"[ Dahua ] &#129351; Dh-ipc-hfw1431t1n-zs-2812-s4 Camara Ip Bullet De 4 Megapixeles\/ Lente Motorizado De 2.8 A 12mm\/ H.265\/ Ir De 50 Metros\/ Wdr, 3d Dnr\/ Ranura Para Microsd\/ Ip67\/ Poe","isPartOf":{"@id":"https:\/\/compuviper.mx\/tienda\/#website"},"datePublished":"2026-04-23T06:11:12+00:00","dateModified":"2026-04-23T06:11:12+00:00","description":"Compra Dh-ipc-hfw1431t1n-zs-2812-s4 Camara Ip Bullet De 4 Megapixeles\/ Lente Motorizado De 2.8 A 12mm\/ H.265\/ Ir De 50 Metros\/ Wdr, 3d Dnr\/ Ranura Para Microsd\/ Ip67\/ Poe + Env\u00edo a domicilio + Pago seguro + Garant\u00eda","breadcrumb":{"@id":"https:\/\/compuviper.mx\/tienda\/producto\/dahua-dh-ipc-hfw1431t1n-zs-2812-s4-camara-ip-bullet-de-4-megapixeles-lente-motorizado-de-2-8-a-12mm-h-265-ir-de-50-metros-wdr-3d-dnr-ranura-para-microsd-ip67-poe\/#breadcrumb"},"inLanguage":"es-MX","potentialAction":[{"@type":"ReadAction","target":["https:\/\/compuviper.mx\/tienda\/producto\/dahua-dh-ipc-hfw1431t1n-zs-2812-s4-camara-ip-bullet-de-4-megapixeles-lente-motorizado-de-2-8-a-12mm-h-265-ir-de-50-metros-wdr-3d-dnr-ranura-para-microsd-ip67-poe\/"]}]},{"@type":"BreadcrumbList","@id":"https:\/\/compuviper.mx\/tienda\/producto\/dahua-dh-ipc-hfw1431t1n-zs-2812-s4-camara-ip-bullet-de-4-megapixeles-lente-motorizado-de-2-8-a-12mm-h-265-ir-de-50-metros-wdr-3d-dnr-ranura-para-microsd-ip67-poe\/#breadcrumb","itemListElement":[{"@type":"ListItem","position":1,"name":"Inicio","item":"https:\/\/compuviper.mx\/tienda\/"},{"@type":"ListItem","position":2,"name":"Productos","item":"https:\/\/compuviper.mx\/tienda\/productos\/"},{"@type":"ListItem","position":3,"name":"Camaras","item":"https:\/\/compuviper.mx\/tienda\/categoria-producto\/camaras-2\/"},{"@type":"ListItem","position":4,"name":"Camara De Videovigilancia","item":"https:\/\/compuviper.mx\/tienda\/categoria-producto\/camaras-2\/camara-de-videovigilancia\/"},{"@type":"ListItem","position":5,"name":"Dahua Dh-ipc-hfw1431t1n-zs-2812-s4 Camara Ip Bullet De 4 Megapixeles\/ Lente Motorizado De 2.8 A 12mm\/ H.265\/ Ir De 50 Metros\/ Wdr, 3d Dnr\/ Ranura Para Microsd\/ Ip67\/ Poe"}]},{"@type":"WebSite","@id":"https:\/\/compuviper.mx\/tienda\/#website","url":"https:\/\/compuviper.mx\/tienda\/","name":"Compuviper","description":"Proveedor de Computadoras, Laptops, Servidores, Monitores, Puntos de Venta, Teclados,   Impresoras, T\u00f3ner, C\u00e1maras de Seguridad y m\u00e1s en tu tienda en l\u00ednea","publisher":{"@id":"https:\/\/compuviper.mx\/tienda\/#organization"},"potentialAction":[{"@type":"SearchAction","target":{"@type":"EntryPoint","urlTemplate":"https:\/\/compuviper.mx\/tienda\/?s={search_term_string}"},"query-input":"required name=search_term_string"}],"inLanguage":"es-MX"},{"@type":"Organization","@id":"https:\/\/compuviper.mx\/tienda\/#organization","name":"Compuviper","url":"https:\/\/compuviper.mx\/tienda\/","logo":{"@type":"ImageObject","inLanguage":"es-MX","@id":"https:\/\/compuviper.mx\/tienda\/#\/schema\/logo\/image\/","url":"https:\/\/compuviper.mx\/tienda\/wp-content\/uploads\/2021\/08\/Logo-Compuviper-10.png","contentUrl":"https:\/\/compuviper.mx\/tienda\/wp-content\/uploads\/2021\/08\/Logo-Compuviper-10.png","width":1000,"height":500,"caption":"Compuviper"},"image":{"@id":"https:\/\/compuviper.mx\/tienda\/#\/schema\/logo\/image\/"},"sameAs":["https:\/\/www.facebook.com\/compuviper","https:\/\/www.youtube.com\/channel\/UCf73dERp9Y3cfOq7q8BhLjA?view_as=subscriber"]}]},"product_brand":"DAHUA","product_price_amount":"1775","product_price_currency":"MXN","og_availability":"out of stock","product_availability":"out of stock","product_retailer_item_id":"DH-IPC-HFW1431T1N-ZS-2812-S4","product_condition":"new"},"_links":{"self":[{"href":"https:\/\/compuviper.mx\/tienda\/wp-json\/wp\/v2\/product\/216539"}],"collection":[{"href":"https:\/\/compuviper.mx\/tienda\/wp-json\/wp\/v2\/product"}],"about":[{"href":"https:\/\/compuviper.mx\/tienda\/wp-json\/wp\/v2\/types\/product"}],"replies":[{"embeddable":true,"href":"https:\/\/compuviper.mx\/tienda\/wp-json\/wp\/v2\/comments?post=216539"}],"wp:featuredmedia":[{"embeddable":true,"href":"https:\/\/compuviper.mx\/tienda\/wp-json\/wp\/v2\/media\/216540"}],"wp:attachment":[{"href":"https:\/\/compuviper.mx\/tienda\/wp-json\/wp\/v2\/media?parent=216539"}],"wp:term":[{"taxonomy":"product_cat","embeddable":true,"href":"https:\/\/compuviper.mx\/tienda\/wp-json\/wp\/v2\/product_cat?post=216539"},{"taxonomy":"product_tag","embeddable":true,"href":"https:\/\/compuviper.mx\/tienda\/wp-json\/wp\/v2\/product_tag?post=216539"}],"curies":[{"name":"wp","href":"https:\/\/api.w.org\/{rel}","templated":true}]}}