{"id":216513,"date":"2026-04-18T00:16:27","date_gmt":"2026-04-18T06:16:27","guid":{"rendered":"https:\/\/compuviper.mx\/tienda\/producto\/manhattan-462013-camara-web-usb-v2-720p-mic-interno\/"},"modified":"2026-04-18T00:16:27","modified_gmt":"2026-04-18T06:16:27","slug":"manhattan-462013-camara-web-usb-v2-720p-mic-interno","status":"publish","type":"product","link":"https:\/\/compuviper.mx\/tienda\/producto\/manhattan-462013-camara-web-usb-v2-720p-mic-interno\/","title":{"rendered":"Manhattan 462013 Camara Web,,, Usb V2 720p Mic Interno"},"content":{"rendered":"<table class=\"descripcion\">\n<tr>\n<td>Una c\u00e1mara web con conexi\u00f3n usb que te permite llamar y grabar con claridad de<\/td>\n<\/tr>\n<tr>\n<td>Alta definici\u00f3n<\/td>\n<\/tr>\n<tr>\n<td>Haz videollamadas o transmisiones de 720p en tus plataformas favoritas como skype,<\/td>\n<\/tr>\n<tr>\n<td>Twitch, teams o zoom. a 30 cuadros por segundo, la calidad del video es suave, mientras<\/td>\n<\/tr>\n<tr>\n<td>Que las im\u00e1genes son n\u00edtidas, coloridas y contrastadas. el micr\u00f3fono incorporado se<\/td>\n<\/tr>\n<tr>\n<td>Asegura de que tu voz se escuche con claridad. para las opciones de montaje, puedes fijar<\/td>\n<\/tr>\n<tr>\n<td>La base de clip ajustable a tu pantalla o hacer que se apoye en una superficie plana. la<\/td>\n<\/tr>\n<tr>\n<td>Funcionalidad plug-and-play a trav\u00e9s del conector usb-a asegura una configuraci\u00f3n r\u00e1pida<\/td>\n<\/tr>\n<tr>\n<td>Y f\u00e1cil en los dispositivos de windows m\u00e1s populares.<\/td>\n<\/tr>\n<\/table>\n","protected":false},"excerpt":{"rendered":"<p>Features. V\u00eddeo de alta definici\u00f3n y claridad de voz de gran fiabilidad, ideal para streaming. Videoconferencias y grabaci\u00f3n. Transmisi\u00f3n de v\u00eddeo n\u00edtida y sin complicaciones en formato de pantalla ancha de. 720p con 30 fotogramas por segundo. Micr\u00f3fono integrado de alta calidad para una comunicaci\u00f3n clara. Optimizaci\u00f3n de la imagen con saturaci\u00f3n autom\u00e1tica, contraste, balance de. Blancos y ajuste de la exposici\u00f3n. Base con clip ajustable para sujetar a la pantalla o para colocarla en el escritorio. Plug and play \u0096 dispositivo listo para usar con una configuraci\u00f3n r\u00e1pida y f\u00e1cil, no. Se requiere descarga de controladores. Compatible con windows. Tres a\u00f1os de garant\u00eda. Especificaciones. Est\u00e1ndares y certificaciones. \u0095 usb 2.0. \u0095 ce. \u0095 fcc (comisi\u00f3n federal de comunicaciones. \u0095 rohs. General. \u0095 lente: 1 megap\u00edxel. \u0095 tama\u00f1o de la lente: 1\/4. \u0095 conexi\u00f3n: cable incorporado con enchufe usb-a. \u0095 voltaje de entrada: 5 vdc \/ 200 ma. Imagen. \u0095 resoluciones de video: 640&#215;480, 1280&#215;720. \u0095 formato: mjpg, yuy2, bmp, jpg. \u0095 foco: fijo. \u0095 cuadros por segundo (fps): 30. Dise\u00f1o. \u0095 longitud del cable: 1.2 m. \u0095 dimensiones (completamente extendido): 110 x 30 x 18 mm (4.33 x 1.18 x 0.71. Pulgadas. \u0095 peso: 89 g (3.14 onzas. Requerimientos del sistema. \u0095 un puerto usb-a disponible. \u0095 windows xp\/7\/8\/8.1\/10<\/p>\n","protected":false},"featured_media":216514,"comment_status":"open","ping_status":"open","template":"","meta":[],"product_cat":[1682,1608],"product_tag":[1487],"acf":[],"yoast_head":"<!-- This site is optimized with the Yoast SEO plugin v21.7 - https:\/\/yoast.com\/wordpress\/plugins\/seo\/ -->\n<title>[ Manhattan ] &#129351; 462013 Camara Web,,, Usb V2 720p Mic Interno<\/title>\n<meta name=\"description\" content=\"Compra 462013 Camara Web,,, Usb V2 720p Mic Interno + Env\u00edo a domicilio + Pago seguro + Garant\u00eda\" \/>\n<meta name=\"robots\" content=\"index, follow, max-snippet:-1, max-image-preview:large, max-video-preview:-1\" \/>\n<link rel=\"canonical\" href=\"https:\/\/compuviper.mx\/tienda\/producto\/manhattan-462013-camara-web-usb-v2-720p-mic-interno\/\" \/>\n<meta property=\"og:locale\" content=\"es_MX\" \/>\n<meta property=\"og:type\" content=\"article\" \/>\n<meta property=\"og:title\" content=\"[ Manhattan ] &#129351; 462013 Camara Web,,, Usb V2 720p Mic Interno\" \/>\n<meta property=\"og:description\" content=\"Compra 462013 Camara Web,,, Usb V2 720p Mic Interno + Env\u00edo a domicilio + Pago seguro + Garant\u00eda\" \/>\n<meta property=\"og:url\" content=\"https:\/\/compuviper.mx\/tienda\/producto\/manhattan-462013-camara-web-usb-v2-720p-mic-interno\/\" \/>\n<meta property=\"og:site_name\" content=\"Compuviper\" \/>\n<meta property=\"article:publisher\" content=\"https:\/\/www.facebook.com\/compuviper\" \/>\n<meta property=\"og:image\" content=\"https:\/\/compuviper.mx\/tienda\/wp-content\/uploads\/2023\/12\/Camara-webmanhattan462013-usb-v2-720p-mic-interno.jpg\" \/>\n\t<meta property=\"og:image:width\" content=\"200\" \/>\n\t<meta property=\"og:image:height\" content=\"200\" \/>\n\t<meta property=\"og:image:type\" content=\"image\/jpeg\" \/>\n<meta name=\"twitter:card\" content=\"summary_large_image\" \/>\n<meta name=\"twitter:label1\" content=\"Precio\" \/>\n\t<meta name=\"twitter:data1\" content=\"&#36;207 con IVA\" \/>\n\t<meta name=\"twitter:label2\" content=\"Availability\" \/>\n\t<meta name=\"twitter:data2\" content=\"Out of stock\" \/>\n<script type=\"application\/ld+json\" class=\"yoast-schema-graph\">{\"@context\":\"https:\/\/schema.org\",\"@graph\":[{\"@type\":\"WebPage\",\"@id\":\"https:\/\/compuviper.mx\/tienda\/producto\/manhattan-462013-camara-web-usb-v2-720p-mic-interno\/\",\"url\":\"https:\/\/compuviper.mx\/tienda\/producto\/manhattan-462013-camara-web-usb-v2-720p-mic-interno\/\",\"name\":\"[ Manhattan ] &#129351; 462013 Camara Web,,, Usb V2 720p Mic Interno\",\"isPartOf\":{\"@id\":\"https:\/\/compuviper.mx\/tienda\/#website\"},\"datePublished\":\"2026-04-18T06:16:27+00:00\",\"dateModified\":\"2026-04-18T06:16:27+00:00\",\"description\":\"Compra 462013 Camara Web,,, Usb V2 720p Mic Interno + Env\u00edo a domicilio + Pago seguro + Garant\u00eda\",\"breadcrumb\":{\"@id\":\"https:\/\/compuviper.mx\/tienda\/producto\/manhattan-462013-camara-web-usb-v2-720p-mic-interno\/#breadcrumb\"},\"inLanguage\":\"es-MX\",\"potentialAction\":[{\"@type\":\"ReadAction\",\"target\":[\"https:\/\/compuviper.mx\/tienda\/producto\/manhattan-462013-camara-web-usb-v2-720p-mic-interno\/\"]}]},{\"@type\":\"BreadcrumbList\",\"@id\":\"https:\/\/compuviper.mx\/tienda\/producto\/manhattan-462013-camara-web-usb-v2-720p-mic-interno\/#breadcrumb\",\"itemListElement\":[{\"@type\":\"ListItem\",\"position\":1,\"name\":\"Inicio\",\"item\":\"https:\/\/compuviper.mx\/tienda\/\"},{\"@type\":\"ListItem\",\"position\":2,\"name\":\"Productos\",\"item\":\"https:\/\/compuviper.mx\/tienda\/productos\/\"},{\"@type\":\"ListItem\",\"position\":3,\"name\":\"Camaras\",\"item\":\"https:\/\/compuviper.mx\/tienda\/categoria-producto\/camaras-2\/\"},{\"@type\":\"ListItem\",\"position\":4,\"name\":\"Camara Web\",\"item\":\"https:\/\/compuviper.mx\/tienda\/categoria-producto\/camaras-2\/camara-web\/\"},{\"@type\":\"ListItem\",\"position\":5,\"name\":\"Manhattan 462013 Camara Web,,, Usb V2 720p Mic Interno\"}]},{\"@type\":\"WebSite\",\"@id\":\"https:\/\/compuviper.mx\/tienda\/#website\",\"url\":\"https:\/\/compuviper.mx\/tienda\/\",\"name\":\"Compuviper\",\"description\":\"Proveedor de Computadoras, Laptops, Servidores, Monitores, Puntos de Venta, Teclados,   Impresoras, T\u00f3ner, C\u00e1maras de Seguridad y m\u00e1s en tu tienda en l\u00ednea\",\"publisher\":{\"@id\":\"https:\/\/compuviper.mx\/tienda\/#organization\"},\"potentialAction\":[{\"@type\":\"SearchAction\",\"target\":{\"@type\":\"EntryPoint\",\"urlTemplate\":\"https:\/\/compuviper.mx\/tienda\/?s={search_term_string}\"},\"query-input\":\"required name=search_term_string\"}],\"inLanguage\":\"es-MX\"},{\"@type\":\"Organization\",\"@id\":\"https:\/\/compuviper.mx\/tienda\/#organization\",\"name\":\"Compuviper\",\"url\":\"https:\/\/compuviper.mx\/tienda\/\",\"logo\":{\"@type\":\"ImageObject\",\"inLanguage\":\"es-MX\",\"@id\":\"https:\/\/compuviper.mx\/tienda\/#\/schema\/logo\/image\/\",\"url\":\"https:\/\/compuviper.mx\/tienda\/wp-content\/uploads\/2021\/08\/Logo-Compuviper-10.png\",\"contentUrl\":\"https:\/\/compuviper.mx\/tienda\/wp-content\/uploads\/2021\/08\/Logo-Compuviper-10.png\",\"width\":1000,\"height\":500,\"caption\":\"Compuviper\"},\"image\":{\"@id\":\"https:\/\/compuviper.mx\/tienda\/#\/schema\/logo\/image\/\"},\"sameAs\":[\"https:\/\/www.facebook.com\/compuviper\",\"https:\/\/www.youtube.com\/channel\/UCf73dERp9Y3cfOq7q8BhLjA?view_as=subscriber\"]}]}<\/script>\n<meta property=\"product:brand\" content=\"MANHATTAN\" \/>\n<meta property=\"product:price:amount\" content=\"207\" \/>\n<meta property=\"product:price:currency\" content=\"MXN\" \/>\n<meta property=\"og:availability\" content=\"out of stock\" \/>\n<meta property=\"product:availability\" content=\"out of stock\" \/>\n<meta property=\"product:retailer_item_id\" content=\"462013\" \/>\n<meta property=\"product:condition\" content=\"new\" \/>\n<!-- \/ Yoast SEO plugin. -->","yoast_head_json":{"title":"[ Manhattan ] &#129351; 462013 Camara Web,,, Usb V2 720p Mic Interno","description":"Compra 462013 Camara Web,,, Usb V2 720p Mic Interno + Env\u00edo a domicilio + Pago seguro + Garant\u00eda","robots":{"index":"index","follow":"follow","max-snippet":"max-snippet:-1","max-image-preview":"max-image-preview:large","max-video-preview":"max-video-preview:-1"},"canonical":"https:\/\/compuviper.mx\/tienda\/producto\/manhattan-462013-camara-web-usb-v2-720p-mic-interno\/","og_locale":"es_MX","og_type":"article","og_title":"[ Manhattan ] &#129351; 462013 Camara Web,,, Usb V2 720p Mic Interno","og_description":"Compra 462013 Camara Web,,, Usb V2 720p Mic Interno + Env\u00edo a domicilio + Pago seguro + Garant\u00eda","og_url":"https:\/\/compuviper.mx\/tienda\/producto\/manhattan-462013-camara-web-usb-v2-720p-mic-interno\/","og_site_name":"Compuviper","article_publisher":"https:\/\/www.facebook.com\/compuviper","og_image":[{"width":200,"height":200,"url":"https:\/\/compuviper.mx\/tienda\/wp-content\/uploads\/2023\/12\/Camara-webmanhattan462013-usb-v2-720p-mic-interno.jpg","type":"image\/jpeg"}],"twitter_card":"summary_large_image","twitter_misc":{"Precio":"&#36;207 con IVA","Availability":"Out of stock"},"schema":{"@context":"https:\/\/schema.org","@graph":[{"@type":"WebPage","@id":"https:\/\/compuviper.mx\/tienda\/producto\/manhattan-462013-camara-web-usb-v2-720p-mic-interno\/","url":"https:\/\/compuviper.mx\/tienda\/producto\/manhattan-462013-camara-web-usb-v2-720p-mic-interno\/","name":"[ Manhattan ] &#129351; 462013 Camara Web,,, Usb V2 720p Mic Interno","isPartOf":{"@id":"https:\/\/compuviper.mx\/tienda\/#website"},"datePublished":"2026-04-18T06:16:27+00:00","dateModified":"2026-04-18T06:16:27+00:00","description":"Compra 462013 Camara Web,,, Usb V2 720p Mic Interno + Env\u00edo a domicilio + Pago seguro + Garant\u00eda","breadcrumb":{"@id":"https:\/\/compuviper.mx\/tienda\/producto\/manhattan-462013-camara-web-usb-v2-720p-mic-interno\/#breadcrumb"},"inLanguage":"es-MX","potentialAction":[{"@type":"ReadAction","target":["https:\/\/compuviper.mx\/tienda\/producto\/manhattan-462013-camara-web-usb-v2-720p-mic-interno\/"]}]},{"@type":"BreadcrumbList","@id":"https:\/\/compuviper.mx\/tienda\/producto\/manhattan-462013-camara-web-usb-v2-720p-mic-interno\/#breadcrumb","itemListElement":[{"@type":"ListItem","position":1,"name":"Inicio","item":"https:\/\/compuviper.mx\/tienda\/"},{"@type":"ListItem","position":2,"name":"Productos","item":"https:\/\/compuviper.mx\/tienda\/productos\/"},{"@type":"ListItem","position":3,"name":"Camaras","item":"https:\/\/compuviper.mx\/tienda\/categoria-producto\/camaras-2\/"},{"@type":"ListItem","position":4,"name":"Camara Web","item":"https:\/\/compuviper.mx\/tienda\/categoria-producto\/camaras-2\/camara-web\/"},{"@type":"ListItem","position":5,"name":"Manhattan 462013 Camara Web,,, Usb V2 720p Mic Interno"}]},{"@type":"WebSite","@id":"https:\/\/compuviper.mx\/tienda\/#website","url":"https:\/\/compuviper.mx\/tienda\/","name":"Compuviper","description":"Proveedor de Computadoras, Laptops, Servidores, Monitores, Puntos de Venta, Teclados,   Impresoras, T\u00f3ner, C\u00e1maras de Seguridad y m\u00e1s en tu tienda en l\u00ednea","publisher":{"@id":"https:\/\/compuviper.mx\/tienda\/#organization"},"potentialAction":[{"@type":"SearchAction","target":{"@type":"EntryPoint","urlTemplate":"https:\/\/compuviper.mx\/tienda\/?s={search_term_string}"},"query-input":"required name=search_term_string"}],"inLanguage":"es-MX"},{"@type":"Organization","@id":"https:\/\/compuviper.mx\/tienda\/#organization","name":"Compuviper","url":"https:\/\/compuviper.mx\/tienda\/","logo":{"@type":"ImageObject","inLanguage":"es-MX","@id":"https:\/\/compuviper.mx\/tienda\/#\/schema\/logo\/image\/","url":"https:\/\/compuviper.mx\/tienda\/wp-content\/uploads\/2021\/08\/Logo-Compuviper-10.png","contentUrl":"https:\/\/compuviper.mx\/tienda\/wp-content\/uploads\/2021\/08\/Logo-Compuviper-10.png","width":1000,"height":500,"caption":"Compuviper"},"image":{"@id":"https:\/\/compuviper.mx\/tienda\/#\/schema\/logo\/image\/"},"sameAs":["https:\/\/www.facebook.com\/compuviper","https:\/\/www.youtube.com\/channel\/UCf73dERp9Y3cfOq7q8BhLjA?view_as=subscriber"]}]},"product_brand":"MANHATTAN","product_price_amount":"207","product_price_currency":"MXN","og_availability":"out of stock","product_availability":"out of stock","product_retailer_item_id":"462013","product_condition":"new"},"_links":{"self":[{"href":"https:\/\/compuviper.mx\/tienda\/wp-json\/wp\/v2\/product\/216513"}],"collection":[{"href":"https:\/\/compuviper.mx\/tienda\/wp-json\/wp\/v2\/product"}],"about":[{"href":"https:\/\/compuviper.mx\/tienda\/wp-json\/wp\/v2\/types\/product"}],"replies":[{"embeddable":true,"href":"https:\/\/compuviper.mx\/tienda\/wp-json\/wp\/v2\/comments?post=216513"}],"wp:featuredmedia":[{"embeddable":true,"href":"https:\/\/compuviper.mx\/tienda\/wp-json\/wp\/v2\/media\/216514"}],"wp:attachment":[{"href":"https:\/\/compuviper.mx\/tienda\/wp-json\/wp\/v2\/media?parent=216513"}],"wp:term":[{"taxonomy":"product_cat","embeddable":true,"href":"https:\/\/compuviper.mx\/tienda\/wp-json\/wp\/v2\/product_cat?post=216513"},{"taxonomy":"product_tag","embeddable":true,"href":"https:\/\/compuviper.mx\/tienda\/wp-json\/wp\/v2\/product_tag?post=216513"}],"curies":[{"name":"wp","href":"https:\/\/api.w.org\/{rel}","templated":true}]}}