{"id":216435,"date":"2026-04-18T00:16:21","date_gmt":"2026-04-18T06:16:21","guid":{"rendered":"https:\/\/compuviper.mx\/tienda\/producto\/logitech-960-001226-camara-rally-ptz-premium-4k-control-automatico-zoom-15x-campo-visual-90\/"},"modified":"2026-04-18T00:16:21","modified_gmt":"2026-04-18T06:16:21","slug":"logitech-960-001226-camara-rally-ptz-premium-4k-30fps-control-automatico-zoom-fhd-15x-campo-visual-90-videoconferencia","status":"publish","type":"product","link":"https:\/\/compuviper.mx\/tienda\/producto\/logitech-960-001226-camara-rally-ptz-premium-4k-30fps-control-automatico-zoom-fhd-15x-campo-visual-90-videoconferencia\/","title":{"rendered":"Logitech 960-001226 Camara Rally Ptz  Premium 4k 30fps Control Automatico Zoom Fhd 15x Campo Visual 90. Videoconferencia."},"content":{"rendered":"<table class=\"descripcion\">\n<tr>\n<td>Video con calidad de estudio<\/td>\n<\/tr>\n<tr>\n<td>Con un sistema de im\u00e1genes ultra-hd, rally camera ofrece videos incre\u00edblemente n\u00edtidos, colores excepcionales y una precisi\u00f3n \u00f3ptica excepcional a resoluciones de hasta 4k. la tecnolog\u00eda logitech rightlight  optimiza el equilibrio de la luz para enfatizar las caras y proporcionar tonos de piel de aspecto natural, incluso en condiciones de luz tenue o contraluz.<\/td>\n<\/tr>\n<tr>\n<td>Elegante dise\u00f1o industrial<\/td>\n<\/tr>\n<tr>\n<td>Rally camera incorpora \u00f3pticas de clase mundial logitech y sensor 4k en un dise\u00f1o industrial de primera calidad adecuado para cualquier entorno profesional. elegantemente acabado en negro mate con molduras de metal gris pizarra, la c\u00e1mara rally se puede colocar sobre una mesa, montada en un tr\u00edpode o fijada a la pared con el hardware incluido. para instalaciones a\u00e9reas, la c\u00e1mara detecta cu\u00e1ndo se invierte y corrige autom\u00e1ticamente la orientaci\u00f3n de la imagen y los controles de la c\u00e1mara.<\/td>\n<\/tr>\n<tr>\n<td>Ver a todos, perfectamente enmarcados<\/td>\n<\/tr>\n<tr>\n<td>El control de la c\u00e1mara logitech rightsight mueve y ajusta autom\u00e1ticamente la lente para encuadrar c\u00f3modamente a los participantes de la reuni\u00f3n en salas de todas las formas y tama\u00f1os.<\/td>\n<\/tr>\n<tr>\n<td>Disponibilidad futura: rightsight se habilitar\u00e1 mediante una descarga de software, con soporte inicial para windows 10.<\/td>\n<\/tr>\n<tr>\n<td>Experiencia de usuario mejorada<\/td>\n<\/tr>\n<tr>\n<td>Logitech rightsense  es un conjunto de tecnolog\u00edas proactivas integradas en rally camera que automatizan una mejor experiencia de usuario. rightsight  automatiza el control de la c\u00e1mara para encuadrar perfectamente a los participantes, sin importar su distancia de la lente. rightlight  optimiza el equilibrio de la luz y prioriza las caras sobre los objetos y superficies para producir tonos de piel de aspecto natural. adem\u00e1s, rally camera es compatible con pr\u00e1cticamente cualquier aplicaci\u00f3n de videoconferencia desde el primer momento.<\/td>\n<\/tr>\n<tr>\n<td>Garant\u00eda de privacidad<\/td>\n<\/tr>\n<tr>\n<td>Cuando rally camera no est\u00e1 en uso, la lente se coloca de manera predeterminada en una posici\u00f3n donde la lente apunta directamente hacia abajo. esto proporciona una confirmaci\u00f3n visual de que la c\u00e1mara no puede ver nada en el espacio de la reuni\u00f3n cuando est\u00e1 inactivo. la lente se levanta a una posici\u00f3n preestablecida cuando se une a una reuni\u00f3n y se detiene autom\u00e1ticamente cuando finaliza la reuni\u00f3n. adem\u00e1s, cada vez que se silencia el video durante una reuni\u00f3n, una luz de estado se ilumina en rojo para confirmar la privacidad visual.<\/td>\n<\/tr>\n<tr>\n<td>Control autom\u00e1tico de la c\u00e1mara<\/td>\n<\/tr>\n<tr>\n<td>La tecnolog\u00eda de control de la c\u00e1mara logitech rightsight mueve y ajusta autom\u00e1ticamente la lente para encuadrar c\u00f3modamente a los participantes de la reuni\u00f3n en salas de todas las formas y tama\u00f1os. disfruta de la comodidad de manos libres o toma el control manual: los participantes siempre est\u00e1n a la vista y se representan de manera \u00f3ptima en la pantalla.<\/td>\n<\/tr>\n<tr>\n<td>Disponibilidad de rightsight<\/td>\n<\/tr>\n<tr>\n<td>Luz \/ color de optimizaci\u00f3n<\/td>\n<\/tr>\n<tr>\n<td>La tecnolog\u00eda logitech rightlight con amplio rango din\u00e1mico (wdr) prioriza las caras sobre los objetos y las superficies, optimiza el equilibrio de la luz y ajusta el color y la saturaci\u00f3n para obtener resultados naturales en todos los tonos de la piel. el resultado es una imagen equilibrada que proporciona a los participantes una luz favorecedora con reflejos reducidos y sombras m\u00e1s suaves, incluso en condiciones de luz tenue o contraluz.<\/td>\n<\/tr>\n<tr>\n<td>Panor\u00e1mica, inclinaci\u00f3n y zoom adaptables<\/td>\n<\/tr>\n<tr>\n<td>El motor ptz mec\u00e1nico, silencioso y silencioso, ajusta la velocidad de giro e inclinaci\u00f3n con la cantidad de zoom. el resultado: un movimiento m\u00e1s r\u00e1pido de la c\u00e1mara cuando se aleja para un encuadre r\u00e1pido y un movimiento m\u00e1s lento de la c\u00e1mara cuando se acerca para tener m\u00e1s control.<\/td>\n<\/tr>\n<tr>\n<td>M\u00faltiples opciones de instalaci\u00f3n<\/td>\n<\/tr>\n<tr>\n<td>Coloque la c\u00e1mara rally sobre una mesa, el soporte de pared con el hardware incluido o con\u00e9ctelo a una pantalla compatible con vesa con el soporte para tv opcional para meetup . para instalaciones en el techo, rally camera detecta cu\u00e1ndo se invierte y corrige autom\u00e1ticamente la orientaci\u00f3n de la imagen y los controles de la c\u00e1mara. rally camera tambi\u00e9n incluye un hilo de tr\u00edpode est\u00e1ndar para mayor flexibilidad.<\/td>\n<\/tr>\n<tr>\n<td>Grabaci\u00f3n y transmisi\u00f3n de 4k<\/td>\n<\/tr>\n<tr>\n<td>Rally camera incluye un sensor de imagen de 13 megap\u00edxeles que captura video de hasta 4k a hasta 30 fotogramas por segundo, ideal para grabaci\u00f3n y transmisi\u00f3n ultra hd. el avanzado sistema de im\u00e1genes 4k ofrece una calidad espectacular en todas las resoluciones hd y ultra hd con video n\u00edtidamente n\u00edtido, reproducci\u00f3n de color sobresaliente y precisi\u00f3n \u00f3ptica excepcional.<\/td>\n<\/tr>\n<tr>\n<td>La historia detr\u00e1s de la lente<\/td>\n<\/tr>\n<tr>\n<td>Plug-and-play f\u00e1cil<\/td>\n<\/tr>\n<tr>\n<td>S\u00f3lo tiene que conectar a la corriente (enchufes regionales incluidas) y para pc, mac \u00ae y chrome dispositivos a trav\u00e9s de usb. rally camera es compatible con uvc \/ plug-and-play con pr\u00e1cticamente cualquier aplicaci\u00f3n de videoconferencia, grabaci\u00f3n y transmisi\u00f3n que admita c\u00e1maras usb.<\/td>\n<\/tr>\n<tr>\n<td>Dimensiones<\/td>\n<\/tr>\n<tr>\n<td>Rally camera<\/td>\n<\/tr>\n<tr>\n<td>Altura x ancho x profundidad:<\/td>\n<\/tr>\n<tr>\n<td>7.19 in (182.5 mm) x 5.88 in (152 mm) x 5.88 in (152 mm)<\/td>\n<\/tr>\n<tr>\n<td>Rally camera power splitter<\/td>\n<\/tr>\n<tr>\n<td>Altura x ancho x profundidad:<\/td>\n<\/tr>\n<tr>\n<td>0.84 in (21.4 mm) x 3.19 in (81 mm) x 2.38 in (60.5 mm)<\/td>\n<\/tr>\n<tr>\n<td>Rally soporte de montaje de la c\u00e1mara<\/td>\n<\/tr>\n<tr>\n<td>Altura x ancho x profundidad:<\/td>\n<\/tr>\n<tr>\n<td>3.47 in (88 mm) x 4.33 in (110 mm) x 6.69 in (170 mm)<\/td>\n<\/tr>\n<tr>\n<td>Cable usb 3.0<\/td>\n<\/tr>\n<tr>\n<td>7.2 pies (2.2 m)<\/td>\n<\/tr>\n<tr>\n<td>Cable adaptador de corriente<\/td>\n<\/tr>\n<tr>\n<td>9.8 pies (3 m)<\/td>\n<\/tr>\n<tr>\n<td>Requisitos del sistema<\/td>\n<\/tr>\n<tr>\n<td>Sistemas operativos<\/td>\n<\/tr>\n<tr>\n<td>Windows \u00ae 7, windows 8.1 o windows 10<\/td>\n<\/tr>\n<tr>\n<td>Macos \u00ae: 10.10 o superior<\/td>\n<\/tr>\n<tr>\n<td>Chrome os<\/td>\n<\/tr>\n<tr>\n<td>Resoluciones superiores a 1080p<\/td>\n<\/tr>\n<tr>\n<td>Windows 8.1 o superior o macos 10.10 o superior<\/td>\n<\/tr>\n<tr>\n<td>Puerto usb 3.0 y cable tipo c<\/td>\n<\/tr>\n<tr>\n<td>Software compatible<\/td>\n<\/tr>\n<tr>\n<td>Software adicional<\/td>\n<\/tr>\n<tr>\n<td>Control de c\u00e1mara autom\u00e1tico rightsight 1<\/td>\n<\/tr>\n<tr>\n<td>Especificaciones t\u00e9cnicas<\/td>\n<\/tr>\n<tr>\n<td>C\u00e1mara<\/td>\n<\/tr>\n<tr>\n<td>El sistema de im\u00e1genes ultra-hd admite:<\/td>\n<\/tr>\n<tr>\n<td>4k, 1440p, 1080p, 900p, 720p y sd a 30 fps<\/td>\n<\/tr>\n<tr>\n<td>1080p, 720p a 30 fps y 60 fps<\/td>\n<\/tr>\n<tr>\n<td>Panor\u00e1mica, inclinaci\u00f3n y zoom motorizados suaves<\/td>\n<\/tr>\n<tr>\n<td>Pan: \u00b1 90 \u00b0<\/td>\n<\/tr>\n<tr>\n<td>Inclinaci\u00f3n: + 50 \u00b0 \/ -90 \u00b0<\/td>\n<\/tr>\n<tr>\n<td>15x zoom hd<\/td>\n<\/tr>\n<tr>\n<td>Campo de visi\u00f3n de 90 \u00b0<\/td>\n<\/tr>\n<tr>\n<td>Enfoque autom\u00e1tico<\/td>\n<\/tr>\n<tr>\n<td>3 presets de c\u00e1mara<\/td>\n<\/tr>\n<tr>\n<td>Ranura de seguridad kensington<\/td>\n<\/tr>\n<tr>\n<td>Video mute \/ unmute led indicador<\/td>\n<\/tr>\n<tr>\n<td>Rosca de tr\u00edpode est\u00e1ndar<\/td>\n<\/tr>\n<tr>\n<td>Tecnolog\u00edas rightsense<\/td>\n<\/tr>\n<tr>\n<td>Rightlight \u00bf con amplio rango din\u00e1mico (wdr)<\/td>\n<\/tr>\n<tr>\n<td>Control autom\u00e1tico de c\u00e1mara rightsight 2<\/td>\n<\/tr>\n<tr>\n<td>Control remoto<\/td>\n<\/tr>\n<tr>\n<td>Control remoto de rf (no se requiere l\u00ednea de visi\u00f3n)<\/td>\n<\/tr>\n<tr>\n<td>Bater\u00eda cr2032 (incluida)<\/td>\n<\/tr>\n<tr>\n<td>Cables \/ poder<\/td>\n<\/tr>\n<tr>\n<td>Adaptador de alimentaci\u00f3n de ca con enchufes regionales<\/td>\n<\/tr>\n<tr>\n<td>Cable de alimentaci\u00f3n (9.8 pies \/ 3 m)<\/td>\n<\/tr>\n<tr>\n<td>Montar<\/td>\n<\/tr>\n<tr>\n<td>Soporte de pared invertible con compartimento divisor de potencia y gesti\u00f3n de cables<\/td>\n<\/tr>\n<tr>\n<td>Compatibilidad<\/td>\n<\/tr>\n<tr>\n<td>Conectividad usb plug-and-play<\/td>\n<\/tr>\n<tr>\n<td>Certificado para skype empresarial y listo para equipos<\/td>\n<\/tr>\n<tr>\n<td>Certificado por zoom<\/td>\n<\/tr>\n<tr>\n<td>Compatible con cisco<\/td>\n<\/tr>\n<tr>\n<td>Compatible con google hangouts meet, bluejeans, broadsoft, gotomeeting, vidyo y otras aplicaciones de videoconferencia, grabaci\u00f3n y transmisi\u00f3n compatibles con c\u00e1maras usb<\/td>\n<\/tr>\n<tr>\n<td>Contenidos del paquete<\/td>\n<\/tr>\n<tr>\n<td>Rally camera control remoto<\/td>\n<\/tr>\n<tr>\n<td>Usb 3.0 cable tipo c<\/td>\n<\/tr>\n<tr>\n<td>Adaptador de corriente con enchufes regionales<\/td>\n<\/tr>\n<tr>\n<td>Informaci\u00f3n de garant\u00eda<\/td>\n<\/tr>\n<tr>\n<td>Garant\u00eda de hardware limitada por 2 a\u00f1os<\/td>\n<\/tr>\n<tr>\n<td>Numero de parte<\/td>\n<\/tr>\n<tr>\n<td>Pn: 960-001226<\/td>\n<\/tr>\n<\/table>\n","protected":false},"excerpt":{"rendered":"<p>Rendimiento sin igual. Versatilidad excepcional. Con el dise\u00f1o industrial de primera calidad y un sistema de imagen ultra-alta definici\u00f3n, c\u00e1mara rally encabeza la l\u00ednea de c\u00e1maras de v\u00eddeo independientes de logitech \u00ae . Equipado con \u00f3pticas avanzadas y tecnolog\u00edas revolucionarias, rally camera ofrece un rendimiento superior en espacios de reuniones profesionales de todas las formas y tama\u00f1os. Con un pan \/ tilt \/ zoom mec\u00e1nicamente silencioso, un zoom 15x hd, un campo de visi\u00f3n expansivo de 90 \u00b0 y un potente sensor 4k, rally camera captura a cada persona en la sala con una calidad de video realmente fenomenal.<\/p>\n","protected":false},"featured_media":216436,"comment_status":"open","ping_status":"open","template":"","meta":[],"product_cat":[2188,1608],"product_tag":[1500],"acf":[],"yoast_head":"<!-- This site is optimized with the Yoast SEO plugin v21.7 - https:\/\/yoast.com\/wordpress\/plugins\/seo\/ -->\n<title>[ Logitech ] &#129351; 960-001226 Camara Rally Ptz Premium 4k 30fps Control Automatico Zoom Fhd 15x Campo Visual 90. Videoconferencia.<\/title>\n<meta name=\"description\" content=\"Compra 960-001226 Camara Rally Ptz Premium 4k 30fps Control Automatico Zoom Fhd 15x Campo Visual 90. Videoconferencia. + Env\u00edo a domicilio + Pago seguro + Garant\u00eda\" \/>\n<meta name=\"robots\" content=\"index, follow, max-snippet:-1, max-image-preview:large, max-video-preview:-1\" \/>\n<link rel=\"canonical\" href=\"https:\/\/compuviper.mx\/tienda\/producto\/logitech-960-001226-camara-rally-ptz-premium-4k-30fps-control-automatico-zoom-fhd-15x-campo-visual-90-videoconferencia\/\" \/>\n<meta property=\"og:locale\" content=\"es_MX\" \/>\n<meta property=\"og:type\" content=\"article\" \/>\n<meta property=\"og:title\" content=\"[ Logitech ] &#129351; 960-001226 Camara Rally Ptz Premium 4k 30fps Control Automatico Zoom Fhd 15x Campo Visual 90. Videoconferencia.\" \/>\n<meta property=\"og:description\" content=\"Compra 960-001226 Camara Rally Ptz Premium 4k 30fps Control Automatico Zoom Fhd 15x Campo Visual 90. Videoconferencia. + Env\u00edo a domicilio + Pago seguro + Garant\u00eda\" \/>\n<meta property=\"og:url\" content=\"https:\/\/compuviper.mx\/tienda\/producto\/logitech-960-001226-camara-rally-ptz-premium-4k-30fps-control-automatico-zoom-fhd-15x-campo-visual-90-videoconferencia\/\" \/>\n<meta property=\"og:site_name\" content=\"Compuviper\" \/>\n<meta property=\"article:publisher\" content=\"https:\/\/www.facebook.com\/compuviper\" \/>\n<meta property=\"og:image\" content=\"https:\/\/compuviper.mx\/tienda\/wp-content\/uploads\/2023\/12\/Logitech-camara-rally-ptz-premium-4k-control-automatico-zoom-15x-campo-visual-90\u00b0.jpg\" \/>\n\t<meta property=\"og:image:width\" content=\"200\" \/>\n\t<meta property=\"og:image:height\" content=\"200\" \/>\n\t<meta property=\"og:image:type\" content=\"image\/jpeg\" \/>\n<meta name=\"twitter:card\" content=\"summary_large_image\" \/>\n<meta name=\"twitter:label1\" content=\"Precio\" \/>\n\t<meta name=\"twitter:data1\" content=\"&#36;30,913 con IVA\" \/>\n\t<meta name=\"twitter:label2\" content=\"Availability\" \/>\n\t<meta name=\"twitter:data2\" content=\"Out of stock\" \/>\n<script type=\"application\/ld+json\" class=\"yoast-schema-graph\">{\"@context\":\"https:\/\/schema.org\",\"@graph\":[{\"@type\":\"WebPage\",\"@id\":\"https:\/\/compuviper.mx\/tienda\/producto\/logitech-960-001226-camara-rally-ptz-premium-4k-30fps-control-automatico-zoom-fhd-15x-campo-visual-90-videoconferencia\/\",\"url\":\"https:\/\/compuviper.mx\/tienda\/producto\/logitech-960-001226-camara-rally-ptz-premium-4k-30fps-control-automatico-zoom-fhd-15x-campo-visual-90-videoconferencia\/\",\"name\":\"[ Logitech ] &#129351; 960-001226 Camara Rally Ptz Premium 4k 30fps Control Automatico Zoom Fhd 15x Campo Visual 90. Videoconferencia.\",\"isPartOf\":{\"@id\":\"https:\/\/compuviper.mx\/tienda\/#website\"},\"datePublished\":\"2026-04-18T06:16:21+00:00\",\"dateModified\":\"2026-04-18T06:16:21+00:00\",\"description\":\"Compra 960-001226 Camara Rally Ptz Premium 4k 30fps Control Automatico Zoom Fhd 15x Campo Visual 90. Videoconferencia. + Env\u00edo a domicilio + Pago seguro + Garant\u00eda\",\"breadcrumb\":{\"@id\":\"https:\/\/compuviper.mx\/tienda\/producto\/logitech-960-001226-camara-rally-ptz-premium-4k-30fps-control-automatico-zoom-fhd-15x-campo-visual-90-videoconferencia\/#breadcrumb\"},\"inLanguage\":\"es-MX\",\"potentialAction\":[{\"@type\":\"ReadAction\",\"target\":[\"https:\/\/compuviper.mx\/tienda\/producto\/logitech-960-001226-camara-rally-ptz-premium-4k-30fps-control-automatico-zoom-fhd-15x-campo-visual-90-videoconferencia\/\"]}]},{\"@type\":\"BreadcrumbList\",\"@id\":\"https:\/\/compuviper.mx\/tienda\/producto\/logitech-960-001226-camara-rally-ptz-premium-4k-30fps-control-automatico-zoom-fhd-15x-campo-visual-90-videoconferencia\/#breadcrumb\",\"itemListElement\":[{\"@type\":\"ListItem\",\"position\":1,\"name\":\"Inicio\",\"item\":\"https:\/\/compuviper.mx\/tienda\/\"},{\"@type\":\"ListItem\",\"position\":2,\"name\":\"Productos\",\"item\":\"https:\/\/compuviper.mx\/tienda\/productos\/\"},{\"@type\":\"ListItem\",\"position\":3,\"name\":\"Camaras\",\"item\":\"https:\/\/compuviper.mx\/tienda\/categoria-producto\/camaras-2\/\"},{\"@type\":\"ListItem\",\"position\":4,\"name\":\"Camara Para Videoconferencia\",\"item\":\"https:\/\/compuviper.mx\/tienda\/categoria-producto\/camaras-2\/camara-para-videoconferencia\/\"},{\"@type\":\"ListItem\",\"position\":5,\"name\":\"Logitech 960-001226 Camara Rally Ptz Premium 4k 30fps Control Automatico Zoom Fhd 15x Campo Visual 90. Videoconferencia.\"}]},{\"@type\":\"WebSite\",\"@id\":\"https:\/\/compuviper.mx\/tienda\/#website\",\"url\":\"https:\/\/compuviper.mx\/tienda\/\",\"name\":\"Compuviper\",\"description\":\"Proveedor de Computadoras, Laptops, Servidores, Monitores, Puntos de Venta, Teclados,   Impresoras, T\u00f3ner, C\u00e1maras de Seguridad y m\u00e1s en tu tienda en l\u00ednea\",\"publisher\":{\"@id\":\"https:\/\/compuviper.mx\/tienda\/#organization\"},\"potentialAction\":[{\"@type\":\"SearchAction\",\"target\":{\"@type\":\"EntryPoint\",\"urlTemplate\":\"https:\/\/compuviper.mx\/tienda\/?s={search_term_string}\"},\"query-input\":\"required name=search_term_string\"}],\"inLanguage\":\"es-MX\"},{\"@type\":\"Organization\",\"@id\":\"https:\/\/compuviper.mx\/tienda\/#organization\",\"name\":\"Compuviper\",\"url\":\"https:\/\/compuviper.mx\/tienda\/\",\"logo\":{\"@type\":\"ImageObject\",\"inLanguage\":\"es-MX\",\"@id\":\"https:\/\/compuviper.mx\/tienda\/#\/schema\/logo\/image\/\",\"url\":\"https:\/\/compuviper.mx\/tienda\/wp-content\/uploads\/2021\/08\/Logo-Compuviper-10.png\",\"contentUrl\":\"https:\/\/compuviper.mx\/tienda\/wp-content\/uploads\/2021\/08\/Logo-Compuviper-10.png\",\"width\":1000,\"height\":500,\"caption\":\"Compuviper\"},\"image\":{\"@id\":\"https:\/\/compuviper.mx\/tienda\/#\/schema\/logo\/image\/\"},\"sameAs\":[\"https:\/\/www.facebook.com\/compuviper\",\"https:\/\/www.youtube.com\/channel\/UCf73dERp9Y3cfOq7q8BhLjA?view_as=subscriber\"]}]}<\/script>\n<meta property=\"product:brand\" content=\"LOGITECH\" \/>\n<meta property=\"product:price:amount\" content=\"30913\" \/>\n<meta property=\"product:price:currency\" content=\"MXN\" \/>\n<meta property=\"og:availability\" content=\"out of stock\" \/>\n<meta property=\"product:availability\" content=\"out of stock\" \/>\n<meta property=\"product:retailer_item_id\" content=\"960-001226\" \/>\n<meta property=\"product:condition\" content=\"new\" \/>\n<!-- \/ Yoast SEO plugin. -->","yoast_head_json":{"title":"[ Logitech ] &#129351; 960-001226 Camara Rally Ptz Premium 4k 30fps Control Automatico Zoom Fhd 15x Campo Visual 90. Videoconferencia.","description":"Compra 960-001226 Camara Rally Ptz Premium 4k 30fps Control Automatico Zoom Fhd 15x Campo Visual 90. Videoconferencia. + Env\u00edo a domicilio + Pago seguro + Garant\u00eda","robots":{"index":"index","follow":"follow","max-snippet":"max-snippet:-1","max-image-preview":"max-image-preview:large","max-video-preview":"max-video-preview:-1"},"canonical":"https:\/\/compuviper.mx\/tienda\/producto\/logitech-960-001226-camara-rally-ptz-premium-4k-30fps-control-automatico-zoom-fhd-15x-campo-visual-90-videoconferencia\/","og_locale":"es_MX","og_type":"article","og_title":"[ Logitech ] &#129351; 960-001226 Camara Rally Ptz Premium 4k 30fps Control Automatico Zoom Fhd 15x Campo Visual 90. Videoconferencia.","og_description":"Compra 960-001226 Camara Rally Ptz Premium 4k 30fps Control Automatico Zoom Fhd 15x Campo Visual 90. Videoconferencia. + Env\u00edo a domicilio + Pago seguro + Garant\u00eda","og_url":"https:\/\/compuviper.mx\/tienda\/producto\/logitech-960-001226-camara-rally-ptz-premium-4k-30fps-control-automatico-zoom-fhd-15x-campo-visual-90-videoconferencia\/","og_site_name":"Compuviper","article_publisher":"https:\/\/www.facebook.com\/compuviper","og_image":[{"width":200,"height":200,"url":"https:\/\/compuviper.mx\/tienda\/wp-content\/uploads\/2023\/12\/Logitech-camara-rally-ptz-premium-4k-control-automatico-zoom-15x-campo-visual-90\u00b0.jpg","type":"image\/jpeg"}],"twitter_card":"summary_large_image","twitter_misc":{"Precio":"&#36;30,913 con IVA","Availability":"Out of stock"},"schema":{"@context":"https:\/\/schema.org","@graph":[{"@type":"WebPage","@id":"https:\/\/compuviper.mx\/tienda\/producto\/logitech-960-001226-camara-rally-ptz-premium-4k-30fps-control-automatico-zoom-fhd-15x-campo-visual-90-videoconferencia\/","url":"https:\/\/compuviper.mx\/tienda\/producto\/logitech-960-001226-camara-rally-ptz-premium-4k-30fps-control-automatico-zoom-fhd-15x-campo-visual-90-videoconferencia\/","name":"[ Logitech ] &#129351; 960-001226 Camara Rally Ptz Premium 4k 30fps Control Automatico Zoom Fhd 15x Campo Visual 90. Videoconferencia.","isPartOf":{"@id":"https:\/\/compuviper.mx\/tienda\/#website"},"datePublished":"2026-04-18T06:16:21+00:00","dateModified":"2026-04-18T06:16:21+00:00","description":"Compra 960-001226 Camara Rally Ptz Premium 4k 30fps Control Automatico Zoom Fhd 15x Campo Visual 90. Videoconferencia. + Env\u00edo a domicilio + Pago seguro + Garant\u00eda","breadcrumb":{"@id":"https:\/\/compuviper.mx\/tienda\/producto\/logitech-960-001226-camara-rally-ptz-premium-4k-30fps-control-automatico-zoom-fhd-15x-campo-visual-90-videoconferencia\/#breadcrumb"},"inLanguage":"es-MX","potentialAction":[{"@type":"ReadAction","target":["https:\/\/compuviper.mx\/tienda\/producto\/logitech-960-001226-camara-rally-ptz-premium-4k-30fps-control-automatico-zoom-fhd-15x-campo-visual-90-videoconferencia\/"]}]},{"@type":"BreadcrumbList","@id":"https:\/\/compuviper.mx\/tienda\/producto\/logitech-960-001226-camara-rally-ptz-premium-4k-30fps-control-automatico-zoom-fhd-15x-campo-visual-90-videoconferencia\/#breadcrumb","itemListElement":[{"@type":"ListItem","position":1,"name":"Inicio","item":"https:\/\/compuviper.mx\/tienda\/"},{"@type":"ListItem","position":2,"name":"Productos","item":"https:\/\/compuviper.mx\/tienda\/productos\/"},{"@type":"ListItem","position":3,"name":"Camaras","item":"https:\/\/compuviper.mx\/tienda\/categoria-producto\/camaras-2\/"},{"@type":"ListItem","position":4,"name":"Camara Para Videoconferencia","item":"https:\/\/compuviper.mx\/tienda\/categoria-producto\/camaras-2\/camara-para-videoconferencia\/"},{"@type":"ListItem","position":5,"name":"Logitech 960-001226 Camara Rally Ptz Premium 4k 30fps Control Automatico Zoom Fhd 15x Campo Visual 90. Videoconferencia."}]},{"@type":"WebSite","@id":"https:\/\/compuviper.mx\/tienda\/#website","url":"https:\/\/compuviper.mx\/tienda\/","name":"Compuviper","description":"Proveedor de Computadoras, Laptops, Servidores, Monitores, Puntos de Venta, Teclados,   Impresoras, T\u00f3ner, C\u00e1maras de Seguridad y m\u00e1s en tu tienda en l\u00ednea","publisher":{"@id":"https:\/\/compuviper.mx\/tienda\/#organization"},"potentialAction":[{"@type":"SearchAction","target":{"@type":"EntryPoint","urlTemplate":"https:\/\/compuviper.mx\/tienda\/?s={search_term_string}"},"query-input":"required name=search_term_string"}],"inLanguage":"es-MX"},{"@type":"Organization","@id":"https:\/\/compuviper.mx\/tienda\/#organization","name":"Compuviper","url":"https:\/\/compuviper.mx\/tienda\/","logo":{"@type":"ImageObject","inLanguage":"es-MX","@id":"https:\/\/compuviper.mx\/tienda\/#\/schema\/logo\/image\/","url":"https:\/\/compuviper.mx\/tienda\/wp-content\/uploads\/2021\/08\/Logo-Compuviper-10.png","contentUrl":"https:\/\/compuviper.mx\/tienda\/wp-content\/uploads\/2021\/08\/Logo-Compuviper-10.png","width":1000,"height":500,"caption":"Compuviper"},"image":{"@id":"https:\/\/compuviper.mx\/tienda\/#\/schema\/logo\/image\/"},"sameAs":["https:\/\/www.facebook.com\/compuviper","https:\/\/www.youtube.com\/channel\/UCf73dERp9Y3cfOq7q8BhLjA?view_as=subscriber"]}]},"product_brand":"LOGITECH","product_price_amount":"30913","product_price_currency":"MXN","og_availability":"out of stock","product_availability":"out of stock","product_retailer_item_id":"960-001226","product_condition":"new"},"_links":{"self":[{"href":"https:\/\/compuviper.mx\/tienda\/wp-json\/wp\/v2\/product\/216435"}],"collection":[{"href":"https:\/\/compuviper.mx\/tienda\/wp-json\/wp\/v2\/product"}],"about":[{"href":"https:\/\/compuviper.mx\/tienda\/wp-json\/wp\/v2\/types\/product"}],"replies":[{"embeddable":true,"href":"https:\/\/compuviper.mx\/tienda\/wp-json\/wp\/v2\/comments?post=216435"}],"wp:featuredmedia":[{"embeddable":true,"href":"https:\/\/compuviper.mx\/tienda\/wp-json\/wp\/v2\/media\/216436"}],"wp:attachment":[{"href":"https:\/\/compuviper.mx\/tienda\/wp-json\/wp\/v2\/media?parent=216435"}],"wp:term":[{"taxonomy":"product_cat","embeddable":true,"href":"https:\/\/compuviper.mx\/tienda\/wp-json\/wp\/v2\/product_cat?post=216435"},{"taxonomy":"product_tag","embeddable":true,"href":"https:\/\/compuviper.mx\/tienda\/wp-json\/wp\/v2\/product_tag?post=216435"}],"curies":[{"name":"wp","href":"https:\/\/api.w.org\/{rel}","templated":true}]}}