{"id":216275,"date":"2026-04-03T23:14:33","date_gmt":"2026-04-04T05:14:33","guid":{"rendered":"https:\/\/compuviper.mx\/tienda\/producto\/quaroni-qcmt-06-gabinete-frente-abs-negro-tipo-alumino-cepillado-con-encendido-y-puertos-laterales-micro-atx-mini-itx-fuente-de-poder-incluida-de-500w\/"},"modified":"2026-04-03T23:14:34","modified_gmt":"2026-04-04T05:14:34","slug":"quaroni-qcmt-06-gabinete-frente-abs-negro-tipo-alumino-cepillado-con-encendido-y-puertos-laterales-micro-atx-mini-itx-fuente-de-poder-incluida-de-500w","status":"publish","type":"product","link":"https:\/\/compuviper.mx\/tienda\/producto\/quaroni-qcmt-06-gabinete-frente-abs-negro-tipo-alumino-cepillado-con-encendido-y-puertos-laterales-micro-atx-mini-itx-fuente-de-poder-incluida-de-500w\/","title":{"rendered":"Quaroni Qcmt-06 Gabinete  Frente Abs, Negro Tipo Alumino Cepillado Con Encendido Y Puertos Laterales, Micro Atx \/ Mini Itx, Fuente De Poder Incluida De 500w"},"content":{"rendered":"<table class=\"descripcion\">\n<tr>\n<td>Gabinete quaroni minitorre frente de abs negro tipo aluminio cepillado con botones de encendido y puertos laterales, factor de forma micro atx, mini itx, fuente de poder incluida de 500w, 2 puertos usb, entrada de audio, espacio para discos duros ssd y\/o hdd, 4 ranuras pci, espacio para una tarjeta de video de hasta 250mm, espacio para un disipador de hasta 140 mm, espacio para manejo de cables 20mm, espacio para 3 ventiladores 1 lateral de 120mm, 1 frontal de 120mm y uno trasero de 80mm, tamao del gabinete largo: 295mm ancho: 165mm alto: 350mm, peso neto 2kg.<\/td>\n<\/tr>\n<\/table>\n","protected":false},"excerpt":{"rendered":"<p>Gabinete minitorre color negro con panel frontal tipo cepillado, ideal para casa, negocio u oficina soporta tarjetas madres micro atx, mini itx con fuente de poder atx de 500w incluida, soporta hasta 3 ventiladores 1 frontal 1 lateral 1 trasero no incluye ventiladores. Longitud maxima de 250mm para tarjeta de video cuenta con 4 ranuras de expansion y 1 bahia de 3.5\u00bf para hdd y 2 bahias de 2.5\u00bf para ssd  internos. Medidas del producto son. Largo= 280mm. Ancho= 165mm. Alto= 350mm. Peso neto: 2kg. Soporta disipadores de 140mm<\/p>\n","protected":false},"featured_media":216276,"comment_status":"open","ping_status":"open","template":"","meta":[],"product_cat":[1674,1945],"product_tag":[1678],"acf":[],"yoast_head":"<!-- This site is optimized with the Yoast SEO plugin v21.7 - https:\/\/yoast.com\/wordpress\/plugins\/seo\/ -->\n<title>[ Quaroni ] &#129351; Qcmt-06 Gabinete Frente Abs, Negro Tipo Alumino Cepillado Con Encendido Y Puertos Laterales, Micro Atx \/ Mini Itx, Fuente De Poder Incluida De 500w<\/title>\n<meta name=\"description\" content=\"Compra Qcmt-06 Gabinete Frente Abs, Negro Tipo Alumino Cepillado Con Encendido Y Puertos Laterales, Micro Atx \/ Mini Itx, Fuente De Poder Incluida De 500w + Env\u00edo a domicilio + Pago seguro + Garant\u00eda\" \/>\n<meta name=\"robots\" content=\"index, follow, max-snippet:-1, max-image-preview:large, max-video-preview:-1\" \/>\n<link rel=\"canonical\" href=\"https:\/\/compuviper.mx\/tienda\/producto\/quaroni-qcmt-06-gabinete-frente-abs-negro-tipo-alumino-cepillado-con-encendido-y-puertos-laterales-micro-atx-mini-itx-fuente-de-poder-incluida-de-500w\/\" \/>\n<meta property=\"og:locale\" content=\"es_MX\" \/>\n<meta property=\"og:type\" content=\"article\" \/>\n<meta property=\"og:title\" content=\"[ Quaroni ] &#129351; Qcmt-06 Gabinete Frente Abs, Negro Tipo Alumino Cepillado Con Encendido Y Puertos Laterales, Micro Atx \/ Mini Itx, Fuente De Poder Incluida De 500w\" \/>\n<meta property=\"og:description\" content=\"Compra Qcmt-06 Gabinete Frente Abs, Negro Tipo Alumino Cepillado Con Encendido Y Puertos Laterales, Micro Atx \/ Mini Itx, Fuente De Poder Incluida De 500w + Env\u00edo a domicilio + Pago seguro + Garant\u00eda\" \/>\n<meta property=\"og:url\" content=\"https:\/\/compuviper.mx\/tienda\/producto\/quaroni-qcmt-06-gabinete-frente-abs-negro-tipo-alumino-cepillado-con-encendido-y-puertos-laterales-micro-atx-mini-itx-fuente-de-poder-incluida-de-500w\/\" \/>\n<meta property=\"og:site_name\" content=\"Compuviper\" \/>\n<meta property=\"article:publisher\" content=\"https:\/\/www.facebook.com\/compuviper\" \/>\n<meta property=\"article:modified_time\" content=\"2026-04-04T05:14:34+00:00\" \/>\n<meta property=\"og:image\" content=\"https:\/\/compuviper.mx\/tienda\/wp-content\/uploads\/2023\/12\/Gabinete-quaroni-frente-abs-negro-tipo-alumino-cepillado-con-encendido-y-puertos-laterales-micro-atx-mini-itx-fuente-de-poder-incluida-de-500w.jpg\" \/>\n\t<meta property=\"og:image:width\" content=\"200\" \/>\n\t<meta property=\"og:image:height\" content=\"200\" \/>\n\t<meta property=\"og:image:type\" content=\"image\/jpeg\" \/>\n<meta name=\"twitter:card\" content=\"summary_large_image\" \/>\n<meta name=\"twitter:label1\" content=\"Precio\" \/>\n\t<meta name=\"twitter:data1\" content=\"&#36;438 con IVA\" \/>\n\t<meta name=\"twitter:label2\" content=\"Availability\" \/>\n\t<meta name=\"twitter:data2\" content=\"In stock\" \/>\n<script type=\"application\/ld+json\" class=\"yoast-schema-graph\">{\"@context\":\"https:\/\/schema.org\",\"@graph\":[{\"@type\":\"WebPage\",\"@id\":\"https:\/\/compuviper.mx\/tienda\/producto\/quaroni-qcmt-06-gabinete-frente-abs-negro-tipo-alumino-cepillado-con-encendido-y-puertos-laterales-micro-atx-mini-itx-fuente-de-poder-incluida-de-500w\/\",\"url\":\"https:\/\/compuviper.mx\/tienda\/producto\/quaroni-qcmt-06-gabinete-frente-abs-negro-tipo-alumino-cepillado-con-encendido-y-puertos-laterales-micro-atx-mini-itx-fuente-de-poder-incluida-de-500w\/\",\"name\":\"[ Quaroni ] &#129351; Qcmt-06 Gabinete Frente Abs, Negro Tipo Alumino Cepillado Con Encendido Y Puertos Laterales, Micro Atx \/ Mini Itx, Fuente De Poder Incluida De 500w\",\"isPartOf\":{\"@id\":\"https:\/\/compuviper.mx\/tienda\/#website\"},\"datePublished\":\"2026-04-04T05:14:33+00:00\",\"dateModified\":\"2026-04-04T05:14:34+00:00\",\"description\":\"Compra Qcmt-06 Gabinete Frente Abs, Negro Tipo Alumino Cepillado Con Encendido Y Puertos Laterales, Micro Atx \/ Mini Itx, Fuente De Poder Incluida De 500w + Env\u00edo a domicilio + Pago seguro + Garant\u00eda\",\"breadcrumb\":{\"@id\":\"https:\/\/compuviper.mx\/tienda\/producto\/quaroni-qcmt-06-gabinete-frente-abs-negro-tipo-alumino-cepillado-con-encendido-y-puertos-laterales-micro-atx-mini-itx-fuente-de-poder-incluida-de-500w\/#breadcrumb\"},\"inLanguage\":\"es-MX\",\"potentialAction\":[{\"@type\":\"ReadAction\",\"target\":[\"https:\/\/compuviper.mx\/tienda\/producto\/quaroni-qcmt-06-gabinete-frente-abs-negro-tipo-alumino-cepillado-con-encendido-y-puertos-laterales-micro-atx-mini-itx-fuente-de-poder-incluida-de-500w\/\"]}]},{\"@type\":\"BreadcrumbList\",\"@id\":\"https:\/\/compuviper.mx\/tienda\/producto\/quaroni-qcmt-06-gabinete-frente-abs-negro-tipo-alumino-cepillado-con-encendido-y-puertos-laterales-micro-atx-mini-itx-fuente-de-poder-incluida-de-500w\/#breadcrumb\",\"itemListElement\":[{\"@type\":\"ListItem\",\"position\":1,\"name\":\"Inicio\",\"item\":\"https:\/\/compuviper.mx\/tienda\/\"},{\"@type\":\"ListItem\",\"position\":2,\"name\":\"Productos\",\"item\":\"https:\/\/compuviper.mx\/tienda\/productos\/\"},{\"@type\":\"ListItem\",\"position\":3,\"name\":\"Gabinetes\",\"item\":\"https:\/\/compuviper.mx\/tienda\/categoria-producto\/gabinetes\/\"},{\"@type\":\"ListItem\",\"position\":4,\"name\":\"Mini Torre\",\"item\":\"https:\/\/compuviper.mx\/tienda\/categoria-producto\/gabinetes\/mini-torre\/\"},{\"@type\":\"ListItem\",\"position\":5,\"name\":\"Quaroni Qcmt-06 Gabinete Frente Abs, Negro Tipo Alumino Cepillado Con Encendido Y Puertos Laterales, Micro Atx \/ Mini Itx, Fuente De Poder Incluida De 500w\"}]},{\"@type\":\"WebSite\",\"@id\":\"https:\/\/compuviper.mx\/tienda\/#website\",\"url\":\"https:\/\/compuviper.mx\/tienda\/\",\"name\":\"Compuviper\",\"description\":\"Proveedor de Computadoras, Laptops, Servidores, Monitores, Puntos de Venta, Teclados,   Impresoras, T\u00f3ner, C\u00e1maras de Seguridad y m\u00e1s en tu tienda en l\u00ednea\",\"publisher\":{\"@id\":\"https:\/\/compuviper.mx\/tienda\/#organization\"},\"potentialAction\":[{\"@type\":\"SearchAction\",\"target\":{\"@type\":\"EntryPoint\",\"urlTemplate\":\"https:\/\/compuviper.mx\/tienda\/?s={search_term_string}\"},\"query-input\":\"required name=search_term_string\"}],\"inLanguage\":\"es-MX\"},{\"@type\":\"Organization\",\"@id\":\"https:\/\/compuviper.mx\/tienda\/#organization\",\"name\":\"Compuviper\",\"url\":\"https:\/\/compuviper.mx\/tienda\/\",\"logo\":{\"@type\":\"ImageObject\",\"inLanguage\":\"es-MX\",\"@id\":\"https:\/\/compuviper.mx\/tienda\/#\/schema\/logo\/image\/\",\"url\":\"https:\/\/compuviper.mx\/tienda\/wp-content\/uploads\/2021\/08\/Logo-Compuviper-10.png\",\"contentUrl\":\"https:\/\/compuviper.mx\/tienda\/wp-content\/uploads\/2021\/08\/Logo-Compuviper-10.png\",\"width\":1000,\"height\":500,\"caption\":\"Compuviper\"},\"image\":{\"@id\":\"https:\/\/compuviper.mx\/tienda\/#\/schema\/logo\/image\/\"},\"sameAs\":[\"https:\/\/www.facebook.com\/compuviper\",\"https:\/\/www.youtube.com\/channel\/UCf73dERp9Y3cfOq7q8BhLjA?view_as=subscriber\"]}]}<\/script>\n<meta property=\"product:brand\" content=\"QUARONI\" \/>\n<meta property=\"product:price:amount\" content=\"438\" \/>\n<meta property=\"product:price:currency\" content=\"MXN\" \/>\n<meta property=\"og:availability\" content=\"instock\" \/>\n<meta property=\"product:availability\" content=\"instock\" \/>\n<meta property=\"product:retailer_item_id\" content=\"QCMT-06\" \/>\n<meta property=\"product:condition\" content=\"new\" \/>\n<!-- \/ Yoast SEO plugin. -->","yoast_head_json":{"title":"[ Quaroni ] &#129351; Qcmt-06 Gabinete Frente Abs, Negro Tipo Alumino Cepillado Con Encendido Y Puertos Laterales, Micro Atx \/ Mini Itx, Fuente De Poder Incluida De 500w","description":"Compra Qcmt-06 Gabinete Frente Abs, Negro Tipo Alumino Cepillado Con Encendido Y Puertos Laterales, Micro Atx \/ Mini Itx, Fuente De Poder Incluida De 500w + Env\u00edo a domicilio + Pago seguro + Garant\u00eda","robots":{"index":"index","follow":"follow","max-snippet":"max-snippet:-1","max-image-preview":"max-image-preview:large","max-video-preview":"max-video-preview:-1"},"canonical":"https:\/\/compuviper.mx\/tienda\/producto\/quaroni-qcmt-06-gabinete-frente-abs-negro-tipo-alumino-cepillado-con-encendido-y-puertos-laterales-micro-atx-mini-itx-fuente-de-poder-incluida-de-500w\/","og_locale":"es_MX","og_type":"article","og_title":"[ Quaroni ] &#129351; Qcmt-06 Gabinete Frente Abs, Negro Tipo Alumino Cepillado Con Encendido Y Puertos Laterales, Micro Atx \/ Mini Itx, Fuente De Poder Incluida De 500w","og_description":"Compra Qcmt-06 Gabinete Frente Abs, Negro Tipo Alumino Cepillado Con Encendido Y Puertos Laterales, Micro Atx \/ Mini Itx, Fuente De Poder Incluida De 500w + Env\u00edo a domicilio + Pago seguro + Garant\u00eda","og_url":"https:\/\/compuviper.mx\/tienda\/producto\/quaroni-qcmt-06-gabinete-frente-abs-negro-tipo-alumino-cepillado-con-encendido-y-puertos-laterales-micro-atx-mini-itx-fuente-de-poder-incluida-de-500w\/","og_site_name":"Compuviper","article_publisher":"https:\/\/www.facebook.com\/compuviper","article_modified_time":"2026-04-04T05:14:34+00:00","og_image":[{"width":200,"height":200,"url":"https:\/\/compuviper.mx\/tienda\/wp-content\/uploads\/2023\/12\/Gabinete-quaroni-frente-abs-negro-tipo-alumino-cepillado-con-encendido-y-puertos-laterales-micro-atx-mini-itx-fuente-de-poder-incluida-de-500w.jpg","type":"image\/jpeg"}],"twitter_card":"summary_large_image","twitter_misc":{"Precio":"&#36;438 con IVA","Availability":"In stock"},"schema":{"@context":"https:\/\/schema.org","@graph":[{"@type":"WebPage","@id":"https:\/\/compuviper.mx\/tienda\/producto\/quaroni-qcmt-06-gabinete-frente-abs-negro-tipo-alumino-cepillado-con-encendido-y-puertos-laterales-micro-atx-mini-itx-fuente-de-poder-incluida-de-500w\/","url":"https:\/\/compuviper.mx\/tienda\/producto\/quaroni-qcmt-06-gabinete-frente-abs-negro-tipo-alumino-cepillado-con-encendido-y-puertos-laterales-micro-atx-mini-itx-fuente-de-poder-incluida-de-500w\/","name":"[ Quaroni ] &#129351; Qcmt-06 Gabinete Frente Abs, Negro Tipo Alumino Cepillado Con Encendido Y Puertos Laterales, Micro Atx \/ Mini Itx, Fuente De Poder Incluida De 500w","isPartOf":{"@id":"https:\/\/compuviper.mx\/tienda\/#website"},"datePublished":"2026-04-04T05:14:33+00:00","dateModified":"2026-04-04T05:14:34+00:00","description":"Compra Qcmt-06 Gabinete Frente Abs, Negro Tipo Alumino Cepillado Con Encendido Y Puertos Laterales, Micro Atx \/ Mini Itx, Fuente De Poder Incluida De 500w + Env\u00edo a domicilio + Pago seguro + Garant\u00eda","breadcrumb":{"@id":"https:\/\/compuviper.mx\/tienda\/producto\/quaroni-qcmt-06-gabinete-frente-abs-negro-tipo-alumino-cepillado-con-encendido-y-puertos-laterales-micro-atx-mini-itx-fuente-de-poder-incluida-de-500w\/#breadcrumb"},"inLanguage":"es-MX","potentialAction":[{"@type":"ReadAction","target":["https:\/\/compuviper.mx\/tienda\/producto\/quaroni-qcmt-06-gabinete-frente-abs-negro-tipo-alumino-cepillado-con-encendido-y-puertos-laterales-micro-atx-mini-itx-fuente-de-poder-incluida-de-500w\/"]}]},{"@type":"BreadcrumbList","@id":"https:\/\/compuviper.mx\/tienda\/producto\/quaroni-qcmt-06-gabinete-frente-abs-negro-tipo-alumino-cepillado-con-encendido-y-puertos-laterales-micro-atx-mini-itx-fuente-de-poder-incluida-de-500w\/#breadcrumb","itemListElement":[{"@type":"ListItem","position":1,"name":"Inicio","item":"https:\/\/compuviper.mx\/tienda\/"},{"@type":"ListItem","position":2,"name":"Productos","item":"https:\/\/compuviper.mx\/tienda\/productos\/"},{"@type":"ListItem","position":3,"name":"Gabinetes","item":"https:\/\/compuviper.mx\/tienda\/categoria-producto\/gabinetes\/"},{"@type":"ListItem","position":4,"name":"Mini Torre","item":"https:\/\/compuviper.mx\/tienda\/categoria-producto\/gabinetes\/mini-torre\/"},{"@type":"ListItem","position":5,"name":"Quaroni Qcmt-06 Gabinete Frente Abs, Negro Tipo Alumino Cepillado Con Encendido Y Puertos Laterales, Micro Atx \/ Mini Itx, Fuente De Poder Incluida De 500w"}]},{"@type":"WebSite","@id":"https:\/\/compuviper.mx\/tienda\/#website","url":"https:\/\/compuviper.mx\/tienda\/","name":"Compuviper","description":"Proveedor de Computadoras, Laptops, Servidores, Monitores, Puntos de Venta, Teclados,   Impresoras, T\u00f3ner, C\u00e1maras de Seguridad y m\u00e1s en tu tienda en l\u00ednea","publisher":{"@id":"https:\/\/compuviper.mx\/tienda\/#organization"},"potentialAction":[{"@type":"SearchAction","target":{"@type":"EntryPoint","urlTemplate":"https:\/\/compuviper.mx\/tienda\/?s={search_term_string}"},"query-input":"required name=search_term_string"}],"inLanguage":"es-MX"},{"@type":"Organization","@id":"https:\/\/compuviper.mx\/tienda\/#organization","name":"Compuviper","url":"https:\/\/compuviper.mx\/tienda\/","logo":{"@type":"ImageObject","inLanguage":"es-MX","@id":"https:\/\/compuviper.mx\/tienda\/#\/schema\/logo\/image\/","url":"https:\/\/compuviper.mx\/tienda\/wp-content\/uploads\/2021\/08\/Logo-Compuviper-10.png","contentUrl":"https:\/\/compuviper.mx\/tienda\/wp-content\/uploads\/2021\/08\/Logo-Compuviper-10.png","width":1000,"height":500,"caption":"Compuviper"},"image":{"@id":"https:\/\/compuviper.mx\/tienda\/#\/schema\/logo\/image\/"},"sameAs":["https:\/\/www.facebook.com\/compuviper","https:\/\/www.youtube.com\/channel\/UCf73dERp9Y3cfOq7q8BhLjA?view_as=subscriber"]}]},"product_brand":"QUARONI","product_price_amount":"438","product_price_currency":"MXN","og_availability":"instock","product_availability":"instock","product_retailer_item_id":"QCMT-06","product_condition":"new"},"_links":{"self":[{"href":"https:\/\/compuviper.mx\/tienda\/wp-json\/wp\/v2\/product\/216275"}],"collection":[{"href":"https:\/\/compuviper.mx\/tienda\/wp-json\/wp\/v2\/product"}],"about":[{"href":"https:\/\/compuviper.mx\/tienda\/wp-json\/wp\/v2\/types\/product"}],"replies":[{"embeddable":true,"href":"https:\/\/compuviper.mx\/tienda\/wp-json\/wp\/v2\/comments?post=216275"}],"wp:featuredmedia":[{"embeddable":true,"href":"https:\/\/compuviper.mx\/tienda\/wp-json\/wp\/v2\/media\/216276"}],"wp:attachment":[{"href":"https:\/\/compuviper.mx\/tienda\/wp-json\/wp\/v2\/media?parent=216275"}],"wp:term":[{"taxonomy":"product_cat","embeddable":true,"href":"https:\/\/compuviper.mx\/tienda\/wp-json\/wp\/v2\/product_cat?post=216275"},{"taxonomy":"product_tag","embeddable":true,"href":"https:\/\/compuviper.mx\/tienda\/wp-json\/wp\/v2\/product_tag?post=216275"}],"curies":[{"name":"wp","href":"https:\/\/api.w.org\/{rel}","templated":true}]}}