{"id":215971,"date":"2026-04-02T00:03:48","date_gmt":"2026-04-02T06:03:48","guid":{"rendered":"https:\/\/compuviper.mx\/tienda\/producto\/silimex-aerojet-360-660ml-aire-comprimido-removedor-de-polvo-de-660-ml\/"},"modified":"2026-04-02T00:03:49","modified_gmt":"2026-04-02T06:03:49","slug":"silimex-aerojet-360-660-ml-aire-comprimido-aire-comprimido-aerojet-360-removedor-de-polvo-de-660-ml","status":"publish","type":"product","link":"https:\/\/compuviper.mx\/tienda\/producto\/silimex-aerojet-360-660-ml-aire-comprimido-aire-comprimido-aerojet-360-removedor-de-polvo-de-660-ml\/","title":{"rendered":"Silimex Aerojet 360 660 Ml Aire Comprimido Aire Comprimido Aerojet 360 Removedor De Polvo  De 660 Ml."},"content":{"rendered":"<table class=\"descripcion\">\n<tr>\n<td>Removedor de polvo aerojet 360\u00b0 formulado a base de gases inertes de alta pureza, envasado a alta presi\u00f3n. no da\u00f1a la capa superior de ozono al estar libre de cfc\u00b4s.<\/td>\n<\/tr>\n<tr>\n<td>Aplicacioes:<\/td>\n<\/tr>\n<tr>\n<td>Remueve el polvo de teclados. circuitos, tarjetas electr\u00f3nicas, fuentes de poder, pickups, impresoras y en general cualquier mecanismo de precisi\u00f3n, sin afectar ning\u00fan componente. puede usarse en equipos de funcionamiento continuo gracias a sus cualidades diel\u00e9ctricas.<\/td>\n<\/tr>\n<tr>\n<td>Indicaciones de uso:<\/td>\n<\/tr>\n<tr>\n<td>No necesita agitarlo antes de usar. debe aplicarse a una distancia de 15 a 20 cm. oprimiendo a intervalos cortos de un segundo para evitar desperdicios y que baje la presi\u00f3n del producto. la exclusiva aplicaci\u00f3n 360\u00b0 de su v\u00e1lvula permite que el producto pueda ser aplicado en cualquier posici\u00f3n (inclinado o invenrtido) lo que facilita la limpieza en cualquier zona. si as\u00ed lo requiere, use el tubo de extensi\u00f3n para dirigir el aire.<\/td>\n<\/tr>\n<tr>\n<td>Precauciones:<\/td>\n<\/tr>\n<tr>\n<td>No se ingiera. no debe perforar o incinerar el envase, ni dejarlo dentro de la cabina del autom\u00f3vil.<\/td>\n<\/tr>\n<tr>\n<td>No se exponga a temperaturas mayores a 50\u00b0c.<\/td>\n<\/tr>\n<tr>\n<td>Al\u00e9jese del alcance de los ni\u00f1os.<\/td>\n<\/tr>\n<tr>\n<td>Presentacion:<\/td>\n<\/tr>\n<tr>\n<td>Bote de 660 ml.<\/td>\n<\/tr>\n<tr>\n<td>Contenido por caja:<\/td>\n<\/tr>\n<tr>\n<td>15 pzs.<\/td>\n<\/tr>\n<\/table>\n","protected":false},"excerpt":{"rendered":"<p>Removedor de polvo presentaci\u00f3n de 660 ml, aerojet 360\u00b0 tiene la presi\u00f3n necesaria para remover el polvo y\/o residuos en lugares de dif\u00edcil accseso de los equipos de c\u00f3mputo y electronica. Instrumento de limpieza en el hogar, oficina y autom\u00f3viles..<\/p>\n","protected":false},"featured_media":215972,"comment_status":"open","ping_status":"open","template":"","meta":[],"product_cat":[1619,1626],"product_tag":[1621],"acf":[],"yoast_head":"<!-- This site is optimized with the Yoast SEO plugin v21.7 - https:\/\/yoast.com\/wordpress\/plugins\/seo\/ -->\n<title>[ Silimex ] &#129351; Aerojet 360 660 Ml Aire Comprimido Aire Comprimido Aerojet 360 Removedor De Polvo De 660 Ml.<\/title>\n<meta name=\"description\" content=\"Compra Aerojet 360 660 Ml Aire Comprimido Aire Comprimido Aerojet 360 Removedor De Polvo De 660 Ml. + Env\u00edo a domicilio + Pago seguro + Garant\u00eda\" \/>\n<meta name=\"robots\" content=\"index, follow, max-snippet:-1, max-image-preview:large, max-video-preview:-1\" \/>\n<link rel=\"canonical\" href=\"https:\/\/compuviper.mx\/tienda\/producto\/silimex-aerojet-360-660-ml-aire-comprimido-aire-comprimido-aerojet-360-removedor-de-polvo-de-660-ml\/\" \/>\n<meta property=\"og:locale\" content=\"es_MX\" \/>\n<meta property=\"og:type\" content=\"article\" \/>\n<meta property=\"og:title\" content=\"[ Silimex ] &#129351; Aerojet 360 660 Ml Aire Comprimido Aire Comprimido Aerojet 360 Removedor De Polvo De 660 Ml.\" \/>\n<meta property=\"og:description\" content=\"Compra Aerojet 360 660 Ml Aire Comprimido Aire Comprimido Aerojet 360 Removedor De Polvo De 660 Ml. + Env\u00edo a domicilio + Pago seguro + Garant\u00eda\" \/>\n<meta property=\"og:url\" content=\"https:\/\/compuviper.mx\/tienda\/producto\/silimex-aerojet-360-660-ml-aire-comprimido-aire-comprimido-aerojet-360-removedor-de-polvo-de-660-ml\/\" \/>\n<meta property=\"og:site_name\" content=\"Compuviper\" \/>\n<meta property=\"article:publisher\" content=\"https:\/\/www.facebook.com\/compuviper\" \/>\n<meta property=\"article:modified_time\" content=\"2026-04-02T06:03:49+00:00\" \/>\n<meta property=\"og:image\" content=\"https:\/\/compuviper.mx\/tienda\/wp-content\/uploads\/2023\/12\/Aire-comprimido-removedor-de-polvo-silimex-de-660-ml.jpg\" \/>\n\t<meta property=\"og:image:width\" content=\"200\" \/>\n\t<meta property=\"og:image:height\" content=\"200\" \/>\n\t<meta property=\"og:image:type\" content=\"image\/jpeg\" \/>\n<meta name=\"twitter:card\" content=\"summary_large_image\" \/>\n<meta name=\"twitter:label1\" content=\"Precio\" \/>\n\t<meta name=\"twitter:data1\" content=\"&#36;162 con IVA\" \/>\n\t<meta name=\"twitter:label2\" content=\"Availability\" \/>\n\t<meta name=\"twitter:data2\" content=\"In stock\" \/>\n<script type=\"application\/ld+json\" class=\"yoast-schema-graph\">{\"@context\":\"https:\/\/schema.org\",\"@graph\":[{\"@type\":\"WebPage\",\"@id\":\"https:\/\/compuviper.mx\/tienda\/producto\/silimex-aerojet-360-660-ml-aire-comprimido-aire-comprimido-aerojet-360-removedor-de-polvo-de-660-ml\/\",\"url\":\"https:\/\/compuviper.mx\/tienda\/producto\/silimex-aerojet-360-660-ml-aire-comprimido-aire-comprimido-aerojet-360-removedor-de-polvo-de-660-ml\/\",\"name\":\"[ Silimex ] &#129351; Aerojet 360 660 Ml Aire Comprimido Aire Comprimido Aerojet 360 Removedor De Polvo De 660 Ml.\",\"isPartOf\":{\"@id\":\"https:\/\/compuviper.mx\/tienda\/#website\"},\"datePublished\":\"2026-04-02T06:03:48+00:00\",\"dateModified\":\"2026-04-02T06:03:49+00:00\",\"description\":\"Compra Aerojet 360 660 Ml Aire Comprimido Aire Comprimido Aerojet 360 Removedor De Polvo De 660 Ml. + Env\u00edo a domicilio + Pago seguro + Garant\u00eda\",\"breadcrumb\":{\"@id\":\"https:\/\/compuviper.mx\/tienda\/producto\/silimex-aerojet-360-660-ml-aire-comprimido-aire-comprimido-aerojet-360-removedor-de-polvo-de-660-ml\/#breadcrumb\"},\"inLanguage\":\"es-MX\",\"potentialAction\":[{\"@type\":\"ReadAction\",\"target\":[\"https:\/\/compuviper.mx\/tienda\/producto\/silimex-aerojet-360-660-ml-aire-comprimido-aire-comprimido-aerojet-360-removedor-de-polvo-de-660-ml\/\"]}]},{\"@type\":\"BreadcrumbList\",\"@id\":\"https:\/\/compuviper.mx\/tienda\/producto\/silimex-aerojet-360-660-ml-aire-comprimido-aire-comprimido-aerojet-360-removedor-de-polvo-de-660-ml\/#breadcrumb\",\"itemListElement\":[{\"@type\":\"ListItem\",\"position\":1,\"name\":\"Inicio\",\"item\":\"https:\/\/compuviper.mx\/tienda\/\"},{\"@type\":\"ListItem\",\"position\":2,\"name\":\"Productos\",\"item\":\"https:\/\/compuviper.mx\/tienda\/productos\/\"},{\"@type\":\"ListItem\",\"position\":3,\"name\":\"Productos De Limpieza\",\"item\":\"https:\/\/compuviper.mx\/tienda\/categoria-producto\/productos-de-limpieza\/\"},{\"@type\":\"ListItem\",\"position\":4,\"name\":\"Removedor De Polvo\",\"item\":\"https:\/\/compuviper.mx\/tienda\/categoria-producto\/productos-de-limpieza\/removedor-de-polvo\/\"},{\"@type\":\"ListItem\",\"position\":5,\"name\":\"Silimex Aerojet 360 660 Ml Aire Comprimido Aire Comprimido Aerojet 360 Removedor De Polvo De 660 Ml.\"}]},{\"@type\":\"WebSite\",\"@id\":\"https:\/\/compuviper.mx\/tienda\/#website\",\"url\":\"https:\/\/compuviper.mx\/tienda\/\",\"name\":\"Compuviper\",\"description\":\"Proveedor de Computadoras, Laptops, Servidores, Monitores, Puntos de Venta, Teclados,   Impresoras, T\u00f3ner, C\u00e1maras de Seguridad y m\u00e1s en tu tienda en l\u00ednea\",\"publisher\":{\"@id\":\"https:\/\/compuviper.mx\/tienda\/#organization\"},\"potentialAction\":[{\"@type\":\"SearchAction\",\"target\":{\"@type\":\"EntryPoint\",\"urlTemplate\":\"https:\/\/compuviper.mx\/tienda\/?s={search_term_string}\"},\"query-input\":\"required name=search_term_string\"}],\"inLanguage\":\"es-MX\"},{\"@type\":\"Organization\",\"@id\":\"https:\/\/compuviper.mx\/tienda\/#organization\",\"name\":\"Compuviper\",\"url\":\"https:\/\/compuviper.mx\/tienda\/\",\"logo\":{\"@type\":\"ImageObject\",\"inLanguage\":\"es-MX\",\"@id\":\"https:\/\/compuviper.mx\/tienda\/#\/schema\/logo\/image\/\",\"url\":\"https:\/\/compuviper.mx\/tienda\/wp-content\/uploads\/2021\/08\/Logo-Compuviper-10.png\",\"contentUrl\":\"https:\/\/compuviper.mx\/tienda\/wp-content\/uploads\/2021\/08\/Logo-Compuviper-10.png\",\"width\":1000,\"height\":500,\"caption\":\"Compuviper\"},\"image\":{\"@id\":\"https:\/\/compuviper.mx\/tienda\/#\/schema\/logo\/image\/\"},\"sameAs\":[\"https:\/\/www.facebook.com\/compuviper\",\"https:\/\/www.youtube.com\/channel\/UCf73dERp9Y3cfOq7q8BhLjA?view_as=subscriber\"]}]}<\/script>\n<meta property=\"product:brand\" content=\"SILIMEX\" \/>\n<meta property=\"product:price:amount\" content=\"162\" \/>\n<meta property=\"product:price:currency\" content=\"MXN\" \/>\n<meta property=\"og:availability\" content=\"instock\" \/>\n<meta property=\"product:availability\" content=\"instock\" \/>\n<meta property=\"product:retailer_item_id\" content=\"AEROJET 360 660 ML AIRE COMPRIMIDO\" \/>\n<meta property=\"product:condition\" content=\"new\" \/>\n<!-- \/ Yoast SEO plugin. -->","yoast_head_json":{"title":"[ Silimex ] &#129351; Aerojet 360 660 Ml Aire Comprimido Aire Comprimido Aerojet 360 Removedor De Polvo De 660 Ml.","description":"Compra Aerojet 360 660 Ml Aire Comprimido Aire Comprimido Aerojet 360 Removedor De Polvo De 660 Ml. + Env\u00edo a domicilio + Pago seguro + Garant\u00eda","robots":{"index":"index","follow":"follow","max-snippet":"max-snippet:-1","max-image-preview":"max-image-preview:large","max-video-preview":"max-video-preview:-1"},"canonical":"https:\/\/compuviper.mx\/tienda\/producto\/silimex-aerojet-360-660-ml-aire-comprimido-aire-comprimido-aerojet-360-removedor-de-polvo-de-660-ml\/","og_locale":"es_MX","og_type":"article","og_title":"[ Silimex ] &#129351; Aerojet 360 660 Ml Aire Comprimido Aire Comprimido Aerojet 360 Removedor De Polvo De 660 Ml.","og_description":"Compra Aerojet 360 660 Ml Aire Comprimido Aire Comprimido Aerojet 360 Removedor De Polvo De 660 Ml. + Env\u00edo a domicilio + Pago seguro + Garant\u00eda","og_url":"https:\/\/compuviper.mx\/tienda\/producto\/silimex-aerojet-360-660-ml-aire-comprimido-aire-comprimido-aerojet-360-removedor-de-polvo-de-660-ml\/","og_site_name":"Compuviper","article_publisher":"https:\/\/www.facebook.com\/compuviper","article_modified_time":"2026-04-02T06:03:49+00:00","og_image":[{"width":200,"height":200,"url":"https:\/\/compuviper.mx\/tienda\/wp-content\/uploads\/2023\/12\/Aire-comprimido-removedor-de-polvo-silimex-de-660-ml.jpg","type":"image\/jpeg"}],"twitter_card":"summary_large_image","twitter_misc":{"Precio":"&#36;162 con IVA","Availability":"In stock"},"schema":{"@context":"https:\/\/schema.org","@graph":[{"@type":"WebPage","@id":"https:\/\/compuviper.mx\/tienda\/producto\/silimex-aerojet-360-660-ml-aire-comprimido-aire-comprimido-aerojet-360-removedor-de-polvo-de-660-ml\/","url":"https:\/\/compuviper.mx\/tienda\/producto\/silimex-aerojet-360-660-ml-aire-comprimido-aire-comprimido-aerojet-360-removedor-de-polvo-de-660-ml\/","name":"[ Silimex ] &#129351; Aerojet 360 660 Ml Aire Comprimido Aire Comprimido Aerojet 360 Removedor De Polvo De 660 Ml.","isPartOf":{"@id":"https:\/\/compuviper.mx\/tienda\/#website"},"datePublished":"2026-04-02T06:03:48+00:00","dateModified":"2026-04-02T06:03:49+00:00","description":"Compra Aerojet 360 660 Ml Aire Comprimido Aire Comprimido Aerojet 360 Removedor De Polvo De 660 Ml. + Env\u00edo a domicilio + Pago seguro + Garant\u00eda","breadcrumb":{"@id":"https:\/\/compuviper.mx\/tienda\/producto\/silimex-aerojet-360-660-ml-aire-comprimido-aire-comprimido-aerojet-360-removedor-de-polvo-de-660-ml\/#breadcrumb"},"inLanguage":"es-MX","potentialAction":[{"@type":"ReadAction","target":["https:\/\/compuviper.mx\/tienda\/producto\/silimex-aerojet-360-660-ml-aire-comprimido-aire-comprimido-aerojet-360-removedor-de-polvo-de-660-ml\/"]}]},{"@type":"BreadcrumbList","@id":"https:\/\/compuviper.mx\/tienda\/producto\/silimex-aerojet-360-660-ml-aire-comprimido-aire-comprimido-aerojet-360-removedor-de-polvo-de-660-ml\/#breadcrumb","itemListElement":[{"@type":"ListItem","position":1,"name":"Inicio","item":"https:\/\/compuviper.mx\/tienda\/"},{"@type":"ListItem","position":2,"name":"Productos","item":"https:\/\/compuviper.mx\/tienda\/productos\/"},{"@type":"ListItem","position":3,"name":"Productos De Limpieza","item":"https:\/\/compuviper.mx\/tienda\/categoria-producto\/productos-de-limpieza\/"},{"@type":"ListItem","position":4,"name":"Removedor De Polvo","item":"https:\/\/compuviper.mx\/tienda\/categoria-producto\/productos-de-limpieza\/removedor-de-polvo\/"},{"@type":"ListItem","position":5,"name":"Silimex Aerojet 360 660 Ml Aire Comprimido Aire Comprimido Aerojet 360 Removedor De Polvo De 660 Ml."}]},{"@type":"WebSite","@id":"https:\/\/compuviper.mx\/tienda\/#website","url":"https:\/\/compuviper.mx\/tienda\/","name":"Compuviper","description":"Proveedor de Computadoras, Laptops, Servidores, Monitores, Puntos de Venta, Teclados,   Impresoras, T\u00f3ner, C\u00e1maras de Seguridad y m\u00e1s en tu tienda en l\u00ednea","publisher":{"@id":"https:\/\/compuviper.mx\/tienda\/#organization"},"potentialAction":[{"@type":"SearchAction","target":{"@type":"EntryPoint","urlTemplate":"https:\/\/compuviper.mx\/tienda\/?s={search_term_string}"},"query-input":"required name=search_term_string"}],"inLanguage":"es-MX"},{"@type":"Organization","@id":"https:\/\/compuviper.mx\/tienda\/#organization","name":"Compuviper","url":"https:\/\/compuviper.mx\/tienda\/","logo":{"@type":"ImageObject","inLanguage":"es-MX","@id":"https:\/\/compuviper.mx\/tienda\/#\/schema\/logo\/image\/","url":"https:\/\/compuviper.mx\/tienda\/wp-content\/uploads\/2021\/08\/Logo-Compuviper-10.png","contentUrl":"https:\/\/compuviper.mx\/tienda\/wp-content\/uploads\/2021\/08\/Logo-Compuviper-10.png","width":1000,"height":500,"caption":"Compuviper"},"image":{"@id":"https:\/\/compuviper.mx\/tienda\/#\/schema\/logo\/image\/"},"sameAs":["https:\/\/www.facebook.com\/compuviper","https:\/\/www.youtube.com\/channel\/UCf73dERp9Y3cfOq7q8BhLjA?view_as=subscriber"]}]},"product_brand":"SILIMEX","product_price_amount":"162","product_price_currency":"MXN","og_availability":"instock","product_availability":"instock","product_retailer_item_id":"AEROJET 360 660 ML AIRE COMPRIMIDO","product_condition":"new"},"_links":{"self":[{"href":"https:\/\/compuviper.mx\/tienda\/wp-json\/wp\/v2\/product\/215971"}],"collection":[{"href":"https:\/\/compuviper.mx\/tienda\/wp-json\/wp\/v2\/product"}],"about":[{"href":"https:\/\/compuviper.mx\/tienda\/wp-json\/wp\/v2\/types\/product"}],"replies":[{"embeddable":true,"href":"https:\/\/compuviper.mx\/tienda\/wp-json\/wp\/v2\/comments?post=215971"}],"wp:featuredmedia":[{"embeddable":true,"href":"https:\/\/compuviper.mx\/tienda\/wp-json\/wp\/v2\/media\/215972"}],"wp:attachment":[{"href":"https:\/\/compuviper.mx\/tienda\/wp-json\/wp\/v2\/media?parent=215971"}],"wp:term":[{"taxonomy":"product_cat","embeddable":true,"href":"https:\/\/compuviper.mx\/tienda\/wp-json\/wp\/v2\/product_cat?post=215971"},{"taxonomy":"product_tag","embeddable":true,"href":"https:\/\/compuviper.mx\/tienda\/wp-json\/wp\/v2\/product_tag?post=215971"}],"curies":[{"name":"wp","href":"https:\/\/api.w.org\/{rel}","templated":true}]}}