{"id":215822,"date":"2026-04-28T23:52:02","date_gmt":"2026-04-29T05:52:02","guid":{"rendered":"https:\/\/compuviper.mx\/tienda\/producto\/hewlett-packard-enterprise-q2079a-cartucho-de-datos-hpe-lto-9-ultrium-45tb\/"},"modified":"2026-04-28T23:52:03","modified_gmt":"2026-04-29T05:52:03","slug":"hewlett-packard-enterprise-q2079a-cartucho-de-datos-hpe-lto-9-ultrium-45tb","status":"publish","type":"product","link":"https:\/\/compuviper.mx\/tienda\/producto\/hewlett-packard-enterprise-q2079a-cartucho-de-datos-hpe-lto-9-ultrium-45tb\/","title":{"rendered":"Hewlett Packard Enterprise Q2079a Cartucho De Datos Hpe Lto-9 Ultrium 45tb"},"content":{"rendered":"<table class=\"descripcion\">\n<tr>\n<td>Los cartuchos hpe lto ultrium ofrecen protecci\u00f3n fiable, de bajo coste y escalable para tus datos ante la amenaza de los ciberataques y el ransomware, al tiempo que cumplen cualquier exigencia de fiabilidad a la hora de restaurar los datos. permiten a las empresas cumplir la recomendaci\u00f3n de las autoridades de todo el mundo de mantener copias sin conexi\u00f3n de sus datos. dise\u00f1ados sobre la base de nueve generaciones anteriores, y con velocidades de transferencia de hasta 1,44 tb\/h para lto-9, existe una plataforma para cada presupuesto. el cifrado aes-256 seguro proporciona incluso mayores niveles de seguridad de datos, as\u00ed como el cumplimiento de las normas m\u00e1s estrictas del sector, para impedir el acceso a los datos no autorizado. hpe storeopen y el sistema de archivos de cinta lineal permiten que el uso de cinta resulte tan f\u00e1cil, flexible, port\u00e1til e intuitivo como el de otros medios extra\u00edbles y de uso compartido, como una unidad usb. asimismo, y dado que los cartuchos lto en reposo presentan requisitos de energ\u00eda y refrigeraci\u00f3n adicionales m\u00ednimos, constituyen una soluci\u00f3n de archivado a largo plazo m\u00e1s ecol\u00f3gica y sostenible para los datos.<\/td>\n<\/tr>\n<tr>\n<td>Novedades<\/td>\n<\/tr>\n<tr>\n<td>\u0095 aumento masivo de capacidad: 620 % por encima de la capacidad nativa de lto-6 (18 tb lto-9 frente a 2,5 tb lto-6)<\/td>\n<\/tr>\n<tr>\n<td>\u0095 aumento del rendimiento nativo: es posible almacenar 1,44 tb\/h con lto-9 (solo altura completa)<\/td>\n<\/tr>\n<tr>\n<td>\u0095 cifrado aes de 256 bits (ieee1619.1) integrado (lto-5, lto-6, lto-7, lto-8 y lto-9): certificaci\u00f3n fips140-2 nivel 1 otorgada.<\/td>\n<\/tr>\n<tr>\n<td>Solo ventajas<\/td>\n<\/tr>\n<tr>\n<td>Soporte sin conexi\u00f3n fiable que crea un espacio de aire para mantener los datos fuera del alcance de los ciberdelincuentes<\/td>\n<\/tr>\n<tr>\n<td>\u0095 agencias como el fbi estadounidense recomiendan almacenar los datos sin conexi\u00f3n. ello se debe a que las cintas almacenadas sin conexi\u00f3n se encuentran desconectadas de la red y fuera del alcance de los delincuentes con medios m\u00e1s sofisticados, que emplean las redes digitales para atacar a las empresas con el fin de cifrar tanto sus datos principales como sus copias de seguridad.<\/td>\n<\/tr>\n<tr>\n<td>\u0095 el cifrado aes de 256 bits integrado (lto-5 a lto-9) permite proporcionar seguridad adicional para los datos almacenados en cinta. con el cifrado lto (fortalecido por la opci\u00f3n de emplear cartuchos worm), incluso en el caso de que las cintas cayeran en las manos equivocadas, los datos permanecer\u00edan protegidos frente a cualquier acceso no autorizado.<\/td>\n<\/tr>\n<tr>\n<td>\u0095 el chip de memoria del cartucho hpe lto ultrium proporciona tiempos de acceso m\u00e1s r\u00e1pidos y una supervisi\u00f3n de los medios mejorada.<\/td>\n<\/tr>\n<tr>\n<td>\u0095 primera restauraci\u00f3n garantizada con menos fallos en soportes y menos copias interrumpidas, independientemente del ciclo de servicio o de las condiciones del entorno<\/td>\n<\/tr>\n<tr>\n<td>El coste total de la propiedad m\u00e1s reducido para el archivado a largo plazo<\/td>\n<\/tr>\n<tr>\n<td>\u0095 seg\u00fan el informe de esg, \u00abthe economic benefits of hpe storeever as active archival storage (los beneficios econ\u00f3micos de hpe storeever como almacenamiento de archivos activo)\u00bb, publicado en agosto de 2020, la tecnolog\u00eda de cinta lto resulta m\u00e1s de un 80 % m\u00e1s econ\u00f3mica en un per\u00edodo de 10 a\u00f1os que las soluciones basadas exclusivamente en discos o nube para un archivo de 1 pb cuyo volumen aumente un 10 % anual.<\/td>\n<\/tr>\n<tr>\n<td>\u0095 la estandarizaci\u00f3n en hpe lto ultrium brinda la capacidad de cumplir los plazos cada vez m\u00e1s reducidos de las copias de seguridad, las exigencias del cifrado aes de 256 bits (ieee1619.1) est\u00e1ndar del sector y los soportes rw o worm intercambiables, todo ello sin espacio adicional ni un aumento de la carga de trabajo de los recursos de ti.<\/td>\n<\/tr>\n<tr>\n<td>\u0095 la tecnolog\u00eda est\u00e1ndar abierta garantiza la compatibilidad entre las generaciones de los productos y te proporciona una mayor capacidad de elecci\u00f3n. los cartuchos hpe lto ultrium se encuentran disponibles con etiquetas personalizadas o no personalizadas.<\/td>\n<\/tr>\n<tr>\n<td>\u0095 las pruebas de cualificaci\u00f3n de marcas hpe (carga\/descarga, lustre, pruebas de goteo y pruebas de tensi\u00f3n medioambiental) van m\u00e1s all\u00e1 de lo que se necesita para el logotipo de lto ultrium. esto garantiza la m\u00e1xima fiabilidad para restaurar sus datos.<\/td>\n<\/tr>\n<tr>\n<td>\u0095 hpe garantiza hasta 30 a\u00f1os de vida en archivo de los cartuchos lto ultrium. esto permite que las empresas cumplan con las crecientes exigencias de las normativas relacionadas con la retenci\u00f3n y archivo de datos.<\/td>\n<\/tr>\n<tr>\n<td>Mayor capacidad y rendimiento que cualquier tecnolog\u00eda de cinta comparable<\/td>\n<\/tr>\n<tr>\n<td>\u0095 los cartuchos de datos hpe lto-9 ultrium pueden escribir y leer datos a una velocidad vertiginosa de 1,44 tb\/h nativa, almacenando, cifrando y protegiendo hasta 45 tb* en un solo cartucho, siendo la opci\u00f3n ideal en entornos de ti para tareas cruciales que operen 24 x 7 a gran escala (*para esta capacidad, se asume una compresi\u00f3n de 2,5:1).<\/td>\n<\/tr>\n<tr>\n<td>\u0095 un incremento del 35 % del n\u00famero de pistas y del 3 % en densidad de bits ha permitido un aumento de la capacidad de 30 tb para lto-8 a 45 tb para lto-9. de 2176 pistas para lto-6 a 8960 pistas para los cartuchos hpe lto-9 ultrium de 45 tb de 9.\u00aa generaci\u00f3n (con una compresi\u00f3n de 2,5:1), es decir, una mejora del 311 %<\/td>\n<\/tr>\n<tr>\n<td>Soporte de almacenamiento ultrafiable<\/td>\n<\/tr>\n<tr>\n<td>\u0095 la cinta resulta m\u00e1s fiable que un disco sata empresarial, con una tasa de error de bit (ber) de 1 x 10 a la potencia de 19 para lto-8 frente a 1 x 10 a la potencia de 15 para los hdd sata empresariales. ello equivale a una diferencia en fiabilidad de cuatro \u00f3rdenes de magnitud; por ejemplo, la cinta resulta 10 000 veces m\u00e1s fiable que un hdd sata empresarial<\/td>\n<\/tr>\n<tr>\n<td>\u0095 la p\u00e9rdida de datos estimada en 10 a\u00f1os para un archivo de 1 exabyte es de 1,1 petabytes en hdd en comparaci\u00f3n con solo 7,4 terabytes en cinta.<\/td>\n<\/tr>\n<tr>\n<td>\u0095 las pruebas de cualificaci\u00f3n de marcas hpe (carga\/descarga, lustre, pruebas de ca\u00edda y pruebas de tensi\u00f3n medioambiental) van m\u00e1s all\u00e1 de lo que se necesita para hpe lto ultrium. ello garantiza la m\u00e1xima fiabilidad para restaurar tus datos.<\/td>\n<\/tr>\n<tr>\n<td>\u0095 mecanismo de \u00abagarre inteligente\u00bb superior y cierre interior mec\u00e1nico para evitar que el pin principal se introduzca en la carcasa de la cinta. los sensores detectan la conexi\u00f3n adecuada y evitan la p\u00e9rdida de la gu\u00eda que destrozar\u00eda la cinta. trayectoria de la cinta simplificada para reducir el deterioro, las roturas y la acumulaci\u00f3n de residuos, algo esencial para la automatizaci\u00f3n.<\/td>\n<\/tr>\n<\/table>\n","protected":false},"excerpt":{"rendered":"<p>Tecnolog\u00eda de grabaci\u00f3n. Lto-9 ultrium. Capacidad. 45 tb con compresi\u00f3n 2,5:1. Compatible. Formato del soporte. Soportes regrabables y de una sola escritura. Cantidad por embalaje. 1. Velocidad de lectura del soporte. 1000 mb\/seg. (solo unidades de altura completa, se supone una compresi\u00f3n de 2,5:1. Densidad de bit. 545 kb\/pulgada. Vida de archivo. 30 a\u00f1os. Color de producto. Azul claro. Longitud de la cinta. 1035 m. Ancho de cinta. 12,65 mm. Grosor de la cinta. 4,9 micrones m\u00ednimo. Material b\u00e1sico. Ferrita de bario. Pistas de datos. 8960. Campo coercitivo magn\u00e9tico. 2850 oe. Dimensiones m\u00ednimas (alto x ancho x fondo. \u0095 11,3 x 11,1 x 2,1 cm. \u0095 4.45 x 4.37 x 1.8 in. Peso. \u0095 0,28 kg. \u0095 0,63 libras. Garant\u00eda. Garant\u00eda limitada de por vida. C\u00f3digo unspsc. 43202002<\/p>\n","protected":false},"featured_media":215823,"comment_status":"open","ping_status":"open","template":"","meta":[],"product_cat":[1622,1646],"product_tag":[1568],"acf":[],"yoast_head":"<!-- This site is optimized with the Yoast SEO plugin v21.7 - https:\/\/yoast.com\/wordpress\/plugins\/seo\/ -->\n<title>[ Hewlett Packard Enterprise ] &#129351; Q2079a Cartucho De Datos Hpe Lto-9 Ultrium 45tb<\/title>\n<meta name=\"description\" content=\"Compra Q2079a Cartucho De Datos Hpe Lto-9 Ultrium 45tb + Env\u00edo a domicilio + Pago seguro + Garant\u00eda\" \/>\n<meta name=\"robots\" content=\"index, follow, max-snippet:-1, max-image-preview:large, max-video-preview:-1\" \/>\n<link rel=\"canonical\" href=\"https:\/\/compuviper.mx\/tienda\/producto\/hewlett-packard-enterprise-q2079a-cartucho-de-datos-hpe-lto-9-ultrium-45tb\/\" \/>\n<meta property=\"og:locale\" content=\"es_MX\" \/>\n<meta property=\"og:type\" content=\"article\" \/>\n<meta property=\"og:title\" content=\"[ Hewlett Packard Enterprise ] &#129351; Q2079a Cartucho De Datos Hpe Lto-9 Ultrium 45tb\" \/>\n<meta property=\"og:description\" content=\"Compra Q2079a Cartucho De Datos Hpe Lto-9 Ultrium 45tb + Env\u00edo a domicilio + Pago seguro + Garant\u00eda\" \/>\n<meta property=\"og:url\" content=\"https:\/\/compuviper.mx\/tienda\/producto\/hewlett-packard-enterprise-q2079a-cartucho-de-datos-hpe-lto-9-ultrium-45tb\/\" \/>\n<meta property=\"og:site_name\" content=\"Compuviper\" \/>\n<meta property=\"article:publisher\" content=\"https:\/\/www.facebook.com\/compuviper\" \/>\n<meta property=\"article:modified_time\" content=\"2026-04-29T05:52:03+00:00\" \/>\n<meta property=\"og:image\" content=\"https:\/\/compuviper.mx\/tienda\/wp-content\/uploads\/2023\/12\/Cartucho-de-datos-hpe-lto-9-ultrium-45tb.jpg\" \/>\n\t<meta property=\"og:image:width\" content=\"200\" \/>\n\t<meta property=\"og:image:height\" content=\"200\" \/>\n\t<meta property=\"og:image:type\" content=\"image\/jpeg\" \/>\n<meta name=\"twitter:card\" content=\"summary_large_image\" \/>\n<meta name=\"twitter:label1\" content=\"Precio\" \/>\n\t<meta name=\"twitter:data1\" content=\"&#36;1,835 con IVA\" \/>\n\t<meta name=\"twitter:label2\" content=\"Availability\" \/>\n\t<meta name=\"twitter:data2\" content=\"Out of stock\" \/>\n<script type=\"application\/ld+json\" class=\"yoast-schema-graph\">{\"@context\":\"https:\/\/schema.org\",\"@graph\":[{\"@type\":\"WebPage\",\"@id\":\"https:\/\/compuviper.mx\/tienda\/producto\/hewlett-packard-enterprise-q2079a-cartucho-de-datos-hpe-lto-9-ultrium-45tb\/\",\"url\":\"https:\/\/compuviper.mx\/tienda\/producto\/hewlett-packard-enterprise-q2079a-cartucho-de-datos-hpe-lto-9-ultrium-45tb\/\",\"name\":\"[ Hewlett Packard Enterprise ] &#129351; Q2079a Cartucho De Datos Hpe Lto-9 Ultrium 45tb\",\"isPartOf\":{\"@id\":\"https:\/\/compuviper.mx\/tienda\/#website\"},\"datePublished\":\"2026-04-29T05:52:02+00:00\",\"dateModified\":\"2026-04-29T05:52:03+00:00\",\"description\":\"Compra Q2079a Cartucho De Datos Hpe Lto-9 Ultrium 45tb + Env\u00edo a domicilio + Pago seguro + Garant\u00eda\",\"breadcrumb\":{\"@id\":\"https:\/\/compuviper.mx\/tienda\/producto\/hewlett-packard-enterprise-q2079a-cartucho-de-datos-hpe-lto-9-ultrium-45tb\/#breadcrumb\"},\"inLanguage\":\"es-MX\",\"potentialAction\":[{\"@type\":\"ReadAction\",\"target\":[\"https:\/\/compuviper.mx\/tienda\/producto\/hewlett-packard-enterprise-q2079a-cartucho-de-datos-hpe-lto-9-ultrium-45tb\/\"]}]},{\"@type\":\"BreadcrumbList\",\"@id\":\"https:\/\/compuviper.mx\/tienda\/producto\/hewlett-packard-enterprise-q2079a-cartucho-de-datos-hpe-lto-9-ultrium-45tb\/#breadcrumb\",\"itemListElement\":[{\"@type\":\"ListItem\",\"position\":1,\"name\":\"Inicio\",\"item\":\"https:\/\/compuviper.mx\/tienda\/\"},{\"@type\":\"ListItem\",\"position\":2,\"name\":\"Productos\",\"item\":\"https:\/\/compuviper.mx\/tienda\/productos\/\"},{\"@type\":\"ListItem\",\"position\":3,\"name\":\"Consumibles\",\"item\":\"https:\/\/compuviper.mx\/tienda\/categoria-producto\/consumibles\/\"},{\"@type\":\"ListItem\",\"position\":4,\"name\":\"Cinta Magnetica\",\"item\":\"https:\/\/compuviper.mx\/tienda\/categoria-producto\/consumibles\/cinta-magnetica\/\"},{\"@type\":\"ListItem\",\"position\":5,\"name\":\"Hewlett Packard Enterprise Q2079a Cartucho De Datos Hpe Lto-9 Ultrium 45tb\"}]},{\"@type\":\"WebSite\",\"@id\":\"https:\/\/compuviper.mx\/tienda\/#website\",\"url\":\"https:\/\/compuviper.mx\/tienda\/\",\"name\":\"Compuviper\",\"description\":\"Proveedor de Computadoras, Laptops, Servidores, Monitores, Puntos de Venta, Teclados,   Impresoras, T\u00f3ner, C\u00e1maras de Seguridad y m\u00e1s en tu tienda en l\u00ednea\",\"publisher\":{\"@id\":\"https:\/\/compuviper.mx\/tienda\/#organization\"},\"potentialAction\":[{\"@type\":\"SearchAction\",\"target\":{\"@type\":\"EntryPoint\",\"urlTemplate\":\"https:\/\/compuviper.mx\/tienda\/?s={search_term_string}\"},\"query-input\":\"required name=search_term_string\"}],\"inLanguage\":\"es-MX\"},{\"@type\":\"Organization\",\"@id\":\"https:\/\/compuviper.mx\/tienda\/#organization\",\"name\":\"Compuviper\",\"url\":\"https:\/\/compuviper.mx\/tienda\/\",\"logo\":{\"@type\":\"ImageObject\",\"inLanguage\":\"es-MX\",\"@id\":\"https:\/\/compuviper.mx\/tienda\/#\/schema\/logo\/image\/\",\"url\":\"https:\/\/compuviper.mx\/tienda\/wp-content\/uploads\/2021\/08\/Logo-Compuviper-10.png\",\"contentUrl\":\"https:\/\/compuviper.mx\/tienda\/wp-content\/uploads\/2021\/08\/Logo-Compuviper-10.png\",\"width\":1000,\"height\":500,\"caption\":\"Compuviper\"},\"image\":{\"@id\":\"https:\/\/compuviper.mx\/tienda\/#\/schema\/logo\/image\/\"},\"sameAs\":[\"https:\/\/www.facebook.com\/compuviper\",\"https:\/\/www.youtube.com\/channel\/UCf73dERp9Y3cfOq7q8BhLjA?view_as=subscriber\"]}]}<\/script>\n<meta property=\"product:brand\" content=\"HEWLETT PACKARD ENTERPRISE\" \/>\n<meta property=\"product:price:amount\" content=\"1835\" \/>\n<meta property=\"product:price:currency\" content=\"MXN\" \/>\n<meta property=\"og:availability\" content=\"out of stock\" \/>\n<meta property=\"product:availability\" content=\"out of stock\" \/>\n<meta property=\"product:retailer_item_id\" content=\"Q2079A\" \/>\n<meta property=\"product:condition\" content=\"new\" \/>\n<!-- \/ Yoast SEO plugin. -->","yoast_head_json":{"title":"[ Hewlett Packard Enterprise ] &#129351; Q2079a Cartucho De Datos Hpe Lto-9 Ultrium 45tb","description":"Compra Q2079a Cartucho De Datos Hpe Lto-9 Ultrium 45tb + Env\u00edo a domicilio + Pago seguro + Garant\u00eda","robots":{"index":"index","follow":"follow","max-snippet":"max-snippet:-1","max-image-preview":"max-image-preview:large","max-video-preview":"max-video-preview:-1"},"canonical":"https:\/\/compuviper.mx\/tienda\/producto\/hewlett-packard-enterprise-q2079a-cartucho-de-datos-hpe-lto-9-ultrium-45tb\/","og_locale":"es_MX","og_type":"article","og_title":"[ Hewlett Packard Enterprise ] &#129351; Q2079a Cartucho De Datos Hpe Lto-9 Ultrium 45tb","og_description":"Compra Q2079a Cartucho De Datos Hpe Lto-9 Ultrium 45tb + Env\u00edo a domicilio + Pago seguro + Garant\u00eda","og_url":"https:\/\/compuviper.mx\/tienda\/producto\/hewlett-packard-enterprise-q2079a-cartucho-de-datos-hpe-lto-9-ultrium-45tb\/","og_site_name":"Compuviper","article_publisher":"https:\/\/www.facebook.com\/compuviper","article_modified_time":"2026-04-29T05:52:03+00:00","og_image":[{"width":200,"height":200,"url":"https:\/\/compuviper.mx\/tienda\/wp-content\/uploads\/2023\/12\/Cartucho-de-datos-hpe-lto-9-ultrium-45tb.jpg","type":"image\/jpeg"}],"twitter_card":"summary_large_image","twitter_misc":{"Precio":"&#36;1,835 con IVA","Availability":"Out of stock"},"schema":{"@context":"https:\/\/schema.org","@graph":[{"@type":"WebPage","@id":"https:\/\/compuviper.mx\/tienda\/producto\/hewlett-packard-enterprise-q2079a-cartucho-de-datos-hpe-lto-9-ultrium-45tb\/","url":"https:\/\/compuviper.mx\/tienda\/producto\/hewlett-packard-enterprise-q2079a-cartucho-de-datos-hpe-lto-9-ultrium-45tb\/","name":"[ Hewlett Packard Enterprise ] &#129351; Q2079a Cartucho De Datos Hpe Lto-9 Ultrium 45tb","isPartOf":{"@id":"https:\/\/compuviper.mx\/tienda\/#website"},"datePublished":"2026-04-29T05:52:02+00:00","dateModified":"2026-04-29T05:52:03+00:00","description":"Compra Q2079a Cartucho De Datos Hpe Lto-9 Ultrium 45tb + Env\u00edo a domicilio + Pago seguro + Garant\u00eda","breadcrumb":{"@id":"https:\/\/compuviper.mx\/tienda\/producto\/hewlett-packard-enterprise-q2079a-cartucho-de-datos-hpe-lto-9-ultrium-45tb\/#breadcrumb"},"inLanguage":"es-MX","potentialAction":[{"@type":"ReadAction","target":["https:\/\/compuviper.mx\/tienda\/producto\/hewlett-packard-enterprise-q2079a-cartucho-de-datos-hpe-lto-9-ultrium-45tb\/"]}]},{"@type":"BreadcrumbList","@id":"https:\/\/compuviper.mx\/tienda\/producto\/hewlett-packard-enterprise-q2079a-cartucho-de-datos-hpe-lto-9-ultrium-45tb\/#breadcrumb","itemListElement":[{"@type":"ListItem","position":1,"name":"Inicio","item":"https:\/\/compuviper.mx\/tienda\/"},{"@type":"ListItem","position":2,"name":"Productos","item":"https:\/\/compuviper.mx\/tienda\/productos\/"},{"@type":"ListItem","position":3,"name":"Consumibles","item":"https:\/\/compuviper.mx\/tienda\/categoria-producto\/consumibles\/"},{"@type":"ListItem","position":4,"name":"Cinta Magnetica","item":"https:\/\/compuviper.mx\/tienda\/categoria-producto\/consumibles\/cinta-magnetica\/"},{"@type":"ListItem","position":5,"name":"Hewlett Packard Enterprise Q2079a Cartucho De Datos Hpe Lto-9 Ultrium 45tb"}]},{"@type":"WebSite","@id":"https:\/\/compuviper.mx\/tienda\/#website","url":"https:\/\/compuviper.mx\/tienda\/","name":"Compuviper","description":"Proveedor de Computadoras, Laptops, Servidores, Monitores, Puntos de Venta, Teclados,   Impresoras, T\u00f3ner, C\u00e1maras de Seguridad y m\u00e1s en tu tienda en l\u00ednea","publisher":{"@id":"https:\/\/compuviper.mx\/tienda\/#organization"},"potentialAction":[{"@type":"SearchAction","target":{"@type":"EntryPoint","urlTemplate":"https:\/\/compuviper.mx\/tienda\/?s={search_term_string}"},"query-input":"required name=search_term_string"}],"inLanguage":"es-MX"},{"@type":"Organization","@id":"https:\/\/compuviper.mx\/tienda\/#organization","name":"Compuviper","url":"https:\/\/compuviper.mx\/tienda\/","logo":{"@type":"ImageObject","inLanguage":"es-MX","@id":"https:\/\/compuviper.mx\/tienda\/#\/schema\/logo\/image\/","url":"https:\/\/compuviper.mx\/tienda\/wp-content\/uploads\/2021\/08\/Logo-Compuviper-10.png","contentUrl":"https:\/\/compuviper.mx\/tienda\/wp-content\/uploads\/2021\/08\/Logo-Compuviper-10.png","width":1000,"height":500,"caption":"Compuviper"},"image":{"@id":"https:\/\/compuviper.mx\/tienda\/#\/schema\/logo\/image\/"},"sameAs":["https:\/\/www.facebook.com\/compuviper","https:\/\/www.youtube.com\/channel\/UCf73dERp9Y3cfOq7q8BhLjA?view_as=subscriber"]}]},"product_brand":"HEWLETT PACKARD ENTERPRISE","product_price_amount":"1835","product_price_currency":"MXN","og_availability":"out of stock","product_availability":"out of stock","product_retailer_item_id":"Q2079A","product_condition":"new"},"_links":{"self":[{"href":"https:\/\/compuviper.mx\/tienda\/wp-json\/wp\/v2\/product\/215822"}],"collection":[{"href":"https:\/\/compuviper.mx\/tienda\/wp-json\/wp\/v2\/product"}],"about":[{"href":"https:\/\/compuviper.mx\/tienda\/wp-json\/wp\/v2\/types\/product"}],"replies":[{"embeddable":true,"href":"https:\/\/compuviper.mx\/tienda\/wp-json\/wp\/v2\/comments?post=215822"}],"wp:featuredmedia":[{"embeddable":true,"href":"https:\/\/compuviper.mx\/tienda\/wp-json\/wp\/v2\/media\/215823"}],"wp:attachment":[{"href":"https:\/\/compuviper.mx\/tienda\/wp-json\/wp\/v2\/media?parent=215822"}],"wp:term":[{"taxonomy":"product_cat","embeddable":true,"href":"https:\/\/compuviper.mx\/tienda\/wp-json\/wp\/v2\/product_cat?post=215822"},{"taxonomy":"product_tag","embeddable":true,"href":"https:\/\/compuviper.mx\/tienda\/wp-json\/wp\/v2\/product_tag?post=215822"}],"curies":[{"name":"wp","href":"https:\/\/api.w.org\/{rel}","templated":true}]}}