{"id":215652,"date":"2026-04-09T23:52:01","date_gmt":"2026-04-10T05:52:01","guid":{"rendered":"https:\/\/compuviper.mx\/tienda\/producto\/lexmark-20n4xc0-toner-cyan-extra-alto-rendimiento-6700-paginas-para-cs431dw-cx431adw\/"},"modified":"2026-04-09T23:52:02","modified_gmt":"2026-04-10T05:52:02","slug":"lexmark-20n4xc0-toner-cyan-extra-alto-rendimiento-6700-paginas-para-cs431dw-cx431adw","status":"publish","type":"product","link":"https:\/\/compuviper.mx\/tienda\/producto\/lexmark-20n4xc0-toner-cyan-extra-alto-rendimiento-6700-paginas-para-cs431dw-cx431adw\/","title":{"rendered":"Lexmark 20n4xc0 Toner   Cyan, Extra Alto Rendimiento 6700 Paginas, Para Cs431dw, Cx431adw"},"content":{"rendered":"<table class=\"descripcion\">\n<tr>\n<td>Tecnologia de impresion<\/td>\n<\/tr>\n<tr>\n<td>Laser de color<\/td>\n<\/tr>\n<tr>\n<td>Yield value<\/td>\n<\/tr>\n<tr>\n<td>6,700<\/td>\n<\/tr>\n<tr>\n<td>Programa de recoleccion de cartuchos de lexmark<\/td>\n<\/tr>\n<tr>\n<td>Si<\/td>\n<\/tr>\n<tr>\n<td>Rendimiento promedio continuo declarado del cartucho compuesto cmy, en impresion simple lado<\/td>\n<\/tr>\n<tr>\n<td>Hasta 6,700 pginas estandar de acuerdo con iso\/iec 19798.<\/td>\n<\/tr>\n<tr>\n<td>Cartuchos de repuesto:<\/td>\n<\/tr>\n<tr>\n<td>Los cartuchos estan diseados para su uso en una region geografica especifica. visita www.lexmark.com\/regions para mas detalles.<\/td>\n<\/tr>\n<tr>\n<td>Tamao con empaque alto x ancho x profundo en mm<\/td>\n<\/tr>\n<tr>\n<td>125 x 125 x 400 mm<\/td>\n<\/tr>\n<tr>\n<td>Peso con empaque kg<\/td>\n<\/tr>\n<tr>\n<td>0.859 kg<\/td>\n<\/tr>\n<tr>\n<td>Ver especificaciones adicionales<\/td>\n<\/tr>\n<tr>\n<td>Cartucho de impresion cian del programa de devolucion lexmark 20n4xc0<\/td>\n<\/tr>\n<tr>\n<td>Sistema electrico y funcionamiento<\/td>\n<\/tr>\n<tr>\n<td>Codigo unspsc<\/td>\n<\/tr>\n<tr>\n<td>44103103<\/td>\n<\/tr>\n<tr>\n<td>Codigo arancelario armonizado<\/td>\n<\/tr>\n<tr>\n<td>8443.99.2050<\/td>\n<\/tr>\n<tr>\n<td>Pais de origen<\/td>\n<\/tr>\n<tr>\n<td>China prc<\/td>\n<\/tr>\n<\/table>\n","protected":false},"excerpt":{"rendered":"<p>Calidad de imagen uniformemente sobresaliente. Confiabilidad del sistema de larga duracion. Sostenibilidad superior. Innovador sistema de impresion shake-free. Tecnologia de impresion. Laser de color. Yield value. 6,700. Programa de recoleccion de cartuchos de lexmark. Si. Rendimiento promedio continuo declarado del cartucho compuesto cmy, en impresion simple lado. Hasta 6,700 paginas estndar de acuerdo con iso\/iec 19798. Cartuchos de repuesto. Los cartuchos estan diseados para su uso en una region geografica especifica. Visita www.Lexmark.Com\/regions para mas detalles. Tamao con empaque alto x ancho x profundo en mm. 125 x 125 x 400 mm. Peso con empaque kg. 0.859 kg. Ver especificaciones adicionales. Cartucho de impresin cian del programa de devolucin lexmark 20n4xc0. Sistema elctrico y funcionamiento. Cdigo unspsc. 44103103. Codigo arancelario armonizado. 8443.99.2050. Pais de origen. China prc<\/p>\n","protected":false},"featured_media":215653,"comment_status":"open","ping_status":"open","template":"","meta":[],"product_cat":[1622,1632],"product_tag":[1630],"acf":[],"yoast_head":"<!-- This site is optimized with the Yoast SEO plugin v21.7 - https:\/\/yoast.com\/wordpress\/plugins\/seo\/ -->\n<title>[ Lexmark ] &#129351; 20n4xc0 Toner Cyan, Extra Alto Rendimiento 6700 Paginas, Para Cs431dw, Cx431adw<\/title>\n<meta name=\"description\" content=\"Compra 20n4xc0 Toner Cyan, Extra Alto Rendimiento 6700 Paginas, Para Cs431dw, Cx431adw + Env\u00edo a domicilio + Pago seguro + Garant\u00eda\" \/>\n<meta name=\"robots\" content=\"index, follow, max-snippet:-1, max-image-preview:large, max-video-preview:-1\" \/>\n<link rel=\"canonical\" href=\"https:\/\/compuviper.mx\/tienda\/producto\/lexmark-20n4xc0-toner-cyan-extra-alto-rendimiento-6700-paginas-para-cs431dw-cx431adw\/\" \/>\n<meta property=\"og:locale\" content=\"es_MX\" \/>\n<meta property=\"og:type\" content=\"article\" \/>\n<meta property=\"og:title\" content=\"[ Lexmark ] &#129351; 20n4xc0 Toner Cyan, Extra Alto Rendimiento 6700 Paginas, Para Cs431dw, Cx431adw\" \/>\n<meta property=\"og:description\" content=\"Compra 20n4xc0 Toner Cyan, Extra Alto Rendimiento 6700 Paginas, Para Cs431dw, Cx431adw + Env\u00edo a domicilio + Pago seguro + Garant\u00eda\" \/>\n<meta property=\"og:url\" content=\"https:\/\/compuviper.mx\/tienda\/producto\/lexmark-20n4xc0-toner-cyan-extra-alto-rendimiento-6700-paginas-para-cs431dw-cx431adw\/\" \/>\n<meta property=\"og:site_name\" content=\"Compuviper\" \/>\n<meta property=\"article:publisher\" content=\"https:\/\/www.facebook.com\/compuviper\" \/>\n<meta property=\"article:modified_time\" content=\"2026-04-10T05:52:02+00:00\" \/>\n<meta property=\"og:image\" content=\"https:\/\/compuviper.mx\/tienda\/wp-content\/uploads\/2023\/12\/Toner-lexmark-20n4xc0-cyan-extra-alto-rendimiento-6700-paginas-para-cs431dw-cx431adw.jpg\" \/>\n\t<meta property=\"og:image:width\" content=\"200\" \/>\n\t<meta property=\"og:image:height\" content=\"200\" \/>\n\t<meta property=\"og:image:type\" content=\"image\/jpeg\" \/>\n<meta name=\"twitter:card\" content=\"summary_large_image\" \/>\n<meta name=\"twitter:label1\" content=\"Precio\" \/>\n\t<meta name=\"twitter:data1\" content=\"&#36;4,130 con IVA\" \/>\n\t<meta name=\"twitter:label2\" content=\"Availability\" \/>\n\t<meta name=\"twitter:data2\" content=\"In stock\" \/>\n<script type=\"application\/ld+json\" class=\"yoast-schema-graph\">{\"@context\":\"https:\/\/schema.org\",\"@graph\":[{\"@type\":\"WebPage\",\"@id\":\"https:\/\/compuviper.mx\/tienda\/producto\/lexmark-20n4xc0-toner-cyan-extra-alto-rendimiento-6700-paginas-para-cs431dw-cx431adw\/\",\"url\":\"https:\/\/compuviper.mx\/tienda\/producto\/lexmark-20n4xc0-toner-cyan-extra-alto-rendimiento-6700-paginas-para-cs431dw-cx431adw\/\",\"name\":\"[ Lexmark ] &#129351; 20n4xc0 Toner Cyan, Extra Alto Rendimiento 6700 Paginas, Para Cs431dw, Cx431adw\",\"isPartOf\":{\"@id\":\"https:\/\/compuviper.mx\/tienda\/#website\"},\"datePublished\":\"2026-04-10T05:52:01+00:00\",\"dateModified\":\"2026-04-10T05:52:02+00:00\",\"description\":\"Compra 20n4xc0 Toner Cyan, Extra Alto Rendimiento 6700 Paginas, Para Cs431dw, Cx431adw + Env\u00edo a domicilio + Pago seguro + Garant\u00eda\",\"breadcrumb\":{\"@id\":\"https:\/\/compuviper.mx\/tienda\/producto\/lexmark-20n4xc0-toner-cyan-extra-alto-rendimiento-6700-paginas-para-cs431dw-cx431adw\/#breadcrumb\"},\"inLanguage\":\"es-MX\",\"potentialAction\":[{\"@type\":\"ReadAction\",\"target\":[\"https:\/\/compuviper.mx\/tienda\/producto\/lexmark-20n4xc0-toner-cyan-extra-alto-rendimiento-6700-paginas-para-cs431dw-cx431adw\/\"]}]},{\"@type\":\"BreadcrumbList\",\"@id\":\"https:\/\/compuviper.mx\/tienda\/producto\/lexmark-20n4xc0-toner-cyan-extra-alto-rendimiento-6700-paginas-para-cs431dw-cx431adw\/#breadcrumb\",\"itemListElement\":[{\"@type\":\"ListItem\",\"position\":1,\"name\":\"Inicio\",\"item\":\"https:\/\/compuviper.mx\/tienda\/\"},{\"@type\":\"ListItem\",\"position\":2,\"name\":\"Productos\",\"item\":\"https:\/\/compuviper.mx\/tienda\/productos\/\"},{\"@type\":\"ListItem\",\"position\":3,\"name\":\"Consumibles\",\"item\":\"https:\/\/compuviper.mx\/tienda\/categoria-producto\/consumibles\/\"},{\"@type\":\"ListItem\",\"position\":4,\"name\":\"Toner\",\"item\":\"https:\/\/compuviper.mx\/tienda\/categoria-producto\/consumibles\/toner\/\"},{\"@type\":\"ListItem\",\"position\":5,\"name\":\"Lexmark 20n4xc0 Toner Cyan, Extra Alto Rendimiento 6700 Paginas, Para Cs431dw, Cx431adw\"}]},{\"@type\":\"WebSite\",\"@id\":\"https:\/\/compuviper.mx\/tienda\/#website\",\"url\":\"https:\/\/compuviper.mx\/tienda\/\",\"name\":\"Compuviper\",\"description\":\"Proveedor de Computadoras, Laptops, Servidores, Monitores, Puntos de Venta, Teclados,   Impresoras, T\u00f3ner, C\u00e1maras de Seguridad y m\u00e1s en tu tienda en l\u00ednea\",\"publisher\":{\"@id\":\"https:\/\/compuviper.mx\/tienda\/#organization\"},\"potentialAction\":[{\"@type\":\"SearchAction\",\"target\":{\"@type\":\"EntryPoint\",\"urlTemplate\":\"https:\/\/compuviper.mx\/tienda\/?s={search_term_string}\"},\"query-input\":\"required name=search_term_string\"}],\"inLanguage\":\"es-MX\"},{\"@type\":\"Organization\",\"@id\":\"https:\/\/compuviper.mx\/tienda\/#organization\",\"name\":\"Compuviper\",\"url\":\"https:\/\/compuviper.mx\/tienda\/\",\"logo\":{\"@type\":\"ImageObject\",\"inLanguage\":\"es-MX\",\"@id\":\"https:\/\/compuviper.mx\/tienda\/#\/schema\/logo\/image\/\",\"url\":\"https:\/\/compuviper.mx\/tienda\/wp-content\/uploads\/2021\/08\/Logo-Compuviper-10.png\",\"contentUrl\":\"https:\/\/compuviper.mx\/tienda\/wp-content\/uploads\/2021\/08\/Logo-Compuviper-10.png\",\"width\":1000,\"height\":500,\"caption\":\"Compuviper\"},\"image\":{\"@id\":\"https:\/\/compuviper.mx\/tienda\/#\/schema\/logo\/image\/\"},\"sameAs\":[\"https:\/\/www.facebook.com\/compuviper\",\"https:\/\/www.youtube.com\/channel\/UCf73dERp9Y3cfOq7q8BhLjA?view_as=subscriber\"]}]}<\/script>\n<meta property=\"product:brand\" content=\"LEXMARK\" \/>\n<meta property=\"product:price:amount\" content=\"4130\" \/>\n<meta property=\"product:price:currency\" content=\"MXN\" \/>\n<meta property=\"og:availability\" content=\"instock\" \/>\n<meta property=\"product:availability\" content=\"instock\" \/>\n<meta property=\"product:retailer_item_id\" content=\"20N4XC0\" \/>\n<meta property=\"product:condition\" content=\"new\" \/>\n<!-- \/ Yoast SEO plugin. -->","yoast_head_json":{"title":"[ Lexmark ] &#129351; 20n4xc0 Toner Cyan, Extra Alto Rendimiento 6700 Paginas, Para Cs431dw, Cx431adw","description":"Compra 20n4xc0 Toner Cyan, Extra Alto Rendimiento 6700 Paginas, Para Cs431dw, Cx431adw + Env\u00edo a domicilio + Pago seguro + Garant\u00eda","robots":{"index":"index","follow":"follow","max-snippet":"max-snippet:-1","max-image-preview":"max-image-preview:large","max-video-preview":"max-video-preview:-1"},"canonical":"https:\/\/compuviper.mx\/tienda\/producto\/lexmark-20n4xc0-toner-cyan-extra-alto-rendimiento-6700-paginas-para-cs431dw-cx431adw\/","og_locale":"es_MX","og_type":"article","og_title":"[ Lexmark ] &#129351; 20n4xc0 Toner Cyan, Extra Alto Rendimiento 6700 Paginas, Para Cs431dw, Cx431adw","og_description":"Compra 20n4xc0 Toner Cyan, Extra Alto Rendimiento 6700 Paginas, Para Cs431dw, Cx431adw + Env\u00edo a domicilio + Pago seguro + Garant\u00eda","og_url":"https:\/\/compuviper.mx\/tienda\/producto\/lexmark-20n4xc0-toner-cyan-extra-alto-rendimiento-6700-paginas-para-cs431dw-cx431adw\/","og_site_name":"Compuviper","article_publisher":"https:\/\/www.facebook.com\/compuviper","article_modified_time":"2026-04-10T05:52:02+00:00","og_image":[{"width":200,"height":200,"url":"https:\/\/compuviper.mx\/tienda\/wp-content\/uploads\/2023\/12\/Toner-lexmark-20n4xc0-cyan-extra-alto-rendimiento-6700-paginas-para-cs431dw-cx431adw.jpg","type":"image\/jpeg"}],"twitter_card":"summary_large_image","twitter_misc":{"Precio":"&#36;4,130 con IVA","Availability":"In stock"},"schema":{"@context":"https:\/\/schema.org","@graph":[{"@type":"WebPage","@id":"https:\/\/compuviper.mx\/tienda\/producto\/lexmark-20n4xc0-toner-cyan-extra-alto-rendimiento-6700-paginas-para-cs431dw-cx431adw\/","url":"https:\/\/compuviper.mx\/tienda\/producto\/lexmark-20n4xc0-toner-cyan-extra-alto-rendimiento-6700-paginas-para-cs431dw-cx431adw\/","name":"[ Lexmark ] &#129351; 20n4xc0 Toner Cyan, Extra Alto Rendimiento 6700 Paginas, Para Cs431dw, Cx431adw","isPartOf":{"@id":"https:\/\/compuviper.mx\/tienda\/#website"},"datePublished":"2026-04-10T05:52:01+00:00","dateModified":"2026-04-10T05:52:02+00:00","description":"Compra 20n4xc0 Toner Cyan, Extra Alto Rendimiento 6700 Paginas, Para Cs431dw, Cx431adw + Env\u00edo a domicilio + Pago seguro + Garant\u00eda","breadcrumb":{"@id":"https:\/\/compuviper.mx\/tienda\/producto\/lexmark-20n4xc0-toner-cyan-extra-alto-rendimiento-6700-paginas-para-cs431dw-cx431adw\/#breadcrumb"},"inLanguage":"es-MX","potentialAction":[{"@type":"ReadAction","target":["https:\/\/compuviper.mx\/tienda\/producto\/lexmark-20n4xc0-toner-cyan-extra-alto-rendimiento-6700-paginas-para-cs431dw-cx431adw\/"]}]},{"@type":"BreadcrumbList","@id":"https:\/\/compuviper.mx\/tienda\/producto\/lexmark-20n4xc0-toner-cyan-extra-alto-rendimiento-6700-paginas-para-cs431dw-cx431adw\/#breadcrumb","itemListElement":[{"@type":"ListItem","position":1,"name":"Inicio","item":"https:\/\/compuviper.mx\/tienda\/"},{"@type":"ListItem","position":2,"name":"Productos","item":"https:\/\/compuviper.mx\/tienda\/productos\/"},{"@type":"ListItem","position":3,"name":"Consumibles","item":"https:\/\/compuviper.mx\/tienda\/categoria-producto\/consumibles\/"},{"@type":"ListItem","position":4,"name":"Toner","item":"https:\/\/compuviper.mx\/tienda\/categoria-producto\/consumibles\/toner\/"},{"@type":"ListItem","position":5,"name":"Lexmark 20n4xc0 Toner Cyan, Extra Alto Rendimiento 6700 Paginas, Para Cs431dw, Cx431adw"}]},{"@type":"WebSite","@id":"https:\/\/compuviper.mx\/tienda\/#website","url":"https:\/\/compuviper.mx\/tienda\/","name":"Compuviper","description":"Proveedor de Computadoras, Laptops, Servidores, Monitores, Puntos de Venta, Teclados,   Impresoras, T\u00f3ner, C\u00e1maras de Seguridad y m\u00e1s en tu tienda en l\u00ednea","publisher":{"@id":"https:\/\/compuviper.mx\/tienda\/#organization"},"potentialAction":[{"@type":"SearchAction","target":{"@type":"EntryPoint","urlTemplate":"https:\/\/compuviper.mx\/tienda\/?s={search_term_string}"},"query-input":"required name=search_term_string"}],"inLanguage":"es-MX"},{"@type":"Organization","@id":"https:\/\/compuviper.mx\/tienda\/#organization","name":"Compuviper","url":"https:\/\/compuviper.mx\/tienda\/","logo":{"@type":"ImageObject","inLanguage":"es-MX","@id":"https:\/\/compuviper.mx\/tienda\/#\/schema\/logo\/image\/","url":"https:\/\/compuviper.mx\/tienda\/wp-content\/uploads\/2021\/08\/Logo-Compuviper-10.png","contentUrl":"https:\/\/compuviper.mx\/tienda\/wp-content\/uploads\/2021\/08\/Logo-Compuviper-10.png","width":1000,"height":500,"caption":"Compuviper"},"image":{"@id":"https:\/\/compuviper.mx\/tienda\/#\/schema\/logo\/image\/"},"sameAs":["https:\/\/www.facebook.com\/compuviper","https:\/\/www.youtube.com\/channel\/UCf73dERp9Y3cfOq7q8BhLjA?view_as=subscriber"]}]},"product_brand":"LEXMARK","product_price_amount":"4130","product_price_currency":"MXN","og_availability":"instock","product_availability":"instock","product_retailer_item_id":"20N4XC0","product_condition":"new"},"_links":{"self":[{"href":"https:\/\/compuviper.mx\/tienda\/wp-json\/wp\/v2\/product\/215652"}],"collection":[{"href":"https:\/\/compuviper.mx\/tienda\/wp-json\/wp\/v2\/product"}],"about":[{"href":"https:\/\/compuviper.mx\/tienda\/wp-json\/wp\/v2\/types\/product"}],"replies":[{"embeddable":true,"href":"https:\/\/compuviper.mx\/tienda\/wp-json\/wp\/v2\/comments?post=215652"}],"wp:featuredmedia":[{"embeddable":true,"href":"https:\/\/compuviper.mx\/tienda\/wp-json\/wp\/v2\/media\/215653"}],"wp:attachment":[{"href":"https:\/\/compuviper.mx\/tienda\/wp-json\/wp\/v2\/media?parent=215652"}],"wp:term":[{"taxonomy":"product_cat","embeddable":true,"href":"https:\/\/compuviper.mx\/tienda\/wp-json\/wp\/v2\/product_cat?post=215652"},{"taxonomy":"product_tag","embeddable":true,"href":"https:\/\/compuviper.mx\/tienda\/wp-json\/wp\/v2\/product_tag?post=215652"}],"curies":[{"name":"wp","href":"https:\/\/api.w.org\/{rel}","templated":true}]}}