{"id":215267,"date":"2026-04-07T23:53:49","date_gmt":"2026-04-08T05:53:49","guid":{"rendered":"https:\/\/compuviper.mx\/tienda\/producto\/lexmark-51b4000-toner-laser-color-negro-rendimiento-estandar-hasta-25000-paginas-5-de-cobertura-p-modelos-mx317dn-mx417de-mx517de-ms317dn-ms417dn-ms517dn\/"},"modified":"2026-04-07T23:53:50","modified_gmt":"2026-04-08T05:53:50","slug":"lexmark-51b4000-toner-laser-negro-rendimiento-estandar-hasta-2500-paginas-para-mx317dn-mx417de-mx517de-ms317dn-ms417dn-ms517dn","status":"publish","type":"product","link":"https:\/\/compuviper.mx\/tienda\/producto\/lexmark-51b4000-toner-laser-negro-rendimiento-estandar-hasta-2500-paginas-para-mx317dn-mx417de-mx517de-ms317dn-ms417dn-ms517dn\/","title":{"rendered":"Lexmark 51b4000 Toner Laser   Negro, Rendimiento Estandar Hasta 2500 Paginas, Para Mx317dn Mx417de Mx517de Ms317dn Ms417dn Ms517dn"},"content":{"rendered":"<table class=\"descripcion\">\n<tr>\n<td>Tecnolog\u00eda de impresi\u00f3n<\/td>\n<\/tr>\n<tr>\n<td>Monochrome laser<\/td>\n<\/tr>\n<tr>\n<td>Yield value<\/td>\n<\/tr>\n<tr>\n<td>2500<\/td>\n<\/tr>\n<tr>\n<td>Rendimiento promedio del cartucho en uso continuo, impresi\u00f3n simple lado, hasta<\/td>\n<\/tr>\n<tr>\n<td>2.500 p\u00e1ginas est\u00e1ndar valor de rendimiento declarado de acuerdo con iso\/iec 19752.<\/td>\n<\/tr>\n<tr>\n<td>Vida \u00fatil en almacenaje<\/td>\n<\/tr>\n<tr>\n<td>2 a\u00f1os<\/td>\n<\/tr>\n<tr>\n<td>Cartuchos de repuesto:<\/td>\n<\/tr>\n<tr>\n<td>Los cartuchos est\u00e1n dise\u00f1ados para su regi\u00f3n geogr\u00e1fica espec\u00edfica. para obtener m\u00e1s detalles, consulte www.lexmark.com\/regions.<\/td>\n<\/tr>\n<tr>\n<td>Tama\u00f1o con empaque (alto x ancho x profundo en mm)<\/td>\n<\/tr>\n<tr>\n<td>181 x 399 x 137 mm<\/td>\n<\/tr>\n<tr>\n<td>Peso con empaque (kg)<\/td>\n<\/tr>\n<tr>\n<td>0.81 kg<\/td>\n<\/tr>\n<tr>\n<td>Programa de recolecci\u00f3n de cartuchos de lexmark<\/td>\n<\/tr>\n<tr>\n<td>Yes<\/td>\n<\/tr>\n<\/table>\n","protected":false},"excerpt":{"rendered":"<p>Esencial para el rendimiento del sistema de impresi\u00f3n lexmark, la f\u00f3rmula \u00fanica del t\u00f3ner unison\u0099 proporciona una calidad de imagen uniformemente sobresaliente, garantiza la confiabilidad del sistema de impresi\u00f3n de larga duraci\u00f3n y promueve una sostenibilidad superior en un innovador sistema de impresi\u00f3n estabilizado.<\/p>\n","protected":false},"featured_media":215268,"comment_status":"open","ping_status":"open","template":"","meta":[],"product_cat":[1622,1632],"product_tag":[1630],"acf":[],"yoast_head":"<!-- This site is optimized with the Yoast SEO plugin v21.7 - https:\/\/yoast.com\/wordpress\/plugins\/seo\/ -->\n<title>[ Lexmark ] &#129351; 51b4000 Toner Laser Negro, Rendimiento Estandar Hasta 2500 Paginas, Para Mx317dn Mx417de Mx517de Ms317dn Ms417dn Ms517dn<\/title>\n<meta name=\"description\" content=\"Compra 51b4000 Toner Laser Negro, Rendimiento Estandar Hasta 2500 Paginas, Para Mx317dn Mx417de Mx517de Ms317dn Ms417dn Ms517dn + Env\u00edo a domicilio + Pago seguro + Garant\u00eda\" \/>\n<meta name=\"robots\" content=\"index, follow, max-snippet:-1, max-image-preview:large, max-video-preview:-1\" \/>\n<link rel=\"canonical\" href=\"https:\/\/compuviper.mx\/tienda\/producto\/lexmark-51b4000-toner-laser-negro-rendimiento-estandar-hasta-2500-paginas-para-mx317dn-mx417de-mx517de-ms317dn-ms417dn-ms517dn\/\" \/>\n<meta property=\"og:locale\" content=\"es_MX\" \/>\n<meta property=\"og:type\" content=\"article\" \/>\n<meta property=\"og:title\" content=\"[ Lexmark ] &#129351; 51b4000 Toner Laser Negro, Rendimiento Estandar Hasta 2500 Paginas, Para Mx317dn Mx417de Mx517de Ms317dn Ms417dn Ms517dn\" \/>\n<meta property=\"og:description\" content=\"Compra 51b4000 Toner Laser Negro, Rendimiento Estandar Hasta 2500 Paginas, Para Mx317dn Mx417de Mx517de Ms317dn Ms417dn Ms517dn + Env\u00edo a domicilio + Pago seguro + Garant\u00eda\" \/>\n<meta property=\"og:url\" content=\"https:\/\/compuviper.mx\/tienda\/producto\/lexmark-51b4000-toner-laser-negro-rendimiento-estandar-hasta-2500-paginas-para-mx317dn-mx417de-mx517de-ms317dn-ms417dn-ms517dn\/\" \/>\n<meta property=\"og:site_name\" content=\"Compuviper\" \/>\n<meta property=\"article:publisher\" content=\"https:\/\/www.facebook.com\/compuviper\" \/>\n<meta property=\"article:modified_time\" content=\"2026-04-08T05:53:50+00:00\" \/>\n<meta property=\"og:image\" content=\"https:\/\/compuviper.mx\/tienda\/wp-content\/uploads\/2023\/12\/Toner-laser-lexmark-color-negro-rendimiento-estandar-51b4000-hasta-25000-paginas-5-de-cobertura-pmodelos-mx317dn-mx417de-mx517de-ms317dn-ms417dn-ms517dn.jpg\" \/>\n\t<meta property=\"og:image:width\" content=\"200\" \/>\n\t<meta property=\"og:image:height\" content=\"200\" \/>\n\t<meta property=\"og:image:type\" content=\"image\/jpeg\" \/>\n<meta name=\"twitter:card\" content=\"summary_large_image\" \/>\n<meta name=\"twitter:label1\" content=\"Precio\" \/>\n\t<meta name=\"twitter:data1\" content=\"&#36;1,196 con IVA\" \/>\n\t<meta name=\"twitter:label2\" content=\"Availability\" \/>\n\t<meta name=\"twitter:data2\" content=\"Out of stock\" \/>\n<script type=\"application\/ld+json\" class=\"yoast-schema-graph\">{\"@context\":\"https:\/\/schema.org\",\"@graph\":[{\"@type\":\"WebPage\",\"@id\":\"https:\/\/compuviper.mx\/tienda\/producto\/lexmark-51b4000-toner-laser-negro-rendimiento-estandar-hasta-2500-paginas-para-mx317dn-mx417de-mx517de-ms317dn-ms417dn-ms517dn\/\",\"url\":\"https:\/\/compuviper.mx\/tienda\/producto\/lexmark-51b4000-toner-laser-negro-rendimiento-estandar-hasta-2500-paginas-para-mx317dn-mx417de-mx517de-ms317dn-ms417dn-ms517dn\/\",\"name\":\"[ Lexmark ] &#129351; 51b4000 Toner Laser Negro, Rendimiento Estandar Hasta 2500 Paginas, Para Mx317dn Mx417de Mx517de Ms317dn Ms417dn Ms517dn\",\"isPartOf\":{\"@id\":\"https:\/\/compuviper.mx\/tienda\/#website\"},\"datePublished\":\"2026-04-08T05:53:49+00:00\",\"dateModified\":\"2026-04-08T05:53:50+00:00\",\"description\":\"Compra 51b4000 Toner Laser Negro, Rendimiento Estandar Hasta 2500 Paginas, Para Mx317dn Mx417de Mx517de Ms317dn Ms417dn Ms517dn + Env\u00edo a domicilio + Pago seguro + Garant\u00eda\",\"breadcrumb\":{\"@id\":\"https:\/\/compuviper.mx\/tienda\/producto\/lexmark-51b4000-toner-laser-negro-rendimiento-estandar-hasta-2500-paginas-para-mx317dn-mx417de-mx517de-ms317dn-ms417dn-ms517dn\/#breadcrumb\"},\"inLanguage\":\"es-MX\",\"potentialAction\":[{\"@type\":\"ReadAction\",\"target\":[\"https:\/\/compuviper.mx\/tienda\/producto\/lexmark-51b4000-toner-laser-negro-rendimiento-estandar-hasta-2500-paginas-para-mx317dn-mx417de-mx517de-ms317dn-ms417dn-ms517dn\/\"]}]},{\"@type\":\"BreadcrumbList\",\"@id\":\"https:\/\/compuviper.mx\/tienda\/producto\/lexmark-51b4000-toner-laser-negro-rendimiento-estandar-hasta-2500-paginas-para-mx317dn-mx417de-mx517de-ms317dn-ms417dn-ms517dn\/#breadcrumb\",\"itemListElement\":[{\"@type\":\"ListItem\",\"position\":1,\"name\":\"Inicio\",\"item\":\"https:\/\/compuviper.mx\/tienda\/\"},{\"@type\":\"ListItem\",\"position\":2,\"name\":\"Productos\",\"item\":\"https:\/\/compuviper.mx\/tienda\/productos\/\"},{\"@type\":\"ListItem\",\"position\":3,\"name\":\"Consumibles\",\"item\":\"https:\/\/compuviper.mx\/tienda\/categoria-producto\/consumibles\/\"},{\"@type\":\"ListItem\",\"position\":4,\"name\":\"Toner\",\"item\":\"https:\/\/compuviper.mx\/tienda\/categoria-producto\/consumibles\/toner\/\"},{\"@type\":\"ListItem\",\"position\":5,\"name\":\"Lexmark 51b4000 Toner Laser Negro, Rendimiento Estandar Hasta 2500 Paginas, Para Mx317dn Mx417de Mx517de Ms317dn Ms417dn Ms517dn\"}]},{\"@type\":\"WebSite\",\"@id\":\"https:\/\/compuviper.mx\/tienda\/#website\",\"url\":\"https:\/\/compuviper.mx\/tienda\/\",\"name\":\"Compuviper\",\"description\":\"Proveedor de Computadoras, Laptops, Servidores, Monitores, Puntos de Venta, Teclados,   Impresoras, T\u00f3ner, C\u00e1maras de Seguridad y m\u00e1s en tu tienda en l\u00ednea\",\"publisher\":{\"@id\":\"https:\/\/compuviper.mx\/tienda\/#organization\"},\"potentialAction\":[{\"@type\":\"SearchAction\",\"target\":{\"@type\":\"EntryPoint\",\"urlTemplate\":\"https:\/\/compuviper.mx\/tienda\/?s={search_term_string}\"},\"query-input\":\"required name=search_term_string\"}],\"inLanguage\":\"es-MX\"},{\"@type\":\"Organization\",\"@id\":\"https:\/\/compuviper.mx\/tienda\/#organization\",\"name\":\"Compuviper\",\"url\":\"https:\/\/compuviper.mx\/tienda\/\",\"logo\":{\"@type\":\"ImageObject\",\"inLanguage\":\"es-MX\",\"@id\":\"https:\/\/compuviper.mx\/tienda\/#\/schema\/logo\/image\/\",\"url\":\"https:\/\/compuviper.mx\/tienda\/wp-content\/uploads\/2021\/08\/Logo-Compuviper-10.png\",\"contentUrl\":\"https:\/\/compuviper.mx\/tienda\/wp-content\/uploads\/2021\/08\/Logo-Compuviper-10.png\",\"width\":1000,\"height\":500,\"caption\":\"Compuviper\"},\"image\":{\"@id\":\"https:\/\/compuviper.mx\/tienda\/#\/schema\/logo\/image\/\"},\"sameAs\":[\"https:\/\/www.facebook.com\/compuviper\",\"https:\/\/www.youtube.com\/channel\/UCf73dERp9Y3cfOq7q8BhLjA?view_as=subscriber\"]}]}<\/script>\n<meta property=\"product:brand\" content=\"LEXMARK\" \/>\n<meta property=\"product:price:amount\" content=\"1196\" \/>\n<meta property=\"product:price:currency\" content=\"MXN\" \/>\n<meta property=\"og:availability\" content=\"out of stock\" \/>\n<meta property=\"product:availability\" content=\"out of stock\" \/>\n<meta property=\"product:retailer_item_id\" content=\"51B4000\" \/>\n<meta property=\"product:condition\" content=\"new\" \/>\n<!-- \/ Yoast SEO plugin. -->","yoast_head_json":{"title":"[ Lexmark ] &#129351; 51b4000 Toner Laser Negro, Rendimiento Estandar Hasta 2500 Paginas, Para Mx317dn Mx417de Mx517de Ms317dn Ms417dn Ms517dn","description":"Compra 51b4000 Toner Laser Negro, Rendimiento Estandar Hasta 2500 Paginas, Para Mx317dn Mx417de Mx517de Ms317dn Ms417dn Ms517dn + Env\u00edo a domicilio + Pago seguro + Garant\u00eda","robots":{"index":"index","follow":"follow","max-snippet":"max-snippet:-1","max-image-preview":"max-image-preview:large","max-video-preview":"max-video-preview:-1"},"canonical":"https:\/\/compuviper.mx\/tienda\/producto\/lexmark-51b4000-toner-laser-negro-rendimiento-estandar-hasta-2500-paginas-para-mx317dn-mx417de-mx517de-ms317dn-ms417dn-ms517dn\/","og_locale":"es_MX","og_type":"article","og_title":"[ Lexmark ] &#129351; 51b4000 Toner Laser Negro, Rendimiento Estandar Hasta 2500 Paginas, Para Mx317dn Mx417de Mx517de Ms317dn Ms417dn Ms517dn","og_description":"Compra 51b4000 Toner Laser Negro, Rendimiento Estandar Hasta 2500 Paginas, Para Mx317dn Mx417de Mx517de Ms317dn Ms417dn Ms517dn + Env\u00edo a domicilio + Pago seguro + Garant\u00eda","og_url":"https:\/\/compuviper.mx\/tienda\/producto\/lexmark-51b4000-toner-laser-negro-rendimiento-estandar-hasta-2500-paginas-para-mx317dn-mx417de-mx517de-ms317dn-ms417dn-ms517dn\/","og_site_name":"Compuviper","article_publisher":"https:\/\/www.facebook.com\/compuviper","article_modified_time":"2026-04-08T05:53:50+00:00","og_image":[{"width":200,"height":200,"url":"https:\/\/compuviper.mx\/tienda\/wp-content\/uploads\/2023\/12\/Toner-laser-lexmark-color-negro-rendimiento-estandar-51b4000-hasta-25000-paginas-5-de-cobertura-pmodelos-mx317dn-mx417de-mx517de-ms317dn-ms417dn-ms517dn.jpg","type":"image\/jpeg"}],"twitter_card":"summary_large_image","twitter_misc":{"Precio":"&#36;1,196 con IVA","Availability":"Out of stock"},"schema":{"@context":"https:\/\/schema.org","@graph":[{"@type":"WebPage","@id":"https:\/\/compuviper.mx\/tienda\/producto\/lexmark-51b4000-toner-laser-negro-rendimiento-estandar-hasta-2500-paginas-para-mx317dn-mx417de-mx517de-ms317dn-ms417dn-ms517dn\/","url":"https:\/\/compuviper.mx\/tienda\/producto\/lexmark-51b4000-toner-laser-negro-rendimiento-estandar-hasta-2500-paginas-para-mx317dn-mx417de-mx517de-ms317dn-ms417dn-ms517dn\/","name":"[ Lexmark ] &#129351; 51b4000 Toner Laser Negro, Rendimiento Estandar Hasta 2500 Paginas, Para Mx317dn Mx417de Mx517de Ms317dn Ms417dn Ms517dn","isPartOf":{"@id":"https:\/\/compuviper.mx\/tienda\/#website"},"datePublished":"2026-04-08T05:53:49+00:00","dateModified":"2026-04-08T05:53:50+00:00","description":"Compra 51b4000 Toner Laser Negro, Rendimiento Estandar Hasta 2500 Paginas, Para Mx317dn Mx417de Mx517de Ms317dn Ms417dn Ms517dn + Env\u00edo a domicilio + Pago seguro + Garant\u00eda","breadcrumb":{"@id":"https:\/\/compuviper.mx\/tienda\/producto\/lexmark-51b4000-toner-laser-negro-rendimiento-estandar-hasta-2500-paginas-para-mx317dn-mx417de-mx517de-ms317dn-ms417dn-ms517dn\/#breadcrumb"},"inLanguage":"es-MX","potentialAction":[{"@type":"ReadAction","target":["https:\/\/compuviper.mx\/tienda\/producto\/lexmark-51b4000-toner-laser-negro-rendimiento-estandar-hasta-2500-paginas-para-mx317dn-mx417de-mx517de-ms317dn-ms417dn-ms517dn\/"]}]},{"@type":"BreadcrumbList","@id":"https:\/\/compuviper.mx\/tienda\/producto\/lexmark-51b4000-toner-laser-negro-rendimiento-estandar-hasta-2500-paginas-para-mx317dn-mx417de-mx517de-ms317dn-ms417dn-ms517dn\/#breadcrumb","itemListElement":[{"@type":"ListItem","position":1,"name":"Inicio","item":"https:\/\/compuviper.mx\/tienda\/"},{"@type":"ListItem","position":2,"name":"Productos","item":"https:\/\/compuviper.mx\/tienda\/productos\/"},{"@type":"ListItem","position":3,"name":"Consumibles","item":"https:\/\/compuviper.mx\/tienda\/categoria-producto\/consumibles\/"},{"@type":"ListItem","position":4,"name":"Toner","item":"https:\/\/compuviper.mx\/tienda\/categoria-producto\/consumibles\/toner\/"},{"@type":"ListItem","position":5,"name":"Lexmark 51b4000 Toner Laser Negro, Rendimiento Estandar Hasta 2500 Paginas, Para Mx317dn Mx417de Mx517de Ms317dn Ms417dn Ms517dn"}]},{"@type":"WebSite","@id":"https:\/\/compuviper.mx\/tienda\/#website","url":"https:\/\/compuviper.mx\/tienda\/","name":"Compuviper","description":"Proveedor de Computadoras, Laptops, Servidores, Monitores, Puntos de Venta, Teclados,   Impresoras, T\u00f3ner, C\u00e1maras de Seguridad y m\u00e1s en tu tienda en l\u00ednea","publisher":{"@id":"https:\/\/compuviper.mx\/tienda\/#organization"},"potentialAction":[{"@type":"SearchAction","target":{"@type":"EntryPoint","urlTemplate":"https:\/\/compuviper.mx\/tienda\/?s={search_term_string}"},"query-input":"required name=search_term_string"}],"inLanguage":"es-MX"},{"@type":"Organization","@id":"https:\/\/compuviper.mx\/tienda\/#organization","name":"Compuviper","url":"https:\/\/compuviper.mx\/tienda\/","logo":{"@type":"ImageObject","inLanguage":"es-MX","@id":"https:\/\/compuviper.mx\/tienda\/#\/schema\/logo\/image\/","url":"https:\/\/compuviper.mx\/tienda\/wp-content\/uploads\/2021\/08\/Logo-Compuviper-10.png","contentUrl":"https:\/\/compuviper.mx\/tienda\/wp-content\/uploads\/2021\/08\/Logo-Compuviper-10.png","width":1000,"height":500,"caption":"Compuviper"},"image":{"@id":"https:\/\/compuviper.mx\/tienda\/#\/schema\/logo\/image\/"},"sameAs":["https:\/\/www.facebook.com\/compuviper","https:\/\/www.youtube.com\/channel\/UCf73dERp9Y3cfOq7q8BhLjA?view_as=subscriber"]}]},"product_brand":"LEXMARK","product_price_amount":"1196","product_price_currency":"MXN","og_availability":"out of stock","product_availability":"out of stock","product_retailer_item_id":"51B4000","product_condition":"new"},"_links":{"self":[{"href":"https:\/\/compuviper.mx\/tienda\/wp-json\/wp\/v2\/product\/215267"}],"collection":[{"href":"https:\/\/compuviper.mx\/tienda\/wp-json\/wp\/v2\/product"}],"about":[{"href":"https:\/\/compuviper.mx\/tienda\/wp-json\/wp\/v2\/types\/product"}],"replies":[{"embeddable":true,"href":"https:\/\/compuviper.mx\/tienda\/wp-json\/wp\/v2\/comments?post=215267"}],"wp:featuredmedia":[{"embeddable":true,"href":"https:\/\/compuviper.mx\/tienda\/wp-json\/wp\/v2\/media\/215268"}],"wp:attachment":[{"href":"https:\/\/compuviper.mx\/tienda\/wp-json\/wp\/v2\/media?parent=215267"}],"wp:term":[{"taxonomy":"product_cat","embeddable":true,"href":"https:\/\/compuviper.mx\/tienda\/wp-json\/wp\/v2\/product_cat?post=215267"},{"taxonomy":"product_tag","embeddable":true,"href":"https:\/\/compuviper.mx\/tienda\/wp-json\/wp\/v2\/product_tag?post=215267"}],"curies":[{"name":"wp","href":"https:\/\/api.w.org\/{rel}","templated":true}]}}