{"id":214886,"date":"2026-04-06T23:54:05","date_gmt":"2026-04-07T05:54:05","guid":{"rendered":"https:\/\/compuviper.mx\/tienda\/producto\/hewlett-packard-enterprise-c7976a-cartucho-de-datos-hpe-lto-6-ultrium-de-6-25-tb-rw-400-mb-s\/"},"modified":"2026-04-06T23:54:06","modified_gmt":"2026-04-07T05:54:06","slug":"hewlett-packard-enterprise-c7976a-cartucho-de-datos-hpe-lto-6-ultrium-de-6-25-tb-rw-400-mb-s","status":"publish","type":"product","link":"https:\/\/compuviper.mx\/tienda\/producto\/hewlett-packard-enterprise-c7976a-cartucho-de-datos-hpe-lto-6-ultrium-de-6-25-tb-rw-400-mb-s\/","title":{"rendered":"Hewlett Packard Enterprise C7976a Cartucho De Datos Hpe Lto-6 Ultrium De 6.25 Tb Rw 400 Mb\/s"},"content":{"rendered":"<table class=\"descripcion\">\n<tr>\n<td>Probados en forma exhaustiva, los cartuchos hp lto ultrium satisfacen todas las demandas para una mayor fiabilidad al restaurar los datos, lo que ofrece una densidad de almacenamiento alta, una facilidad de administraci\u00f3n y un rendimiento de copias de seguridad y almacenamiento escalable. cubriendo seis generaciones de capacidad &#8211; lto-1 (200 gb), lto-2 (400 gb), lto-3 (800 gb), lto-4 (1,6 tb), lto-5 (3 tb) y lto-6 (6,25 tb) &#8211; y con velocidades de transferencia de hasta 1,4 tb\/h para lto-6, hay una plataforma para cada necesidad y presupuesto.<\/td>\n<\/tr>\n<\/table>\n","protected":false},"excerpt":{"rendered":"<p>Hp lto-6 ultrium puede escribir y leer datos a una velocidad vertiginosa de 1,4 tb\/h, almacenando, cifrando y protegiendo hasta 3 tb en un solo cartucho, convirti\u00e9ndolo en el gran logro en entornos de ti cr\u00edticos a gran escala para usar las 24 h todos los d\u00edas.Un aumento del 70% del n\u00famero de pistas ha permitido aumentar la densidad de bits, posibilitando la grabaci\u00f3n de m\u00e1s datos en la misma cantidad de cinta: de 1.280 pistas para lto-5 a 2.176 pistas para los cartuchos hp lto-6 ultrium de 6,25 tb de sexta generaci\u00f3n.El chip de memoria del cartucho lto ultrium proporciona un tiempo de acceso m\u00e1s r\u00e1pido y un mayor control de los soportes.Primera restauraci\u00f3n garantizada con menos fallos en soportes y menos copias interrumpidas, independientemente del ciclo de servicio o de las condiciones del entorno<\/p>\n","protected":false},"featured_media":214887,"comment_status":"open","ping_status":"open","template":"","meta":[],"product_cat":[1634,1622],"product_tag":[1568],"acf":[],"yoast_head":"<!-- This site is optimized with the Yoast SEO plugin v21.7 - https:\/\/yoast.com\/wordpress\/plugins\/seo\/ -->\n<title>[ Hewlett Packard Enterprise ] &#129351; C7976a Cartucho De Datos Hpe Lto-6 Ultrium De 6.25 Tb Rw 400 Mb\/s<\/title>\n<meta name=\"description\" content=\"Compra C7976a Cartucho De Datos Hpe Lto-6 Ultrium De 6.25 Tb Rw 400 Mb\/s + Env\u00edo a domicilio + Pago seguro + Garant\u00eda\" \/>\n<meta name=\"robots\" content=\"index, follow, max-snippet:-1, max-image-preview:large, max-video-preview:-1\" \/>\n<link rel=\"canonical\" href=\"https:\/\/compuviper.mx\/tienda\/producto\/hewlett-packard-enterprise-c7976a-cartucho-de-datos-hpe-lto-6-ultrium-de-6-25-tb-rw-400-mb-s\/\" \/>\n<meta property=\"og:locale\" content=\"es_MX\" \/>\n<meta property=\"og:type\" content=\"article\" \/>\n<meta property=\"og:title\" content=\"[ Hewlett Packard Enterprise ] &#129351; C7976a Cartucho De Datos Hpe Lto-6 Ultrium De 6.25 Tb Rw 400 Mb\/s\" \/>\n<meta property=\"og:description\" content=\"Compra C7976a Cartucho De Datos Hpe Lto-6 Ultrium De 6.25 Tb Rw 400 Mb\/s + Env\u00edo a domicilio + Pago seguro + Garant\u00eda\" \/>\n<meta property=\"og:url\" content=\"https:\/\/compuviper.mx\/tienda\/producto\/hewlett-packard-enterprise-c7976a-cartucho-de-datos-hpe-lto-6-ultrium-de-6-25-tb-rw-400-mb-s\/\" \/>\n<meta property=\"og:site_name\" content=\"Compuviper\" \/>\n<meta property=\"article:publisher\" content=\"https:\/\/www.facebook.com\/compuviper\" \/>\n<meta property=\"article:modified_time\" content=\"2026-04-07T05:54:06+00:00\" \/>\n<meta property=\"og:image\" content=\"https:\/\/compuviper.mx\/tienda\/wp-content\/uploads\/2023\/12\/Cartucho-de-datos-hpe-lto-6-ultrium-de-6.25-tb-rw-400-mbs.jpg\" \/>\n\t<meta property=\"og:image:width\" content=\"200\" \/>\n\t<meta property=\"og:image:height\" content=\"200\" \/>\n\t<meta property=\"og:image:type\" content=\"image\/jpeg\" \/>\n<meta name=\"twitter:card\" content=\"summary_large_image\" \/>\n<meta name=\"twitter:label1\" content=\"Precio\" \/>\n\t<meta name=\"twitter:data1\" content=\"&#36;843 con IVA\" \/>\n\t<meta name=\"twitter:label2\" content=\"Availability\" \/>\n\t<meta name=\"twitter:data2\" content=\"In stock\" \/>\n<script type=\"application\/ld+json\" class=\"yoast-schema-graph\">{\"@context\":\"https:\/\/schema.org\",\"@graph\":[{\"@type\":\"WebPage\",\"@id\":\"https:\/\/compuviper.mx\/tienda\/producto\/hewlett-packard-enterprise-c7976a-cartucho-de-datos-hpe-lto-6-ultrium-de-6-25-tb-rw-400-mb-s\/\",\"url\":\"https:\/\/compuviper.mx\/tienda\/producto\/hewlett-packard-enterprise-c7976a-cartucho-de-datos-hpe-lto-6-ultrium-de-6-25-tb-rw-400-mb-s\/\",\"name\":\"[ Hewlett Packard Enterprise ] &#129351; C7976a Cartucho De Datos Hpe Lto-6 Ultrium De 6.25 Tb Rw 400 Mb\/s\",\"isPartOf\":{\"@id\":\"https:\/\/compuviper.mx\/tienda\/#website\"},\"datePublished\":\"2026-04-07T05:54:05+00:00\",\"dateModified\":\"2026-04-07T05:54:06+00:00\",\"description\":\"Compra C7976a Cartucho De Datos Hpe Lto-6 Ultrium De 6.25 Tb Rw 400 Mb\/s + Env\u00edo a domicilio + Pago seguro + Garant\u00eda\",\"breadcrumb\":{\"@id\":\"https:\/\/compuviper.mx\/tienda\/producto\/hewlett-packard-enterprise-c7976a-cartucho-de-datos-hpe-lto-6-ultrium-de-6-25-tb-rw-400-mb-s\/#breadcrumb\"},\"inLanguage\":\"es-MX\",\"potentialAction\":[{\"@type\":\"ReadAction\",\"target\":[\"https:\/\/compuviper.mx\/tienda\/producto\/hewlett-packard-enterprise-c7976a-cartucho-de-datos-hpe-lto-6-ultrium-de-6-25-tb-rw-400-mb-s\/\"]}]},{\"@type\":\"BreadcrumbList\",\"@id\":\"https:\/\/compuviper.mx\/tienda\/producto\/hewlett-packard-enterprise-c7976a-cartucho-de-datos-hpe-lto-6-ultrium-de-6-25-tb-rw-400-mb-s\/#breadcrumb\",\"itemListElement\":[{\"@type\":\"ListItem\",\"position\":1,\"name\":\"Inicio\",\"item\":\"https:\/\/compuviper.mx\/tienda\/\"},{\"@type\":\"ListItem\",\"position\":2,\"name\":\"Productos\",\"item\":\"https:\/\/compuviper.mx\/tienda\/productos\/\"},{\"@type\":\"ListItem\",\"position\":3,\"name\":\"Consumibles\",\"item\":\"https:\/\/compuviper.mx\/tienda\/categoria-producto\/consumibles\/\"},{\"@type\":\"ListItem\",\"position\":4,\"name\":\"Cartucho De Disco Extraible\",\"item\":\"https:\/\/compuviper.mx\/tienda\/categoria-producto\/consumibles\/cartucho-de-disco-extraible\/\"},{\"@type\":\"ListItem\",\"position\":5,\"name\":\"Hewlett Packard Enterprise C7976a Cartucho De Datos Hpe Lto-6 Ultrium De 6.25 Tb Rw 400 Mb\/s\"}]},{\"@type\":\"WebSite\",\"@id\":\"https:\/\/compuviper.mx\/tienda\/#website\",\"url\":\"https:\/\/compuviper.mx\/tienda\/\",\"name\":\"Compuviper\",\"description\":\"Proveedor de Computadoras, Laptops, Servidores, Monitores, Puntos de Venta, Teclados,   Impresoras, T\u00f3ner, C\u00e1maras de Seguridad y m\u00e1s en tu tienda en l\u00ednea\",\"publisher\":{\"@id\":\"https:\/\/compuviper.mx\/tienda\/#organization\"},\"potentialAction\":[{\"@type\":\"SearchAction\",\"target\":{\"@type\":\"EntryPoint\",\"urlTemplate\":\"https:\/\/compuviper.mx\/tienda\/?s={search_term_string}\"},\"query-input\":\"required name=search_term_string\"}],\"inLanguage\":\"es-MX\"},{\"@type\":\"Organization\",\"@id\":\"https:\/\/compuviper.mx\/tienda\/#organization\",\"name\":\"Compuviper\",\"url\":\"https:\/\/compuviper.mx\/tienda\/\",\"logo\":{\"@type\":\"ImageObject\",\"inLanguage\":\"es-MX\",\"@id\":\"https:\/\/compuviper.mx\/tienda\/#\/schema\/logo\/image\/\",\"url\":\"https:\/\/compuviper.mx\/tienda\/wp-content\/uploads\/2021\/08\/Logo-Compuviper-10.png\",\"contentUrl\":\"https:\/\/compuviper.mx\/tienda\/wp-content\/uploads\/2021\/08\/Logo-Compuviper-10.png\",\"width\":1000,\"height\":500,\"caption\":\"Compuviper\"},\"image\":{\"@id\":\"https:\/\/compuviper.mx\/tienda\/#\/schema\/logo\/image\/\"},\"sameAs\":[\"https:\/\/www.facebook.com\/compuviper\",\"https:\/\/www.youtube.com\/channel\/UCf73dERp9Y3cfOq7q8BhLjA?view_as=subscriber\"]}]}<\/script>\n<meta property=\"product:brand\" content=\"HEWLETT PACKARD ENTERPRISE\" \/>\n<meta property=\"product:price:amount\" content=\"843\" \/>\n<meta property=\"product:price:currency\" content=\"MXN\" \/>\n<meta property=\"og:availability\" content=\"instock\" \/>\n<meta property=\"product:availability\" content=\"instock\" \/>\n<meta property=\"product:retailer_item_id\" content=\"C7976A\" \/>\n<meta property=\"product:condition\" content=\"new\" \/>\n<!-- \/ Yoast SEO plugin. -->","yoast_head_json":{"title":"[ Hewlett Packard Enterprise ] &#129351; C7976a Cartucho De Datos Hpe Lto-6 Ultrium De 6.25 Tb Rw 400 Mb\/s","description":"Compra C7976a Cartucho De Datos Hpe Lto-6 Ultrium De 6.25 Tb Rw 400 Mb\/s + Env\u00edo a domicilio + Pago seguro + Garant\u00eda","robots":{"index":"index","follow":"follow","max-snippet":"max-snippet:-1","max-image-preview":"max-image-preview:large","max-video-preview":"max-video-preview:-1"},"canonical":"https:\/\/compuviper.mx\/tienda\/producto\/hewlett-packard-enterprise-c7976a-cartucho-de-datos-hpe-lto-6-ultrium-de-6-25-tb-rw-400-mb-s\/","og_locale":"es_MX","og_type":"article","og_title":"[ Hewlett Packard Enterprise ] &#129351; C7976a Cartucho De Datos Hpe Lto-6 Ultrium De 6.25 Tb Rw 400 Mb\/s","og_description":"Compra C7976a Cartucho De Datos Hpe Lto-6 Ultrium De 6.25 Tb Rw 400 Mb\/s + Env\u00edo a domicilio + Pago seguro + Garant\u00eda","og_url":"https:\/\/compuviper.mx\/tienda\/producto\/hewlett-packard-enterprise-c7976a-cartucho-de-datos-hpe-lto-6-ultrium-de-6-25-tb-rw-400-mb-s\/","og_site_name":"Compuviper","article_publisher":"https:\/\/www.facebook.com\/compuviper","article_modified_time":"2026-04-07T05:54:06+00:00","og_image":[{"width":200,"height":200,"url":"https:\/\/compuviper.mx\/tienda\/wp-content\/uploads\/2023\/12\/Cartucho-de-datos-hpe-lto-6-ultrium-de-6.25-tb-rw-400-mbs.jpg","type":"image\/jpeg"}],"twitter_card":"summary_large_image","twitter_misc":{"Precio":"&#36;843 con IVA","Availability":"In stock"},"schema":{"@context":"https:\/\/schema.org","@graph":[{"@type":"WebPage","@id":"https:\/\/compuviper.mx\/tienda\/producto\/hewlett-packard-enterprise-c7976a-cartucho-de-datos-hpe-lto-6-ultrium-de-6-25-tb-rw-400-mb-s\/","url":"https:\/\/compuviper.mx\/tienda\/producto\/hewlett-packard-enterprise-c7976a-cartucho-de-datos-hpe-lto-6-ultrium-de-6-25-tb-rw-400-mb-s\/","name":"[ Hewlett Packard Enterprise ] &#129351; C7976a Cartucho De Datos Hpe Lto-6 Ultrium De 6.25 Tb Rw 400 Mb\/s","isPartOf":{"@id":"https:\/\/compuviper.mx\/tienda\/#website"},"datePublished":"2026-04-07T05:54:05+00:00","dateModified":"2026-04-07T05:54:06+00:00","description":"Compra C7976a Cartucho De Datos Hpe Lto-6 Ultrium De 6.25 Tb Rw 400 Mb\/s + Env\u00edo a domicilio + Pago seguro + Garant\u00eda","breadcrumb":{"@id":"https:\/\/compuviper.mx\/tienda\/producto\/hewlett-packard-enterprise-c7976a-cartucho-de-datos-hpe-lto-6-ultrium-de-6-25-tb-rw-400-mb-s\/#breadcrumb"},"inLanguage":"es-MX","potentialAction":[{"@type":"ReadAction","target":["https:\/\/compuviper.mx\/tienda\/producto\/hewlett-packard-enterprise-c7976a-cartucho-de-datos-hpe-lto-6-ultrium-de-6-25-tb-rw-400-mb-s\/"]}]},{"@type":"BreadcrumbList","@id":"https:\/\/compuviper.mx\/tienda\/producto\/hewlett-packard-enterprise-c7976a-cartucho-de-datos-hpe-lto-6-ultrium-de-6-25-tb-rw-400-mb-s\/#breadcrumb","itemListElement":[{"@type":"ListItem","position":1,"name":"Inicio","item":"https:\/\/compuviper.mx\/tienda\/"},{"@type":"ListItem","position":2,"name":"Productos","item":"https:\/\/compuviper.mx\/tienda\/productos\/"},{"@type":"ListItem","position":3,"name":"Consumibles","item":"https:\/\/compuviper.mx\/tienda\/categoria-producto\/consumibles\/"},{"@type":"ListItem","position":4,"name":"Cartucho De Disco Extraible","item":"https:\/\/compuviper.mx\/tienda\/categoria-producto\/consumibles\/cartucho-de-disco-extraible\/"},{"@type":"ListItem","position":5,"name":"Hewlett Packard Enterprise C7976a Cartucho De Datos Hpe Lto-6 Ultrium De 6.25 Tb Rw 400 Mb\/s"}]},{"@type":"WebSite","@id":"https:\/\/compuviper.mx\/tienda\/#website","url":"https:\/\/compuviper.mx\/tienda\/","name":"Compuviper","description":"Proveedor de Computadoras, Laptops, Servidores, Monitores, Puntos de Venta, Teclados,   Impresoras, T\u00f3ner, C\u00e1maras de Seguridad y m\u00e1s en tu tienda en l\u00ednea","publisher":{"@id":"https:\/\/compuviper.mx\/tienda\/#organization"},"potentialAction":[{"@type":"SearchAction","target":{"@type":"EntryPoint","urlTemplate":"https:\/\/compuviper.mx\/tienda\/?s={search_term_string}"},"query-input":"required name=search_term_string"}],"inLanguage":"es-MX"},{"@type":"Organization","@id":"https:\/\/compuviper.mx\/tienda\/#organization","name":"Compuviper","url":"https:\/\/compuviper.mx\/tienda\/","logo":{"@type":"ImageObject","inLanguage":"es-MX","@id":"https:\/\/compuviper.mx\/tienda\/#\/schema\/logo\/image\/","url":"https:\/\/compuviper.mx\/tienda\/wp-content\/uploads\/2021\/08\/Logo-Compuviper-10.png","contentUrl":"https:\/\/compuviper.mx\/tienda\/wp-content\/uploads\/2021\/08\/Logo-Compuviper-10.png","width":1000,"height":500,"caption":"Compuviper"},"image":{"@id":"https:\/\/compuviper.mx\/tienda\/#\/schema\/logo\/image\/"},"sameAs":["https:\/\/www.facebook.com\/compuviper","https:\/\/www.youtube.com\/channel\/UCf73dERp9Y3cfOq7q8BhLjA?view_as=subscriber"]}]},"product_brand":"HEWLETT PACKARD ENTERPRISE","product_price_amount":"843","product_price_currency":"MXN","og_availability":"instock","product_availability":"instock","product_retailer_item_id":"C7976A","product_condition":"new"},"_links":{"self":[{"href":"https:\/\/compuviper.mx\/tienda\/wp-json\/wp\/v2\/product\/214886"}],"collection":[{"href":"https:\/\/compuviper.mx\/tienda\/wp-json\/wp\/v2\/product"}],"about":[{"href":"https:\/\/compuviper.mx\/tienda\/wp-json\/wp\/v2\/types\/product"}],"replies":[{"embeddable":true,"href":"https:\/\/compuviper.mx\/tienda\/wp-json\/wp\/v2\/comments?post=214886"}],"wp:featuredmedia":[{"embeddable":true,"href":"https:\/\/compuviper.mx\/tienda\/wp-json\/wp\/v2\/media\/214887"}],"wp:attachment":[{"href":"https:\/\/compuviper.mx\/tienda\/wp-json\/wp\/v2\/media?parent=214886"}],"wp:term":[{"taxonomy":"product_cat","embeddable":true,"href":"https:\/\/compuviper.mx\/tienda\/wp-json\/wp\/v2\/product_cat?post=214886"},{"taxonomy":"product_tag","embeddable":true,"href":"https:\/\/compuviper.mx\/tienda\/wp-json\/wp\/v2\/product_tag?post=214886"}],"curies":[{"name":"wp","href":"https:\/\/api.w.org\/{rel}","templated":true}]}}