{"id":214665,"date":"2026-04-10T23:49:05","date_gmt":"2026-04-11T05:49:05","guid":{"rendered":"https:\/\/compuviper.mx\/tienda\/producto\/startech-com-fan7x10tx3-ventilador-para-disipador-de-procesador-o-caja-chasis-computadora-con-rodamiento-de-bolas-70mm-tx3-mod\/"},"modified":"2026-04-10T23:49:05","modified_gmt":"2026-04-11T05:49:05","slug":"startech-com-fan7x10tx3-ventilador-para-disipador-de-procesador-o-caja-chasis-computadora-con-rodamiento-de-bolas-70mm-tx3-mod","status":"publish","type":"product","link":"https:\/\/compuviper.mx\/tienda\/producto\/startech-com-fan7x10tx3-ventilador-para-disipador-de-procesador-o-caja-chasis-computadora-con-rodamiento-de-bolas-70mm-tx3-mod\/","title":{"rendered":"Startech.com Fan7x10tx3 Ventilador Para Disipador De Procesador O Caja Chasis Computadora Con Rodamiento De Bolas &#8211; 70mm &#8211; Tx3 &#8211;  Mod."},"content":{"rendered":"<table class=\"descripcion\">\n<tr>\n<td>Rendimiento<\/td>\n<\/tr>\n<tr>\n<td>Nivel de ruido : 33 dba<\/td>\n<\/tr>\n<tr>\n<td>Rpm : 3500<\/td>\n<\/tr>\n<tr>\n<td>Velocidad de flujo de aire : 21.33 cfm<\/td>\n<\/tr>\n<tr>\n<td>Requisitos de energ\u00eda<\/td>\n<\/tr>\n<tr>\n<td>Consumo de energ\u00eda : 2.16w<\/td>\n<\/tr>\n<tr>\n<td>Corriente de entrada : 0.25<\/td>\n<\/tr>\n<tr>\n<td>Tensi\u00f3n de entrada : 12v dc<\/td>\n<\/tr>\n<tr>\n<td>Informaci\u00f3n de la caja<\/td>\n<\/tr>\n<tr>\n<td>Ancho de la caja : 96 mm<\/td>\n<\/tr>\n<tr>\n<td>Altura de la caja : 32 mm<\/td>\n<\/tr>\n<tr>\n<td>Hardware<\/td>\n<\/tr>\n<tr>\n<td>Tipo de rodamiento del ventilador : rodamiento de bola<\/td>\n<\/tr>\n<tr>\n<td>Contenido de la caja<\/td>\n<\/tr>\n<tr>\n<td>Incluido en la caja : ventilador para gabinete de 7cm<\/td>\n<\/tr>\n<tr>\n<td>Incluido en la caja : tornillos de montaje<\/td>\n<\/tr>\n<tr>\n<td>Conector(es)<\/td>\n<\/tr>\n<tr>\n<td>Tipo(s) de conector(es) : ventilador molex (3 pines, tx3)<\/td>\n<\/tr>\n<tr>\n<td>Caracter\u00edsticas f\u00edsicas<\/td>\n<\/tr>\n<tr>\n<td>Tipo de gabinete : pl\u00e1stico<\/td>\n<\/tr>\n<tr>\n<td>Peso del producto : 32 g<\/td>\n<\/tr>\n<tr>\n<td>Longitud del producto : 70 mm<\/td>\n<\/tr>\n<tr>\n<td>Color : negro<\/td>\n<\/tr>\n<tr>\n<td>Ancho del producto : 10 mm<\/td>\n<\/tr>\n<tr>\n<td>Altura del producto : 7 cm<\/td>\n<\/tr>\n<\/table>\n","protected":false},"excerpt":{"rendered":"<p>Este ventilador para cpu con rodamiento de bolas doble de 70mm con conector tx3  es una soluci\u00f3n eficaz y econ\u00f3mica para reemplazar el ventilador de cpus est\u00e1ndar as\u00ed como los enfriadores de cpus de 1 u o perfil bajo que utilizan ventiladores de 70mm. Para mayor tranquilidad, el ventilador para cpu dispone de un tac\u00f3metro en el conector tx3 de la tarjeta madre para informar al sistema host acerca del estado operativo del ventilador, a la vez que un dise\u00f1o de rodamiento de bolas doble ayuda proveer una operaci\u00f3n sin inconvenientes y prolongar su vida \u00fatil.<\/p>\n","protected":false},"featured_media":214666,"comment_status":"open","ping_status":"open","template":"","meta":[],"product_cat":[1612,1616],"product_tag":[1590],"acf":[],"yoast_head":"<!-- This site is optimized with the Yoast SEO plugin v21.7 - https:\/\/yoast.com\/wordpress\/plugins\/seo\/ -->\n<title>[ Startech.com ] &#129351; Fan7x10tx3 Ventilador Para Disipador De Procesador O Caja Chasis Computadora Con Rodamiento De Bolas - 70mm - Tx3 - Mod.<\/title>\n<meta name=\"description\" content=\"Compra Fan7x10tx3 Ventilador Para Disipador De Procesador O Caja Chasis Computadora Con Rodamiento De Bolas - 70mm - Tx3 - Mod. + Env\u00edo a domicilio + Pago seguro + Garant\u00eda\" \/>\n<meta name=\"robots\" content=\"index, follow, max-snippet:-1, max-image-preview:large, max-video-preview:-1\" \/>\n<link rel=\"canonical\" href=\"https:\/\/compuviper.mx\/tienda\/producto\/startech-com-fan7x10tx3-ventilador-para-disipador-de-procesador-o-caja-chasis-computadora-con-rodamiento-de-bolas-70mm-tx3-mod\/\" \/>\n<meta property=\"og:locale\" content=\"es_MX\" \/>\n<meta property=\"og:type\" content=\"article\" \/>\n<meta property=\"og:title\" content=\"[ Startech.com ] &#129351; Fan7x10tx3 Ventilador Para Disipador De Procesador O Caja Chasis Computadora Con Rodamiento De Bolas - 70mm - Tx3 - Mod.\" \/>\n<meta property=\"og:description\" content=\"Compra Fan7x10tx3 Ventilador Para Disipador De Procesador O Caja Chasis Computadora Con Rodamiento De Bolas - 70mm - Tx3 - Mod. + Env\u00edo a domicilio + Pago seguro + Garant\u00eda\" \/>\n<meta property=\"og:url\" content=\"https:\/\/compuviper.mx\/tienda\/producto\/startech-com-fan7x10tx3-ventilador-para-disipador-de-procesador-o-caja-chasis-computadora-con-rodamiento-de-bolas-70mm-tx3-mod\/\" \/>\n<meta property=\"og:site_name\" content=\"Compuviper\" \/>\n<meta property=\"article:publisher\" content=\"https:\/\/www.facebook.com\/compuviper\" \/>\n<meta property=\"og:image\" content=\"https:\/\/compuviper.mx\/tienda\/wp-content\/uploads\/2023\/12\/Ventilador-para-disipador-de-procesador-o-caja-chasis-computadora-con-rodamiento-de-bolas-70mm-tx3-startech.com-mod.-fan7x10tx3.jpg\" \/>\n\t<meta property=\"og:image:width\" content=\"200\" \/>\n\t<meta property=\"og:image:height\" content=\"200\" \/>\n\t<meta property=\"og:image:type\" content=\"image\/jpeg\" \/>\n<meta name=\"twitter:card\" content=\"summary_large_image\" \/>\n<meta name=\"twitter:label1\" content=\"Precio\" \/>\n\t<meta name=\"twitter:data1\" content=\"&#36;144 con IVA\" \/>\n\t<meta name=\"twitter:label2\" content=\"Availability\" \/>\n\t<meta name=\"twitter:data2\" content=\"Out of stock\" \/>\n<script type=\"application\/ld+json\" class=\"yoast-schema-graph\">{\"@context\":\"https:\/\/schema.org\",\"@graph\":[{\"@type\":\"WebPage\",\"@id\":\"https:\/\/compuviper.mx\/tienda\/producto\/startech-com-fan7x10tx3-ventilador-para-disipador-de-procesador-o-caja-chasis-computadora-con-rodamiento-de-bolas-70mm-tx3-mod\/\",\"url\":\"https:\/\/compuviper.mx\/tienda\/producto\/startech-com-fan7x10tx3-ventilador-para-disipador-de-procesador-o-caja-chasis-computadora-con-rodamiento-de-bolas-70mm-tx3-mod\/\",\"name\":\"[ Startech.com ] &#129351; Fan7x10tx3 Ventilador Para Disipador De Procesador O Caja Chasis Computadora Con Rodamiento De Bolas - 70mm - Tx3 - Mod.\",\"isPartOf\":{\"@id\":\"https:\/\/compuviper.mx\/tienda\/#website\"},\"datePublished\":\"2026-04-11T05:49:05+00:00\",\"dateModified\":\"2026-04-11T05:49:05+00:00\",\"description\":\"Compra Fan7x10tx3 Ventilador Para Disipador De Procesador O Caja Chasis Computadora Con Rodamiento De Bolas - 70mm - Tx3 - Mod. + Env\u00edo a domicilio + Pago seguro + Garant\u00eda\",\"breadcrumb\":{\"@id\":\"https:\/\/compuviper.mx\/tienda\/producto\/startech-com-fan7x10tx3-ventilador-para-disipador-de-procesador-o-caja-chasis-computadora-con-rodamiento-de-bolas-70mm-tx3-mod\/#breadcrumb\"},\"inLanguage\":\"es-MX\",\"potentialAction\":[{\"@type\":\"ReadAction\",\"target\":[\"https:\/\/compuviper.mx\/tienda\/producto\/startech-com-fan7x10tx3-ventilador-para-disipador-de-procesador-o-caja-chasis-computadora-con-rodamiento-de-bolas-70mm-tx3-mod\/\"]}]},{\"@type\":\"BreadcrumbList\",\"@id\":\"https:\/\/compuviper.mx\/tienda\/producto\/startech-com-fan7x10tx3-ventilador-para-disipador-de-procesador-o-caja-chasis-computadora-con-rodamiento-de-bolas-70mm-tx3-mod\/#breadcrumb\",\"itemListElement\":[{\"@type\":\"ListItem\",\"position\":1,\"name\":\"Inicio\",\"item\":\"https:\/\/compuviper.mx\/tienda\/\"},{\"@type\":\"ListItem\",\"position\":2,\"name\":\"Productos\",\"item\":\"https:\/\/compuviper.mx\/tienda\/productos\/\"},{\"@type\":\"ListItem\",\"position\":3,\"name\":\"Ventiladores\",\"item\":\"https:\/\/compuviper.mx\/tienda\/categoria-producto\/ventiladores\/\"},{\"@type\":\"ListItem\",\"position\":4,\"name\":\"Para Gabinete\",\"item\":\"https:\/\/compuviper.mx\/tienda\/categoria-producto\/ventiladores\/para-gabinete\/\"},{\"@type\":\"ListItem\",\"position\":5,\"name\":\"Startech.com Fan7x10tx3 Ventilador Para Disipador De Procesador O Caja Chasis Computadora Con Rodamiento De Bolas &#8211; 70mm &#8211; Tx3 &#8211; Mod.\"}]},{\"@type\":\"WebSite\",\"@id\":\"https:\/\/compuviper.mx\/tienda\/#website\",\"url\":\"https:\/\/compuviper.mx\/tienda\/\",\"name\":\"Compuviper\",\"description\":\"Proveedor de Computadoras, Laptops, Servidores, Monitores, Puntos de Venta, Teclados,   Impresoras, T\u00f3ner, C\u00e1maras de Seguridad y m\u00e1s en tu tienda en l\u00ednea\",\"publisher\":{\"@id\":\"https:\/\/compuviper.mx\/tienda\/#organization\"},\"potentialAction\":[{\"@type\":\"SearchAction\",\"target\":{\"@type\":\"EntryPoint\",\"urlTemplate\":\"https:\/\/compuviper.mx\/tienda\/?s={search_term_string}\"},\"query-input\":\"required name=search_term_string\"}],\"inLanguage\":\"es-MX\"},{\"@type\":\"Organization\",\"@id\":\"https:\/\/compuviper.mx\/tienda\/#organization\",\"name\":\"Compuviper\",\"url\":\"https:\/\/compuviper.mx\/tienda\/\",\"logo\":{\"@type\":\"ImageObject\",\"inLanguage\":\"es-MX\",\"@id\":\"https:\/\/compuviper.mx\/tienda\/#\/schema\/logo\/image\/\",\"url\":\"https:\/\/compuviper.mx\/tienda\/wp-content\/uploads\/2021\/08\/Logo-Compuviper-10.png\",\"contentUrl\":\"https:\/\/compuviper.mx\/tienda\/wp-content\/uploads\/2021\/08\/Logo-Compuviper-10.png\",\"width\":1000,\"height\":500,\"caption\":\"Compuviper\"},\"image\":{\"@id\":\"https:\/\/compuviper.mx\/tienda\/#\/schema\/logo\/image\/\"},\"sameAs\":[\"https:\/\/www.facebook.com\/compuviper\",\"https:\/\/www.youtube.com\/channel\/UCf73dERp9Y3cfOq7q8BhLjA?view_as=subscriber\"]}]}<\/script>\n<meta property=\"product:brand\" content=\"STARTECH.COM\" \/>\n<meta property=\"product:price:amount\" content=\"144\" \/>\n<meta property=\"product:price:currency\" content=\"MXN\" \/>\n<meta property=\"og:availability\" content=\"out of stock\" \/>\n<meta property=\"product:availability\" content=\"out of stock\" \/>\n<meta property=\"product:retailer_item_id\" content=\"FAN7X10TX3\" \/>\n<meta property=\"product:condition\" content=\"new\" \/>\n<!-- \/ Yoast SEO plugin. -->","yoast_head_json":{"title":"[ Startech.com ] &#129351; Fan7x10tx3 Ventilador Para Disipador De Procesador O Caja Chasis Computadora Con Rodamiento De Bolas - 70mm - Tx3 - Mod.","description":"Compra Fan7x10tx3 Ventilador Para Disipador De Procesador O Caja Chasis Computadora Con Rodamiento De Bolas - 70mm - Tx3 - Mod. + Env\u00edo a domicilio + Pago seguro + Garant\u00eda","robots":{"index":"index","follow":"follow","max-snippet":"max-snippet:-1","max-image-preview":"max-image-preview:large","max-video-preview":"max-video-preview:-1"},"canonical":"https:\/\/compuviper.mx\/tienda\/producto\/startech-com-fan7x10tx3-ventilador-para-disipador-de-procesador-o-caja-chasis-computadora-con-rodamiento-de-bolas-70mm-tx3-mod\/","og_locale":"es_MX","og_type":"article","og_title":"[ Startech.com ] &#129351; Fan7x10tx3 Ventilador Para Disipador De Procesador O Caja Chasis Computadora Con Rodamiento De Bolas - 70mm - Tx3 - Mod.","og_description":"Compra Fan7x10tx3 Ventilador Para Disipador De Procesador O Caja Chasis Computadora Con Rodamiento De Bolas - 70mm - Tx3 - Mod. + Env\u00edo a domicilio + Pago seguro + Garant\u00eda","og_url":"https:\/\/compuviper.mx\/tienda\/producto\/startech-com-fan7x10tx3-ventilador-para-disipador-de-procesador-o-caja-chasis-computadora-con-rodamiento-de-bolas-70mm-tx3-mod\/","og_site_name":"Compuviper","article_publisher":"https:\/\/www.facebook.com\/compuviper","og_image":[{"width":200,"height":200,"url":"https:\/\/compuviper.mx\/tienda\/wp-content\/uploads\/2023\/12\/Ventilador-para-disipador-de-procesador-o-caja-chasis-computadora-con-rodamiento-de-bolas-70mm-tx3-startech.com-mod.-fan7x10tx3.jpg","type":"image\/jpeg"}],"twitter_card":"summary_large_image","twitter_misc":{"Precio":"&#36;144 con IVA","Availability":"Out of stock"},"schema":{"@context":"https:\/\/schema.org","@graph":[{"@type":"WebPage","@id":"https:\/\/compuviper.mx\/tienda\/producto\/startech-com-fan7x10tx3-ventilador-para-disipador-de-procesador-o-caja-chasis-computadora-con-rodamiento-de-bolas-70mm-tx3-mod\/","url":"https:\/\/compuviper.mx\/tienda\/producto\/startech-com-fan7x10tx3-ventilador-para-disipador-de-procesador-o-caja-chasis-computadora-con-rodamiento-de-bolas-70mm-tx3-mod\/","name":"[ Startech.com ] &#129351; Fan7x10tx3 Ventilador Para Disipador De Procesador O Caja Chasis Computadora Con Rodamiento De Bolas - 70mm - Tx3 - Mod.","isPartOf":{"@id":"https:\/\/compuviper.mx\/tienda\/#website"},"datePublished":"2026-04-11T05:49:05+00:00","dateModified":"2026-04-11T05:49:05+00:00","description":"Compra Fan7x10tx3 Ventilador Para Disipador De Procesador O Caja Chasis Computadora Con Rodamiento De Bolas - 70mm - Tx3 - Mod. + Env\u00edo a domicilio + Pago seguro + Garant\u00eda","breadcrumb":{"@id":"https:\/\/compuviper.mx\/tienda\/producto\/startech-com-fan7x10tx3-ventilador-para-disipador-de-procesador-o-caja-chasis-computadora-con-rodamiento-de-bolas-70mm-tx3-mod\/#breadcrumb"},"inLanguage":"es-MX","potentialAction":[{"@type":"ReadAction","target":["https:\/\/compuviper.mx\/tienda\/producto\/startech-com-fan7x10tx3-ventilador-para-disipador-de-procesador-o-caja-chasis-computadora-con-rodamiento-de-bolas-70mm-tx3-mod\/"]}]},{"@type":"BreadcrumbList","@id":"https:\/\/compuviper.mx\/tienda\/producto\/startech-com-fan7x10tx3-ventilador-para-disipador-de-procesador-o-caja-chasis-computadora-con-rodamiento-de-bolas-70mm-tx3-mod\/#breadcrumb","itemListElement":[{"@type":"ListItem","position":1,"name":"Inicio","item":"https:\/\/compuviper.mx\/tienda\/"},{"@type":"ListItem","position":2,"name":"Productos","item":"https:\/\/compuviper.mx\/tienda\/productos\/"},{"@type":"ListItem","position":3,"name":"Ventiladores","item":"https:\/\/compuviper.mx\/tienda\/categoria-producto\/ventiladores\/"},{"@type":"ListItem","position":4,"name":"Para Gabinete","item":"https:\/\/compuviper.mx\/tienda\/categoria-producto\/ventiladores\/para-gabinete\/"},{"@type":"ListItem","position":5,"name":"Startech.com Fan7x10tx3 Ventilador Para Disipador De Procesador O Caja Chasis Computadora Con Rodamiento De Bolas &#8211; 70mm &#8211; Tx3 &#8211; Mod."}]},{"@type":"WebSite","@id":"https:\/\/compuviper.mx\/tienda\/#website","url":"https:\/\/compuviper.mx\/tienda\/","name":"Compuviper","description":"Proveedor de Computadoras, Laptops, Servidores, Monitores, Puntos de Venta, Teclados,   Impresoras, T\u00f3ner, C\u00e1maras de Seguridad y m\u00e1s en tu tienda en l\u00ednea","publisher":{"@id":"https:\/\/compuviper.mx\/tienda\/#organization"},"potentialAction":[{"@type":"SearchAction","target":{"@type":"EntryPoint","urlTemplate":"https:\/\/compuviper.mx\/tienda\/?s={search_term_string}"},"query-input":"required name=search_term_string"}],"inLanguage":"es-MX"},{"@type":"Organization","@id":"https:\/\/compuviper.mx\/tienda\/#organization","name":"Compuviper","url":"https:\/\/compuviper.mx\/tienda\/","logo":{"@type":"ImageObject","inLanguage":"es-MX","@id":"https:\/\/compuviper.mx\/tienda\/#\/schema\/logo\/image\/","url":"https:\/\/compuviper.mx\/tienda\/wp-content\/uploads\/2021\/08\/Logo-Compuviper-10.png","contentUrl":"https:\/\/compuviper.mx\/tienda\/wp-content\/uploads\/2021\/08\/Logo-Compuviper-10.png","width":1000,"height":500,"caption":"Compuviper"},"image":{"@id":"https:\/\/compuviper.mx\/tienda\/#\/schema\/logo\/image\/"},"sameAs":["https:\/\/www.facebook.com\/compuviper","https:\/\/www.youtube.com\/channel\/UCf73dERp9Y3cfOq7q8BhLjA?view_as=subscriber"]}]},"product_brand":"STARTECH.COM","product_price_amount":"144","product_price_currency":"MXN","og_availability":"out of stock","product_availability":"out of stock","product_retailer_item_id":"FAN7X10TX3","product_condition":"new"},"_links":{"self":[{"href":"https:\/\/compuviper.mx\/tienda\/wp-json\/wp\/v2\/product\/214665"}],"collection":[{"href":"https:\/\/compuviper.mx\/tienda\/wp-json\/wp\/v2\/product"}],"about":[{"href":"https:\/\/compuviper.mx\/tienda\/wp-json\/wp\/v2\/types\/product"}],"replies":[{"embeddable":true,"href":"https:\/\/compuviper.mx\/tienda\/wp-json\/wp\/v2\/comments?post=214665"}],"wp:featuredmedia":[{"embeddable":true,"href":"https:\/\/compuviper.mx\/tienda\/wp-json\/wp\/v2\/media\/214666"}],"wp:attachment":[{"href":"https:\/\/compuviper.mx\/tienda\/wp-json\/wp\/v2\/media?parent=214665"}],"wp:term":[{"taxonomy":"product_cat","embeddable":true,"href":"https:\/\/compuviper.mx\/tienda\/wp-json\/wp\/v2\/product_cat?post=214665"},{"taxonomy":"product_tag","embeddable":true,"href":"https:\/\/compuviper.mx\/tienda\/wp-json\/wp\/v2\/product_tag?post=214665"}],"curies":[{"name":"wp","href":"https:\/\/api.w.org\/{rel}","templated":true}]}}