{"id":214416,"date":"2026-04-17T23:47:45","date_gmt":"2026-04-18T05:47:45","guid":{"rendered":"https:\/\/compuviper.mx\/tienda\/producto\/manhattan-356374-cable-usb-c-v4-thunderbolt4-c-c-1-0m-8k-240w-negro\/"},"modified":"2026-04-17T23:47:45","modified_gmt":"2026-04-18T05:47:45","slug":"manhattan-356374-cable-usb-c-v4-thunderbolt4-c-c-1-0m-8k-240w-negro","status":"publish","type":"product","link":"https:\/\/compuviper.mx\/tienda\/producto\/manhattan-356374-cable-usb-c-v4-thunderbolt4-c-c-1-0m-8k-240w-negro\/","title":{"rendered":"Manhattan 356374 Cable Usb-c , ,, V4 Thunderbolt4, C-c 1.0m 8k 240w Negro"},"content":{"rendered":"<table class=\"descripcion\">\n<tr>\n<td>Est\u00e1ndares and certificaciones:<\/td>\n<\/tr>\n<tr>\n<td>Ce<\/td>\n<\/tr>\n<tr>\n<td>Rohs<\/td>\n<\/tr>\n<tr>\n<td>Reach<\/td>\n<\/tr>\n<tr>\n<td>Usb4 gen 3&#215;2<\/td>\n<\/tr>\n<tr>\n<td>Pd 3.1<\/td>\n<\/tr>\n<tr>\n<td>General:<\/td>\n<\/tr>\n<tr>\n<td>Dos usb-c de 24 pines macho<\/td>\n<\/tr>\n<tr>\n<td>Doble apantallamiento: papel de aluminio y trenzado<\/td>\n<\/tr>\n<tr>\n<td>Pines chapados en oro, carcasa niquelada.<\/td>\n<\/tr>\n<tr>\n<td>Cable: cobre puro desnudo<\/td>\n<\/tr>\n<tr>\n<td>Carcasa del conector cubierta de aluminio con alivio de tensi\u00f3n<\/td>\n<\/tr>\n<tr>\n<td>22\/29 awg<\/td>\n<\/tr>\n<tr>\n<td>Longitud: 1 m (3 pies)<\/td>\n<\/tr>\n<tr>\n<td>Di\u00e1metro exterior (de): 4.8 mm (0.19 pulg.)<\/td>\n<\/tr>\n<tr>\n<td>Peso neto: 40 g (1.41 oz.)<\/td>\n<\/tr>\n<tr>\n<td>Peso bruto: 56 g (1.98 onzas)<\/td>\n<\/tr>\n<tr>\n<td>El\u00e9ctrico<\/td>\n<\/tr>\n<tr>\n<td>Tensi\u00f3n soportada: 500.0 v dc 10 ms<\/td>\n<\/tr>\n<tr>\n<td>Resistencia de aislamiento: 100 m and #937;\/km a 20 \u00b0c (68 \u00b0f)<\/td>\n<\/tr>\n<tr>\n<td>Resistencia de contacto: 3  and #937; (m\u00e1x.)<\/td>\n<\/tr>\n<tr>\n<td>Rendimiento de potencia admitido: 240.0 w a 48.0 v \/ 5.0 a m\u00e1x.<\/td>\n<\/tr>\n<tr>\n<td>Ambiente de operaci\u00f3n<\/td>\n<\/tr>\n<tr>\n<td>Temperatura de funcionamiento: 0 &#8211; 45\u00b0c (32 &#8211; 113\u00b0f)<\/td>\n<\/tr>\n<tr>\n<td>Humedad de funcionamiento (sin condensaci\u00f3n): 10 &#8211; 85%.<\/td>\n<\/tr>\n<tr>\n<td>Temperatura de almacenamiento: -10 &#8211; 70\u00b0c (14 &#8211; 158\u00b0f)<\/td>\n<\/tr>\n<tr>\n<td>Humedad de almacenamiento (sin condensaci\u00f3n): 5 &#8211; 90%<\/td>\n<\/tr>\n<\/table>\n","protected":false},"excerpt":{"rendered":"<p>Blindaje fuerte y cubierta trenzada resistente con alivio de tensi\u00f3n flexible. La cubierta de aluminio moldeado extremadamente duradero absorbe la tensi\u00f3n de las curvas frecuentes sin da\u00f1ar el n\u00facleo del cable, mientras que la cubierta trenzada hace que el cable pr\u00e1cticamente no se enrede. Esa combinaci\u00f3n resiste el agrietamiento y protege del desgaste diario o del uso frecuente en el autom\u00f3vil. El doble blindaje (l\u00e1mina de aluminio y malla) y los contactos resistentes a la corrosi\u00f3n brindan la m\u00e1xima integridad de la se\u00f1al. Los conectores usb-c son reversibles, por lo que siempre encajar\u00e1n, independientemente de c\u00f3mo los insertes. Cable usb power delivery (pd) 3.1 con extended power range (epr) que carga hasta 240 w a 48 v\/5 a, compatible con versiones anteriores de pd 3.0\/2.0\/1.0. Admite velocidades de transferencia de datos ultrarr\u00e1pidas de hasta 40 gbps. Compatible con interfaces usb4\u00ae y thunderbolt\u0099 3\/4. Admite resoluciones de hasta 8k a 60 hz y 4k a 144 hz en una sola pantalla o 4k a 60 hz en salida de video de doble pantalla. Usb-c macho a usb-c macho para conectar a puertos de dispositivos usb-c. Conjunto de chips e-marker para una entrega de energ\u00eda de 240 w confiable y sin p\u00e9rdidas en toda la distancia. Cumple con el modo alternativo displayport 2.0 (modo alt dp. Hdr10 din\u00e1mico para un contraste superior y colores brillantes. Ancho de banda ultra alto, ideal para conexi\u00f3n directa y sin p\u00e9rdidas a un monitor con interfaz usb-c. Recubrimiento trenzado y resistente a enredos con alivio de tensi\u00f3n. Conector con carcasa de aluminio para una mayor durabilidad. Blindaje doble de l\u00e1mina y trenzado para reducir la emi y otras fuentes de interferencia. Conectores con chapa de oro y cable de cobre puro para conexiones libres de corrosi\u00f3n. Dise\u00f1o bidireccional: cualquiera de los conectores puede enviar energ\u00eda y datos desde una fuente o recibirlos de un dispositivo. Excelente para tu computadora port\u00e1til, macbook\u00ae pro o estaci\u00f3n de acoplamiento actual y futura con usb-c. Carga otros dispositivos tipo-c como tel\u00e9fonos, tablets, consolas de juegos port\u00e1tiles y m\u00e1s. Compatible con versiones anteriores con usb 3.2 gen 1\/2, usb 3.0, usb 2.0 y usb 1.1<\/p>\n","protected":false},"featured_media":233786,"comment_status":"open","ping_status":"open","template":"","meta":[],"product_cat":[1549,1605],"product_tag":[1487],"acf":[],"yoast_head":"<!-- This site is optimized with the Yoast SEO plugin v21.7 - https:\/\/yoast.com\/wordpress\/plugins\/seo\/ -->\n<title>[ Manhattan ] &#129351; 356374 Cable Usb-c , ,, V4 Thunderbolt4, C-c 1.0m 8k 240w Negro<\/title>\n<meta name=\"description\" content=\"Compra 356374 Cable Usb-c , ,, V4 Thunderbolt4, C-c 1.0m 8k 240w Negro + Env\u00edo a domicilio + Pago seguro + Garant\u00eda\" \/>\n<meta name=\"robots\" content=\"index, follow, max-snippet:-1, max-image-preview:large, max-video-preview:-1\" \/>\n<link rel=\"canonical\" href=\"https:\/\/compuviper.mx\/tienda\/producto\/manhattan-356374-cable-usb-c-v4-thunderbolt4-c-c-1-0m-8k-240w-negro\/\" \/>\n<meta property=\"og:locale\" content=\"es_MX\" \/>\n<meta property=\"og:type\" content=\"article\" \/>\n<meta property=\"og:title\" content=\"[ Manhattan ] &#129351; 356374 Cable Usb-c , ,, V4 Thunderbolt4, C-c 1.0m 8k 240w Negro\" \/>\n<meta property=\"og:description\" content=\"Compra 356374 Cable Usb-c , ,, V4 Thunderbolt4, C-c 1.0m 8k 240w Negro + Env\u00edo a domicilio + Pago seguro + Garant\u00eda\" \/>\n<meta property=\"og:url\" content=\"https:\/\/compuviper.mx\/tienda\/producto\/manhattan-356374-cable-usb-c-v4-thunderbolt4-c-c-1-0m-8k-240w-negro\/\" \/>\n<meta property=\"og:site_name\" content=\"Compuviper\" \/>\n<meta property=\"article:publisher\" content=\"https:\/\/www.facebook.com\/compuviper\" \/>\n<meta property=\"og:image\" content=\"https:\/\/compuviper.mx\/tienda\/wp-content\/uploads\/2024\/05\/Cable-usb-c-manhattan356374-v4-thunderbolt4-c-c-1.0m-8k-240w-negro.jpg\" \/>\n\t<meta property=\"og:image:width\" content=\"200\" \/>\n\t<meta property=\"og:image:height\" content=\"200\" \/>\n\t<meta property=\"og:image:type\" content=\"image\/jpeg\" \/>\n<meta name=\"twitter:card\" content=\"summary_large_image\" \/>\n<meta name=\"twitter:label1\" content=\"Precio\" \/>\n\t<meta name=\"twitter:data1\" content=\"&#36;333 con IVA\" \/>\n\t<meta name=\"twitter:label2\" content=\"Availability\" \/>\n\t<meta name=\"twitter:data2\" content=\"Out of stock\" \/>\n<script type=\"application\/ld+json\" class=\"yoast-schema-graph\">{\"@context\":\"https:\/\/schema.org\",\"@graph\":[{\"@type\":\"WebPage\",\"@id\":\"https:\/\/compuviper.mx\/tienda\/producto\/manhattan-356374-cable-usb-c-v4-thunderbolt4-c-c-1-0m-8k-240w-negro\/\",\"url\":\"https:\/\/compuviper.mx\/tienda\/producto\/manhattan-356374-cable-usb-c-v4-thunderbolt4-c-c-1-0m-8k-240w-negro\/\",\"name\":\"[ Manhattan ] &#129351; 356374 Cable Usb-c , ,, V4 Thunderbolt4, C-c 1.0m 8k 240w Negro\",\"isPartOf\":{\"@id\":\"https:\/\/compuviper.mx\/tienda\/#website\"},\"datePublished\":\"2026-04-18T05:47:45+00:00\",\"dateModified\":\"2026-04-18T05:47:45+00:00\",\"description\":\"Compra 356374 Cable Usb-c , ,, V4 Thunderbolt4, C-c 1.0m 8k 240w Negro + Env\u00edo a domicilio + Pago seguro + Garant\u00eda\",\"breadcrumb\":{\"@id\":\"https:\/\/compuviper.mx\/tienda\/producto\/manhattan-356374-cable-usb-c-v4-thunderbolt4-c-c-1-0m-8k-240w-negro\/#breadcrumb\"},\"inLanguage\":\"es-MX\",\"potentialAction\":[{\"@type\":\"ReadAction\",\"target\":[\"https:\/\/compuviper.mx\/tienda\/producto\/manhattan-356374-cable-usb-c-v4-thunderbolt4-c-c-1-0m-8k-240w-negro\/\"]}]},{\"@type\":\"BreadcrumbList\",\"@id\":\"https:\/\/compuviper.mx\/tienda\/producto\/manhattan-356374-cable-usb-c-v4-thunderbolt4-c-c-1-0m-8k-240w-negro\/#breadcrumb\",\"itemListElement\":[{\"@type\":\"ListItem\",\"position\":1,\"name\":\"Inicio\",\"item\":\"https:\/\/compuviper.mx\/tienda\/\"},{\"@type\":\"ListItem\",\"position\":2,\"name\":\"Productos\",\"item\":\"https:\/\/compuviper.mx\/tienda\/productos\/\"},{\"@type\":\"ListItem\",\"position\":3,\"name\":\"Cables\",\"item\":\"https:\/\/compuviper.mx\/tienda\/categoria-producto\/cables\/\"},{\"@type\":\"ListItem\",\"position\":4,\"name\":\"Cable Usb\",\"item\":\"https:\/\/compuviper.mx\/tienda\/categoria-producto\/cables\/cable-usb\/\"},{\"@type\":\"ListItem\",\"position\":5,\"name\":\"Manhattan 356374 Cable Usb-c , ,, V4 Thunderbolt4, C-c 1.0m 8k 240w Negro\"}]},{\"@type\":\"WebSite\",\"@id\":\"https:\/\/compuviper.mx\/tienda\/#website\",\"url\":\"https:\/\/compuviper.mx\/tienda\/\",\"name\":\"Compuviper\",\"description\":\"Proveedor de Computadoras, Laptops, Servidores, Monitores, Puntos de Venta, Teclados,   Impresoras, T\u00f3ner, C\u00e1maras de Seguridad y m\u00e1s en tu tienda en l\u00ednea\",\"publisher\":{\"@id\":\"https:\/\/compuviper.mx\/tienda\/#organization\"},\"potentialAction\":[{\"@type\":\"SearchAction\",\"target\":{\"@type\":\"EntryPoint\",\"urlTemplate\":\"https:\/\/compuviper.mx\/tienda\/?s={search_term_string}\"},\"query-input\":\"required name=search_term_string\"}],\"inLanguage\":\"es-MX\"},{\"@type\":\"Organization\",\"@id\":\"https:\/\/compuviper.mx\/tienda\/#organization\",\"name\":\"Compuviper\",\"url\":\"https:\/\/compuviper.mx\/tienda\/\",\"logo\":{\"@type\":\"ImageObject\",\"inLanguage\":\"es-MX\",\"@id\":\"https:\/\/compuviper.mx\/tienda\/#\/schema\/logo\/image\/\",\"url\":\"https:\/\/compuviper.mx\/tienda\/wp-content\/uploads\/2021\/08\/Logo-Compuviper-10.png\",\"contentUrl\":\"https:\/\/compuviper.mx\/tienda\/wp-content\/uploads\/2021\/08\/Logo-Compuviper-10.png\",\"width\":1000,\"height\":500,\"caption\":\"Compuviper\"},\"image\":{\"@id\":\"https:\/\/compuviper.mx\/tienda\/#\/schema\/logo\/image\/\"},\"sameAs\":[\"https:\/\/www.facebook.com\/compuviper\",\"https:\/\/www.youtube.com\/channel\/UCf73dERp9Y3cfOq7q8BhLjA?view_as=subscriber\"]}]}<\/script>\n<meta property=\"product:brand\" content=\"MANHATTAN\" \/>\n<meta property=\"product:price:amount\" content=\"333\" \/>\n<meta property=\"product:price:currency\" content=\"MXN\" \/>\n<meta property=\"og:availability\" content=\"out of stock\" \/>\n<meta property=\"product:availability\" content=\"out of stock\" \/>\n<meta property=\"product:retailer_item_id\" content=\"356374\" \/>\n<meta property=\"product:condition\" content=\"new\" \/>\n<!-- \/ Yoast SEO plugin. -->","yoast_head_json":{"title":"[ Manhattan ] &#129351; 356374 Cable Usb-c , ,, V4 Thunderbolt4, C-c 1.0m 8k 240w Negro","description":"Compra 356374 Cable Usb-c , ,, V4 Thunderbolt4, C-c 1.0m 8k 240w Negro + Env\u00edo a domicilio + Pago seguro + Garant\u00eda","robots":{"index":"index","follow":"follow","max-snippet":"max-snippet:-1","max-image-preview":"max-image-preview:large","max-video-preview":"max-video-preview:-1"},"canonical":"https:\/\/compuviper.mx\/tienda\/producto\/manhattan-356374-cable-usb-c-v4-thunderbolt4-c-c-1-0m-8k-240w-negro\/","og_locale":"es_MX","og_type":"article","og_title":"[ Manhattan ] &#129351; 356374 Cable Usb-c , ,, V4 Thunderbolt4, C-c 1.0m 8k 240w Negro","og_description":"Compra 356374 Cable Usb-c , ,, V4 Thunderbolt4, C-c 1.0m 8k 240w Negro + Env\u00edo a domicilio + Pago seguro + Garant\u00eda","og_url":"https:\/\/compuviper.mx\/tienda\/producto\/manhattan-356374-cable-usb-c-v4-thunderbolt4-c-c-1-0m-8k-240w-negro\/","og_site_name":"Compuviper","article_publisher":"https:\/\/www.facebook.com\/compuviper","og_image":[{"width":200,"height":200,"url":"https:\/\/compuviper.mx\/tienda\/wp-content\/uploads\/2024\/05\/Cable-usb-c-manhattan356374-v4-thunderbolt4-c-c-1.0m-8k-240w-negro.jpg","type":"image\/jpeg"}],"twitter_card":"summary_large_image","twitter_misc":{"Precio":"&#36;333 con IVA","Availability":"Out of stock"},"schema":{"@context":"https:\/\/schema.org","@graph":[{"@type":"WebPage","@id":"https:\/\/compuviper.mx\/tienda\/producto\/manhattan-356374-cable-usb-c-v4-thunderbolt4-c-c-1-0m-8k-240w-negro\/","url":"https:\/\/compuviper.mx\/tienda\/producto\/manhattan-356374-cable-usb-c-v4-thunderbolt4-c-c-1-0m-8k-240w-negro\/","name":"[ Manhattan ] &#129351; 356374 Cable Usb-c , ,, V4 Thunderbolt4, C-c 1.0m 8k 240w Negro","isPartOf":{"@id":"https:\/\/compuviper.mx\/tienda\/#website"},"datePublished":"2026-04-18T05:47:45+00:00","dateModified":"2026-04-18T05:47:45+00:00","description":"Compra 356374 Cable Usb-c , ,, V4 Thunderbolt4, C-c 1.0m 8k 240w Negro + Env\u00edo a domicilio + Pago seguro + Garant\u00eda","breadcrumb":{"@id":"https:\/\/compuviper.mx\/tienda\/producto\/manhattan-356374-cable-usb-c-v4-thunderbolt4-c-c-1-0m-8k-240w-negro\/#breadcrumb"},"inLanguage":"es-MX","potentialAction":[{"@type":"ReadAction","target":["https:\/\/compuviper.mx\/tienda\/producto\/manhattan-356374-cable-usb-c-v4-thunderbolt4-c-c-1-0m-8k-240w-negro\/"]}]},{"@type":"BreadcrumbList","@id":"https:\/\/compuviper.mx\/tienda\/producto\/manhattan-356374-cable-usb-c-v4-thunderbolt4-c-c-1-0m-8k-240w-negro\/#breadcrumb","itemListElement":[{"@type":"ListItem","position":1,"name":"Inicio","item":"https:\/\/compuviper.mx\/tienda\/"},{"@type":"ListItem","position":2,"name":"Productos","item":"https:\/\/compuviper.mx\/tienda\/productos\/"},{"@type":"ListItem","position":3,"name":"Cables","item":"https:\/\/compuviper.mx\/tienda\/categoria-producto\/cables\/"},{"@type":"ListItem","position":4,"name":"Cable Usb","item":"https:\/\/compuviper.mx\/tienda\/categoria-producto\/cables\/cable-usb\/"},{"@type":"ListItem","position":5,"name":"Manhattan 356374 Cable Usb-c , ,, V4 Thunderbolt4, C-c 1.0m 8k 240w Negro"}]},{"@type":"WebSite","@id":"https:\/\/compuviper.mx\/tienda\/#website","url":"https:\/\/compuviper.mx\/tienda\/","name":"Compuviper","description":"Proveedor de Computadoras, Laptops, Servidores, Monitores, Puntos de Venta, Teclados,   Impresoras, T\u00f3ner, C\u00e1maras de Seguridad y m\u00e1s en tu tienda en l\u00ednea","publisher":{"@id":"https:\/\/compuviper.mx\/tienda\/#organization"},"potentialAction":[{"@type":"SearchAction","target":{"@type":"EntryPoint","urlTemplate":"https:\/\/compuviper.mx\/tienda\/?s={search_term_string}"},"query-input":"required name=search_term_string"}],"inLanguage":"es-MX"},{"@type":"Organization","@id":"https:\/\/compuviper.mx\/tienda\/#organization","name":"Compuviper","url":"https:\/\/compuviper.mx\/tienda\/","logo":{"@type":"ImageObject","inLanguage":"es-MX","@id":"https:\/\/compuviper.mx\/tienda\/#\/schema\/logo\/image\/","url":"https:\/\/compuviper.mx\/tienda\/wp-content\/uploads\/2021\/08\/Logo-Compuviper-10.png","contentUrl":"https:\/\/compuviper.mx\/tienda\/wp-content\/uploads\/2021\/08\/Logo-Compuviper-10.png","width":1000,"height":500,"caption":"Compuviper"},"image":{"@id":"https:\/\/compuviper.mx\/tienda\/#\/schema\/logo\/image\/"},"sameAs":["https:\/\/www.facebook.com\/compuviper","https:\/\/www.youtube.com\/channel\/UCf73dERp9Y3cfOq7q8BhLjA?view_as=subscriber"]}]},"product_brand":"MANHATTAN","product_price_amount":"333","product_price_currency":"MXN","og_availability":"out of stock","product_availability":"out of stock","product_retailer_item_id":"356374","product_condition":"new"},"_links":{"self":[{"href":"https:\/\/compuviper.mx\/tienda\/wp-json\/wp\/v2\/product\/214416"}],"collection":[{"href":"https:\/\/compuviper.mx\/tienda\/wp-json\/wp\/v2\/product"}],"about":[{"href":"https:\/\/compuviper.mx\/tienda\/wp-json\/wp\/v2\/types\/product"}],"replies":[{"embeddable":true,"href":"https:\/\/compuviper.mx\/tienda\/wp-json\/wp\/v2\/comments?post=214416"}],"wp:featuredmedia":[{"embeddable":true,"href":"https:\/\/compuviper.mx\/tienda\/wp-json\/wp\/v2\/media\/233786"}],"wp:attachment":[{"href":"https:\/\/compuviper.mx\/tienda\/wp-json\/wp\/v2\/media?parent=214416"}],"wp:term":[{"taxonomy":"product_cat","embeddable":true,"href":"https:\/\/compuviper.mx\/tienda\/wp-json\/wp\/v2\/product_cat?post=214416"},{"taxonomy":"product_tag","embeddable":true,"href":"https:\/\/compuviper.mx\/tienda\/wp-json\/wp\/v2\/product_tag?post=214416"}],"curies":[{"name":"wp","href":"https:\/\/api.w.org\/{rel}","templated":true}]}}