{"id":214330,"date":"2026-04-01T23:43:28","date_gmt":"2026-04-02T05:43:28","guid":{"rendered":"https:\/\/compuviper.mx\/tienda\/producto\/startech-com-rusb2cltmm2mr-cable-de-2m-usb-c-a-lightning-cable-usb-2-0-a-lightning-acodado-cable-usb-tipo-c-a-lightning-de-carga-mfi-para-iphone-mod\/"},"modified":"2026-04-01T23:43:29","modified_gmt":"2026-04-02T05:43:29","slug":"startech-com-rusb2cltmm2mr-cable-de-2m-usb-c-a-lightning-cable-usb-2-0-a-lightning-acodado-cable-usb-tipo-c-a-lightning-de-carga-mfi-para-iphone-mod","status":"publish","type":"product","link":"https:\/\/compuviper.mx\/tienda\/producto\/startech-com-rusb2cltmm2mr-cable-de-2m-usb-c-a-lightning-cable-usb-2-0-a-lightning-acodado-cable-usb-tipo-c-a-lightning-de-carga-mfi-para-iphone-mod\/","title":{"rendered":"Startech.com Rusb2cltmm2mr Cable De 2m Usb-c A Lightning &#8211; Cable Usb 2.0 A Lightning Acodado &#8211; Cable Usb Tipo C A Lightning De Carga &#8211; Mfi &#8211; Para Iphone &#8211;  Mod."},"content":{"rendered":"<table class=\"descripcion\">\n<tr>\n<td>Revestimiento del conector: gold and nickel<\/td>\n<\/tr>\n<tr>\n<td>Cable tipo jacket: tpe &#8211; thermoplastic elastomers<\/td>\n<\/tr>\n<tr>\n<td>Tipo de cable blindado: lamina de aluminio mylar con malla trenzada<\/td>\n<\/tr>\n<tr>\n<td>Color: negro<\/td>\n<\/tr>\n<tr>\n<td>Estilo de conector: right angle to straight<\/td>\n<\/tr>\n<tr>\n<td>Calibre del conductor: 22\/32 awg<\/td>\n<\/tr>\n<tr>\n<td>Cable od: 3.1 mm<\/td>\n<\/tr>\n<tr>\n<td>Longitud maxima del cable: 2000 mm<\/td>\n<\/tr>\n<tr>\n<td>Longitud del cable: 2000 mm<\/td>\n<\/tr>\n<tr>\n<td>Conector a: 1 usb type-c (24-pin) usb 2.0 (480mbps)<\/td>\n<\/tr>\n<tr>\n<td>Tipo y velocidad: usb 2.0 &#8211; 480 mbit\/s<\/td>\n<\/tr>\n<tr>\n<td>Longitud del producto: 2000.000 mm<\/td>\n<\/tr>\n<tr>\n<td>Ancho del producto: 19.500 mm<\/td>\n<\/tr>\n<tr>\n<td>Altura del producto: 6.200 mm<\/td>\n<\/tr>\n<tr>\n<td>Peso del producto: 43.000 g<\/td>\n<\/tr>\n<tr>\n<td>Conector b: 1 apple lightning connector c94 (8-pin)<\/td>\n<\/tr>\n<\/table>\n","protected":false},"excerpt":{"rendered":"<p>Establezca una conexion en angulo recto con un dispositivo habilitado para lightning (por ejemplo, iphone, ipad, ipad mini y algunos ipods) y con una fuente de alimentacion usb tipo-c, utilizando este duradero cable de usb-c a lightning de 2 metros. Construido para el uso diario el duradero cable de carga lightning cuenta con un refuerzo de fibra de aramida que mejora la resistencia a la traccion, a la abrasion y a la tension. Este cable reforzado es capaz de flexionarse sin estirarse en exceso. Ademas, los conectores cuentan con carcasas metalicas cubiertas de tpe totalmente moldeado para mejorar la longevidad. El cable usb tipo-c a conector lightning en angulo recto ha sido disenado para evitar la tension del cable\/conector. Las molduras de alivio de tension extra largas han sido evaluadas para soportar mas de 5,000 ciclos de flexion en un angulo de 180\u00b0 certificado por apple el duradero cable usb-c a lightning en angulo recto es compatible con las especificaciones usb 2.0 (480mbps).<\/p>\n","protected":false},"featured_media":214331,"comment_status":"open","ping_status":"open","template":"","meta":[],"product_cat":[1549,1605],"product_tag":[1590],"acf":[],"yoast_head":"<!-- This site is optimized with the Yoast SEO plugin v21.7 - https:\/\/yoast.com\/wordpress\/plugins\/seo\/ -->\n<title>[ Startech.com ] &#129351; Rusb2cltmm2mr Cable De 2m Usb-c A Lightning - Cable Usb 2.0 A Lightning Acodado - Cable Usb Tipo C A Lightning De Carga - Mfi - Para Iphone - Mod.<\/title>\n<meta name=\"description\" content=\"Compra Rusb2cltmm2mr Cable De 2m Usb-c A Lightning - Cable Usb 2.0 A Lightning Acodado - Cable Usb Tipo C A Lightning De Carga - Mfi - Para Iphone - Mod. + Env\u00edo a domicilio + Pago seguro + Garant\u00eda\" \/>\n<meta name=\"robots\" content=\"index, follow, max-snippet:-1, max-image-preview:large, max-video-preview:-1\" \/>\n<link rel=\"canonical\" href=\"https:\/\/compuviper.mx\/tienda\/producto\/startech-com-rusb2cltmm2mr-cable-de-2m-usb-c-a-lightning-cable-usb-2-0-a-lightning-acodado-cable-usb-tipo-c-a-lightning-de-carga-mfi-para-iphone-mod\/\" \/>\n<meta property=\"og:locale\" content=\"es_MX\" \/>\n<meta property=\"og:type\" content=\"article\" \/>\n<meta property=\"og:title\" content=\"[ Startech.com ] &#129351; Rusb2cltmm2mr Cable De 2m Usb-c A Lightning - Cable Usb 2.0 A Lightning Acodado - Cable Usb Tipo C A Lightning De Carga - Mfi - Para Iphone - Mod.\" \/>\n<meta property=\"og:description\" content=\"Compra Rusb2cltmm2mr Cable De 2m Usb-c A Lightning - Cable Usb 2.0 A Lightning Acodado - Cable Usb Tipo C A Lightning De Carga - Mfi - Para Iphone - Mod. + Env\u00edo a domicilio + Pago seguro + Garant\u00eda\" \/>\n<meta property=\"og:url\" content=\"https:\/\/compuviper.mx\/tienda\/producto\/startech-com-rusb2cltmm2mr-cable-de-2m-usb-c-a-lightning-cable-usb-2-0-a-lightning-acodado-cable-usb-tipo-c-a-lightning-de-carga-mfi-para-iphone-mod\/\" \/>\n<meta property=\"og:site_name\" content=\"Compuviper\" \/>\n<meta property=\"article:publisher\" content=\"https:\/\/www.facebook.com\/compuviper\" \/>\n<meta property=\"article:modified_time\" content=\"2026-04-02T05:43:29+00:00\" \/>\n<meta property=\"og:image\" content=\"https:\/\/compuviper.mx\/tienda\/wp-content\/uploads\/2023\/12\/Cable-de-2m-usb-c-a-lightning-cable-usb-2.0-a-lightning-acodado-cable-usb-tipo-c-a-lightning-de-carga-mfi-para-iphone-startech.com-mod.-rusb2cltmm2mr.jpg\" \/>\n\t<meta property=\"og:image:width\" content=\"200\" \/>\n\t<meta property=\"og:image:height\" content=\"200\" \/>\n\t<meta property=\"og:image:type\" content=\"image\/jpeg\" \/>\n<meta name=\"twitter:card\" content=\"summary_large_image\" \/>\n<meta name=\"twitter:label1\" content=\"Precio\" \/>\n\t<meta name=\"twitter:data1\" content=\"&#36;387 con IVA\" \/>\n\t<meta name=\"twitter:label2\" content=\"Availability\" \/>\n\t<meta name=\"twitter:data2\" content=\"In stock\" \/>\n<script type=\"application\/ld+json\" class=\"yoast-schema-graph\">{\"@context\":\"https:\/\/schema.org\",\"@graph\":[{\"@type\":\"WebPage\",\"@id\":\"https:\/\/compuviper.mx\/tienda\/producto\/startech-com-rusb2cltmm2mr-cable-de-2m-usb-c-a-lightning-cable-usb-2-0-a-lightning-acodado-cable-usb-tipo-c-a-lightning-de-carga-mfi-para-iphone-mod\/\",\"url\":\"https:\/\/compuviper.mx\/tienda\/producto\/startech-com-rusb2cltmm2mr-cable-de-2m-usb-c-a-lightning-cable-usb-2-0-a-lightning-acodado-cable-usb-tipo-c-a-lightning-de-carga-mfi-para-iphone-mod\/\",\"name\":\"[ Startech.com ] &#129351; Rusb2cltmm2mr Cable De 2m Usb-c A Lightning - Cable Usb 2.0 A Lightning Acodado - Cable Usb Tipo C A Lightning De Carga - Mfi - Para Iphone - Mod.\",\"isPartOf\":{\"@id\":\"https:\/\/compuviper.mx\/tienda\/#website\"},\"datePublished\":\"2026-04-02T05:43:28+00:00\",\"dateModified\":\"2026-04-02T05:43:29+00:00\",\"description\":\"Compra Rusb2cltmm2mr Cable De 2m Usb-c A Lightning - Cable Usb 2.0 A Lightning Acodado - Cable Usb Tipo C A Lightning De Carga - Mfi - Para Iphone - Mod. + Env\u00edo a domicilio + Pago seguro + Garant\u00eda\",\"breadcrumb\":{\"@id\":\"https:\/\/compuviper.mx\/tienda\/producto\/startech-com-rusb2cltmm2mr-cable-de-2m-usb-c-a-lightning-cable-usb-2-0-a-lightning-acodado-cable-usb-tipo-c-a-lightning-de-carga-mfi-para-iphone-mod\/#breadcrumb\"},\"inLanguage\":\"es-MX\",\"potentialAction\":[{\"@type\":\"ReadAction\",\"target\":[\"https:\/\/compuviper.mx\/tienda\/producto\/startech-com-rusb2cltmm2mr-cable-de-2m-usb-c-a-lightning-cable-usb-2-0-a-lightning-acodado-cable-usb-tipo-c-a-lightning-de-carga-mfi-para-iphone-mod\/\"]}]},{\"@type\":\"BreadcrumbList\",\"@id\":\"https:\/\/compuviper.mx\/tienda\/producto\/startech-com-rusb2cltmm2mr-cable-de-2m-usb-c-a-lightning-cable-usb-2-0-a-lightning-acodado-cable-usb-tipo-c-a-lightning-de-carga-mfi-para-iphone-mod\/#breadcrumb\",\"itemListElement\":[{\"@type\":\"ListItem\",\"position\":1,\"name\":\"Inicio\",\"item\":\"https:\/\/compuviper.mx\/tienda\/\"},{\"@type\":\"ListItem\",\"position\":2,\"name\":\"Productos\",\"item\":\"https:\/\/compuviper.mx\/tienda\/productos\/\"},{\"@type\":\"ListItem\",\"position\":3,\"name\":\"Cables\",\"item\":\"https:\/\/compuviper.mx\/tienda\/categoria-producto\/cables\/\"},{\"@type\":\"ListItem\",\"position\":4,\"name\":\"Cable Usb\",\"item\":\"https:\/\/compuviper.mx\/tienda\/categoria-producto\/cables\/cable-usb\/\"},{\"@type\":\"ListItem\",\"position\":5,\"name\":\"Startech.com Rusb2cltmm2mr Cable De 2m Usb-c A Lightning &#8211; Cable Usb 2.0 A Lightning Acodado &#8211; Cable Usb Tipo C A Lightning De Carga &#8211; Mfi &#8211; Para Iphone &#8211; Mod.\"}]},{\"@type\":\"WebSite\",\"@id\":\"https:\/\/compuviper.mx\/tienda\/#website\",\"url\":\"https:\/\/compuviper.mx\/tienda\/\",\"name\":\"Compuviper\",\"description\":\"Proveedor de Computadoras, Laptops, Servidores, Monitores, Puntos de Venta, Teclados,   Impresoras, T\u00f3ner, C\u00e1maras de Seguridad y m\u00e1s en tu tienda en l\u00ednea\",\"publisher\":{\"@id\":\"https:\/\/compuviper.mx\/tienda\/#organization\"},\"potentialAction\":[{\"@type\":\"SearchAction\",\"target\":{\"@type\":\"EntryPoint\",\"urlTemplate\":\"https:\/\/compuviper.mx\/tienda\/?s={search_term_string}\"},\"query-input\":\"required name=search_term_string\"}],\"inLanguage\":\"es-MX\"},{\"@type\":\"Organization\",\"@id\":\"https:\/\/compuviper.mx\/tienda\/#organization\",\"name\":\"Compuviper\",\"url\":\"https:\/\/compuviper.mx\/tienda\/\",\"logo\":{\"@type\":\"ImageObject\",\"inLanguage\":\"es-MX\",\"@id\":\"https:\/\/compuviper.mx\/tienda\/#\/schema\/logo\/image\/\",\"url\":\"https:\/\/compuviper.mx\/tienda\/wp-content\/uploads\/2021\/08\/Logo-Compuviper-10.png\",\"contentUrl\":\"https:\/\/compuviper.mx\/tienda\/wp-content\/uploads\/2021\/08\/Logo-Compuviper-10.png\",\"width\":1000,\"height\":500,\"caption\":\"Compuviper\"},\"image\":{\"@id\":\"https:\/\/compuviper.mx\/tienda\/#\/schema\/logo\/image\/\"},\"sameAs\":[\"https:\/\/www.facebook.com\/compuviper\",\"https:\/\/www.youtube.com\/channel\/UCf73dERp9Y3cfOq7q8BhLjA?view_as=subscriber\"]}]}<\/script>\n<meta property=\"product:brand\" content=\"STARTECH.COM\" \/>\n<meta property=\"product:price:amount\" content=\"387\" \/>\n<meta property=\"product:price:currency\" content=\"MXN\" \/>\n<meta property=\"og:availability\" content=\"instock\" \/>\n<meta property=\"product:availability\" content=\"instock\" \/>\n<meta property=\"product:retailer_item_id\" content=\"RUSB2CLTMM2MR\" \/>\n<meta property=\"product:condition\" content=\"new\" \/>\n<!-- \/ Yoast SEO plugin. -->","yoast_head_json":{"title":"[ Startech.com ] &#129351; Rusb2cltmm2mr Cable De 2m Usb-c A Lightning - Cable Usb 2.0 A Lightning Acodado - Cable Usb Tipo C A Lightning De Carga - Mfi - Para Iphone - Mod.","description":"Compra Rusb2cltmm2mr Cable De 2m Usb-c A Lightning - Cable Usb 2.0 A Lightning Acodado - Cable Usb Tipo C A Lightning De Carga - Mfi - Para Iphone - Mod. + Env\u00edo a domicilio + Pago seguro + Garant\u00eda","robots":{"index":"index","follow":"follow","max-snippet":"max-snippet:-1","max-image-preview":"max-image-preview:large","max-video-preview":"max-video-preview:-1"},"canonical":"https:\/\/compuviper.mx\/tienda\/producto\/startech-com-rusb2cltmm2mr-cable-de-2m-usb-c-a-lightning-cable-usb-2-0-a-lightning-acodado-cable-usb-tipo-c-a-lightning-de-carga-mfi-para-iphone-mod\/","og_locale":"es_MX","og_type":"article","og_title":"[ Startech.com ] &#129351; Rusb2cltmm2mr Cable De 2m Usb-c A Lightning - Cable Usb 2.0 A Lightning Acodado - Cable Usb Tipo C A Lightning De Carga - Mfi - Para Iphone - Mod.","og_description":"Compra Rusb2cltmm2mr Cable De 2m Usb-c A Lightning - Cable Usb 2.0 A Lightning Acodado - Cable Usb Tipo C A Lightning De Carga - Mfi - Para Iphone - Mod. + Env\u00edo a domicilio + Pago seguro + Garant\u00eda","og_url":"https:\/\/compuviper.mx\/tienda\/producto\/startech-com-rusb2cltmm2mr-cable-de-2m-usb-c-a-lightning-cable-usb-2-0-a-lightning-acodado-cable-usb-tipo-c-a-lightning-de-carga-mfi-para-iphone-mod\/","og_site_name":"Compuviper","article_publisher":"https:\/\/www.facebook.com\/compuviper","article_modified_time":"2026-04-02T05:43:29+00:00","og_image":[{"width":200,"height":200,"url":"https:\/\/compuviper.mx\/tienda\/wp-content\/uploads\/2023\/12\/Cable-de-2m-usb-c-a-lightning-cable-usb-2.0-a-lightning-acodado-cable-usb-tipo-c-a-lightning-de-carga-mfi-para-iphone-startech.com-mod.-rusb2cltmm2mr.jpg","type":"image\/jpeg"}],"twitter_card":"summary_large_image","twitter_misc":{"Precio":"&#36;387 con IVA","Availability":"In stock"},"schema":{"@context":"https:\/\/schema.org","@graph":[{"@type":"WebPage","@id":"https:\/\/compuviper.mx\/tienda\/producto\/startech-com-rusb2cltmm2mr-cable-de-2m-usb-c-a-lightning-cable-usb-2-0-a-lightning-acodado-cable-usb-tipo-c-a-lightning-de-carga-mfi-para-iphone-mod\/","url":"https:\/\/compuviper.mx\/tienda\/producto\/startech-com-rusb2cltmm2mr-cable-de-2m-usb-c-a-lightning-cable-usb-2-0-a-lightning-acodado-cable-usb-tipo-c-a-lightning-de-carga-mfi-para-iphone-mod\/","name":"[ Startech.com ] &#129351; Rusb2cltmm2mr Cable De 2m Usb-c A Lightning - Cable Usb 2.0 A Lightning Acodado - Cable Usb Tipo C A Lightning De Carga - Mfi - Para Iphone - Mod.","isPartOf":{"@id":"https:\/\/compuviper.mx\/tienda\/#website"},"datePublished":"2026-04-02T05:43:28+00:00","dateModified":"2026-04-02T05:43:29+00:00","description":"Compra Rusb2cltmm2mr Cable De 2m Usb-c A Lightning - Cable Usb 2.0 A Lightning Acodado - Cable Usb Tipo C A Lightning De Carga - Mfi - Para Iphone - Mod. + Env\u00edo a domicilio + Pago seguro + Garant\u00eda","breadcrumb":{"@id":"https:\/\/compuviper.mx\/tienda\/producto\/startech-com-rusb2cltmm2mr-cable-de-2m-usb-c-a-lightning-cable-usb-2-0-a-lightning-acodado-cable-usb-tipo-c-a-lightning-de-carga-mfi-para-iphone-mod\/#breadcrumb"},"inLanguage":"es-MX","potentialAction":[{"@type":"ReadAction","target":["https:\/\/compuviper.mx\/tienda\/producto\/startech-com-rusb2cltmm2mr-cable-de-2m-usb-c-a-lightning-cable-usb-2-0-a-lightning-acodado-cable-usb-tipo-c-a-lightning-de-carga-mfi-para-iphone-mod\/"]}]},{"@type":"BreadcrumbList","@id":"https:\/\/compuviper.mx\/tienda\/producto\/startech-com-rusb2cltmm2mr-cable-de-2m-usb-c-a-lightning-cable-usb-2-0-a-lightning-acodado-cable-usb-tipo-c-a-lightning-de-carga-mfi-para-iphone-mod\/#breadcrumb","itemListElement":[{"@type":"ListItem","position":1,"name":"Inicio","item":"https:\/\/compuviper.mx\/tienda\/"},{"@type":"ListItem","position":2,"name":"Productos","item":"https:\/\/compuviper.mx\/tienda\/productos\/"},{"@type":"ListItem","position":3,"name":"Cables","item":"https:\/\/compuviper.mx\/tienda\/categoria-producto\/cables\/"},{"@type":"ListItem","position":4,"name":"Cable Usb","item":"https:\/\/compuviper.mx\/tienda\/categoria-producto\/cables\/cable-usb\/"},{"@type":"ListItem","position":5,"name":"Startech.com Rusb2cltmm2mr Cable De 2m Usb-c A Lightning &#8211; Cable Usb 2.0 A Lightning Acodado &#8211; Cable Usb Tipo C A Lightning De Carga &#8211; Mfi &#8211; Para Iphone &#8211; Mod."}]},{"@type":"WebSite","@id":"https:\/\/compuviper.mx\/tienda\/#website","url":"https:\/\/compuviper.mx\/tienda\/","name":"Compuviper","description":"Proveedor de Computadoras, Laptops, Servidores, Monitores, Puntos de Venta, Teclados,   Impresoras, T\u00f3ner, C\u00e1maras de Seguridad y m\u00e1s en tu tienda en l\u00ednea","publisher":{"@id":"https:\/\/compuviper.mx\/tienda\/#organization"},"potentialAction":[{"@type":"SearchAction","target":{"@type":"EntryPoint","urlTemplate":"https:\/\/compuviper.mx\/tienda\/?s={search_term_string}"},"query-input":"required name=search_term_string"}],"inLanguage":"es-MX"},{"@type":"Organization","@id":"https:\/\/compuviper.mx\/tienda\/#organization","name":"Compuviper","url":"https:\/\/compuviper.mx\/tienda\/","logo":{"@type":"ImageObject","inLanguage":"es-MX","@id":"https:\/\/compuviper.mx\/tienda\/#\/schema\/logo\/image\/","url":"https:\/\/compuviper.mx\/tienda\/wp-content\/uploads\/2021\/08\/Logo-Compuviper-10.png","contentUrl":"https:\/\/compuviper.mx\/tienda\/wp-content\/uploads\/2021\/08\/Logo-Compuviper-10.png","width":1000,"height":500,"caption":"Compuviper"},"image":{"@id":"https:\/\/compuviper.mx\/tienda\/#\/schema\/logo\/image\/"},"sameAs":["https:\/\/www.facebook.com\/compuviper","https:\/\/www.youtube.com\/channel\/UCf73dERp9Y3cfOq7q8BhLjA?view_as=subscriber"]}]},"product_brand":"STARTECH.COM","product_price_amount":"387","product_price_currency":"MXN","og_availability":"instock","product_availability":"instock","product_retailer_item_id":"RUSB2CLTMM2MR","product_condition":"new"},"_links":{"self":[{"href":"https:\/\/compuviper.mx\/tienda\/wp-json\/wp\/v2\/product\/214330"}],"collection":[{"href":"https:\/\/compuviper.mx\/tienda\/wp-json\/wp\/v2\/product"}],"about":[{"href":"https:\/\/compuviper.mx\/tienda\/wp-json\/wp\/v2\/types\/product"}],"replies":[{"embeddable":true,"href":"https:\/\/compuviper.mx\/tienda\/wp-json\/wp\/v2\/comments?post=214330"}],"wp:featuredmedia":[{"embeddable":true,"href":"https:\/\/compuviper.mx\/tienda\/wp-json\/wp\/v2\/media\/214331"}],"wp:attachment":[{"href":"https:\/\/compuviper.mx\/tienda\/wp-json\/wp\/v2\/media?parent=214330"}],"wp:term":[{"taxonomy":"product_cat","embeddable":true,"href":"https:\/\/compuviper.mx\/tienda\/wp-json\/wp\/v2\/product_cat?post=214330"},{"taxonomy":"product_tag","embeddable":true,"href":"https:\/\/compuviper.mx\/tienda\/wp-json\/wp\/v2\/product_tag?post=214330"}],"curies":[{"name":"wp","href":"https:\/\/api.w.org\/{rel}","templated":true}]}}