{"id":214174,"date":"2026-04-07T23:46:21","date_gmt":"2026-04-08T05:46:21","guid":{"rendered":"https:\/\/compuviper.mx\/tienda\/producto\/startech-com-n6pat1grs-cable-de-30cm-de-red-ethernet-cat6-delgado-sin-enganches-cable-de-red-snagless-gris-mod\/"},"modified":"2026-04-07T23:46:22","modified_gmt":"2026-04-08T05:46:22","slug":"startech-com-n6pat1grs-cable-de-30cm-de-red-ethernet-cat6-delgado-sin-enganches-cable-de-red-snagless-gris-mod","status":"publish","type":"product","link":"https:\/\/compuviper.mx\/tienda\/producto\/startech-com-n6pat1grs-cable-de-30cm-de-red-ethernet-cat6-delgado-sin-enganches-cable-de-red-snagless-gris-mod\/","title":{"rendered":"Startech.com N6pat1grs Cable De 30cm De Red Ethernet Cat6 Delgado Sin Enganches &#8211; Cable De Red Snagless &#8211; Gris &#8211;  Mod."},"content":{"rendered":"<table class=\"descripcion\">\n<tr>\n<td>Conector b: 1 rj-45<\/td>\n<\/tr>\n<tr>\n<td>Cantidad de conductores: 4 pair utp<\/td>\n<\/tr>\n<tr>\n<td>Peso del producto: 10.000 g<\/td>\n<\/tr>\n<tr>\n<td>Clasificacion de cables: cat6 &#8211; 250 mhz<\/td>\n<\/tr>\n<tr>\n<td>Estandar de cableado: tia\/eia-568-b.1-2001 t568b<\/td>\n<\/tr>\n<tr>\n<td>Calibre del conductor: 28 awg<\/td>\n<\/tr>\n<tr>\n<td>Ancho del producto: 12.000 mm<\/td>\n<\/tr>\n<tr>\n<td>Color: gris<\/td>\n<\/tr>\n<tr>\n<td>Altura del producto: 10.000 mm<\/td>\n<\/tr>\n<tr>\n<td>Conector a: 1 rj-45<\/td>\n<\/tr>\n<tr>\n<td>Longitud del cable: 304.8 mm<\/td>\n<\/tr>\n<tr>\n<td>Longitud del producto: 304.800 mm<\/td>\n<\/tr>\n<tr>\n<td>Tipo de conductor: cobre trenzado<\/td>\n<\/tr>\n<tr>\n<td>Revestimiento del conector: oro<\/td>\n<\/tr>\n<tr>\n<td>Cable tipo jacket: aloh3 aluminium hydroxide, eva ethylene-vinyl acetate copolymer<\/td>\n<\/tr>\n<tr>\n<td>Grado de inflamabilidad: recubrimiento lszh poco humo, cero halogenos<\/td>\n<\/tr>\n<tr>\n<td>Tipo de cable: libre de enganches<\/td>\n<\/tr>\n<\/table>\n","protected":false},"excerpt":{"rendered":"<p>Este\u00a0cable cat6 delgado se\u00a0ajusta a todas las especificaciones de cable de red cat6, a fin de\u00a0ofrecer\u00a0conexiones de\u00a0red gigabit confiables en aplicaciones de centros de datos con alta densidad de datos. Su diseno es 36 mas delgado que los cables de red convencionales, lo cual permite mayor flujo de aire y disipacion de calor en espacios estrechos. Tambien es mas flexible que los cables ethernet convencionales, por lo cual resulta mas facil instalar el cableado en racks de redes con muchos cables. Incluye conectores a prueba de enganche snagless que protegen los clips rj45 durante la instalacion, lo cual evita enganches o danos cuando se tire de ellos a traves de espacios estrechos.\u00a0este cable de red cat6 se ha sometido a pruebas, a fin de ajustarse a los requisitos de la norma ansi\/tia 568 c.2 category 6, lo cual garantiza una conexion confiable con su equipo de red. Con certificacion lszh, poco humo, cero halogeno de categoria de incendio, garantiza una conexion segura.<\/p>\n","protected":false},"featured_media":214175,"comment_status":"open","ping_status":"open","template":"","meta":[],"product_cat":[1549,1602],"product_tag":[1590],"acf":[],"yoast_head":"<!-- This site is optimized with the Yoast SEO plugin v21.7 - https:\/\/yoast.com\/wordpress\/plugins\/seo\/ -->\n<title>[ Startech.com ] &#129351; N6pat1grs Cable De 30cm De Red Ethernet Cat6 Delgado Sin Enganches - Cable De Red Snagless - Gris - Mod.<\/title>\n<meta name=\"description\" content=\"Compra N6pat1grs Cable De 30cm De Red Ethernet Cat6 Delgado Sin Enganches - Cable De Red Snagless - Gris - Mod. + Env\u00edo a domicilio + Pago seguro + Garant\u00eda\" \/>\n<meta name=\"robots\" content=\"index, follow, max-snippet:-1, max-image-preview:large, max-video-preview:-1\" \/>\n<link rel=\"canonical\" href=\"https:\/\/compuviper.mx\/tienda\/producto\/startech-com-n6pat1grs-cable-de-30cm-de-red-ethernet-cat6-delgado-sin-enganches-cable-de-red-snagless-gris-mod\/\" \/>\n<meta property=\"og:locale\" content=\"es_MX\" \/>\n<meta property=\"og:type\" content=\"article\" \/>\n<meta property=\"og:title\" content=\"[ Startech.com ] &#129351; N6pat1grs Cable De 30cm De Red Ethernet Cat6 Delgado Sin Enganches - Cable De Red Snagless - Gris - Mod.\" \/>\n<meta property=\"og:description\" content=\"Compra N6pat1grs Cable De 30cm De Red Ethernet Cat6 Delgado Sin Enganches - Cable De Red Snagless - Gris - Mod. + Env\u00edo a domicilio + Pago seguro + Garant\u00eda\" \/>\n<meta property=\"og:url\" content=\"https:\/\/compuviper.mx\/tienda\/producto\/startech-com-n6pat1grs-cable-de-30cm-de-red-ethernet-cat6-delgado-sin-enganches-cable-de-red-snagless-gris-mod\/\" \/>\n<meta property=\"og:site_name\" content=\"Compuviper\" \/>\n<meta property=\"article:publisher\" content=\"https:\/\/www.facebook.com\/compuviper\" \/>\n<meta property=\"article:modified_time\" content=\"2026-04-08T05:46:22+00:00\" \/>\n<meta property=\"og:image\" content=\"https:\/\/compuviper.mx\/tienda\/wp-content\/uploads\/2023\/12\/Cable-de-30cm-de-red-ethernet-cat6-delgado-sin-enganches-cable-de-red-snagless-gris-startech.com-mod.-n6pat1grs.jpg\" \/>\n\t<meta property=\"og:image:width\" content=\"200\" \/>\n\t<meta property=\"og:image:height\" content=\"200\" \/>\n\t<meta property=\"og:image:type\" content=\"image\/jpeg\" \/>\n<meta name=\"twitter:card\" content=\"summary_large_image\" \/>\n<meta name=\"twitter:label1\" content=\"Precio\" \/>\n\t<meta name=\"twitter:data1\" content=\"&#36;66 con IVA\" \/>\n\t<meta name=\"twitter:label2\" content=\"Availability\" \/>\n\t<meta name=\"twitter:data2\" content=\"Out of stock\" \/>\n<script type=\"application\/ld+json\" class=\"yoast-schema-graph\">{\"@context\":\"https:\/\/schema.org\",\"@graph\":[{\"@type\":\"WebPage\",\"@id\":\"https:\/\/compuviper.mx\/tienda\/producto\/startech-com-n6pat1grs-cable-de-30cm-de-red-ethernet-cat6-delgado-sin-enganches-cable-de-red-snagless-gris-mod\/\",\"url\":\"https:\/\/compuviper.mx\/tienda\/producto\/startech-com-n6pat1grs-cable-de-30cm-de-red-ethernet-cat6-delgado-sin-enganches-cable-de-red-snagless-gris-mod\/\",\"name\":\"[ Startech.com ] &#129351; N6pat1grs Cable De 30cm De Red Ethernet Cat6 Delgado Sin Enganches - Cable De Red Snagless - Gris - Mod.\",\"isPartOf\":{\"@id\":\"https:\/\/compuviper.mx\/tienda\/#website\"},\"datePublished\":\"2026-04-08T05:46:21+00:00\",\"dateModified\":\"2026-04-08T05:46:22+00:00\",\"description\":\"Compra N6pat1grs Cable De 30cm De Red Ethernet Cat6 Delgado Sin Enganches - Cable De Red Snagless - Gris - Mod. + Env\u00edo a domicilio + Pago seguro + Garant\u00eda\",\"breadcrumb\":{\"@id\":\"https:\/\/compuviper.mx\/tienda\/producto\/startech-com-n6pat1grs-cable-de-30cm-de-red-ethernet-cat6-delgado-sin-enganches-cable-de-red-snagless-gris-mod\/#breadcrumb\"},\"inLanguage\":\"es-MX\",\"potentialAction\":[{\"@type\":\"ReadAction\",\"target\":[\"https:\/\/compuviper.mx\/tienda\/producto\/startech-com-n6pat1grs-cable-de-30cm-de-red-ethernet-cat6-delgado-sin-enganches-cable-de-red-snagless-gris-mod\/\"]}]},{\"@type\":\"BreadcrumbList\",\"@id\":\"https:\/\/compuviper.mx\/tienda\/producto\/startech-com-n6pat1grs-cable-de-30cm-de-red-ethernet-cat6-delgado-sin-enganches-cable-de-red-snagless-gris-mod\/#breadcrumb\",\"itemListElement\":[{\"@type\":\"ListItem\",\"position\":1,\"name\":\"Inicio\",\"item\":\"https:\/\/compuviper.mx\/tienda\/\"},{\"@type\":\"ListItem\",\"position\":2,\"name\":\"Productos\",\"item\":\"https:\/\/compuviper.mx\/tienda\/productos\/\"},{\"@type\":\"ListItem\",\"position\":3,\"name\":\"Cables\",\"item\":\"https:\/\/compuviper.mx\/tienda\/categoria-producto\/cables\/\"},{\"@type\":\"ListItem\",\"position\":4,\"name\":\"Cable De Red\",\"item\":\"https:\/\/compuviper.mx\/tienda\/categoria-producto\/cables\/cable-de-red\/\"},{\"@type\":\"ListItem\",\"position\":5,\"name\":\"Startech.com N6pat1grs Cable De 30cm De Red Ethernet Cat6 Delgado Sin Enganches &#8211; Cable De Red Snagless &#8211; Gris &#8211; Mod.\"}]},{\"@type\":\"WebSite\",\"@id\":\"https:\/\/compuviper.mx\/tienda\/#website\",\"url\":\"https:\/\/compuviper.mx\/tienda\/\",\"name\":\"Compuviper\",\"description\":\"Proveedor de Computadoras, Laptops, Servidores, Monitores, Puntos de Venta, Teclados,   Impresoras, T\u00f3ner, C\u00e1maras de Seguridad y m\u00e1s en tu tienda en l\u00ednea\",\"publisher\":{\"@id\":\"https:\/\/compuviper.mx\/tienda\/#organization\"},\"potentialAction\":[{\"@type\":\"SearchAction\",\"target\":{\"@type\":\"EntryPoint\",\"urlTemplate\":\"https:\/\/compuviper.mx\/tienda\/?s={search_term_string}\"},\"query-input\":\"required name=search_term_string\"}],\"inLanguage\":\"es-MX\"},{\"@type\":\"Organization\",\"@id\":\"https:\/\/compuviper.mx\/tienda\/#organization\",\"name\":\"Compuviper\",\"url\":\"https:\/\/compuviper.mx\/tienda\/\",\"logo\":{\"@type\":\"ImageObject\",\"inLanguage\":\"es-MX\",\"@id\":\"https:\/\/compuviper.mx\/tienda\/#\/schema\/logo\/image\/\",\"url\":\"https:\/\/compuviper.mx\/tienda\/wp-content\/uploads\/2021\/08\/Logo-Compuviper-10.png\",\"contentUrl\":\"https:\/\/compuviper.mx\/tienda\/wp-content\/uploads\/2021\/08\/Logo-Compuviper-10.png\",\"width\":1000,\"height\":500,\"caption\":\"Compuviper\"},\"image\":{\"@id\":\"https:\/\/compuviper.mx\/tienda\/#\/schema\/logo\/image\/\"},\"sameAs\":[\"https:\/\/www.facebook.com\/compuviper\",\"https:\/\/www.youtube.com\/channel\/UCf73dERp9Y3cfOq7q8BhLjA?view_as=subscriber\"]}]}<\/script>\n<meta property=\"product:brand\" content=\"STARTECH.COM\" \/>\n<meta property=\"product:price:amount\" content=\"66\" \/>\n<meta property=\"product:price:currency\" content=\"MXN\" \/>\n<meta property=\"og:availability\" content=\"out of stock\" \/>\n<meta property=\"product:availability\" content=\"out of stock\" \/>\n<meta property=\"product:retailer_item_id\" content=\"N6PAT1GRS\" \/>\n<meta property=\"product:condition\" content=\"new\" \/>\n<!-- \/ Yoast SEO plugin. -->","yoast_head_json":{"title":"[ Startech.com ] &#129351; N6pat1grs Cable De 30cm De Red Ethernet Cat6 Delgado Sin Enganches - Cable De Red Snagless - Gris - Mod.","description":"Compra N6pat1grs Cable De 30cm De Red Ethernet Cat6 Delgado Sin Enganches - Cable De Red Snagless - Gris - Mod. + Env\u00edo a domicilio + Pago seguro + Garant\u00eda","robots":{"index":"index","follow":"follow","max-snippet":"max-snippet:-1","max-image-preview":"max-image-preview:large","max-video-preview":"max-video-preview:-1"},"canonical":"https:\/\/compuviper.mx\/tienda\/producto\/startech-com-n6pat1grs-cable-de-30cm-de-red-ethernet-cat6-delgado-sin-enganches-cable-de-red-snagless-gris-mod\/","og_locale":"es_MX","og_type":"article","og_title":"[ Startech.com ] &#129351; N6pat1grs Cable De 30cm De Red Ethernet Cat6 Delgado Sin Enganches - Cable De Red Snagless - Gris - Mod.","og_description":"Compra N6pat1grs Cable De 30cm De Red Ethernet Cat6 Delgado Sin Enganches - Cable De Red Snagless - Gris - Mod. + Env\u00edo a domicilio + Pago seguro + Garant\u00eda","og_url":"https:\/\/compuviper.mx\/tienda\/producto\/startech-com-n6pat1grs-cable-de-30cm-de-red-ethernet-cat6-delgado-sin-enganches-cable-de-red-snagless-gris-mod\/","og_site_name":"Compuviper","article_publisher":"https:\/\/www.facebook.com\/compuviper","article_modified_time":"2026-04-08T05:46:22+00:00","og_image":[{"width":200,"height":200,"url":"https:\/\/compuviper.mx\/tienda\/wp-content\/uploads\/2023\/12\/Cable-de-30cm-de-red-ethernet-cat6-delgado-sin-enganches-cable-de-red-snagless-gris-startech.com-mod.-n6pat1grs.jpg","type":"image\/jpeg"}],"twitter_card":"summary_large_image","twitter_misc":{"Precio":"&#36;66 con IVA","Availability":"Out of stock"},"schema":{"@context":"https:\/\/schema.org","@graph":[{"@type":"WebPage","@id":"https:\/\/compuviper.mx\/tienda\/producto\/startech-com-n6pat1grs-cable-de-30cm-de-red-ethernet-cat6-delgado-sin-enganches-cable-de-red-snagless-gris-mod\/","url":"https:\/\/compuviper.mx\/tienda\/producto\/startech-com-n6pat1grs-cable-de-30cm-de-red-ethernet-cat6-delgado-sin-enganches-cable-de-red-snagless-gris-mod\/","name":"[ Startech.com ] &#129351; N6pat1grs Cable De 30cm De Red Ethernet Cat6 Delgado Sin Enganches - Cable De Red Snagless - Gris - Mod.","isPartOf":{"@id":"https:\/\/compuviper.mx\/tienda\/#website"},"datePublished":"2026-04-08T05:46:21+00:00","dateModified":"2026-04-08T05:46:22+00:00","description":"Compra N6pat1grs Cable De 30cm De Red Ethernet Cat6 Delgado Sin Enganches - Cable De Red Snagless - Gris - Mod. + Env\u00edo a domicilio + Pago seguro + Garant\u00eda","breadcrumb":{"@id":"https:\/\/compuviper.mx\/tienda\/producto\/startech-com-n6pat1grs-cable-de-30cm-de-red-ethernet-cat6-delgado-sin-enganches-cable-de-red-snagless-gris-mod\/#breadcrumb"},"inLanguage":"es-MX","potentialAction":[{"@type":"ReadAction","target":["https:\/\/compuviper.mx\/tienda\/producto\/startech-com-n6pat1grs-cable-de-30cm-de-red-ethernet-cat6-delgado-sin-enganches-cable-de-red-snagless-gris-mod\/"]}]},{"@type":"BreadcrumbList","@id":"https:\/\/compuviper.mx\/tienda\/producto\/startech-com-n6pat1grs-cable-de-30cm-de-red-ethernet-cat6-delgado-sin-enganches-cable-de-red-snagless-gris-mod\/#breadcrumb","itemListElement":[{"@type":"ListItem","position":1,"name":"Inicio","item":"https:\/\/compuviper.mx\/tienda\/"},{"@type":"ListItem","position":2,"name":"Productos","item":"https:\/\/compuviper.mx\/tienda\/productos\/"},{"@type":"ListItem","position":3,"name":"Cables","item":"https:\/\/compuviper.mx\/tienda\/categoria-producto\/cables\/"},{"@type":"ListItem","position":4,"name":"Cable De Red","item":"https:\/\/compuviper.mx\/tienda\/categoria-producto\/cables\/cable-de-red\/"},{"@type":"ListItem","position":5,"name":"Startech.com N6pat1grs Cable De 30cm De Red Ethernet Cat6 Delgado Sin Enganches &#8211; Cable De Red Snagless &#8211; Gris &#8211; Mod."}]},{"@type":"WebSite","@id":"https:\/\/compuviper.mx\/tienda\/#website","url":"https:\/\/compuviper.mx\/tienda\/","name":"Compuviper","description":"Proveedor de Computadoras, Laptops, Servidores, Monitores, Puntos de Venta, Teclados,   Impresoras, T\u00f3ner, C\u00e1maras de Seguridad y m\u00e1s en tu tienda en l\u00ednea","publisher":{"@id":"https:\/\/compuviper.mx\/tienda\/#organization"},"potentialAction":[{"@type":"SearchAction","target":{"@type":"EntryPoint","urlTemplate":"https:\/\/compuviper.mx\/tienda\/?s={search_term_string}"},"query-input":"required name=search_term_string"}],"inLanguage":"es-MX"},{"@type":"Organization","@id":"https:\/\/compuviper.mx\/tienda\/#organization","name":"Compuviper","url":"https:\/\/compuviper.mx\/tienda\/","logo":{"@type":"ImageObject","inLanguage":"es-MX","@id":"https:\/\/compuviper.mx\/tienda\/#\/schema\/logo\/image\/","url":"https:\/\/compuviper.mx\/tienda\/wp-content\/uploads\/2021\/08\/Logo-Compuviper-10.png","contentUrl":"https:\/\/compuviper.mx\/tienda\/wp-content\/uploads\/2021\/08\/Logo-Compuviper-10.png","width":1000,"height":500,"caption":"Compuviper"},"image":{"@id":"https:\/\/compuviper.mx\/tienda\/#\/schema\/logo\/image\/"},"sameAs":["https:\/\/www.facebook.com\/compuviper","https:\/\/www.youtube.com\/channel\/UCf73dERp9Y3cfOq7q8BhLjA?view_as=subscriber"]}]},"product_brand":"STARTECH.COM","product_price_amount":"66","product_price_currency":"MXN","og_availability":"out of stock","product_availability":"out of stock","product_retailer_item_id":"N6PAT1GRS","product_condition":"new"},"_links":{"self":[{"href":"https:\/\/compuviper.mx\/tienda\/wp-json\/wp\/v2\/product\/214174"}],"collection":[{"href":"https:\/\/compuviper.mx\/tienda\/wp-json\/wp\/v2\/product"}],"about":[{"href":"https:\/\/compuviper.mx\/tienda\/wp-json\/wp\/v2\/types\/product"}],"replies":[{"embeddable":true,"href":"https:\/\/compuviper.mx\/tienda\/wp-json\/wp\/v2\/comments?post=214174"}],"wp:featuredmedia":[{"embeddable":true,"href":"https:\/\/compuviper.mx\/tienda\/wp-json\/wp\/v2\/media\/214175"}],"wp:attachment":[{"href":"https:\/\/compuviper.mx\/tienda\/wp-json\/wp\/v2\/media?parent=214174"}],"wp:term":[{"taxonomy":"product_cat","embeddable":true,"href":"https:\/\/compuviper.mx\/tienda\/wp-json\/wp\/v2\/product_cat?post=214174"},{"taxonomy":"product_tag","embeddable":true,"href":"https:\/\/compuviper.mx\/tienda\/wp-json\/wp\/v2\/product_tag?post=214174"}],"curies":[{"name":"wp","href":"https:\/\/api.w.org\/{rel}","templated":true}]}}