{"id":213926,"date":"2026-04-17T23:46:18","date_gmt":"2026-04-18T05:46:18","guid":{"rendered":"https:\/\/compuviper.mx\/tienda\/producto\/manhattan-355957-cable-hdmi-2-1-textil-m-m-3-0m-8k60hz\/"},"modified":"2026-04-17T23:46:19","modified_gmt":"2026-04-18T05:46:19","slug":"manhattan-355957-cable-hdmi-2-1-textil-m-m-3-0m-8k60hz","status":"publish","type":"product","link":"https:\/\/compuviper.mx\/tienda\/producto\/manhattan-355957-cable-hdmi-2-1-textil-m-m-3-0m-8k60hz\/","title":{"rendered":"Manhattan 355957 Cable Hdmi.,, 2.1 Textil M-m  3.0m, 8k@60hz,"},"content":{"rendered":"<table class=\"descripcion\">\n<tr>\n<td>Cable hdmi certificado de ultra alta velocidad con<\/td>\n<\/tr>\n<tr>\n<td>8k a 60 hz preparado para futuras aplicaciones 2.1<\/td>\n<\/tr>\n<tr>\n<td>Para av y videojuegos de alta gama<\/td>\n<\/tr>\n<tr>\n<td>El est\u00e1ndar superior hdmi de ultra alta velocidad de este cable hdmi de<\/td>\n<\/tr>\n<tr>\n<td>Manhattan lo prepara para la pr\u00f3xima generaci\u00f3n de desaf\u00edos gr\u00e1ficos en audio<\/td>\n<\/tr>\n<tr>\n<td>\/ video, juegos, se\u00f1alizaci\u00f3n digital y otras aplicaciones de alta gama.<\/td>\n<\/tr>\n<tr>\n<td>Colores y contraste brillantes con dynamic hdr y dolby<\/td>\n<\/tr>\n<tr>\n<td>Vision<\/td>\n<\/tr>\n<\/table>\n","protected":false},"excerpt":{"rendered":"<p>Features. Cable hdmi de ultra alta velocidad, certificado y con licencia oficial. Cuenta con funciones de vanguardia y preparadas para futuras. Aplicaciones de audio y video, as\u00ed como de videojuegos de alta gama. Admite resoluciones de 8k@60hz, 4k@120hz, 1440p@144hz. (uwqhd), 1440p@165hz (wqhd) y 1080p@240hz. Hdr din\u00e1mico para un contraste superior y colores brillantes. Compatible con dolby vision\u0099 y dolby atmos?. Contactos chapados en oro para conexiones libres de corrosi\u00f3n. Doble blindaje de l\u00e1mina y trenza para reducir la emi y otras fuentes de. Interferencia. Ancho de banda de hasta 48 gbps. Compatible con deep color (color profundo) de 36 bits (12 bits por. Canal), submuestreo de croma 4:4:4. Dise\u00f1o de cable con cubierta tejida, resistente a enredos. Canal de retorno de audio mejorado (earc) para permitir que el audio. Del televisor se transmita a trav\u00e9s de su sistema de audio sin un cable. De audio separado. Earc que admite los formatos de audio m\u00e1s avanzados y la m\u00e1s alta. Calidad de audio (compatibilidad total solo con productos hdmi 2.1. Hdmi consumer electronics control (cec) para poder utilizar un control. Remoto con todos los dispositivos hdmi compatibles. Hdmi ethernet channel (hec) para a\u00f1adir conectividad de red a un. Enlace hdmi sin necesidad de un cable ethernet independiente. Las caracter\u00edsticas mejoradas incluyen frecuencia de actualizaci\u00f3n. Variable (vrr), cambio r\u00e1pido de medios (qms), transporte r\u00e1pido de. Cuadros (qft) y modo autom\u00e1tico de baja latencia (allm. Compatible con todos los dispositivos hdmi: televisores, proyectores. Monitores, port\u00e1tiles, pc, receptores av, cajas de transmisi\u00f3n, consolas. De juegos, playstation\u00ae (ps4\/ps5), xbox\u00ae (one\/series s\/series x). Reproductores de blu-ray y mucho m\u00e1s. Compatible con hdcp 2.3. Audio de 32 canales sin comprimir. Generalidades. \u0095 resoluci\u00f3n m\u00e1xima: 8k a 60 hz (7680 x 4320. \u0095 m\u00e1ximo ancho de banda: 48 gbps. \u0095 compatible con hdcp 2.3, cec, hdr10, earc, vrr, qms, qft y allm<\/p>\n","protected":false},"featured_media":213927,"comment_status":"open","ping_status":"open","template":"","meta":[],"product_cat":[1549,1550],"product_tag":[1487],"acf":[],"yoast_head":"<!-- This site is optimized with the Yoast SEO plugin v21.7 - https:\/\/yoast.com\/wordpress\/plugins\/seo\/ -->\n<title>[ Manhattan ] &#129351; 355957 Cable Hdmi.,, 2.1 Textil M-m 3.0m, 8k@60hz,<\/title>\n<meta name=\"description\" content=\"Compra 355957 Cable Hdmi.,, 2.1 Textil M-m 3.0m, 8k@60hz, + Env\u00edo a domicilio + Pago seguro + Garant\u00eda\" \/>\n<meta name=\"robots\" content=\"index, follow, max-snippet:-1, max-image-preview:large, max-video-preview:-1\" \/>\n<link rel=\"canonical\" href=\"https:\/\/compuviper.mx\/tienda\/producto\/manhattan-355957-cable-hdmi-2-1-textil-m-m-3-0m-8k60hz\/\" \/>\n<meta property=\"og:locale\" content=\"es_MX\" \/>\n<meta property=\"og:type\" content=\"article\" \/>\n<meta property=\"og:title\" content=\"[ Manhattan ] &#129351; 355957 Cable Hdmi.,, 2.1 Textil M-m 3.0m, 8k@60hz,\" \/>\n<meta property=\"og:description\" content=\"Compra 355957 Cable Hdmi.,, 2.1 Textil M-m 3.0m, 8k@60hz, + Env\u00edo a domicilio + Pago seguro + Garant\u00eda\" \/>\n<meta property=\"og:url\" content=\"https:\/\/compuviper.mx\/tienda\/producto\/manhattan-355957-cable-hdmi-2-1-textil-m-m-3-0m-8k60hz\/\" \/>\n<meta property=\"og:site_name\" content=\"Compuviper\" \/>\n<meta property=\"article:publisher\" content=\"https:\/\/www.facebook.com\/compuviper\" \/>\n<meta property=\"article:modified_time\" content=\"2026-04-18T05:46:19+00:00\" \/>\n<meta property=\"og:image\" content=\"https:\/\/compuviper.mx\/tienda\/wp-content\/uploads\/2023\/12\/Cable-hdmi.manhattan355957-2.1-textil-m-m-3.0m-8k@60hz.jpg\" \/>\n\t<meta property=\"og:image:width\" content=\"200\" \/>\n\t<meta property=\"og:image:height\" content=\"200\" \/>\n\t<meta property=\"og:image:type\" content=\"image\/jpeg\" \/>\n<meta name=\"twitter:card\" content=\"summary_large_image\" \/>\n<meta name=\"twitter:label1\" content=\"Precio\" \/>\n\t<meta name=\"twitter:data1\" content=\"&#36;255 con IVA\" \/>\n\t<meta name=\"twitter:label2\" content=\"Availability\" \/>\n\t<meta name=\"twitter:data2\" content=\"In stock\" \/>\n<script type=\"application\/ld+json\" class=\"yoast-schema-graph\">{\"@context\":\"https:\/\/schema.org\",\"@graph\":[{\"@type\":\"WebPage\",\"@id\":\"https:\/\/compuviper.mx\/tienda\/producto\/manhattan-355957-cable-hdmi-2-1-textil-m-m-3-0m-8k60hz\/\",\"url\":\"https:\/\/compuviper.mx\/tienda\/producto\/manhattan-355957-cable-hdmi-2-1-textil-m-m-3-0m-8k60hz\/\",\"name\":\"[ Manhattan ] &#129351; 355957 Cable Hdmi.,, 2.1 Textil M-m 3.0m, 8k@60hz,\",\"isPartOf\":{\"@id\":\"https:\/\/compuviper.mx\/tienda\/#website\"},\"datePublished\":\"2026-04-18T05:46:18+00:00\",\"dateModified\":\"2026-04-18T05:46:19+00:00\",\"description\":\"Compra 355957 Cable Hdmi.,, 2.1 Textil M-m 3.0m, 8k@60hz, + Env\u00edo a domicilio + Pago seguro + Garant\u00eda\",\"breadcrumb\":{\"@id\":\"https:\/\/compuviper.mx\/tienda\/producto\/manhattan-355957-cable-hdmi-2-1-textil-m-m-3-0m-8k60hz\/#breadcrumb\"},\"inLanguage\":\"es-MX\",\"potentialAction\":[{\"@type\":\"ReadAction\",\"target\":[\"https:\/\/compuviper.mx\/tienda\/producto\/manhattan-355957-cable-hdmi-2-1-textil-m-m-3-0m-8k60hz\/\"]}]},{\"@type\":\"BreadcrumbList\",\"@id\":\"https:\/\/compuviper.mx\/tienda\/producto\/manhattan-355957-cable-hdmi-2-1-textil-m-m-3-0m-8k60hz\/#breadcrumb\",\"itemListElement\":[{\"@type\":\"ListItem\",\"position\":1,\"name\":\"Inicio\",\"item\":\"https:\/\/compuviper.mx\/tienda\/\"},{\"@type\":\"ListItem\",\"position\":2,\"name\":\"Productos\",\"item\":\"https:\/\/compuviper.mx\/tienda\/productos\/\"},{\"@type\":\"ListItem\",\"position\":3,\"name\":\"Cables\",\"item\":\"https:\/\/compuviper.mx\/tienda\/categoria-producto\/cables\/\"},{\"@type\":\"ListItem\",\"position\":4,\"name\":\"Cable De Video\",\"item\":\"https:\/\/compuviper.mx\/tienda\/categoria-producto\/cables\/cable-de-video\/\"},{\"@type\":\"ListItem\",\"position\":5,\"name\":\"Manhattan 355957 Cable Hdmi.,, 2.1 Textil M-m 3.0m, 8k@60hz,\"}]},{\"@type\":\"WebSite\",\"@id\":\"https:\/\/compuviper.mx\/tienda\/#website\",\"url\":\"https:\/\/compuviper.mx\/tienda\/\",\"name\":\"Compuviper\",\"description\":\"Proveedor de Computadoras, Laptops, Servidores, Monitores, Puntos de Venta, Teclados,   Impresoras, T\u00f3ner, C\u00e1maras de Seguridad y m\u00e1s en tu tienda en l\u00ednea\",\"publisher\":{\"@id\":\"https:\/\/compuviper.mx\/tienda\/#organization\"},\"potentialAction\":[{\"@type\":\"SearchAction\",\"target\":{\"@type\":\"EntryPoint\",\"urlTemplate\":\"https:\/\/compuviper.mx\/tienda\/?s={search_term_string}\"},\"query-input\":\"required name=search_term_string\"}],\"inLanguage\":\"es-MX\"},{\"@type\":\"Organization\",\"@id\":\"https:\/\/compuviper.mx\/tienda\/#organization\",\"name\":\"Compuviper\",\"url\":\"https:\/\/compuviper.mx\/tienda\/\",\"logo\":{\"@type\":\"ImageObject\",\"inLanguage\":\"es-MX\",\"@id\":\"https:\/\/compuviper.mx\/tienda\/#\/schema\/logo\/image\/\",\"url\":\"https:\/\/compuviper.mx\/tienda\/wp-content\/uploads\/2021\/08\/Logo-Compuviper-10.png\",\"contentUrl\":\"https:\/\/compuviper.mx\/tienda\/wp-content\/uploads\/2021\/08\/Logo-Compuviper-10.png\",\"width\":1000,\"height\":500,\"caption\":\"Compuviper\"},\"image\":{\"@id\":\"https:\/\/compuviper.mx\/tienda\/#\/schema\/logo\/image\/\"},\"sameAs\":[\"https:\/\/www.facebook.com\/compuviper\",\"https:\/\/www.youtube.com\/channel\/UCf73dERp9Y3cfOq7q8BhLjA?view_as=subscriber\"]}]}<\/script>\n<meta property=\"product:brand\" content=\"MANHATTAN\" \/>\n<meta property=\"product:price:amount\" content=\"255\" \/>\n<meta property=\"product:price:currency\" content=\"MXN\" \/>\n<meta property=\"og:availability\" content=\"instock\" \/>\n<meta property=\"product:availability\" content=\"instock\" \/>\n<meta property=\"product:retailer_item_id\" content=\"355957\" \/>\n<meta property=\"product:condition\" content=\"new\" \/>\n<!-- \/ Yoast SEO plugin. -->","yoast_head_json":{"title":"[ Manhattan ] &#129351; 355957 Cable Hdmi.,, 2.1 Textil M-m 3.0m, 8k@60hz,","description":"Compra 355957 Cable Hdmi.,, 2.1 Textil M-m 3.0m, 8k@60hz, + Env\u00edo a domicilio + Pago seguro + Garant\u00eda","robots":{"index":"index","follow":"follow","max-snippet":"max-snippet:-1","max-image-preview":"max-image-preview:large","max-video-preview":"max-video-preview:-1"},"canonical":"https:\/\/compuviper.mx\/tienda\/producto\/manhattan-355957-cable-hdmi-2-1-textil-m-m-3-0m-8k60hz\/","og_locale":"es_MX","og_type":"article","og_title":"[ Manhattan ] &#129351; 355957 Cable Hdmi.,, 2.1 Textil M-m 3.0m, 8k@60hz,","og_description":"Compra 355957 Cable Hdmi.,, 2.1 Textil M-m 3.0m, 8k@60hz, + Env\u00edo a domicilio + Pago seguro + Garant\u00eda","og_url":"https:\/\/compuviper.mx\/tienda\/producto\/manhattan-355957-cable-hdmi-2-1-textil-m-m-3-0m-8k60hz\/","og_site_name":"Compuviper","article_publisher":"https:\/\/www.facebook.com\/compuviper","article_modified_time":"2026-04-18T05:46:19+00:00","og_image":[{"width":200,"height":200,"url":"https:\/\/compuviper.mx\/tienda\/wp-content\/uploads\/2023\/12\/Cable-hdmi.manhattan355957-2.1-textil-m-m-3.0m-8k@60hz.jpg","type":"image\/jpeg"}],"twitter_card":"summary_large_image","twitter_misc":{"Precio":"&#36;255 con IVA","Availability":"In stock"},"schema":{"@context":"https:\/\/schema.org","@graph":[{"@type":"WebPage","@id":"https:\/\/compuviper.mx\/tienda\/producto\/manhattan-355957-cable-hdmi-2-1-textil-m-m-3-0m-8k60hz\/","url":"https:\/\/compuviper.mx\/tienda\/producto\/manhattan-355957-cable-hdmi-2-1-textil-m-m-3-0m-8k60hz\/","name":"[ Manhattan ] &#129351; 355957 Cable Hdmi.,, 2.1 Textil M-m 3.0m, 8k@60hz,","isPartOf":{"@id":"https:\/\/compuviper.mx\/tienda\/#website"},"datePublished":"2026-04-18T05:46:18+00:00","dateModified":"2026-04-18T05:46:19+00:00","description":"Compra 355957 Cable Hdmi.,, 2.1 Textil M-m 3.0m, 8k@60hz, + Env\u00edo a domicilio + Pago seguro + Garant\u00eda","breadcrumb":{"@id":"https:\/\/compuviper.mx\/tienda\/producto\/manhattan-355957-cable-hdmi-2-1-textil-m-m-3-0m-8k60hz\/#breadcrumb"},"inLanguage":"es-MX","potentialAction":[{"@type":"ReadAction","target":["https:\/\/compuviper.mx\/tienda\/producto\/manhattan-355957-cable-hdmi-2-1-textil-m-m-3-0m-8k60hz\/"]}]},{"@type":"BreadcrumbList","@id":"https:\/\/compuviper.mx\/tienda\/producto\/manhattan-355957-cable-hdmi-2-1-textil-m-m-3-0m-8k60hz\/#breadcrumb","itemListElement":[{"@type":"ListItem","position":1,"name":"Inicio","item":"https:\/\/compuviper.mx\/tienda\/"},{"@type":"ListItem","position":2,"name":"Productos","item":"https:\/\/compuviper.mx\/tienda\/productos\/"},{"@type":"ListItem","position":3,"name":"Cables","item":"https:\/\/compuviper.mx\/tienda\/categoria-producto\/cables\/"},{"@type":"ListItem","position":4,"name":"Cable De Video","item":"https:\/\/compuviper.mx\/tienda\/categoria-producto\/cables\/cable-de-video\/"},{"@type":"ListItem","position":5,"name":"Manhattan 355957 Cable Hdmi.,, 2.1 Textil M-m 3.0m, 8k@60hz,"}]},{"@type":"WebSite","@id":"https:\/\/compuviper.mx\/tienda\/#website","url":"https:\/\/compuviper.mx\/tienda\/","name":"Compuviper","description":"Proveedor de Computadoras, Laptops, Servidores, Monitores, Puntos de Venta, Teclados,   Impresoras, T\u00f3ner, C\u00e1maras de Seguridad y m\u00e1s en tu tienda en l\u00ednea","publisher":{"@id":"https:\/\/compuviper.mx\/tienda\/#organization"},"potentialAction":[{"@type":"SearchAction","target":{"@type":"EntryPoint","urlTemplate":"https:\/\/compuviper.mx\/tienda\/?s={search_term_string}"},"query-input":"required name=search_term_string"}],"inLanguage":"es-MX"},{"@type":"Organization","@id":"https:\/\/compuviper.mx\/tienda\/#organization","name":"Compuviper","url":"https:\/\/compuviper.mx\/tienda\/","logo":{"@type":"ImageObject","inLanguage":"es-MX","@id":"https:\/\/compuviper.mx\/tienda\/#\/schema\/logo\/image\/","url":"https:\/\/compuviper.mx\/tienda\/wp-content\/uploads\/2021\/08\/Logo-Compuviper-10.png","contentUrl":"https:\/\/compuviper.mx\/tienda\/wp-content\/uploads\/2021\/08\/Logo-Compuviper-10.png","width":1000,"height":500,"caption":"Compuviper"},"image":{"@id":"https:\/\/compuviper.mx\/tienda\/#\/schema\/logo\/image\/"},"sameAs":["https:\/\/www.facebook.com\/compuviper","https:\/\/www.youtube.com\/channel\/UCf73dERp9Y3cfOq7q8BhLjA?view_as=subscriber"]}]},"product_brand":"MANHATTAN","product_price_amount":"255","product_price_currency":"MXN","og_availability":"instock","product_availability":"instock","product_retailer_item_id":"355957","product_condition":"new"},"_links":{"self":[{"href":"https:\/\/compuviper.mx\/tienda\/wp-json\/wp\/v2\/product\/213926"}],"collection":[{"href":"https:\/\/compuviper.mx\/tienda\/wp-json\/wp\/v2\/product"}],"about":[{"href":"https:\/\/compuviper.mx\/tienda\/wp-json\/wp\/v2\/types\/product"}],"replies":[{"embeddable":true,"href":"https:\/\/compuviper.mx\/tienda\/wp-json\/wp\/v2\/comments?post=213926"}],"wp:featuredmedia":[{"embeddable":true,"href":"https:\/\/compuviper.mx\/tienda\/wp-json\/wp\/v2\/media\/213927"}],"wp:attachment":[{"href":"https:\/\/compuviper.mx\/tienda\/wp-json\/wp\/v2\/media?parent=213926"}],"wp:term":[{"taxonomy":"product_cat","embeddable":true,"href":"https:\/\/compuviper.mx\/tienda\/wp-json\/wp\/v2\/product_cat?post=213926"},{"taxonomy":"product_tag","embeddable":true,"href":"https:\/\/compuviper.mx\/tienda\/wp-json\/wp\/v2\/product_tag?post=213926"}],"curies":[{"name":"wp","href":"https:\/\/api.w.org\/{rel}","templated":true}]}}