{"id":213850,"date":"2026-04-01T23:42:09","date_gmt":"2026-04-02T05:42:09","guid":{"rendered":"https:\/\/compuviper.mx\/tienda\/producto\/dahua-outpcat6ccaext-cable-utp-saxxon-cca-de-305m-categoria-6-exterior-doble-forro-color-negro\/"},"modified":"2026-04-01T23:42:10","modified_gmt":"2026-04-02T05:42:10","slug":"dahua-outpcat6ccaext-cable-utp-saxxon-cca-de-305m-categoria-6-exterior-doble-forro-color-negro","status":"publish","type":"product","link":"https:\/\/compuviper.mx\/tienda\/producto\/dahua-outpcat6ccaext-cable-utp-saxxon-cca-de-305m-categoria-6-exterior-doble-forro-color-negro\/","title":{"rendered":"Dahua Outpcat6ccaext Cable Utp Saxxon Cca De 305m\/ Categoria 6\/ Exterior\/ Doble Forro\/ Color Negro"},"content":{"rendered":"<table class=\"descripcion\">\n<tr>\n<td>Estructura: 4 pares trenzados<\/td>\n<\/tr>\n<tr>\n<td>Conductor: cca<\/td>\n<\/tr>\n<tr>\n<td>Aislamiento: hd-pe<\/td>\n<\/tr>\n<tr>\n<td>Relleno: pe cross<\/td>\n<\/tr>\n<tr>\n<td>Chaqueta interior 1: pvc<\/td>\n<\/tr>\n<tr>\n<td>Chaqueta exterior 2: ldpe<\/td>\n<\/tr>\n<tr>\n<td>Temperatura nominal: 60 \u00b0 c<\/td>\n<\/tr>\n<tr>\n<td>Impedancia: 100 \u00b1 15%  and #937;<\/td>\n<\/tr>\n<tr>\n<td>Frecuencia: 250mhz<\/td>\n<\/tr>\n<tr>\n<td>Est\u00e1ndar de referencia: yd \/ t1019-2001,<\/td>\n<\/tr>\n<tr>\n<td>Iso \/ iec 11801, ansi \/ tia \/ eia-568.<\/td>\n<\/tr>\n<\/table>\n","protected":false},"excerpt":{"rendered":"<p>Cable exterior cat6 utp de doble cubierta de cca (aluminio revestido de cobre), el cable cat6 de alto rendimiento satisface completamente los requisitos el\u00e9ctricos y mec\u00e1nicos. Es compatible con todos los sistemas utp cat6 y cumple con iso \/ iec 11801, ed2; eia \/ tia568b. La estructura interna en forma de cruz hace que el cable estructura y rendimiento m\u00e1s estable. La estructura de aislamiento cruzado evita efectivamente la diafon\u00eda entre cada par del cable. La estructura de doble cubierta hace que el cable tenga una antiinterferencia m\u00e1s fuerte. Habilidad al mundo exterior y transmitir la se\u00f1al con la m\u00e1s estricta confidencialidad.<\/p>\n","protected":false},"featured_media":213851,"comment_status":"open","ping_status":"open","template":"","meta":[],"product_cat":[1549,1602],"product_tag":[1555],"acf":[],"yoast_head":"<!-- This site is optimized with the Yoast SEO plugin v21.7 - https:\/\/yoast.com\/wordpress\/plugins\/seo\/ -->\n<title>[ Dahua ] &#129351; Outpcat6ccaext Cable Utp Saxxon Cca De 305m\/ Categoria 6\/ Exterior\/ Doble Forro\/ Color Negro<\/title>\n<meta name=\"description\" content=\"Compra Outpcat6ccaext Cable Utp Saxxon Cca De 305m\/ Categoria 6\/ Exterior\/ Doble Forro\/ Color Negro + Env\u00edo a domicilio + Pago seguro + Garant\u00eda\" \/>\n<meta name=\"robots\" content=\"index, follow, max-snippet:-1, max-image-preview:large, max-video-preview:-1\" \/>\n<link rel=\"canonical\" href=\"https:\/\/compuviper.mx\/tienda\/producto\/dahua-outpcat6ccaext-cable-utp-saxxon-cca-de-305m-categoria-6-exterior-doble-forro-color-negro\/\" \/>\n<meta property=\"og:locale\" content=\"es_MX\" \/>\n<meta property=\"og:type\" content=\"article\" \/>\n<meta property=\"og:title\" content=\"[ Dahua ] &#129351; Outpcat6ccaext Cable Utp Saxxon Cca De 305m\/ Categoria 6\/ Exterior\/ Doble Forro\/ Color Negro\" \/>\n<meta property=\"og:description\" content=\"Compra Outpcat6ccaext Cable Utp Saxxon Cca De 305m\/ Categoria 6\/ Exterior\/ Doble Forro\/ Color Negro + Env\u00edo a domicilio + Pago seguro + Garant\u00eda\" \/>\n<meta property=\"og:url\" content=\"https:\/\/compuviper.mx\/tienda\/producto\/dahua-outpcat6ccaext-cable-utp-saxxon-cca-de-305m-categoria-6-exterior-doble-forro-color-negro\/\" \/>\n<meta property=\"og:site_name\" content=\"Compuviper\" \/>\n<meta property=\"article:publisher\" content=\"https:\/\/www.facebook.com\/compuviper\" \/>\n<meta property=\"article:modified_time\" content=\"2026-04-02T05:42:10+00:00\" \/>\n<meta property=\"og:image\" content=\"https:\/\/compuviper.mx\/tienda\/wp-content\/uploads\/2023\/12\/Cable-utp-saxxon-cca-de-305m-categoria-6-exterior-doble-forro-color-negro.jpg\" \/>\n\t<meta property=\"og:image:width\" content=\"200\" \/>\n\t<meta property=\"og:image:height\" content=\"200\" \/>\n\t<meta property=\"og:image:type\" content=\"image\/jpeg\" \/>\n<meta name=\"twitter:card\" content=\"summary_large_image\" \/>\n<meta name=\"twitter:label1\" content=\"Precio\" \/>\n\t<meta name=\"twitter:data1\" content=\"&#36;1,039 con IVA\" \/>\n\t<meta name=\"twitter:label2\" content=\"Availability\" \/>\n\t<meta name=\"twitter:data2\" content=\"In stock\" \/>\n<script type=\"application\/ld+json\" class=\"yoast-schema-graph\">{\"@context\":\"https:\/\/schema.org\",\"@graph\":[{\"@type\":\"WebPage\",\"@id\":\"https:\/\/compuviper.mx\/tienda\/producto\/dahua-outpcat6ccaext-cable-utp-saxxon-cca-de-305m-categoria-6-exterior-doble-forro-color-negro\/\",\"url\":\"https:\/\/compuviper.mx\/tienda\/producto\/dahua-outpcat6ccaext-cable-utp-saxxon-cca-de-305m-categoria-6-exterior-doble-forro-color-negro\/\",\"name\":\"[ Dahua ] &#129351; Outpcat6ccaext Cable Utp Saxxon Cca De 305m\/ Categoria 6\/ Exterior\/ Doble Forro\/ Color Negro\",\"isPartOf\":{\"@id\":\"https:\/\/compuviper.mx\/tienda\/#website\"},\"datePublished\":\"2026-04-02T05:42:09+00:00\",\"dateModified\":\"2026-04-02T05:42:10+00:00\",\"description\":\"Compra Outpcat6ccaext Cable Utp Saxxon Cca De 305m\/ Categoria 6\/ Exterior\/ Doble Forro\/ Color Negro + Env\u00edo a domicilio + Pago seguro + Garant\u00eda\",\"breadcrumb\":{\"@id\":\"https:\/\/compuviper.mx\/tienda\/producto\/dahua-outpcat6ccaext-cable-utp-saxxon-cca-de-305m-categoria-6-exterior-doble-forro-color-negro\/#breadcrumb\"},\"inLanguage\":\"es-MX\",\"potentialAction\":[{\"@type\":\"ReadAction\",\"target\":[\"https:\/\/compuviper.mx\/tienda\/producto\/dahua-outpcat6ccaext-cable-utp-saxxon-cca-de-305m-categoria-6-exterior-doble-forro-color-negro\/\"]}]},{\"@type\":\"BreadcrumbList\",\"@id\":\"https:\/\/compuviper.mx\/tienda\/producto\/dahua-outpcat6ccaext-cable-utp-saxxon-cca-de-305m-categoria-6-exterior-doble-forro-color-negro\/#breadcrumb\",\"itemListElement\":[{\"@type\":\"ListItem\",\"position\":1,\"name\":\"Inicio\",\"item\":\"https:\/\/compuviper.mx\/tienda\/\"},{\"@type\":\"ListItem\",\"position\":2,\"name\":\"Productos\",\"item\":\"https:\/\/compuviper.mx\/tienda\/productos\/\"},{\"@type\":\"ListItem\",\"position\":3,\"name\":\"Cables\",\"item\":\"https:\/\/compuviper.mx\/tienda\/categoria-producto\/cables\/\"},{\"@type\":\"ListItem\",\"position\":4,\"name\":\"Cable De Red\",\"item\":\"https:\/\/compuviper.mx\/tienda\/categoria-producto\/cables\/cable-de-red\/\"},{\"@type\":\"ListItem\",\"position\":5,\"name\":\"Dahua Outpcat6ccaext Cable Utp Saxxon Cca De 305m\/ Categoria 6\/ Exterior\/ Doble Forro\/ Color Negro\"}]},{\"@type\":\"WebSite\",\"@id\":\"https:\/\/compuviper.mx\/tienda\/#website\",\"url\":\"https:\/\/compuviper.mx\/tienda\/\",\"name\":\"Compuviper\",\"description\":\"Proveedor de Computadoras, Laptops, Servidores, Monitores, Puntos de Venta, Teclados,   Impresoras, T\u00f3ner, C\u00e1maras de Seguridad y m\u00e1s en tu tienda en l\u00ednea\",\"publisher\":{\"@id\":\"https:\/\/compuviper.mx\/tienda\/#organization\"},\"potentialAction\":[{\"@type\":\"SearchAction\",\"target\":{\"@type\":\"EntryPoint\",\"urlTemplate\":\"https:\/\/compuviper.mx\/tienda\/?s={search_term_string}\"},\"query-input\":\"required name=search_term_string\"}],\"inLanguage\":\"es-MX\"},{\"@type\":\"Organization\",\"@id\":\"https:\/\/compuviper.mx\/tienda\/#organization\",\"name\":\"Compuviper\",\"url\":\"https:\/\/compuviper.mx\/tienda\/\",\"logo\":{\"@type\":\"ImageObject\",\"inLanguage\":\"es-MX\",\"@id\":\"https:\/\/compuviper.mx\/tienda\/#\/schema\/logo\/image\/\",\"url\":\"https:\/\/compuviper.mx\/tienda\/wp-content\/uploads\/2021\/08\/Logo-Compuviper-10.png\",\"contentUrl\":\"https:\/\/compuviper.mx\/tienda\/wp-content\/uploads\/2021\/08\/Logo-Compuviper-10.png\",\"width\":1000,\"height\":500,\"caption\":\"Compuviper\"},\"image\":{\"@id\":\"https:\/\/compuviper.mx\/tienda\/#\/schema\/logo\/image\/\"},\"sameAs\":[\"https:\/\/www.facebook.com\/compuviper\",\"https:\/\/www.youtube.com\/channel\/UCf73dERp9Y3cfOq7q8BhLjA?view_as=subscriber\"]}]}<\/script>\n<meta property=\"product:brand\" content=\"DAHUA\" \/>\n<meta property=\"product:price:amount\" content=\"1039\" \/>\n<meta property=\"product:price:currency\" content=\"MXN\" \/>\n<meta property=\"og:availability\" content=\"instock\" \/>\n<meta property=\"product:availability\" content=\"instock\" \/>\n<meta property=\"product:retailer_item_id\" content=\"OUTPCAT6CCAEXT\" \/>\n<meta property=\"product:condition\" content=\"new\" \/>\n<!-- \/ Yoast SEO plugin. -->","yoast_head_json":{"title":"[ Dahua ] &#129351; Outpcat6ccaext Cable Utp Saxxon Cca De 305m\/ Categoria 6\/ Exterior\/ Doble Forro\/ Color Negro","description":"Compra Outpcat6ccaext Cable Utp Saxxon Cca De 305m\/ Categoria 6\/ Exterior\/ Doble Forro\/ Color Negro + Env\u00edo a domicilio + Pago seguro + Garant\u00eda","robots":{"index":"index","follow":"follow","max-snippet":"max-snippet:-1","max-image-preview":"max-image-preview:large","max-video-preview":"max-video-preview:-1"},"canonical":"https:\/\/compuviper.mx\/tienda\/producto\/dahua-outpcat6ccaext-cable-utp-saxxon-cca-de-305m-categoria-6-exterior-doble-forro-color-negro\/","og_locale":"es_MX","og_type":"article","og_title":"[ Dahua ] &#129351; Outpcat6ccaext Cable Utp Saxxon Cca De 305m\/ Categoria 6\/ Exterior\/ Doble Forro\/ Color Negro","og_description":"Compra Outpcat6ccaext Cable Utp Saxxon Cca De 305m\/ Categoria 6\/ Exterior\/ Doble Forro\/ Color Negro + Env\u00edo a domicilio + Pago seguro + Garant\u00eda","og_url":"https:\/\/compuviper.mx\/tienda\/producto\/dahua-outpcat6ccaext-cable-utp-saxxon-cca-de-305m-categoria-6-exterior-doble-forro-color-negro\/","og_site_name":"Compuviper","article_publisher":"https:\/\/www.facebook.com\/compuviper","article_modified_time":"2026-04-02T05:42:10+00:00","og_image":[{"width":200,"height":200,"url":"https:\/\/compuviper.mx\/tienda\/wp-content\/uploads\/2023\/12\/Cable-utp-saxxon-cca-de-305m-categoria-6-exterior-doble-forro-color-negro.jpg","type":"image\/jpeg"}],"twitter_card":"summary_large_image","twitter_misc":{"Precio":"&#36;1,039 con IVA","Availability":"In stock"},"schema":{"@context":"https:\/\/schema.org","@graph":[{"@type":"WebPage","@id":"https:\/\/compuviper.mx\/tienda\/producto\/dahua-outpcat6ccaext-cable-utp-saxxon-cca-de-305m-categoria-6-exterior-doble-forro-color-negro\/","url":"https:\/\/compuviper.mx\/tienda\/producto\/dahua-outpcat6ccaext-cable-utp-saxxon-cca-de-305m-categoria-6-exterior-doble-forro-color-negro\/","name":"[ Dahua ] &#129351; Outpcat6ccaext Cable Utp Saxxon Cca De 305m\/ Categoria 6\/ Exterior\/ Doble Forro\/ Color Negro","isPartOf":{"@id":"https:\/\/compuviper.mx\/tienda\/#website"},"datePublished":"2026-04-02T05:42:09+00:00","dateModified":"2026-04-02T05:42:10+00:00","description":"Compra Outpcat6ccaext Cable Utp Saxxon Cca De 305m\/ Categoria 6\/ Exterior\/ Doble Forro\/ Color Negro + Env\u00edo a domicilio + Pago seguro + Garant\u00eda","breadcrumb":{"@id":"https:\/\/compuviper.mx\/tienda\/producto\/dahua-outpcat6ccaext-cable-utp-saxxon-cca-de-305m-categoria-6-exterior-doble-forro-color-negro\/#breadcrumb"},"inLanguage":"es-MX","potentialAction":[{"@type":"ReadAction","target":["https:\/\/compuviper.mx\/tienda\/producto\/dahua-outpcat6ccaext-cable-utp-saxxon-cca-de-305m-categoria-6-exterior-doble-forro-color-negro\/"]}]},{"@type":"BreadcrumbList","@id":"https:\/\/compuviper.mx\/tienda\/producto\/dahua-outpcat6ccaext-cable-utp-saxxon-cca-de-305m-categoria-6-exterior-doble-forro-color-negro\/#breadcrumb","itemListElement":[{"@type":"ListItem","position":1,"name":"Inicio","item":"https:\/\/compuviper.mx\/tienda\/"},{"@type":"ListItem","position":2,"name":"Productos","item":"https:\/\/compuviper.mx\/tienda\/productos\/"},{"@type":"ListItem","position":3,"name":"Cables","item":"https:\/\/compuviper.mx\/tienda\/categoria-producto\/cables\/"},{"@type":"ListItem","position":4,"name":"Cable De Red","item":"https:\/\/compuviper.mx\/tienda\/categoria-producto\/cables\/cable-de-red\/"},{"@type":"ListItem","position":5,"name":"Dahua Outpcat6ccaext Cable Utp Saxxon Cca De 305m\/ Categoria 6\/ Exterior\/ Doble Forro\/ Color Negro"}]},{"@type":"WebSite","@id":"https:\/\/compuviper.mx\/tienda\/#website","url":"https:\/\/compuviper.mx\/tienda\/","name":"Compuviper","description":"Proveedor de Computadoras, Laptops, Servidores, Monitores, Puntos de Venta, Teclados,   Impresoras, T\u00f3ner, C\u00e1maras de Seguridad y m\u00e1s en tu tienda en l\u00ednea","publisher":{"@id":"https:\/\/compuviper.mx\/tienda\/#organization"},"potentialAction":[{"@type":"SearchAction","target":{"@type":"EntryPoint","urlTemplate":"https:\/\/compuviper.mx\/tienda\/?s={search_term_string}"},"query-input":"required name=search_term_string"}],"inLanguage":"es-MX"},{"@type":"Organization","@id":"https:\/\/compuviper.mx\/tienda\/#organization","name":"Compuviper","url":"https:\/\/compuviper.mx\/tienda\/","logo":{"@type":"ImageObject","inLanguage":"es-MX","@id":"https:\/\/compuviper.mx\/tienda\/#\/schema\/logo\/image\/","url":"https:\/\/compuviper.mx\/tienda\/wp-content\/uploads\/2021\/08\/Logo-Compuviper-10.png","contentUrl":"https:\/\/compuviper.mx\/tienda\/wp-content\/uploads\/2021\/08\/Logo-Compuviper-10.png","width":1000,"height":500,"caption":"Compuviper"},"image":{"@id":"https:\/\/compuviper.mx\/tienda\/#\/schema\/logo\/image\/"},"sameAs":["https:\/\/www.facebook.com\/compuviper","https:\/\/www.youtube.com\/channel\/UCf73dERp9Y3cfOq7q8BhLjA?view_as=subscriber"]}]},"product_brand":"DAHUA","product_price_amount":"1039","product_price_currency":"MXN","og_availability":"instock","product_availability":"instock","product_retailer_item_id":"OUTPCAT6CCAEXT","product_condition":"new"},"_links":{"self":[{"href":"https:\/\/compuviper.mx\/tienda\/wp-json\/wp\/v2\/product\/213850"}],"collection":[{"href":"https:\/\/compuviper.mx\/tienda\/wp-json\/wp\/v2\/product"}],"about":[{"href":"https:\/\/compuviper.mx\/tienda\/wp-json\/wp\/v2\/types\/product"}],"replies":[{"embeddable":true,"href":"https:\/\/compuviper.mx\/tienda\/wp-json\/wp\/v2\/comments?post=213850"}],"wp:featuredmedia":[{"embeddable":true,"href":"https:\/\/compuviper.mx\/tienda\/wp-json\/wp\/v2\/media\/213851"}],"wp:attachment":[{"href":"https:\/\/compuviper.mx\/tienda\/wp-json\/wp\/v2\/media?parent=213850"}],"wp:term":[{"taxonomy":"product_cat","embeddable":true,"href":"https:\/\/compuviper.mx\/tienda\/wp-json\/wp\/v2\/product_cat?post=213850"},{"taxonomy":"product_tag","embeddable":true,"href":"https:\/\/compuviper.mx\/tienda\/wp-json\/wp\/v2\/product_tag?post=213850"}],"curies":[{"name":"wp","href":"https:\/\/api.w.org\/{rel}","templated":true}]}}