{"id":213181,"date":"2026-04-06T23:35:54","date_gmt":"2026-04-07T05:35:54","guid":{"rendered":"https:\/\/compuviper.mx\/tienda\/producto\/ec-line-ec-cd-50m-cajon-de-dinero-negro-compartimentos-4-billetes-8-monedas\/"},"modified":"2026-04-06T23:35:54","modified_gmt":"2026-04-07T05:35:54","slug":"ec-line-ec-cd-50m-cajon-de-dinero-negro-compartimentos-4-billetes-8-monedas-rj11","status":"publish","type":"product","link":"https:\/\/compuviper.mx\/tienda\/producto\/ec-line-ec-cd-50m-cajon-de-dinero-negro-compartimentos-4-billetes-8-monedas-rj11\/","title":{"rendered":"Ec Line Ec-cd-50m Cajon De Dinero  , Negro, Compartimentos 4 Billetes &#8211; 8 Monedas, Rj11"},"content":{"rendered":"<table class=\"descripcion\">\n<tr>\n<td>Dimensiones 13.8 (a) x 15.9 (l) x 3.3 (a), estructura caj\u00f3n met\u00e1lico con rodillos de alta resistencia, cubierta construcci\u00f3n de acero, panel delantero frente de acero inoxidable pintado, charola de dinero 4 billetes \/ 8 monedas, bandeja de billetes sujetadores de billetes met\u00e1lico 4 divisores, bandeja de monedas 8 divisores, ranura frontal acceso frontal para documentos, cerradura llave con 3 posiciones,micro- interruptor abierto por se\u00f1al al solenoide. interface 12v  24v para rj11  rj-12, para impresora de recibos.compatibilidad apertura con todas las marcas de impresoras de recibos, color negro, peso neto 6.2 kg.<\/td>\n<\/tr>\n<\/table>\n","protected":false},"excerpt":{"rendered":"<p>Caj\u00f3n de dinero ec-cd-50m  dise\u00f1ado para puntos de venta donde el espacio es elemental para el punto de venta. Su dise\u00f1o lo hace ser muy funcional para los peque\u00f1os comercios, ya que las medidas y el precio se adaptan a la perfecci\u00f3n.El caj\u00f3n de dinero cuenta con: 8 separadores de moneda, 4 separadores de billete, llave de 3 posiciones, ranura de documentos, conexi\u00f3n rj11, sujetadores de billetes met\u00e1licos, compatible con: ec line, star micronics, okidata, epson, samsung, interface serial 9-pin rs232: ec-ci-232 (opcional)  interface usb (opcional). Durabilidad 1 mill\u00f3n de operaciones.<\/p>\n","protected":false},"featured_media":213182,"comment_status":"open","ping_status":"open","template":"","meta":[],"product_cat":[1598,1599],"product_tag":[1600],"acf":[],"yoast_head":"<!-- This site is optimized with the Yoast SEO plugin v21.7 - https:\/\/yoast.com\/wordpress\/plugins\/seo\/ -->\n<title>[ Ec Line ] &#129351; Ec-cd-50m Cajon De Dinero , Negro, Compartimentos 4 Billetes - 8 Monedas, Rj11<\/title>\n<meta name=\"description\" content=\"Compra Ec-cd-50m Cajon De Dinero , Negro, Compartimentos 4 Billetes - 8 Monedas, Rj11 + Env\u00edo a domicilio + Pago seguro + Garant\u00eda\" \/>\n<meta name=\"robots\" content=\"index, follow, max-snippet:-1, max-image-preview:large, max-video-preview:-1\" \/>\n<link rel=\"canonical\" href=\"https:\/\/compuviper.mx\/tienda\/producto\/ec-line-ec-cd-50m-cajon-de-dinero-negro-compartimentos-4-billetes-8-monedas-rj11\/\" \/>\n<meta property=\"og:locale\" content=\"es_MX\" \/>\n<meta property=\"og:type\" content=\"article\" \/>\n<meta property=\"og:title\" content=\"[ Ec Line ] &#129351; Ec-cd-50m Cajon De Dinero , Negro, Compartimentos 4 Billetes - 8 Monedas, Rj11\" \/>\n<meta property=\"og:description\" content=\"Compra Ec-cd-50m Cajon De Dinero , Negro, Compartimentos 4 Billetes - 8 Monedas, Rj11 + Env\u00edo a domicilio + Pago seguro + Garant\u00eda\" \/>\n<meta property=\"og:url\" content=\"https:\/\/compuviper.mx\/tienda\/producto\/ec-line-ec-cd-50m-cajon-de-dinero-negro-compartimentos-4-billetes-8-monedas-rj11\/\" \/>\n<meta property=\"og:site_name\" content=\"Compuviper\" \/>\n<meta property=\"article:publisher\" content=\"https:\/\/www.facebook.com\/compuviper\" \/>\n<meta property=\"og:image\" content=\"https:\/\/compuviper.mx\/tienda\/wp-content\/uploads\/2023\/12\/Cajon-de-dinero-ec-line-ec-cd-50m-negro-compartimentos-4-billetes-8-monedas.jpg\" \/>\n\t<meta property=\"og:image:width\" content=\"200\" \/>\n\t<meta property=\"og:image:height\" content=\"200\" \/>\n\t<meta property=\"og:image:type\" content=\"image\/jpeg\" \/>\n<meta name=\"twitter:card\" content=\"summary_large_image\" \/>\n<meta name=\"twitter:label1\" content=\"Precio\" \/>\n\t<meta name=\"twitter:data1\" content=\"&#36;861 con IVA\" \/>\n\t<meta name=\"twitter:label2\" content=\"Availability\" \/>\n\t<meta name=\"twitter:data2\" content=\"In stock\" \/>\n<script type=\"application\/ld+json\" class=\"yoast-schema-graph\">{\"@context\":\"https:\/\/schema.org\",\"@graph\":[{\"@type\":\"WebPage\",\"@id\":\"https:\/\/compuviper.mx\/tienda\/producto\/ec-line-ec-cd-50m-cajon-de-dinero-negro-compartimentos-4-billetes-8-monedas-rj11\/\",\"url\":\"https:\/\/compuviper.mx\/tienda\/producto\/ec-line-ec-cd-50m-cajon-de-dinero-negro-compartimentos-4-billetes-8-monedas-rj11\/\",\"name\":\"[ Ec Line ] &#129351; Ec-cd-50m Cajon De Dinero , Negro, Compartimentos 4 Billetes - 8 Monedas, Rj11\",\"isPartOf\":{\"@id\":\"https:\/\/compuviper.mx\/tienda\/#website\"},\"datePublished\":\"2026-04-07T05:35:54+00:00\",\"dateModified\":\"2026-04-07T05:35:54+00:00\",\"description\":\"Compra Ec-cd-50m Cajon De Dinero , Negro, Compartimentos 4 Billetes - 8 Monedas, Rj11 + Env\u00edo a domicilio + Pago seguro + Garant\u00eda\",\"breadcrumb\":{\"@id\":\"https:\/\/compuviper.mx\/tienda\/producto\/ec-line-ec-cd-50m-cajon-de-dinero-negro-compartimentos-4-billetes-8-monedas-rj11\/#breadcrumb\"},\"inLanguage\":\"es-MX\",\"potentialAction\":[{\"@type\":\"ReadAction\",\"target\":[\"https:\/\/compuviper.mx\/tienda\/producto\/ec-line-ec-cd-50m-cajon-de-dinero-negro-compartimentos-4-billetes-8-monedas-rj11\/\"]}]},{\"@type\":\"BreadcrumbList\",\"@id\":\"https:\/\/compuviper.mx\/tienda\/producto\/ec-line-ec-cd-50m-cajon-de-dinero-negro-compartimentos-4-billetes-8-monedas-rj11\/#breadcrumb\",\"itemListElement\":[{\"@type\":\"ListItem\",\"position\":1,\"name\":\"Inicio\",\"item\":\"https:\/\/compuviper.mx\/tienda\/\"},{\"@type\":\"ListItem\",\"position\":2,\"name\":\"Productos\",\"item\":\"https:\/\/compuviper.mx\/tienda\/productos\/\"},{\"@type\":\"ListItem\",\"position\":3,\"name\":\"Cajon De Dinero\",\"item\":\"https:\/\/compuviper.mx\/tienda\/categoria-producto\/cajon-de-dinero\/\"},{\"@type\":\"ListItem\",\"position\":4,\"name\":\"Sin Categor\u00eda\",\"item\":\"https:\/\/compuviper.mx\/tienda\/categoria-producto\/cajon-de-dinero\/sin-categoria-cajon-de-dinero\/\"},{\"@type\":\"ListItem\",\"position\":5,\"name\":\"Ec Line Ec-cd-50m Cajon De Dinero , Negro, Compartimentos 4 Billetes &#8211; 8 Monedas, Rj11\"}]},{\"@type\":\"WebSite\",\"@id\":\"https:\/\/compuviper.mx\/tienda\/#website\",\"url\":\"https:\/\/compuviper.mx\/tienda\/\",\"name\":\"Compuviper\",\"description\":\"Proveedor de Computadoras, Laptops, Servidores, Monitores, Puntos de Venta, Teclados,   Impresoras, T\u00f3ner, C\u00e1maras de Seguridad y m\u00e1s en tu tienda en l\u00ednea\",\"publisher\":{\"@id\":\"https:\/\/compuviper.mx\/tienda\/#organization\"},\"potentialAction\":[{\"@type\":\"SearchAction\",\"target\":{\"@type\":\"EntryPoint\",\"urlTemplate\":\"https:\/\/compuviper.mx\/tienda\/?s={search_term_string}\"},\"query-input\":\"required name=search_term_string\"}],\"inLanguage\":\"es-MX\"},{\"@type\":\"Organization\",\"@id\":\"https:\/\/compuviper.mx\/tienda\/#organization\",\"name\":\"Compuviper\",\"url\":\"https:\/\/compuviper.mx\/tienda\/\",\"logo\":{\"@type\":\"ImageObject\",\"inLanguage\":\"es-MX\",\"@id\":\"https:\/\/compuviper.mx\/tienda\/#\/schema\/logo\/image\/\",\"url\":\"https:\/\/compuviper.mx\/tienda\/wp-content\/uploads\/2021\/08\/Logo-Compuviper-10.png\",\"contentUrl\":\"https:\/\/compuviper.mx\/tienda\/wp-content\/uploads\/2021\/08\/Logo-Compuviper-10.png\",\"width\":1000,\"height\":500,\"caption\":\"Compuviper\"},\"image\":{\"@id\":\"https:\/\/compuviper.mx\/tienda\/#\/schema\/logo\/image\/\"},\"sameAs\":[\"https:\/\/www.facebook.com\/compuviper\",\"https:\/\/www.youtube.com\/channel\/UCf73dERp9Y3cfOq7q8BhLjA?view_as=subscriber\"]}]}<\/script>\n<meta property=\"product:brand\" content=\"EC LINE\" \/>\n<meta property=\"product:price:amount\" content=\"861\" \/>\n<meta property=\"product:price:currency\" content=\"MXN\" \/>\n<meta property=\"og:availability\" content=\"instock\" \/>\n<meta property=\"product:availability\" content=\"instock\" \/>\n<meta property=\"product:retailer_item_id\" content=\"EC-CD-50M\" \/>\n<meta property=\"product:condition\" content=\"new\" \/>\n<!-- \/ Yoast SEO plugin. -->","yoast_head_json":{"title":"[ Ec Line ] &#129351; Ec-cd-50m Cajon De Dinero , Negro, Compartimentos 4 Billetes - 8 Monedas, Rj11","description":"Compra Ec-cd-50m Cajon De Dinero , Negro, Compartimentos 4 Billetes - 8 Monedas, Rj11 + Env\u00edo a domicilio + Pago seguro + Garant\u00eda","robots":{"index":"index","follow":"follow","max-snippet":"max-snippet:-1","max-image-preview":"max-image-preview:large","max-video-preview":"max-video-preview:-1"},"canonical":"https:\/\/compuviper.mx\/tienda\/producto\/ec-line-ec-cd-50m-cajon-de-dinero-negro-compartimentos-4-billetes-8-monedas-rj11\/","og_locale":"es_MX","og_type":"article","og_title":"[ Ec Line ] &#129351; Ec-cd-50m Cajon De Dinero , Negro, Compartimentos 4 Billetes - 8 Monedas, Rj11","og_description":"Compra Ec-cd-50m Cajon De Dinero , Negro, Compartimentos 4 Billetes - 8 Monedas, Rj11 + Env\u00edo a domicilio + Pago seguro + Garant\u00eda","og_url":"https:\/\/compuviper.mx\/tienda\/producto\/ec-line-ec-cd-50m-cajon-de-dinero-negro-compartimentos-4-billetes-8-monedas-rj11\/","og_site_name":"Compuviper","article_publisher":"https:\/\/www.facebook.com\/compuviper","og_image":[{"width":200,"height":200,"url":"https:\/\/compuviper.mx\/tienda\/wp-content\/uploads\/2023\/12\/Cajon-de-dinero-ec-line-ec-cd-50m-negro-compartimentos-4-billetes-8-monedas.jpg","type":"image\/jpeg"}],"twitter_card":"summary_large_image","twitter_misc":{"Precio":"&#36;861 con IVA","Availability":"In stock"},"schema":{"@context":"https:\/\/schema.org","@graph":[{"@type":"WebPage","@id":"https:\/\/compuviper.mx\/tienda\/producto\/ec-line-ec-cd-50m-cajon-de-dinero-negro-compartimentos-4-billetes-8-monedas-rj11\/","url":"https:\/\/compuviper.mx\/tienda\/producto\/ec-line-ec-cd-50m-cajon-de-dinero-negro-compartimentos-4-billetes-8-monedas-rj11\/","name":"[ Ec Line ] &#129351; Ec-cd-50m Cajon De Dinero , Negro, Compartimentos 4 Billetes - 8 Monedas, Rj11","isPartOf":{"@id":"https:\/\/compuviper.mx\/tienda\/#website"},"datePublished":"2026-04-07T05:35:54+00:00","dateModified":"2026-04-07T05:35:54+00:00","description":"Compra Ec-cd-50m Cajon De Dinero , Negro, Compartimentos 4 Billetes - 8 Monedas, Rj11 + Env\u00edo a domicilio + Pago seguro + Garant\u00eda","breadcrumb":{"@id":"https:\/\/compuviper.mx\/tienda\/producto\/ec-line-ec-cd-50m-cajon-de-dinero-negro-compartimentos-4-billetes-8-monedas-rj11\/#breadcrumb"},"inLanguage":"es-MX","potentialAction":[{"@type":"ReadAction","target":["https:\/\/compuviper.mx\/tienda\/producto\/ec-line-ec-cd-50m-cajon-de-dinero-negro-compartimentos-4-billetes-8-monedas-rj11\/"]}]},{"@type":"BreadcrumbList","@id":"https:\/\/compuviper.mx\/tienda\/producto\/ec-line-ec-cd-50m-cajon-de-dinero-negro-compartimentos-4-billetes-8-monedas-rj11\/#breadcrumb","itemListElement":[{"@type":"ListItem","position":1,"name":"Inicio","item":"https:\/\/compuviper.mx\/tienda\/"},{"@type":"ListItem","position":2,"name":"Productos","item":"https:\/\/compuviper.mx\/tienda\/productos\/"},{"@type":"ListItem","position":3,"name":"Cajon De Dinero","item":"https:\/\/compuviper.mx\/tienda\/categoria-producto\/cajon-de-dinero\/"},{"@type":"ListItem","position":4,"name":"Sin Categor\u00eda","item":"https:\/\/compuviper.mx\/tienda\/categoria-producto\/cajon-de-dinero\/sin-categoria-cajon-de-dinero\/"},{"@type":"ListItem","position":5,"name":"Ec Line Ec-cd-50m Cajon De Dinero , Negro, Compartimentos 4 Billetes &#8211; 8 Monedas, Rj11"}]},{"@type":"WebSite","@id":"https:\/\/compuviper.mx\/tienda\/#website","url":"https:\/\/compuviper.mx\/tienda\/","name":"Compuviper","description":"Proveedor de Computadoras, Laptops, Servidores, Monitores, Puntos de Venta, Teclados,   Impresoras, T\u00f3ner, C\u00e1maras de Seguridad y m\u00e1s en tu tienda en l\u00ednea","publisher":{"@id":"https:\/\/compuviper.mx\/tienda\/#organization"},"potentialAction":[{"@type":"SearchAction","target":{"@type":"EntryPoint","urlTemplate":"https:\/\/compuviper.mx\/tienda\/?s={search_term_string}"},"query-input":"required name=search_term_string"}],"inLanguage":"es-MX"},{"@type":"Organization","@id":"https:\/\/compuviper.mx\/tienda\/#organization","name":"Compuviper","url":"https:\/\/compuviper.mx\/tienda\/","logo":{"@type":"ImageObject","inLanguage":"es-MX","@id":"https:\/\/compuviper.mx\/tienda\/#\/schema\/logo\/image\/","url":"https:\/\/compuviper.mx\/tienda\/wp-content\/uploads\/2021\/08\/Logo-Compuviper-10.png","contentUrl":"https:\/\/compuviper.mx\/tienda\/wp-content\/uploads\/2021\/08\/Logo-Compuviper-10.png","width":1000,"height":500,"caption":"Compuviper"},"image":{"@id":"https:\/\/compuviper.mx\/tienda\/#\/schema\/logo\/image\/"},"sameAs":["https:\/\/www.facebook.com\/compuviper","https:\/\/www.youtube.com\/channel\/UCf73dERp9Y3cfOq7q8BhLjA?view_as=subscriber"]}]},"product_brand":"EC LINE","product_price_amount":"861","product_price_currency":"MXN","og_availability":"instock","product_availability":"instock","product_retailer_item_id":"EC-CD-50M","product_condition":"new"},"_links":{"self":[{"href":"https:\/\/compuviper.mx\/tienda\/wp-json\/wp\/v2\/product\/213181"}],"collection":[{"href":"https:\/\/compuviper.mx\/tienda\/wp-json\/wp\/v2\/product"}],"about":[{"href":"https:\/\/compuviper.mx\/tienda\/wp-json\/wp\/v2\/types\/product"}],"replies":[{"embeddable":true,"href":"https:\/\/compuviper.mx\/tienda\/wp-json\/wp\/v2\/comments?post=213181"}],"wp:featuredmedia":[{"embeddable":true,"href":"https:\/\/compuviper.mx\/tienda\/wp-json\/wp\/v2\/media\/213182"}],"wp:attachment":[{"href":"https:\/\/compuviper.mx\/tienda\/wp-json\/wp\/v2\/media?parent=213181"}],"wp:term":[{"taxonomy":"product_cat","embeddable":true,"href":"https:\/\/compuviper.mx\/tienda\/wp-json\/wp\/v2\/product_cat?post=213181"},{"taxonomy":"product_tag","embeddable":true,"href":"https:\/\/compuviper.mx\/tienda\/wp-json\/wp\/v2\/product_tag?post=213181"}],"curies":[{"name":"wp","href":"https:\/\/api.w.org\/{rel}","templated":true}]}}